{"id":9652,"date":"2024-01-17T15:57:50","date_gmt":"2024-01-17T18:57:50","guid":{"rendered":"https:\/\/ponteseditores.com.br\/loja3\/?post_type=product&#038;p=9652"},"modified":"2024-01-17T15:57:51","modified_gmt":"2024-01-17T18:57:51","slug":"meu-verdadeiro-pais-e-a-lingua-francesa-trajetoria-do-professor-dario-pagel","status":"publish","type":"product","link":"https:\/\/ponteseditores.com.br\/loja3\/pontes-editores-home-2__trashed\/linguistica\/meu-verdadeiro-pais-e-a-lingua-francesa-trajetoria-do-professor-dario-pagel\/","title":{"rendered":"Meu verdadeiro pa\u00eds \u00e9 a l\u00edngua francesa: trajet\u00f3ria do professor Dario Pagel"},"content":{"rendered":"<p>Quando iniciei este projeto tinha apenas um pequeno vislumbre, um sinal distante do que me esperava. Pus o \u00faltimo ponto, ainda ignoro as consequ\u00eancias da obra. A seriedade e import\u00e2ncia da miss\u00e3o congelava-me o esp\u00edrito, segui, caminhei em meio \u00e0s fontes, cuidadoso, escolhi-as para compor a trama. Entre falas e sil\u00eancio ordenei o caos. Na mais profunda solid\u00e3o naveguei entre conceitos, nascia a Trajet\u00f3ria.<\/p>\n<p>H\u00e1 uma m\u00e3o a pesar sobre n\u00f3s? Talvez! Em todo per\u00edodo da escrita, criador e criatura lutaram incessantemente. Quem venceu? A trajet\u00f3ria de Dario \u00e9 igualmente o percurso de v\u00e1rios professores de Franc\u00eas, \u00e9 uma ideia: n\u00e3o deixar a luz da francofonia se apagar. Sua exist\u00eancia se mistura \u00e0 l\u00edngua francesa, para al\u00e9m do trabalho, ele fez dela uma profiss\u00e3o de f\u00e9, tomando-a para si como uma miss\u00e3o, da\u00ed o t\u00edtulo desse livro, retirado de um de seus discursos: Parce que mon v\u00e9ritable pays, c\u2019est la langue: la langue fran\u00e7aise. Ici, je suis au coeur de ce pays, de cette langue. Todo percurso feito por ele est\u00e1 conectado a uma grande rede, as interse\u00e7\u00f5es entre o sujeito e o universo ao seu redor configuram-se como um tecido, costurado com hist\u00f3rias de vida. Dario Pagel \u00e9 um cap\u00edtulo fundamental da hist\u00f3ria recente da promo\u00e7\u00e3o da l\u00edngua francesa.<\/p>\n<p>Seu arquivo pessoal \u00e9 uma riqu\u00edssima fonte para futuros estudos, nele n\u00e3o se encontram apenas tra\u00e7os da vida de um sujeito, mas documentos a testemunhar as interse\u00e7\u00f5es entre institui\u00e7\u00f5es fomentadoras do Franc\u00eas, assim como a mem\u00f3ria da vida associativa.<\/p>\n<p>&nbsp;<\/p>\n<p>Ricardo Costa dos Santos<\/p>\n","protected":false},"excerpt":{"rendered":"<p>Quando iniciei este projeto tinha apenas um pequeno vislumbre, um sinal distante do que me esperava. Pus o \u00faltimo ponto, ainda ignoro as consequ\u00eancias da obra. A seriedade e import\u00e2ncia da miss\u00e3o congelava-me o esp\u00edrito, segui, caminhei em meio \u00e0s fontes, cuidadoso, escolhi-as para compor a trama. Entre falas e sil\u00eancio ordenei o caos. Na [&hellip;]<\/p>\n","protected":false},"featured_media":9653,"comment_status":"open","ping_status":"closed","template":"","meta":{"_joinchat":[]},"product_brand":[],"product_cat":[156,285,167,31],"product_tag":[],"class_list":{"0":"post-9652","1":"product","2":"type-product","3":"status-publish","4":"has-post-thumbnail","6":"product_cat-biografia","7":"product_cat-biografias","8":"product_cat-lancamento","9":"product_cat-linguistica","11":"first","12":"instock","13":"shipping-taxable","14":"purchasable","15":"product-type-simple"},"yoast_head":"<!-- This site is optimized with the Yoast SEO plugin v27.4 - https:\/\/yoast.com\/product\/yoast-seo-wordpress\/ -->\n<title>Meu verdadeiro pa\u00eds \u00e9 a l\u00edngua francesa: trajet\u00f3ria do professor Dario Pagel - Pontes Editores<\/title>\n<meta name=\"robots\" content=\"index, follow, max-snippet:-1, max-image-preview:large, max-video-preview:-1\" \/>\n<link rel=\"canonical\" href=\"https:\/\/ponteseditores.com.br\/loja3\/pontes-editores-home-2__trashed\/linguistica\/meu-verdadeiro-pais-e-a-lingua-francesa-trajetoria-do-professor-dario-pagel\/\" \/>\n<meta property=\"og:locale\" content=\"pt_BR\" \/>\n<meta property=\"og:type\" content=\"article\" \/>\n<meta property=\"og:title\" content=\"Meu verdadeiro pa\u00eds \u00e9 a l\u00edngua francesa: trajet\u00f3ria do professor Dario Pagel - Pontes Editores\" \/>\n<meta property=\"og:description\" content=\"Quando iniciei este projeto tinha apenas um pequeno vislumbre, um sinal distante do que me esperava. Pus o \u00faltimo ponto, ainda ignoro as consequ\u00eancias da obra. A seriedade e import\u00e2ncia da miss\u00e3o congelava-me o esp\u00edrito, segui, caminhei em meio \u00e0s fontes, cuidadoso, escolhi-as para compor a trama. Entre falas e sil\u00eancio ordenei o caos. Na [&hellip;]\" \/>\n<meta property=\"og:url\" content=\"https:\/\/ponteseditores.com.br\/loja3\/pontes-editores-home-2__trashed\/linguistica\/meu-verdadeiro-pais-e-a-lingua-francesa-trajetoria-do-professor-dario-pagel\/\" \/>\n<meta property=\"og:site_name\" content=\"Pontes Editores\" \/>\n<meta property=\"article:modified_time\" content=\"2024-01-17T18:57:51+00:00\" \/>\n<meta property=\"og:image\" content=\"https:\/\/ponteseditores.com.br\/loja3\/wp-content\/uploads\/2024\/01\/Capa_Meu_Verdadeiro_Pais.jpg\" \/>\n\t<meta property=\"og:image:width\" content=\"1728\" \/>\n\t<meta property=\"og:image:height\" content=\"2443\" \/>\n\t<meta property=\"og:image:type\" content=\"image\/jpeg\" \/>\n<meta name=\"twitter:card\" content=\"summary_large_image\" \/>\n<meta name=\"twitter:label1\" content=\"Est. tempo de leitura\" \/>\n\t<meta name=\"twitter:data1\" content=\"2 minutos\" \/>\n<script type=\"application\/ld+json\" class=\"yoast-schema-graph\">{\"@context\":\"https:\\\/\\\/schema.org\",\"@graph\":[{\"@type\":\"WebPage\",\"@id\":\"https:\\\/\\\/ponteseditores.com.br\\\/loja3\\\/pontes-editores-home-2__trashed\\\/linguistica\\\/meu-verdadeiro-pais-e-a-lingua-francesa-trajetoria-do-professor-dario-pagel\\\/\",\"url\":\"https:\\\/\\\/ponteseditores.com.br\\\/loja3\\\/pontes-editores-home-2__trashed\\\/linguistica\\\/meu-verdadeiro-pais-e-a-lingua-francesa-trajetoria-do-professor-dario-pagel\\\/\",\"name\":\"Meu verdadeiro pa\u00eds \u00e9 a l\u00edngua francesa: trajet\u00f3ria do professor Dario Pagel - Pontes Editores\",\"isPartOf\":{\"@id\":\"https:\\\/\\\/ponteseditores.com.br\\\/loja3\\\/#website\"},\"primaryImageOfPage\":{\"@id\":\"https:\\\/\\\/ponteseditores.com.br\\\/loja3\\\/pontes-editores-home-2__trashed\\\/linguistica\\\/meu-verdadeiro-pais-e-a-lingua-francesa-trajetoria-do-professor-dario-pagel\\\/#primaryimage\"},\"image\":{\"@id\":\"https:\\\/\\\/ponteseditores.com.br\\\/loja3\\\/pontes-editores-home-2__trashed\\\/linguistica\\\/meu-verdadeiro-pais-e-a-lingua-francesa-trajetoria-do-professor-dario-pagel\\\/#primaryimage\"},\"thumbnailUrl\":\"https:\\\/\\\/ponteseditores.com.br\\\/loja3\\\/wp-content\\\/uploads\\\/2024\\\/01\\\/Capa_Meu_Verdadeiro_Pais.jpg\",\"datePublished\":\"2024-01-17T18:57:50+00:00\",\"dateModified\":\"2024-01-17T18:57:51+00:00\",\"breadcrumb\":{\"@id\":\"https:\\\/\\\/ponteseditores.com.br\\\/loja3\\\/pontes-editores-home-2__trashed\\\/linguistica\\\/meu-verdadeiro-pais-e-a-lingua-francesa-trajetoria-do-professor-dario-pagel\\\/#breadcrumb\"},\"inLanguage\":\"pt-BR\",\"potentialAction\":[{\"@type\":\"ReadAction\",\"target\":[\"https:\\\/\\\/ponteseditores.com.br\\\/loja3\\\/pontes-editores-home-2__trashed\\\/linguistica\\\/meu-verdadeiro-pais-e-a-lingua-francesa-trajetoria-do-professor-dario-pagel\\\/\"]}]},{\"@type\":\"ImageObject\",\"inLanguage\":\"pt-BR\",\"@id\":\"https:\\\/\\\/ponteseditores.com.br\\\/loja3\\\/pontes-editores-home-2__trashed\\\/linguistica\\\/meu-verdadeiro-pais-e-a-lingua-francesa-trajetoria-do-professor-dario-pagel\\\/#primaryimage\",\"url\":\"https:\\\/\\\/ponteseditores.com.br\\\/loja3\\\/wp-content\\\/uploads\\\/2024\\\/01\\\/Capa_Meu_Verdadeiro_Pais.jpg\",\"contentUrl\":\"https:\\\/\\\/ponteseditores.com.br\\\/loja3\\\/wp-content\\\/uploads\\\/2024\\\/01\\\/Capa_Meu_Verdadeiro_Pais.jpg\",\"width\":1728,\"height\":2443},{\"@type\":\"BreadcrumbList\",\"@id\":\"https:\\\/\\\/ponteseditores.com.br\\\/loja3\\\/pontes-editores-home-2__trashed\\\/linguistica\\\/meu-verdadeiro-pais-e-a-lingua-francesa-trajetoria-do-professor-dario-pagel\\\/#breadcrumb\",\"itemListElement\":[{\"@type\":\"ListItem\",\"position\":1,\"name\":\"Home\",\"item\":\"https:\\\/\\\/ponteseditores.com.br\\\/loja3\\\/\"},{\"@type\":\"ListItem\",\"position\":2,\"name\":\"loja\",\"item\":\"https:\\\/\\\/ponteseditores.com.br\\\/loja3\\\/loja\\\/\"},{\"@type\":\"ListItem\",\"position\":3,\"name\":\"Meu verdadeiro pa\u00eds \u00e9 a l\u00edngua francesa: trajet\u00f3ria do professor Dario Pagel\"}]},{\"@type\":\"WebSite\",\"@id\":\"https:\\\/\\\/ponteseditores.com.br\\\/loja3\\\/#website\",\"url\":\"https:\\\/\\\/ponteseditores.com.br\\\/loja3\\\/\",\"name\":\"Pontes Editores\",\"description\":\"Pontes Editores\",\"publisher\":{\"@id\":\"https:\\\/\\\/ponteseditores.com.br\\\/loja3\\\/#organization\"},\"potentialAction\":[{\"@type\":\"SearchAction\",\"target\":{\"@type\":\"EntryPoint\",\"urlTemplate\":\"https:\\\/\\\/ponteseditores.com.br\\\/loja3\\\/?s={search_term_string}\"},\"query-input\":{\"@type\":\"PropertyValueSpecification\",\"valueRequired\":true,\"valueName\":\"search_term_string\"}}],\"inLanguage\":\"pt-BR\"},{\"@type\":\"Organization\",\"@id\":\"https:\\\/\\\/ponteseditores.com.br\\\/loja3\\\/#organization\",\"name\":\"Pontes Editores\",\"url\":\"https:\\\/\\\/ponteseditores.com.br\\\/loja3\\\/\",\"logo\":{\"@type\":\"ImageObject\",\"inLanguage\":\"pt-BR\",\"@id\":\"https:\\\/\\\/ponteseditores.com.br\\\/loja3\\\/#\\\/schema\\\/logo\\\/image\\\/\",\"url\":\"https:\\\/\\\/ponteseditores.com.br\\\/loja3\\\/wp-content\\\/uploads\\\/2023\\\/12\\\/logo-pontes-editores-v2.png\",\"contentUrl\":\"https:\\\/\\\/ponteseditores.com.br\\\/loja3\\\/wp-content\\\/uploads\\\/2023\\\/12\\\/logo-pontes-editores-v2.png\",\"width\":258,\"height\":100,\"caption\":\"Pontes Editores\"},\"image\":{\"@id\":\"https:\\\/\\\/ponteseditores.com.br\\\/loja3\\\/#\\\/schema\\\/logo\\\/image\\\/\"}}]}<\/script>\n<!-- \/ Yoast SEO plugin. -->","yoast_head_json":{"title":"Meu verdadeiro pa\u00eds \u00e9 a l\u00edngua francesa: trajet\u00f3ria do professor Dario Pagel - Pontes Editores","robots":{"index":"index","follow":"follow","max-snippet":"max-snippet:-1","max-image-preview":"max-image-preview:large","max-video-preview":"max-video-preview:-1"},"canonical":"https:\/\/ponteseditores.com.br\/loja3\/pontes-editores-home-2__trashed\/linguistica\/meu-verdadeiro-pais-e-a-lingua-francesa-trajetoria-do-professor-dario-pagel\/","og_locale":"pt_BR","og_type":"article","og_title":"Meu verdadeiro pa\u00eds \u00e9 a l\u00edngua francesa: trajet\u00f3ria do professor Dario Pagel - Pontes Editores","og_description":"Quando iniciei este projeto tinha apenas um pequeno vislumbre, um sinal distante do que me esperava. Pus o \u00faltimo ponto, ainda ignoro as consequ\u00eancias da obra. A seriedade e import\u00e2ncia da miss\u00e3o congelava-me o esp\u00edrito, segui, caminhei em meio \u00e0s fontes, cuidadoso, escolhi-as para compor a trama. Entre falas e sil\u00eancio ordenei o caos. Na [&hellip;]","og_url":"https:\/\/ponteseditores.com.br\/loja3\/pontes-editores-home-2__trashed\/linguistica\/meu-verdadeiro-pais-e-a-lingua-francesa-trajetoria-do-professor-dario-pagel\/","og_site_name":"Pontes Editores","article_modified_time":"2024-01-17T18:57:51+00:00","og_image":[{"width":1728,"height":2443,"url":"https:\/\/ponteseditores.com.br\/loja3\/wp-content\/uploads\/2024\/01\/Capa_Meu_Verdadeiro_Pais.jpg","type":"image\/jpeg"}],"twitter_card":"summary_large_image","twitter_misc":{"Est. tempo de leitura":"2 minutos"},"schema":{"@context":"https:\/\/schema.org","@graph":[{"@type":"WebPage","@id":"https:\/\/ponteseditores.com.br\/loja3\/pontes-editores-home-2__trashed\/linguistica\/meu-verdadeiro-pais-e-a-lingua-francesa-trajetoria-do-professor-dario-pagel\/","url":"https:\/\/ponteseditores.com.br\/loja3\/pontes-editores-home-2__trashed\/linguistica\/meu-verdadeiro-pais-e-a-lingua-francesa-trajetoria-do-professor-dario-pagel\/","name":"Meu verdadeiro pa\u00eds \u00e9 a l\u00edngua francesa: trajet\u00f3ria do professor Dario Pagel - Pontes Editores","isPartOf":{"@id":"https:\/\/ponteseditores.com.br\/loja3\/#website"},"primaryImageOfPage":{"@id":"https:\/\/ponteseditores.com.br\/loja3\/pontes-editores-home-2__trashed\/linguistica\/meu-verdadeiro-pais-e-a-lingua-francesa-trajetoria-do-professor-dario-pagel\/#primaryimage"},"image":{"@id":"https:\/\/ponteseditores.com.br\/loja3\/pontes-editores-home-2__trashed\/linguistica\/meu-verdadeiro-pais-e-a-lingua-francesa-trajetoria-do-professor-dario-pagel\/#primaryimage"},"thumbnailUrl":"https:\/\/ponteseditores.com.br\/loja3\/wp-content\/uploads\/2024\/01\/Capa_Meu_Verdadeiro_Pais.jpg","datePublished":"2024-01-17T18:57:50+00:00","dateModified":"2024-01-17T18:57:51+00:00","breadcrumb":{"@id":"https:\/\/ponteseditores.com.br\/loja3\/pontes-editores-home-2__trashed\/linguistica\/meu-verdadeiro-pais-e-a-lingua-francesa-trajetoria-do-professor-dario-pagel\/#breadcrumb"},"inLanguage":"pt-BR","potentialAction":[{"@type":"ReadAction","target":["https:\/\/ponteseditores.com.br\/loja3\/pontes-editores-home-2__trashed\/linguistica\/meu-verdadeiro-pais-e-a-lingua-francesa-trajetoria-do-professor-dario-pagel\/"]}]},{"@type":"ImageObject","inLanguage":"pt-BR","@id":"https:\/\/ponteseditores.com.br\/loja3\/pontes-editores-home-2__trashed\/linguistica\/meu-verdadeiro-pais-e-a-lingua-francesa-trajetoria-do-professor-dario-pagel\/#primaryimage","url":"https:\/\/ponteseditores.com.br\/loja3\/wp-content\/uploads\/2024\/01\/Capa_Meu_Verdadeiro_Pais.jpg","contentUrl":"https:\/\/ponteseditores.com.br\/loja3\/wp-content\/uploads\/2024\/01\/Capa_Meu_Verdadeiro_Pais.jpg","width":1728,"height":2443},{"@type":"BreadcrumbList","@id":"https:\/\/ponteseditores.com.br\/loja3\/pontes-editores-home-2__trashed\/linguistica\/meu-verdadeiro-pais-e-a-lingua-francesa-trajetoria-do-professor-dario-pagel\/#breadcrumb","itemListElement":[{"@type":"ListItem","position":1,"name":"Home","item":"https:\/\/ponteseditores.com.br\/loja3\/"},{"@type":"ListItem","position":2,"name":"loja","item":"https:\/\/ponteseditores.com.br\/loja3\/loja\/"},{"@type":"ListItem","position":3,"name":"Meu verdadeiro pa\u00eds \u00e9 a l\u00edngua francesa: trajet\u00f3ria do professor Dario Pagel"}]},{"@type":"WebSite","@id":"https:\/\/ponteseditores.com.br\/loja3\/#website","url":"https:\/\/ponteseditores.com.br\/loja3\/","name":"Pontes Editores","description":"Pontes Editores","publisher":{"@id":"https:\/\/ponteseditores.com.br\/loja3\/#organization"},"potentialAction":[{"@type":"SearchAction","target":{"@type":"EntryPoint","urlTemplate":"https:\/\/ponteseditores.com.br\/loja3\/?s={search_term_string}"},"query-input":{"@type":"PropertyValueSpecification","valueRequired":true,"valueName":"search_term_string"}}],"inLanguage":"pt-BR"},{"@type":"Organization","@id":"https:\/\/ponteseditores.com.br\/loja3\/#organization","name":"Pontes Editores","url":"https:\/\/ponteseditores.com.br\/loja3\/","logo":{"@type":"ImageObject","inLanguage":"pt-BR","@id":"https:\/\/ponteseditores.com.br\/loja3\/#\/schema\/logo\/image\/","url":"https:\/\/ponteseditores.com.br\/loja3\/wp-content\/uploads\/2023\/12\/logo-pontes-editores-v2.png","contentUrl":"https:\/\/ponteseditores.com.br\/loja3\/wp-content\/uploads\/2023\/12\/logo-pontes-editores-v2.png","width":258,"height":100,"caption":"Pontes Editores"},"image":{"@id":"https:\/\/ponteseditores.com.br\/loja3\/#\/schema\/logo\/image\/"}}]}},"_links":{"self":[{"href":"https:\/\/ponteseditores.com.br\/loja3\/wp-json\/wp\/v2\/product\/9652","targetHints":{"allow":["GET"]}}],"collection":[{"href":"https:\/\/ponteseditores.com.br\/loja3\/wp-json\/wp\/v2\/product"}],"about":[{"href":"https:\/\/ponteseditores.com.br\/loja3\/wp-json\/wp\/v2\/types\/product"}],"replies":[{"embeddable":true,"href":"https:\/\/ponteseditores.com.br\/loja3\/wp-json\/wp\/v2\/comments?post=9652"}],"version-history":[{"count":0,"href":"https:\/\/ponteseditores.com.br\/loja3\/wp-json\/wp\/v2\/product\/9652\/revisions"}],"wp:featuredmedia":[{"embeddable":true,"href":"https:\/\/ponteseditores.com.br\/loja3\/wp-json\/wp\/v2\/media\/9653"}],"wp:attachment":[{"href":"https:\/\/ponteseditores.com.br\/loja3\/wp-json\/wp\/v2\/media?parent=9652"}],"wp:term":[{"taxonomy":"product_brand","embeddable":true,"href":"https:\/\/ponteseditores.com.br\/loja3\/wp-json\/wp\/v2\/product_brand?post=9652"},{"taxonomy":"product_cat","embeddable":true,"href":"https:\/\/ponteseditores.com.br\/loja3\/wp-json\/wp\/v2\/product_cat?post=9652"},{"taxonomy":"product_tag","embeddable":true,"href":"https:\/\/ponteseditores.com.br\/loja3\/wp-json\/wp\/v2\/product_tag?post=9652"}],"curies":[{"name":"wp","href":"https:\/\/api.w.org\/{rel}","templated":true}]}}