{"id":8785,"date":"2023-12-19T12:22:26","date_gmt":"2023-12-19T15:22:26","guid":{"rendered":"https:\/\/ponteseditores.com.br\/loja3\/?post_type=product&#038;p=8785"},"modified":"2024-10-08T11:29:11","modified_gmt":"2024-10-08T14:29:11","slug":"variacao-sonora-e-suas-interfaces-estudos-em-homenagem-a-professora-claudia-brescancini","status":"publish","type":"product","link":"https:\/\/ponteseditores.com.br\/loja3\/pontes-editores-home-2__trashed\/linguistica\/variacao-sonora-e-suas-interfaces-estudos-em-homenagem-a-professora-claudia-brescancini\/","title":{"rendered":"Varia\u00e7\u00e3o Sonora e suas Interfaces: estudos em homenagem \u00e0 professora Cl\u00e1udia Brescancini"},"content":{"rendered":"<p>Esta obra re\u00fane estudos acerca da varia\u00e7\u00e3o sonora bem como sua rela\u00e7\u00e3o com diversas \u00e1reas de interface. Desenvolvida por orientandos, colegas e amigos, esta obra \u00e9 uma afetuosa homenagem \u00e0 Cl\u00e1udia Regina Brescancini, professora Adjunta do Programa de P\u00f3s-Gradua\u00e7\u00e3o em Letras da Pontif\u00edcia Universidade Cat\u00f3lica do Rio Grande do Sul (PUCRS).\u00a0 Para al\u00e9m do reconhecimento de sua irrepar\u00e1vel atua\u00e7\u00e3o enquanto pesquisadora, formadora de professores e especialistas na \u00e1rea de Letras e Lingu\u00edstica, este livro \u00e9 um gesto de agradecimento de muitas pessoas que ao longo de suas trajet\u00f3rias acad\u00eamicas foram significativamente tocadas pessoal e profissionalmente pela compet\u00eancia e integridade de Cl\u00e1udia Brescancini.<\/p>\n<p>Esta iniciativa surgiu em meados de 2020, e os cap\u00edtulos desta obra foram escritos ao longo de 2020 e 2021, em meio \u00e0 Pandemia de COVID-19.<\/p>\n<p>&nbsp;<\/p>\n","protected":false},"excerpt":{"rendered":"<p>Esta obra re\u00fane estudos acerca da varia\u00e7\u00e3o sonora bem como sua rela\u00e7\u00e3o com diversas \u00e1reas de interface. Desenvolvida por orientandos, colegas e amigos, esta obra \u00e9 uma afetuosa homenagem \u00e0 Cl\u00e1udia Regina Brescancini, professora Adjunta do Programa de P\u00f3s-Gradua\u00e7\u00e3o em Letras da Pontif\u00edcia Universidade Cat\u00f3lica do Rio Grande do Sul (PUCRS).\u00a0 Para al\u00e9m do reconhecimento [&hellip;]<\/p>\n","protected":false},"featured_media":7189,"comment_status":"open","ping_status":"closed","template":"","meta":{"_joinchat":[]},"product_brand":[],"product_cat":[165,31],"product_tag":[],"class_list":{"0":"post-8785","1":"product","2":"type-product","3":"status-publish","4":"has-post-thumbnail","6":"product_cat-ebook","7":"product_cat-linguistica","8":"product_shipping_class-download","10":"first","11":"instock","12":"downloadable","13":"virtual","14":"purchasable","15":"product-type-simple"},"yoast_head":"<!-- This site is optimized with the Yoast SEO plugin v27.4 - https:\/\/yoast.com\/product\/yoast-seo-wordpress\/ -->\n<title>Varia\u00e7\u00e3o Sonora e suas Interfaces: estudos em homenagem \u00e0 professora Cl\u00e1udia Brescancini - Pontes Editores<\/title>\n<meta name=\"robots\" content=\"index, follow, max-snippet:-1, max-image-preview:large, max-video-preview:-1\" \/>\n<link rel=\"canonical\" href=\"https:\/\/ponteseditores.com.br\/loja3\/pontes-editores-home-2__trashed\/linguistica\/variacao-sonora-e-suas-interfaces-estudos-em-homenagem-a-professora-claudia-brescancini\/\" \/>\n<meta property=\"og:locale\" content=\"pt_BR\" \/>\n<meta property=\"og:type\" content=\"article\" \/>\n<meta property=\"og:title\" content=\"Varia\u00e7\u00e3o Sonora e suas Interfaces: estudos em homenagem \u00e0 professora Cl\u00e1udia Brescancini - Pontes Editores\" \/>\n<meta property=\"og:description\" content=\"Esta obra re\u00fane estudos acerca da varia\u00e7\u00e3o sonora bem como sua rela\u00e7\u00e3o com diversas \u00e1reas de interface. Desenvolvida por orientandos, colegas e amigos, esta obra \u00e9 uma afetuosa homenagem \u00e0 Cl\u00e1udia Regina Brescancini, professora Adjunta do Programa de P\u00f3s-Gradua\u00e7\u00e3o em Letras da Pontif\u00edcia Universidade Cat\u00f3lica do Rio Grande do Sul (PUCRS).\u00a0 Para al\u00e9m do reconhecimento [&hellip;]\" \/>\n<meta property=\"og:url\" content=\"https:\/\/ponteseditores.com.br\/loja3\/pontes-editores-home-2__trashed\/linguistica\/variacao-sonora-e-suas-interfaces-estudos-em-homenagem-a-professora-claudia-brescancini\/\" \/>\n<meta property=\"og:site_name\" content=\"Pontes Editores\" \/>\n<meta property=\"article:modified_time\" content=\"2024-10-08T14:29:11+00:00\" \/>\n<meta property=\"og:image\" content=\"https:\/\/ponteseditores.com.br\/loja3\/wp-content\/uploads\/2023\/12\/Capa_variacao-sonora.jpg\" \/>\n\t<meta property=\"og:image:width\" content=\"1400\" \/>\n\t<meta property=\"og:image:height\" content=\"1979\" \/>\n\t<meta property=\"og:image:type\" content=\"image\/jpeg\" \/>\n<meta name=\"twitter:card\" content=\"summary_large_image\" \/>\n<meta name=\"twitter:label1\" content=\"Est. tempo de leitura\" \/>\n\t<meta name=\"twitter:data1\" content=\"1 minuto\" \/>\n<script type=\"application\/ld+json\" class=\"yoast-schema-graph\">{\"@context\":\"https:\\\/\\\/schema.org\",\"@graph\":[{\"@type\":\"WebPage\",\"@id\":\"https:\\\/\\\/ponteseditores.com.br\\\/loja3\\\/pontes-editores-home-2__trashed\\\/linguistica\\\/variacao-sonora-e-suas-interfaces-estudos-em-homenagem-a-professora-claudia-brescancini\\\/\",\"url\":\"https:\\\/\\\/ponteseditores.com.br\\\/loja3\\\/pontes-editores-home-2__trashed\\\/linguistica\\\/variacao-sonora-e-suas-interfaces-estudos-em-homenagem-a-professora-claudia-brescancini\\\/\",\"name\":\"Varia\u00e7\u00e3o Sonora e suas Interfaces: estudos em homenagem \u00e0 professora Cl\u00e1udia Brescancini - Pontes Editores\",\"isPartOf\":{\"@id\":\"https:\\\/\\\/ponteseditores.com.br\\\/loja3\\\/#website\"},\"primaryImageOfPage\":{\"@id\":\"https:\\\/\\\/ponteseditores.com.br\\\/loja3\\\/pontes-editores-home-2__trashed\\\/linguistica\\\/variacao-sonora-e-suas-interfaces-estudos-em-homenagem-a-professora-claudia-brescancini\\\/#primaryimage\"},\"image\":{\"@id\":\"https:\\\/\\\/ponteseditores.com.br\\\/loja3\\\/pontes-editores-home-2__trashed\\\/linguistica\\\/variacao-sonora-e-suas-interfaces-estudos-em-homenagem-a-professora-claudia-brescancini\\\/#primaryimage\"},\"thumbnailUrl\":\"https:\\\/\\\/ponteseditores.com.br\\\/loja3\\\/wp-content\\\/uploads\\\/2023\\\/12\\\/Capa_variacao-sonora.jpg\",\"datePublished\":\"2023-12-19T15:22:26+00:00\",\"dateModified\":\"2024-10-08T14:29:11+00:00\",\"breadcrumb\":{\"@id\":\"https:\\\/\\\/ponteseditores.com.br\\\/loja3\\\/pontes-editores-home-2__trashed\\\/linguistica\\\/variacao-sonora-e-suas-interfaces-estudos-em-homenagem-a-professora-claudia-brescancini\\\/#breadcrumb\"},\"inLanguage\":\"pt-BR\",\"potentialAction\":[{\"@type\":\"ReadAction\",\"target\":[\"https:\\\/\\\/ponteseditores.com.br\\\/loja3\\\/pontes-editores-home-2__trashed\\\/linguistica\\\/variacao-sonora-e-suas-interfaces-estudos-em-homenagem-a-professora-claudia-brescancini\\\/\"]}]},{\"@type\":\"ImageObject\",\"inLanguage\":\"pt-BR\",\"@id\":\"https:\\\/\\\/ponteseditores.com.br\\\/loja3\\\/pontes-editores-home-2__trashed\\\/linguistica\\\/variacao-sonora-e-suas-interfaces-estudos-em-homenagem-a-professora-claudia-brescancini\\\/#primaryimage\",\"url\":\"https:\\\/\\\/ponteseditores.com.br\\\/loja3\\\/wp-content\\\/uploads\\\/2023\\\/12\\\/Capa_variacao-sonora.jpg\",\"contentUrl\":\"https:\\\/\\\/ponteseditores.com.br\\\/loja3\\\/wp-content\\\/uploads\\\/2023\\\/12\\\/Capa_variacao-sonora.jpg\",\"width\":1400,\"height\":1979},{\"@type\":\"BreadcrumbList\",\"@id\":\"https:\\\/\\\/ponteseditores.com.br\\\/loja3\\\/pontes-editores-home-2__trashed\\\/linguistica\\\/variacao-sonora-e-suas-interfaces-estudos-em-homenagem-a-professora-claudia-brescancini\\\/#breadcrumb\",\"itemListElement\":[{\"@type\":\"ListItem\",\"position\":1,\"name\":\"Home\",\"item\":\"https:\\\/\\\/ponteseditores.com.br\\\/loja3\\\/\"},{\"@type\":\"ListItem\",\"position\":2,\"name\":\"loja\",\"item\":\"https:\\\/\\\/ponteseditores.com.br\\\/loja3\\\/loja\\\/\"},{\"@type\":\"ListItem\",\"position\":3,\"name\":\"Varia\u00e7\u00e3o Sonora e suas Interfaces: estudos em homenagem \u00e0 professora Cl\u00e1udia Brescancini\"}]},{\"@type\":\"WebSite\",\"@id\":\"https:\\\/\\\/ponteseditores.com.br\\\/loja3\\\/#website\",\"url\":\"https:\\\/\\\/ponteseditores.com.br\\\/loja3\\\/\",\"name\":\"Pontes Editores\",\"description\":\"Pontes Editores\",\"publisher\":{\"@id\":\"https:\\\/\\\/ponteseditores.com.br\\\/loja3\\\/#organization\"},\"potentialAction\":[{\"@type\":\"SearchAction\",\"target\":{\"@type\":\"EntryPoint\",\"urlTemplate\":\"https:\\\/\\\/ponteseditores.com.br\\\/loja3\\\/?s={search_term_string}\"},\"query-input\":{\"@type\":\"PropertyValueSpecification\",\"valueRequired\":true,\"valueName\":\"search_term_string\"}}],\"inLanguage\":\"pt-BR\"},{\"@type\":\"Organization\",\"@id\":\"https:\\\/\\\/ponteseditores.com.br\\\/loja3\\\/#organization\",\"name\":\"Pontes Editores\",\"url\":\"https:\\\/\\\/ponteseditores.com.br\\\/loja3\\\/\",\"logo\":{\"@type\":\"ImageObject\",\"inLanguage\":\"pt-BR\",\"@id\":\"https:\\\/\\\/ponteseditores.com.br\\\/loja3\\\/#\\\/schema\\\/logo\\\/image\\\/\",\"url\":\"https:\\\/\\\/ponteseditores.com.br\\\/loja3\\\/wp-content\\\/uploads\\\/2023\\\/12\\\/logo-pontes-editores-v2.png\",\"contentUrl\":\"https:\\\/\\\/ponteseditores.com.br\\\/loja3\\\/wp-content\\\/uploads\\\/2023\\\/12\\\/logo-pontes-editores-v2.png\",\"width\":258,\"height\":100,\"caption\":\"Pontes Editores\"},\"image\":{\"@id\":\"https:\\\/\\\/ponteseditores.com.br\\\/loja3\\\/#\\\/schema\\\/logo\\\/image\\\/\"}}]}<\/script>\n<!-- \/ Yoast SEO plugin. -->","yoast_head_json":{"title":"Varia\u00e7\u00e3o Sonora e suas Interfaces: estudos em homenagem \u00e0 professora Cl\u00e1udia Brescancini - Pontes Editores","robots":{"index":"index","follow":"follow","max-snippet":"max-snippet:-1","max-image-preview":"max-image-preview:large","max-video-preview":"max-video-preview:-1"},"canonical":"https:\/\/ponteseditores.com.br\/loja3\/pontes-editores-home-2__trashed\/linguistica\/variacao-sonora-e-suas-interfaces-estudos-em-homenagem-a-professora-claudia-brescancini\/","og_locale":"pt_BR","og_type":"article","og_title":"Varia\u00e7\u00e3o Sonora e suas Interfaces: estudos em homenagem \u00e0 professora Cl\u00e1udia Brescancini - Pontes Editores","og_description":"Esta obra re\u00fane estudos acerca da varia\u00e7\u00e3o sonora bem como sua rela\u00e7\u00e3o com diversas \u00e1reas de interface. Desenvolvida por orientandos, colegas e amigos, esta obra \u00e9 uma afetuosa homenagem \u00e0 Cl\u00e1udia Regina Brescancini, professora Adjunta do Programa de P\u00f3s-Gradua\u00e7\u00e3o em Letras da Pontif\u00edcia Universidade Cat\u00f3lica do Rio Grande do Sul (PUCRS).\u00a0 Para al\u00e9m do reconhecimento [&hellip;]","og_url":"https:\/\/ponteseditores.com.br\/loja3\/pontes-editores-home-2__trashed\/linguistica\/variacao-sonora-e-suas-interfaces-estudos-em-homenagem-a-professora-claudia-brescancini\/","og_site_name":"Pontes Editores","article_modified_time":"2024-10-08T14:29:11+00:00","og_image":[{"width":1400,"height":1979,"url":"https:\/\/ponteseditores.com.br\/loja3\/wp-content\/uploads\/2023\/12\/Capa_variacao-sonora.jpg","type":"image\/jpeg"}],"twitter_card":"summary_large_image","twitter_misc":{"Est. tempo de leitura":"1 minuto"},"schema":{"@context":"https:\/\/schema.org","@graph":[{"@type":"WebPage","@id":"https:\/\/ponteseditores.com.br\/loja3\/pontes-editores-home-2__trashed\/linguistica\/variacao-sonora-e-suas-interfaces-estudos-em-homenagem-a-professora-claudia-brescancini\/","url":"https:\/\/ponteseditores.com.br\/loja3\/pontes-editores-home-2__trashed\/linguistica\/variacao-sonora-e-suas-interfaces-estudos-em-homenagem-a-professora-claudia-brescancini\/","name":"Varia\u00e7\u00e3o Sonora e suas Interfaces: estudos em homenagem \u00e0 professora Cl\u00e1udia Brescancini - Pontes Editores","isPartOf":{"@id":"https:\/\/ponteseditores.com.br\/loja3\/#website"},"primaryImageOfPage":{"@id":"https:\/\/ponteseditores.com.br\/loja3\/pontes-editores-home-2__trashed\/linguistica\/variacao-sonora-e-suas-interfaces-estudos-em-homenagem-a-professora-claudia-brescancini\/#primaryimage"},"image":{"@id":"https:\/\/ponteseditores.com.br\/loja3\/pontes-editores-home-2__trashed\/linguistica\/variacao-sonora-e-suas-interfaces-estudos-em-homenagem-a-professora-claudia-brescancini\/#primaryimage"},"thumbnailUrl":"https:\/\/ponteseditores.com.br\/loja3\/wp-content\/uploads\/2023\/12\/Capa_variacao-sonora.jpg","datePublished":"2023-12-19T15:22:26+00:00","dateModified":"2024-10-08T14:29:11+00:00","breadcrumb":{"@id":"https:\/\/ponteseditores.com.br\/loja3\/pontes-editores-home-2__trashed\/linguistica\/variacao-sonora-e-suas-interfaces-estudos-em-homenagem-a-professora-claudia-brescancini\/#breadcrumb"},"inLanguage":"pt-BR","potentialAction":[{"@type":"ReadAction","target":["https:\/\/ponteseditores.com.br\/loja3\/pontes-editores-home-2__trashed\/linguistica\/variacao-sonora-e-suas-interfaces-estudos-em-homenagem-a-professora-claudia-brescancini\/"]}]},{"@type":"ImageObject","inLanguage":"pt-BR","@id":"https:\/\/ponteseditores.com.br\/loja3\/pontes-editores-home-2__trashed\/linguistica\/variacao-sonora-e-suas-interfaces-estudos-em-homenagem-a-professora-claudia-brescancini\/#primaryimage","url":"https:\/\/ponteseditores.com.br\/loja3\/wp-content\/uploads\/2023\/12\/Capa_variacao-sonora.jpg","contentUrl":"https:\/\/ponteseditores.com.br\/loja3\/wp-content\/uploads\/2023\/12\/Capa_variacao-sonora.jpg","width":1400,"height":1979},{"@type":"BreadcrumbList","@id":"https:\/\/ponteseditores.com.br\/loja3\/pontes-editores-home-2__trashed\/linguistica\/variacao-sonora-e-suas-interfaces-estudos-em-homenagem-a-professora-claudia-brescancini\/#breadcrumb","itemListElement":[{"@type":"ListItem","position":1,"name":"Home","item":"https:\/\/ponteseditores.com.br\/loja3\/"},{"@type":"ListItem","position":2,"name":"loja","item":"https:\/\/ponteseditores.com.br\/loja3\/loja\/"},{"@type":"ListItem","position":3,"name":"Varia\u00e7\u00e3o Sonora e suas Interfaces: estudos em homenagem \u00e0 professora Cl\u00e1udia Brescancini"}]},{"@type":"WebSite","@id":"https:\/\/ponteseditores.com.br\/loja3\/#website","url":"https:\/\/ponteseditores.com.br\/loja3\/","name":"Pontes Editores","description":"Pontes Editores","publisher":{"@id":"https:\/\/ponteseditores.com.br\/loja3\/#organization"},"potentialAction":[{"@type":"SearchAction","target":{"@type":"EntryPoint","urlTemplate":"https:\/\/ponteseditores.com.br\/loja3\/?s={search_term_string}"},"query-input":{"@type":"PropertyValueSpecification","valueRequired":true,"valueName":"search_term_string"}}],"inLanguage":"pt-BR"},{"@type":"Organization","@id":"https:\/\/ponteseditores.com.br\/loja3\/#organization","name":"Pontes Editores","url":"https:\/\/ponteseditores.com.br\/loja3\/","logo":{"@type":"ImageObject","inLanguage":"pt-BR","@id":"https:\/\/ponteseditores.com.br\/loja3\/#\/schema\/logo\/image\/","url":"https:\/\/ponteseditores.com.br\/loja3\/wp-content\/uploads\/2023\/12\/logo-pontes-editores-v2.png","contentUrl":"https:\/\/ponteseditores.com.br\/loja3\/wp-content\/uploads\/2023\/12\/logo-pontes-editores-v2.png","width":258,"height":100,"caption":"Pontes Editores"},"image":{"@id":"https:\/\/ponteseditores.com.br\/loja3\/#\/schema\/logo\/image\/"}}]}},"_links":{"self":[{"href":"https:\/\/ponteseditores.com.br\/loja3\/wp-json\/wp\/v2\/product\/8785","targetHints":{"allow":["GET"]}}],"collection":[{"href":"https:\/\/ponteseditores.com.br\/loja3\/wp-json\/wp\/v2\/product"}],"about":[{"href":"https:\/\/ponteseditores.com.br\/loja3\/wp-json\/wp\/v2\/types\/product"}],"replies":[{"embeddable":true,"href":"https:\/\/ponteseditores.com.br\/loja3\/wp-json\/wp\/v2\/comments?post=8785"}],"version-history":[{"count":0,"href":"https:\/\/ponteseditores.com.br\/loja3\/wp-json\/wp\/v2\/product\/8785\/revisions"}],"wp:featuredmedia":[{"embeddable":true,"href":"https:\/\/ponteseditores.com.br\/loja3\/wp-json\/wp\/v2\/media\/7189"}],"wp:attachment":[{"href":"https:\/\/ponteseditores.com.br\/loja3\/wp-json\/wp\/v2\/media?parent=8785"}],"wp:term":[{"taxonomy":"product_brand","embeddable":true,"href":"https:\/\/ponteseditores.com.br\/loja3\/wp-json\/wp\/v2\/product_brand?post=8785"},{"taxonomy":"product_cat","embeddable":true,"href":"https:\/\/ponteseditores.com.br\/loja3\/wp-json\/wp\/v2\/product_cat?post=8785"},{"taxonomy":"product_tag","embeddable":true,"href":"https:\/\/ponteseditores.com.br\/loja3\/wp-json\/wp\/v2\/product_tag?post=8785"}],"curies":[{"name":"wp","href":"https:\/\/api.w.org\/{rel}","templated":true}]}}