{"id":8607,"date":"2023-12-16T01:51:43","date_gmt":"2023-12-16T04:51:43","guid":{"rendered":"https:\/\/ponteseditores.com.br\/loja3\/pontes-editores-home-2__trashed\/sem%20categoria\/da-percepcao-ao-pensamento-critico-analises-multimodais-em-leituras-resistentes-do-cotidiano\/"},"modified":"2024-01-08T17:49:33","modified_gmt":"2024-01-08T20:49:33","slug":"da-percepcao-ao-pensamento-critico-analises-multimodais-em-leituras-resistentes-do-cotidiano","status":"publish","type":"product","link":"https:\/\/ponteseditores.com.br\/loja3\/pontes-editores-home-2__trashed\/leitura\/da-percepcao-ao-pensamento-critico-analises-multimodais-em-leituras-resistentes-do-cotidiano\/","title":{"rendered":"Da Percep\u00e7\u00e3o ao Pensamento Cr\u00edtico: An\u00e1lises Multimodais em Leituras Resistentes do Cotidiano"},"content":{"rendered":"<p>2\u00ba Edi\u00e7\u00e3o              <\/p>\n<p>  Exemplo de abertura p\u00f3s-moderna na qual a Lingu\u00edstica Aplicada Cr\u00edtica \u00e9 inserida, a obra \u00e9 voltada a uma postura cr\u00edtica sobre o papel que a linguagem carrega no que diz repeito a preconceito racial, \u00e0 exclus\u00e3o social e \u00e0 viol\u00eancia comportamental e verbal nas rela\u00e7\u00f5es de assimetria em ambientes profissionais.      Imprescind\u00edvel para a autora em todos os relacionamentos humanos \u00e9 o respeito \u00e0s diferen\u00e7as de g\u00eanero, \u00e0 orienta\u00e7\u00e3o sexual, \u00e0s convic\u00e7\u00f5es filos\u00f3ficas e pol\u00edticas. O livro de Reis \u00e9 um apelo para uma mudan\u00e7a na \u00e9tica humana, nas palavras dela, para \u201cmitigar opress\u00e3o\u201d e \u201cdesnudar situa\u00e7\u00f5es de desigualdade, abuso de poder, ass\u00e9dio moral\u201d n\u00e3o somente por meio do estudo cr\u00edtico da linguagem, mas por sua rela\u00e7\u00e3o com a percep\u00e7\u00e3o humana.<\/p>\n<p>John Robert Schmitz<\/p>\n<p>Lingu\u00edstica Aplicada<\/p>\n","protected":false},"excerpt":{"rendered":"<p>2\u00ba Edi\u00e7\u00e3o Exemplo de abertura p\u00f3s-moderna na qual a Lingu\u00edstica Aplicada Cr\u00edtica \u00e9 inserida, a obra \u00e9 voltada a uma postura cr\u00edtica sobre o papel que a linguagem carrega no que diz repeito a preconceito racial, \u00e0 exclus\u00e3o social e \u00e0 viol\u00eancia comportamental e verbal nas rela\u00e7\u00f5es de assimetria em ambientes profissionais. Imprescind\u00edvel para a [&hellip;]<\/p>\n","protected":false},"featured_media":8606,"comment_status":"open","ping_status":"closed","template":"","meta":{"_joinchat":[]},"product_brand":[],"product_cat":[301,278,290],"product_tag":[],"class_list":{"0":"post-8607","1":"product","2":"type-product","3":"status-publish","4":"has-post-thumbnail","6":"product_cat-analise-de-discurso","7":"product_cat-leitura","8":"product_cat-linguagem-e-linguas","10":"first","11":"instock","12":"shipping-taxable","13":"purchasable","14":"product-type-simple"},"yoast_head":"<!-- This site is optimized with the Yoast SEO plugin v27.4 - https:\/\/yoast.com\/product\/yoast-seo-wordpress\/ -->\n<title>Da Percep\u00e7\u00e3o ao Pensamento Cr\u00edtico: An\u00e1lises Multimodais em Leituras Resistentes do Cotidiano - Pontes Editores<\/title>\n<meta name=\"robots\" content=\"index, follow, max-snippet:-1, max-image-preview:large, max-video-preview:-1\" \/>\n<link rel=\"canonical\" href=\"https:\/\/ponteseditores.com.br\/loja3\/pontes-editores-home-2__trashed\/leitura\/da-percepcao-ao-pensamento-critico-analises-multimodais-em-leituras-resistentes-do-cotidiano\/\" \/>\n<meta property=\"og:locale\" content=\"pt_BR\" \/>\n<meta property=\"og:type\" content=\"article\" \/>\n<meta property=\"og:title\" content=\"Da Percep\u00e7\u00e3o ao Pensamento Cr\u00edtico: An\u00e1lises Multimodais em Leituras Resistentes do Cotidiano - Pontes Editores\" \/>\n<meta property=\"og:description\" content=\"2\u00ba Edi\u00e7\u00e3o Exemplo de abertura p\u00f3s-moderna na qual a Lingu\u00edstica Aplicada Cr\u00edtica \u00e9 inserida, a obra \u00e9 voltada a uma postura cr\u00edtica sobre o papel que a linguagem carrega no que diz repeito a preconceito racial, \u00e0 exclus\u00e3o social e \u00e0 viol\u00eancia comportamental e verbal nas rela\u00e7\u00f5es de assimetria em ambientes profissionais. Imprescind\u00edvel para a [&hellip;]\" \/>\n<meta property=\"og:url\" content=\"https:\/\/ponteseditores.com.br\/loja3\/pontes-editores-home-2__trashed\/leitura\/da-percepcao-ao-pensamento-critico-analises-multimodais-em-leituras-resistentes-do-cotidiano\/\" \/>\n<meta property=\"og:site_name\" content=\"Pontes Editores\" \/>\n<meta property=\"article:modified_time\" content=\"2024-01-08T20:49:33+00:00\" \/>\n<meta property=\"og:image\" content=\"https:\/\/ponteseditores.com.br\/loja3\/wp-content\/uploads\/2023\/12\/da20percepcao.jpg\" \/>\n\t<meta property=\"og:image:width\" content=\"498\" \/>\n\t<meta property=\"og:image:height\" content=\"768\" \/>\n\t<meta property=\"og:image:type\" content=\"image\/jpeg\" \/>\n<meta name=\"twitter:card\" content=\"summary_large_image\" \/>\n<meta name=\"twitter:label1\" content=\"Est. tempo de leitura\" \/>\n\t<meta name=\"twitter:data1\" content=\"1 minuto\" \/>\n<script type=\"application\/ld+json\" class=\"yoast-schema-graph\">{\"@context\":\"https:\\\/\\\/schema.org\",\"@graph\":[{\"@type\":\"WebPage\",\"@id\":\"https:\\\/\\\/ponteseditores.com.br\\\/loja3\\\/pontes-editores-home-2__trashed\\\/leitura\\\/da-percepcao-ao-pensamento-critico-analises-multimodais-em-leituras-resistentes-do-cotidiano\\\/\",\"url\":\"https:\\\/\\\/ponteseditores.com.br\\\/loja3\\\/pontes-editores-home-2__trashed\\\/leitura\\\/da-percepcao-ao-pensamento-critico-analises-multimodais-em-leituras-resistentes-do-cotidiano\\\/\",\"name\":\"Da Percep\u00e7\u00e3o ao Pensamento Cr\u00edtico: An\u00e1lises Multimodais em Leituras Resistentes do Cotidiano - Pontes Editores\",\"isPartOf\":{\"@id\":\"https:\\\/\\\/ponteseditores.com.br\\\/loja3\\\/#website\"},\"primaryImageOfPage\":{\"@id\":\"https:\\\/\\\/ponteseditores.com.br\\\/loja3\\\/pontes-editores-home-2__trashed\\\/leitura\\\/da-percepcao-ao-pensamento-critico-analises-multimodais-em-leituras-resistentes-do-cotidiano\\\/#primaryimage\"},\"image\":{\"@id\":\"https:\\\/\\\/ponteseditores.com.br\\\/loja3\\\/pontes-editores-home-2__trashed\\\/leitura\\\/da-percepcao-ao-pensamento-critico-analises-multimodais-em-leituras-resistentes-do-cotidiano\\\/#primaryimage\"},\"thumbnailUrl\":\"https:\\\/\\\/ponteseditores.com.br\\\/loja3\\\/wp-content\\\/uploads\\\/2023\\\/12\\\/da20percepcao.jpg\",\"datePublished\":\"2023-12-16T04:51:43+00:00\",\"dateModified\":\"2024-01-08T20:49:33+00:00\",\"breadcrumb\":{\"@id\":\"https:\\\/\\\/ponteseditores.com.br\\\/loja3\\\/pontes-editores-home-2__trashed\\\/leitura\\\/da-percepcao-ao-pensamento-critico-analises-multimodais-em-leituras-resistentes-do-cotidiano\\\/#breadcrumb\"},\"inLanguage\":\"pt-BR\",\"potentialAction\":[{\"@type\":\"ReadAction\",\"target\":[\"https:\\\/\\\/ponteseditores.com.br\\\/loja3\\\/pontes-editores-home-2__trashed\\\/leitura\\\/da-percepcao-ao-pensamento-critico-analises-multimodais-em-leituras-resistentes-do-cotidiano\\\/\"]}]},{\"@type\":\"ImageObject\",\"inLanguage\":\"pt-BR\",\"@id\":\"https:\\\/\\\/ponteseditores.com.br\\\/loja3\\\/pontes-editores-home-2__trashed\\\/leitura\\\/da-percepcao-ao-pensamento-critico-analises-multimodais-em-leituras-resistentes-do-cotidiano\\\/#primaryimage\",\"url\":\"https:\\\/\\\/ponteseditores.com.br\\\/loja3\\\/wp-content\\\/uploads\\\/2023\\\/12\\\/da20percepcao.jpg\",\"contentUrl\":\"https:\\\/\\\/ponteseditores.com.br\\\/loja3\\\/wp-content\\\/uploads\\\/2023\\\/12\\\/da20percepcao.jpg\",\"width\":498,\"height\":768},{\"@type\":\"BreadcrumbList\",\"@id\":\"https:\\\/\\\/ponteseditores.com.br\\\/loja3\\\/pontes-editores-home-2__trashed\\\/leitura\\\/da-percepcao-ao-pensamento-critico-analises-multimodais-em-leituras-resistentes-do-cotidiano\\\/#breadcrumb\",\"itemListElement\":[{\"@type\":\"ListItem\",\"position\":1,\"name\":\"Home\",\"item\":\"https:\\\/\\\/ponteseditores.com.br\\\/loja3\\\/\"},{\"@type\":\"ListItem\",\"position\":2,\"name\":\"loja\",\"item\":\"https:\\\/\\\/ponteseditores.com.br\\\/loja3\\\/loja\\\/\"},{\"@type\":\"ListItem\",\"position\":3,\"name\":\"Da Percep\u00e7\u00e3o ao Pensamento Cr\u00edtico: An\u00e1lises Multimodais em Leituras Resistentes do Cotidiano\"}]},{\"@type\":\"WebSite\",\"@id\":\"https:\\\/\\\/ponteseditores.com.br\\\/loja3\\\/#website\",\"url\":\"https:\\\/\\\/ponteseditores.com.br\\\/loja3\\\/\",\"name\":\"Pontes Editores\",\"description\":\"Pontes Editores\",\"publisher\":{\"@id\":\"https:\\\/\\\/ponteseditores.com.br\\\/loja3\\\/#organization\"},\"potentialAction\":[{\"@type\":\"SearchAction\",\"target\":{\"@type\":\"EntryPoint\",\"urlTemplate\":\"https:\\\/\\\/ponteseditores.com.br\\\/loja3\\\/?s={search_term_string}\"},\"query-input\":{\"@type\":\"PropertyValueSpecification\",\"valueRequired\":true,\"valueName\":\"search_term_string\"}}],\"inLanguage\":\"pt-BR\"},{\"@type\":\"Organization\",\"@id\":\"https:\\\/\\\/ponteseditores.com.br\\\/loja3\\\/#organization\",\"name\":\"Pontes Editores\",\"url\":\"https:\\\/\\\/ponteseditores.com.br\\\/loja3\\\/\",\"logo\":{\"@type\":\"ImageObject\",\"inLanguage\":\"pt-BR\",\"@id\":\"https:\\\/\\\/ponteseditores.com.br\\\/loja3\\\/#\\\/schema\\\/logo\\\/image\\\/\",\"url\":\"https:\\\/\\\/ponteseditores.com.br\\\/loja3\\\/wp-content\\\/uploads\\\/2023\\\/12\\\/logo-pontes-editores-v2.png\",\"contentUrl\":\"https:\\\/\\\/ponteseditores.com.br\\\/loja3\\\/wp-content\\\/uploads\\\/2023\\\/12\\\/logo-pontes-editores-v2.png\",\"width\":258,\"height\":100,\"caption\":\"Pontes Editores\"},\"image\":{\"@id\":\"https:\\\/\\\/ponteseditores.com.br\\\/loja3\\\/#\\\/schema\\\/logo\\\/image\\\/\"}}]}<\/script>\n<!-- \/ Yoast SEO plugin. -->","yoast_head_json":{"title":"Da Percep\u00e7\u00e3o ao Pensamento Cr\u00edtico: An\u00e1lises Multimodais em Leituras Resistentes do Cotidiano - Pontes Editores","robots":{"index":"index","follow":"follow","max-snippet":"max-snippet:-1","max-image-preview":"max-image-preview:large","max-video-preview":"max-video-preview:-1"},"canonical":"https:\/\/ponteseditores.com.br\/loja3\/pontes-editores-home-2__trashed\/leitura\/da-percepcao-ao-pensamento-critico-analises-multimodais-em-leituras-resistentes-do-cotidiano\/","og_locale":"pt_BR","og_type":"article","og_title":"Da Percep\u00e7\u00e3o ao Pensamento Cr\u00edtico: An\u00e1lises Multimodais em Leituras Resistentes do Cotidiano - Pontes Editores","og_description":"2\u00ba Edi\u00e7\u00e3o Exemplo de abertura p\u00f3s-moderna na qual a Lingu\u00edstica Aplicada Cr\u00edtica \u00e9 inserida, a obra \u00e9 voltada a uma postura cr\u00edtica sobre o papel que a linguagem carrega no que diz repeito a preconceito racial, \u00e0 exclus\u00e3o social e \u00e0 viol\u00eancia comportamental e verbal nas rela\u00e7\u00f5es de assimetria em ambientes profissionais. Imprescind\u00edvel para a [&hellip;]","og_url":"https:\/\/ponteseditores.com.br\/loja3\/pontes-editores-home-2__trashed\/leitura\/da-percepcao-ao-pensamento-critico-analises-multimodais-em-leituras-resistentes-do-cotidiano\/","og_site_name":"Pontes Editores","article_modified_time":"2024-01-08T20:49:33+00:00","og_image":[{"width":498,"height":768,"url":"https:\/\/ponteseditores.com.br\/loja3\/wp-content\/uploads\/2023\/12\/da20percepcao.jpg","type":"image\/jpeg"}],"twitter_card":"summary_large_image","twitter_misc":{"Est. tempo de leitura":"1 minuto"},"schema":{"@context":"https:\/\/schema.org","@graph":[{"@type":"WebPage","@id":"https:\/\/ponteseditores.com.br\/loja3\/pontes-editores-home-2__trashed\/leitura\/da-percepcao-ao-pensamento-critico-analises-multimodais-em-leituras-resistentes-do-cotidiano\/","url":"https:\/\/ponteseditores.com.br\/loja3\/pontes-editores-home-2__trashed\/leitura\/da-percepcao-ao-pensamento-critico-analises-multimodais-em-leituras-resistentes-do-cotidiano\/","name":"Da Percep\u00e7\u00e3o ao Pensamento Cr\u00edtico: An\u00e1lises Multimodais em Leituras Resistentes do Cotidiano - Pontes Editores","isPartOf":{"@id":"https:\/\/ponteseditores.com.br\/loja3\/#website"},"primaryImageOfPage":{"@id":"https:\/\/ponteseditores.com.br\/loja3\/pontes-editores-home-2__trashed\/leitura\/da-percepcao-ao-pensamento-critico-analises-multimodais-em-leituras-resistentes-do-cotidiano\/#primaryimage"},"image":{"@id":"https:\/\/ponteseditores.com.br\/loja3\/pontes-editores-home-2__trashed\/leitura\/da-percepcao-ao-pensamento-critico-analises-multimodais-em-leituras-resistentes-do-cotidiano\/#primaryimage"},"thumbnailUrl":"https:\/\/ponteseditores.com.br\/loja3\/wp-content\/uploads\/2023\/12\/da20percepcao.jpg","datePublished":"2023-12-16T04:51:43+00:00","dateModified":"2024-01-08T20:49:33+00:00","breadcrumb":{"@id":"https:\/\/ponteseditores.com.br\/loja3\/pontes-editores-home-2__trashed\/leitura\/da-percepcao-ao-pensamento-critico-analises-multimodais-em-leituras-resistentes-do-cotidiano\/#breadcrumb"},"inLanguage":"pt-BR","potentialAction":[{"@type":"ReadAction","target":["https:\/\/ponteseditores.com.br\/loja3\/pontes-editores-home-2__trashed\/leitura\/da-percepcao-ao-pensamento-critico-analises-multimodais-em-leituras-resistentes-do-cotidiano\/"]}]},{"@type":"ImageObject","inLanguage":"pt-BR","@id":"https:\/\/ponteseditores.com.br\/loja3\/pontes-editores-home-2__trashed\/leitura\/da-percepcao-ao-pensamento-critico-analises-multimodais-em-leituras-resistentes-do-cotidiano\/#primaryimage","url":"https:\/\/ponteseditores.com.br\/loja3\/wp-content\/uploads\/2023\/12\/da20percepcao.jpg","contentUrl":"https:\/\/ponteseditores.com.br\/loja3\/wp-content\/uploads\/2023\/12\/da20percepcao.jpg","width":498,"height":768},{"@type":"BreadcrumbList","@id":"https:\/\/ponteseditores.com.br\/loja3\/pontes-editores-home-2__trashed\/leitura\/da-percepcao-ao-pensamento-critico-analises-multimodais-em-leituras-resistentes-do-cotidiano\/#breadcrumb","itemListElement":[{"@type":"ListItem","position":1,"name":"Home","item":"https:\/\/ponteseditores.com.br\/loja3\/"},{"@type":"ListItem","position":2,"name":"loja","item":"https:\/\/ponteseditores.com.br\/loja3\/loja\/"},{"@type":"ListItem","position":3,"name":"Da Percep\u00e7\u00e3o ao Pensamento Cr\u00edtico: An\u00e1lises Multimodais em Leituras Resistentes do Cotidiano"}]},{"@type":"WebSite","@id":"https:\/\/ponteseditores.com.br\/loja3\/#website","url":"https:\/\/ponteseditores.com.br\/loja3\/","name":"Pontes Editores","description":"Pontes Editores","publisher":{"@id":"https:\/\/ponteseditores.com.br\/loja3\/#organization"},"potentialAction":[{"@type":"SearchAction","target":{"@type":"EntryPoint","urlTemplate":"https:\/\/ponteseditores.com.br\/loja3\/?s={search_term_string}"},"query-input":{"@type":"PropertyValueSpecification","valueRequired":true,"valueName":"search_term_string"}}],"inLanguage":"pt-BR"},{"@type":"Organization","@id":"https:\/\/ponteseditores.com.br\/loja3\/#organization","name":"Pontes Editores","url":"https:\/\/ponteseditores.com.br\/loja3\/","logo":{"@type":"ImageObject","inLanguage":"pt-BR","@id":"https:\/\/ponteseditores.com.br\/loja3\/#\/schema\/logo\/image\/","url":"https:\/\/ponteseditores.com.br\/loja3\/wp-content\/uploads\/2023\/12\/logo-pontes-editores-v2.png","contentUrl":"https:\/\/ponteseditores.com.br\/loja3\/wp-content\/uploads\/2023\/12\/logo-pontes-editores-v2.png","width":258,"height":100,"caption":"Pontes Editores"},"image":{"@id":"https:\/\/ponteseditores.com.br\/loja3\/#\/schema\/logo\/image\/"}}]}},"_links":{"self":[{"href":"https:\/\/ponteseditores.com.br\/loja3\/wp-json\/wp\/v2\/product\/8607","targetHints":{"allow":["GET"]}}],"collection":[{"href":"https:\/\/ponteseditores.com.br\/loja3\/wp-json\/wp\/v2\/product"}],"about":[{"href":"https:\/\/ponteseditores.com.br\/loja3\/wp-json\/wp\/v2\/types\/product"}],"replies":[{"embeddable":true,"href":"https:\/\/ponteseditores.com.br\/loja3\/wp-json\/wp\/v2\/comments?post=8607"}],"version-history":[{"count":0,"href":"https:\/\/ponteseditores.com.br\/loja3\/wp-json\/wp\/v2\/product\/8607\/revisions"}],"wp:featuredmedia":[{"embeddable":true,"href":"https:\/\/ponteseditores.com.br\/loja3\/wp-json\/wp\/v2\/media\/8606"}],"wp:attachment":[{"href":"https:\/\/ponteseditores.com.br\/loja3\/wp-json\/wp\/v2\/media?parent=8607"}],"wp:term":[{"taxonomy":"product_brand","embeddable":true,"href":"https:\/\/ponteseditores.com.br\/loja3\/wp-json\/wp\/v2\/product_brand?post=8607"},{"taxonomy":"product_cat","embeddable":true,"href":"https:\/\/ponteseditores.com.br\/loja3\/wp-json\/wp\/v2\/product_cat?post=8607"},{"taxonomy":"product_tag","embeddable":true,"href":"https:\/\/ponteseditores.com.br\/loja3\/wp-json\/wp\/v2\/product_tag?post=8607"}],"curies":[{"name":"wp","href":"https:\/\/api.w.org\/{rel}","templated":true}]}}