{"id":8605,"date":"2023-12-16T01:51:42","date_gmt":"2023-12-16T04:51:42","guid":{"rendered":"https:\/\/ponteseditores.com.br\/loja3\/pontes-editores-home-2__trashed\/sem categoria\/formacao-de-professores-de-linguas-politicas-projetos-e-parcerias\/"},"modified":"2023-12-16T01:51:42","modified_gmt":"2023-12-16T04:51:42","slug":"formacao-de-professores-de-linguas-politicas-projetos-e-parcerias","status":"publish","type":"product","link":"https:\/\/ponteseditores.com.br\/loja3\/pontes-editores-home-2__trashed\/linguistica\/formacao-de-professores-de-linguas-politicas-projetos-e-parcerias\/","title":{"rendered":"Forma\u00e7\u00e3o de Professores de L\u00ednguas:  pol\u00edticas, projetos e parcerias"},"content":{"rendered":"<p>Sonho\/realidade, protagonista\/coadjuvante, indiv\u00edduo\/estrutura e tempo\/espa\u00e7o poderiam talvez conduzir a uma quinta dicotomia, denominada teoria\/pr\u00e1tica, que n\u00e3o incluo aqui porque j\u00e1 est\u00e1 contida nas outras quatro. \u00c9 o que perpassa tamb\u00e9m grande parte dos cap\u00edtulos deste livro, com destaque para a teoria cr\u00edtica, que vejo como uma teoria com \u00eanfase na pr\u00e1tica, visando a transforma\u00e7\u00e3o da sociedade em um mundo melhor. Teoria e pr\u00e1tica, portanto, deixam de ser uma dicotomia para se fundir em um objeto \u00fanico, caracterizado pela a\u00e7\u00e3o: a teoria recriando a pr\u00e1tica e a pr\u00e1tica recriando a teoria. Paulo Freire, em seu livro Pedagogia do Oprimido, publicado em 1968, diz que a teoria sem a pr\u00e1tica vira verbalismo, assim como a pr\u00e1tica sem teoria, vira ativismo, concluindo que quando se une a pr\u00e1tica com a teoria tem-se a pr\u00e1xis, a a\u00e7\u00e3o criadora e modificadora da realidade. Em minha leitura, \u00e9 disso que trata este livro.<\/p>\n<p>Vilson J. Leffa<\/p>\n<p>Sonho\/realidade, protagonista\/coadjuvante, indiv\u00edduo\/estrutura e tempo\/espa\u00e7o poderiam talvez conduzir a uma quinta dicotomia, denominada teoria\/pr\u00e1tica, que n\u00e3o incluo aqui porque j\u00e1 est\u00e1 contida nas outras quatro. \u00c9 o que perpassa tamb\u00e9m grande parte dos cap\u00edtulos deste livro, com destaque para a teoria cr\u00edtica, que vejo como uma teoria com \u00eanfase na pr\u00e1tica, visando a transforma\u00e7\u00e3o da sociedade em um mundo melhor. Teoria e pr\u00e1tica, portanto, deixam de ser uma dicotomia para se fundir em um objeto \u00fanico, caracterizado pela a\u00e7\u00e3o: a teoria recriando a pr\u00e1tica e a pr\u00e1tica recriando a teoria. Paulo Freire, em seu livro Pedagogia do Oprimido, publicado em 1968, diz que a teoria sem a pr\u00e1tica vira verbalismo, assim como a pr\u00e1tica sem teoria, vira ativismo, concluindo que quando se une a pr\u00e1tica com a teoria tem-se a pr\u00e1xis, a a\u00e7\u00e3o criadora e modificadora da realidade. Em minha leitura, \u00e9 disso que trata este livro.<\/p>\n<p>Vilson J. Leffa<\/p>\n","protected":false},"excerpt":{"rendered":"<p>Sonho\/realidade, protagonista\/coadjuvante, indiv\u00edduo\/estrutura e tempo\/espa\u00e7o poderiam talvez conduzir a uma quinta dicotomia, denominada teoria\/pr\u00e1tica, que n\u00e3o incluo aqui porque j\u00e1 est\u00e1 contida nas outras quatro. \u00c9 o que perpassa tamb\u00e9m grande parte dos cap\u00edtulos deste livro, com destaque para a teoria cr\u00edtica, que vejo como uma teoria com \u00eanfase na pr\u00e1tica, visando a transforma\u00e7\u00e3o da [&hellip;]<\/p>\n","protected":false},"featured_media":8604,"comment_status":"open","ping_status":"closed","template":"","meta":{"_joinchat":[]},"product_brand":[],"product_cat":[140,288,31],"product_tag":[],"class_list":{"0":"post-8605","1":"product","2":"type-product","3":"status-publish","4":"has-post-thumbnail","6":"product_cat-ensino-de-linguas","7":"product_cat-ensino-e-aprendizagem","8":"product_cat-linguistica","10":"first","11":"instock","12":"shipping-taxable","13":"purchasable","14":"product-type-simple"},"yoast_head":"<!-- This site is optimized with the Yoast SEO plugin v27.4 - https:\/\/yoast.com\/product\/yoast-seo-wordpress\/ -->\n<title>Forma\u00e7\u00e3o de Professores de L\u00ednguas: pol\u00edticas, projetos e parcerias - Pontes Editores<\/title>\n<meta name=\"robots\" content=\"index, follow, max-snippet:-1, max-image-preview:large, max-video-preview:-1\" \/>\n<link rel=\"canonical\" href=\"https:\/\/ponteseditores.com.br\/loja3\/pontes-editores-home-2__trashed\/linguistica\/formacao-de-professores-de-linguas-politicas-projetos-e-parcerias\/\" \/>\n<meta property=\"og:locale\" content=\"pt_BR\" \/>\n<meta property=\"og:type\" content=\"article\" \/>\n<meta property=\"og:title\" content=\"Forma\u00e7\u00e3o de Professores de L\u00ednguas: pol\u00edticas, projetos e parcerias - Pontes Editores\" \/>\n<meta property=\"og:description\" content=\"Sonho\/realidade, protagonista\/coadjuvante, indiv\u00edduo\/estrutura e tempo\/espa\u00e7o poderiam talvez conduzir a uma quinta dicotomia, denominada teoria\/pr\u00e1tica, que n\u00e3o incluo aqui porque j\u00e1 est\u00e1 contida nas outras quatro. \u00c9 o que perpassa tamb\u00e9m grande parte dos cap\u00edtulos deste livro, com destaque para a teoria cr\u00edtica, que vejo como uma teoria com \u00eanfase na pr\u00e1tica, visando a transforma\u00e7\u00e3o da [&hellip;]\" \/>\n<meta property=\"og:url\" content=\"https:\/\/ponteseditores.com.br\/loja3\/pontes-editores-home-2__trashed\/linguistica\/formacao-de-professores-de-linguas-politicas-projetos-e-parcerias\/\" \/>\n<meta property=\"og:site_name\" content=\"Pontes Editores\" \/>\n<meta property=\"og:image\" content=\"https:\/\/ponteseditores.com.br\/loja3\/wp-content\/uploads\/2023\/12\/formacao155-3.jpg\" \/>\n\t<meta property=\"og:image:width\" content=\"510\" \/>\n\t<meta property=\"og:image:height\" content=\"768\" \/>\n\t<meta property=\"og:image:type\" content=\"image\/jpeg\" \/>\n<meta name=\"twitter:card\" content=\"summary_large_image\" \/>\n<meta name=\"twitter:label1\" content=\"Est. tempo de leitura\" \/>\n\t<meta name=\"twitter:data1\" content=\"2 minutos\" \/>\n<script type=\"application\/ld+json\" class=\"yoast-schema-graph\">{\"@context\":\"https:\\\/\\\/schema.org\",\"@graph\":[{\"@type\":\"WebPage\",\"@id\":\"https:\\\/\\\/ponteseditores.com.br\\\/loja3\\\/pontes-editores-home-2__trashed\\\/linguistica\\\/formacao-de-professores-de-linguas-politicas-projetos-e-parcerias\\\/\",\"url\":\"https:\\\/\\\/ponteseditores.com.br\\\/loja3\\\/pontes-editores-home-2__trashed\\\/linguistica\\\/formacao-de-professores-de-linguas-politicas-projetos-e-parcerias\\\/\",\"name\":\"Forma\u00e7\u00e3o de Professores de L\u00ednguas: pol\u00edticas, projetos e parcerias - Pontes Editores\",\"isPartOf\":{\"@id\":\"https:\\\/\\\/ponteseditores.com.br\\\/loja3\\\/#website\"},\"primaryImageOfPage\":{\"@id\":\"https:\\\/\\\/ponteseditores.com.br\\\/loja3\\\/pontes-editores-home-2__trashed\\\/linguistica\\\/formacao-de-professores-de-linguas-politicas-projetos-e-parcerias\\\/#primaryimage\"},\"image\":{\"@id\":\"https:\\\/\\\/ponteseditores.com.br\\\/loja3\\\/pontes-editores-home-2__trashed\\\/linguistica\\\/formacao-de-professores-de-linguas-politicas-projetos-e-parcerias\\\/#primaryimage\"},\"thumbnailUrl\":\"https:\\\/\\\/ponteseditores.com.br\\\/loja3\\\/wp-content\\\/uploads\\\/2023\\\/12\\\/formacao155-3.jpg\",\"datePublished\":\"2023-12-16T04:51:42+00:00\",\"breadcrumb\":{\"@id\":\"https:\\\/\\\/ponteseditores.com.br\\\/loja3\\\/pontes-editores-home-2__trashed\\\/linguistica\\\/formacao-de-professores-de-linguas-politicas-projetos-e-parcerias\\\/#breadcrumb\"},\"inLanguage\":\"pt-BR\",\"potentialAction\":[{\"@type\":\"ReadAction\",\"target\":[\"https:\\\/\\\/ponteseditores.com.br\\\/loja3\\\/pontes-editores-home-2__trashed\\\/linguistica\\\/formacao-de-professores-de-linguas-politicas-projetos-e-parcerias\\\/\"]}]},{\"@type\":\"ImageObject\",\"inLanguage\":\"pt-BR\",\"@id\":\"https:\\\/\\\/ponteseditores.com.br\\\/loja3\\\/pontes-editores-home-2__trashed\\\/linguistica\\\/formacao-de-professores-de-linguas-politicas-projetos-e-parcerias\\\/#primaryimage\",\"url\":\"https:\\\/\\\/ponteseditores.com.br\\\/loja3\\\/wp-content\\\/uploads\\\/2023\\\/12\\\/formacao155-3.jpg\",\"contentUrl\":\"https:\\\/\\\/ponteseditores.com.br\\\/loja3\\\/wp-content\\\/uploads\\\/2023\\\/12\\\/formacao155-3.jpg\",\"width\":510,\"height\":768},{\"@type\":\"BreadcrumbList\",\"@id\":\"https:\\\/\\\/ponteseditores.com.br\\\/loja3\\\/pontes-editores-home-2__trashed\\\/linguistica\\\/formacao-de-professores-de-linguas-politicas-projetos-e-parcerias\\\/#breadcrumb\",\"itemListElement\":[{\"@type\":\"ListItem\",\"position\":1,\"name\":\"Home\",\"item\":\"https:\\\/\\\/ponteseditores.com.br\\\/loja3\\\/\"},{\"@type\":\"ListItem\",\"position\":2,\"name\":\"loja\",\"item\":\"https:\\\/\\\/ponteseditores.com.br\\\/loja3\\\/loja\\\/\"},{\"@type\":\"ListItem\",\"position\":3,\"name\":\"Forma\u00e7\u00e3o de Professores de L\u00ednguas: pol\u00edticas, projetos e parcerias\"}]},{\"@type\":\"WebSite\",\"@id\":\"https:\\\/\\\/ponteseditores.com.br\\\/loja3\\\/#website\",\"url\":\"https:\\\/\\\/ponteseditores.com.br\\\/loja3\\\/\",\"name\":\"Pontes Editores\",\"description\":\"Pontes Editores\",\"publisher\":{\"@id\":\"https:\\\/\\\/ponteseditores.com.br\\\/loja3\\\/#organization\"},\"potentialAction\":[{\"@type\":\"SearchAction\",\"target\":{\"@type\":\"EntryPoint\",\"urlTemplate\":\"https:\\\/\\\/ponteseditores.com.br\\\/loja3\\\/?s={search_term_string}\"},\"query-input\":{\"@type\":\"PropertyValueSpecification\",\"valueRequired\":true,\"valueName\":\"search_term_string\"}}],\"inLanguage\":\"pt-BR\"},{\"@type\":\"Organization\",\"@id\":\"https:\\\/\\\/ponteseditores.com.br\\\/loja3\\\/#organization\",\"name\":\"Pontes Editores\",\"url\":\"https:\\\/\\\/ponteseditores.com.br\\\/loja3\\\/\",\"logo\":{\"@type\":\"ImageObject\",\"inLanguage\":\"pt-BR\",\"@id\":\"https:\\\/\\\/ponteseditores.com.br\\\/loja3\\\/#\\\/schema\\\/logo\\\/image\\\/\",\"url\":\"https:\\\/\\\/ponteseditores.com.br\\\/loja3\\\/wp-content\\\/uploads\\\/2023\\\/12\\\/logo-pontes-editores-v2.png\",\"contentUrl\":\"https:\\\/\\\/ponteseditores.com.br\\\/loja3\\\/wp-content\\\/uploads\\\/2023\\\/12\\\/logo-pontes-editores-v2.png\",\"width\":258,\"height\":100,\"caption\":\"Pontes Editores\"},\"image\":{\"@id\":\"https:\\\/\\\/ponteseditores.com.br\\\/loja3\\\/#\\\/schema\\\/logo\\\/image\\\/\"}}]}<\/script>\n<!-- \/ Yoast SEO plugin. -->","yoast_head_json":{"title":"Forma\u00e7\u00e3o de Professores de L\u00ednguas: pol\u00edticas, projetos e parcerias - Pontes Editores","robots":{"index":"index","follow":"follow","max-snippet":"max-snippet:-1","max-image-preview":"max-image-preview:large","max-video-preview":"max-video-preview:-1"},"canonical":"https:\/\/ponteseditores.com.br\/loja3\/pontes-editores-home-2__trashed\/linguistica\/formacao-de-professores-de-linguas-politicas-projetos-e-parcerias\/","og_locale":"pt_BR","og_type":"article","og_title":"Forma\u00e7\u00e3o de Professores de L\u00ednguas: pol\u00edticas, projetos e parcerias - Pontes Editores","og_description":"Sonho\/realidade, protagonista\/coadjuvante, indiv\u00edduo\/estrutura e tempo\/espa\u00e7o poderiam talvez conduzir a uma quinta dicotomia, denominada teoria\/pr\u00e1tica, que n\u00e3o incluo aqui porque j\u00e1 est\u00e1 contida nas outras quatro. \u00c9 o que perpassa tamb\u00e9m grande parte dos cap\u00edtulos deste livro, com destaque para a teoria cr\u00edtica, que vejo como uma teoria com \u00eanfase na pr\u00e1tica, visando a transforma\u00e7\u00e3o da [&hellip;]","og_url":"https:\/\/ponteseditores.com.br\/loja3\/pontes-editores-home-2__trashed\/linguistica\/formacao-de-professores-de-linguas-politicas-projetos-e-parcerias\/","og_site_name":"Pontes Editores","og_image":[{"width":510,"height":768,"url":"https:\/\/ponteseditores.com.br\/loja3\/wp-content\/uploads\/2023\/12\/formacao155-3.jpg","type":"image\/jpeg"}],"twitter_card":"summary_large_image","twitter_misc":{"Est. tempo de leitura":"2 minutos"},"schema":{"@context":"https:\/\/schema.org","@graph":[{"@type":"WebPage","@id":"https:\/\/ponteseditores.com.br\/loja3\/pontes-editores-home-2__trashed\/linguistica\/formacao-de-professores-de-linguas-politicas-projetos-e-parcerias\/","url":"https:\/\/ponteseditores.com.br\/loja3\/pontes-editores-home-2__trashed\/linguistica\/formacao-de-professores-de-linguas-politicas-projetos-e-parcerias\/","name":"Forma\u00e7\u00e3o de Professores de L\u00ednguas: pol\u00edticas, projetos e parcerias - Pontes Editores","isPartOf":{"@id":"https:\/\/ponteseditores.com.br\/loja3\/#website"},"primaryImageOfPage":{"@id":"https:\/\/ponteseditores.com.br\/loja3\/pontes-editores-home-2__trashed\/linguistica\/formacao-de-professores-de-linguas-politicas-projetos-e-parcerias\/#primaryimage"},"image":{"@id":"https:\/\/ponteseditores.com.br\/loja3\/pontes-editores-home-2__trashed\/linguistica\/formacao-de-professores-de-linguas-politicas-projetos-e-parcerias\/#primaryimage"},"thumbnailUrl":"https:\/\/ponteseditores.com.br\/loja3\/wp-content\/uploads\/2023\/12\/formacao155-3.jpg","datePublished":"2023-12-16T04:51:42+00:00","breadcrumb":{"@id":"https:\/\/ponteseditores.com.br\/loja3\/pontes-editores-home-2__trashed\/linguistica\/formacao-de-professores-de-linguas-politicas-projetos-e-parcerias\/#breadcrumb"},"inLanguage":"pt-BR","potentialAction":[{"@type":"ReadAction","target":["https:\/\/ponteseditores.com.br\/loja3\/pontes-editores-home-2__trashed\/linguistica\/formacao-de-professores-de-linguas-politicas-projetos-e-parcerias\/"]}]},{"@type":"ImageObject","inLanguage":"pt-BR","@id":"https:\/\/ponteseditores.com.br\/loja3\/pontes-editores-home-2__trashed\/linguistica\/formacao-de-professores-de-linguas-politicas-projetos-e-parcerias\/#primaryimage","url":"https:\/\/ponteseditores.com.br\/loja3\/wp-content\/uploads\/2023\/12\/formacao155-3.jpg","contentUrl":"https:\/\/ponteseditores.com.br\/loja3\/wp-content\/uploads\/2023\/12\/formacao155-3.jpg","width":510,"height":768},{"@type":"BreadcrumbList","@id":"https:\/\/ponteseditores.com.br\/loja3\/pontes-editores-home-2__trashed\/linguistica\/formacao-de-professores-de-linguas-politicas-projetos-e-parcerias\/#breadcrumb","itemListElement":[{"@type":"ListItem","position":1,"name":"Home","item":"https:\/\/ponteseditores.com.br\/loja3\/"},{"@type":"ListItem","position":2,"name":"loja","item":"https:\/\/ponteseditores.com.br\/loja3\/loja\/"},{"@type":"ListItem","position":3,"name":"Forma\u00e7\u00e3o de Professores de L\u00ednguas: pol\u00edticas, projetos e parcerias"}]},{"@type":"WebSite","@id":"https:\/\/ponteseditores.com.br\/loja3\/#website","url":"https:\/\/ponteseditores.com.br\/loja3\/","name":"Pontes Editores","description":"Pontes Editores","publisher":{"@id":"https:\/\/ponteseditores.com.br\/loja3\/#organization"},"potentialAction":[{"@type":"SearchAction","target":{"@type":"EntryPoint","urlTemplate":"https:\/\/ponteseditores.com.br\/loja3\/?s={search_term_string}"},"query-input":{"@type":"PropertyValueSpecification","valueRequired":true,"valueName":"search_term_string"}}],"inLanguage":"pt-BR"},{"@type":"Organization","@id":"https:\/\/ponteseditores.com.br\/loja3\/#organization","name":"Pontes Editores","url":"https:\/\/ponteseditores.com.br\/loja3\/","logo":{"@type":"ImageObject","inLanguage":"pt-BR","@id":"https:\/\/ponteseditores.com.br\/loja3\/#\/schema\/logo\/image\/","url":"https:\/\/ponteseditores.com.br\/loja3\/wp-content\/uploads\/2023\/12\/logo-pontes-editores-v2.png","contentUrl":"https:\/\/ponteseditores.com.br\/loja3\/wp-content\/uploads\/2023\/12\/logo-pontes-editores-v2.png","width":258,"height":100,"caption":"Pontes Editores"},"image":{"@id":"https:\/\/ponteseditores.com.br\/loja3\/#\/schema\/logo\/image\/"}}]}},"_links":{"self":[{"href":"https:\/\/ponteseditores.com.br\/loja3\/wp-json\/wp\/v2\/product\/8605","targetHints":{"allow":["GET"]}}],"collection":[{"href":"https:\/\/ponteseditores.com.br\/loja3\/wp-json\/wp\/v2\/product"}],"about":[{"href":"https:\/\/ponteseditores.com.br\/loja3\/wp-json\/wp\/v2\/types\/product"}],"replies":[{"embeddable":true,"href":"https:\/\/ponteseditores.com.br\/loja3\/wp-json\/wp\/v2\/comments?post=8605"}],"version-history":[{"count":0,"href":"https:\/\/ponteseditores.com.br\/loja3\/wp-json\/wp\/v2\/product\/8605\/revisions"}],"wp:featuredmedia":[{"embeddable":true,"href":"https:\/\/ponteseditores.com.br\/loja3\/wp-json\/wp\/v2\/media\/8604"}],"wp:attachment":[{"href":"https:\/\/ponteseditores.com.br\/loja3\/wp-json\/wp\/v2\/media?parent=8605"}],"wp:term":[{"taxonomy":"product_brand","embeddable":true,"href":"https:\/\/ponteseditores.com.br\/loja3\/wp-json\/wp\/v2\/product_brand?post=8605"},{"taxonomy":"product_cat","embeddable":true,"href":"https:\/\/ponteseditores.com.br\/loja3\/wp-json\/wp\/v2\/product_cat?post=8605"},{"taxonomy":"product_tag","embeddable":true,"href":"https:\/\/ponteseditores.com.br\/loja3\/wp-json\/wp\/v2\/product_tag?post=8605"}],"curies":[{"name":"wp","href":"https:\/\/api.w.org\/{rel}","templated":true}]}}