{"id":8602,"date":"2023-12-16T01:51:36","date_gmt":"2023-12-16T04:51:36","guid":{"rendered":"https:\/\/ponteseditores.com.br\/loja3\/pontes-editores-home-2__trashed\/sem categoria\/sobre-nossas-avos-memoria-resistencia-e-ancestralidade\/"},"modified":"2023-12-16T01:51:36","modified_gmt":"2023-12-16T04:51:36","slug":"sobre-nossas-avos-memoria-resistencia-e-ancestralidade","status":"publish","type":"product","link":"https:\/\/ponteseditores.com.br\/loja3\/pontes-editores-home-2__trashed\/literatura-brasileira\/sobre-nossas-avos-memoria-resistencia-e-ancestralidade\/","title":{"rendered":"Sobre nossas av\u00f3s: mem\u00f3ria, resist\u00eancia e ancestralidade"},"content":{"rendered":"<p>Nos subterr\u00e2neos da mem\u00f3ria, nossas ra\u00edzes conversam e n\u00e3o s\u00e3o sempre palavras de amor que trocam; \u00e0s vezes, se atritam, se ferem, porque nenhuma (re)exist\u00eancia \u00e9 cem por cento pac\u00edfica \u2013 n\u00e3o o eram no passado, n\u00e3o ser\u00e3o agora que postas em confronto. E, neste exerc\u00edcio de rememora\u00e7\u00e3o, n\u00e3o h\u00e1 compromisso estrito com a verdade dos fatos. Porque aqui lidamos com mem\u00f3ria coletiva e tais hist\u00f3rias, aparentadas \u00e0 oralidade, trazem seu componente de fic\u00e7\u00e3o, literariedade e busca de coer\u00eancias internas de sentido &#8211; algo que a realidade, muitas vezes, deixa de exibir, por ser s\u00f3 a vida que se vive e por ser, quase sempre, diferente da vida que se conta. Os textos que aqui se apresentam, mant\u00e9m este car\u00e1ter: epis\u00f3dico, fragment\u00e1rio, s\u00e3o flashes da jornada de pessoas e quem, sobre elas, escreve v\u00ea de um ponto, imagina, sonha com uma av\u00f3 que responda a quest\u00f5es que, por vezes, s\u00e3o s\u00f3 de quem narra uma vida que n\u00e3o viveu, mas vislumbra. Estes \u00faltimos anos t\u00eam sido de perdas irrepar\u00e1veis: uma legi\u00e3o de av\u00f3s foi abatida por um v\u00edrus. Uma gera\u00e7\u00e3o inteira de afeto e sabedoria nos foi tirada. Jamais recuperaremos um amor como aquele, corporificado naquelas velhas amadas, nas nossas yab\u00e1s e yalod\u00eas, nossos griots, xam\u00e3s e anci\u00e3os parentes. M\u00e3es, mamas, dindas, tias, nonas e abuelitas; v\u00f4, v\u00e9io, Pai, padim.  E esta dor \u00e9 nossa, desta gera\u00e7\u00e3o que vive a pandemia do v\u00edrus e a pandemia do desamor. Mas n\u00f3s, as\/os que permanecemos, n\u00e3o deixaremos nossas velhas e nossos velhos serem esquecidos. Eles e elas est\u00e3o bem aqui, nas p\u00e1ginas deste livro e nas dobras de nossos cora\u00e7\u00f5es.<\/p>\n","protected":false},"excerpt":{"rendered":"<p>Nos subterr\u00e2neos da mem\u00f3ria, nossas ra\u00edzes conversam e n\u00e3o s\u00e3o sempre palavras de amor que trocam; \u00e0s vezes, se atritam, se ferem, porque nenhuma (re)exist\u00eancia \u00e9 cem por cento pac\u00edfica \u2013 n\u00e3o o eram no passado, n\u00e3o ser\u00e3o agora que postas em confronto. E, neste exerc\u00edcio de rememora\u00e7\u00e3o, n\u00e3o h\u00e1 compromisso estrito com a verdade [&hellip;]<\/p>\n","protected":false},"featured_media":8601,"comment_status":"open","ping_status":"closed","template":"","meta":{"_joinchat":[]},"product_brand":[],"product_cat":[87,86],"product_tag":[],"class_list":{"0":"post-8602","1":"product","2":"type-product","3":"status-publish","4":"has-post-thumbnail","6":"product_cat-contos","7":"product_cat-literatura-brasileira","9":"first","10":"instock","11":"shipping-taxable","12":"purchasable","13":"product-type-simple"},"yoast_head":"<!-- This site is optimized with the Yoast SEO plugin v27.4 - https:\/\/yoast.com\/product\/yoast-seo-wordpress\/ -->\n<title>Sobre nossas av\u00f3s: mem\u00f3ria, resist\u00eancia e ancestralidade - Pontes Editores<\/title>\n<meta name=\"robots\" content=\"index, follow, max-snippet:-1, max-image-preview:large, max-video-preview:-1\" \/>\n<link rel=\"canonical\" href=\"https:\/\/ponteseditores.com.br\/loja3\/pontes-editores-home-2__trashed\/literatura-brasileira\/sobre-nossas-avos-memoria-resistencia-e-ancestralidade\/\" \/>\n<meta property=\"og:locale\" content=\"pt_BR\" \/>\n<meta property=\"og:type\" content=\"article\" \/>\n<meta property=\"og:title\" content=\"Sobre nossas av\u00f3s: mem\u00f3ria, resist\u00eancia e ancestralidade - Pontes Editores\" \/>\n<meta property=\"og:description\" content=\"Nos subterr\u00e2neos da mem\u00f3ria, nossas ra\u00edzes conversam e n\u00e3o s\u00e3o sempre palavras de amor que trocam; \u00e0s vezes, se atritam, se ferem, porque nenhuma (re)exist\u00eancia \u00e9 cem por cento pac\u00edfica \u2013 n\u00e3o o eram no passado, n\u00e3o ser\u00e3o agora que postas em confronto. E, neste exerc\u00edcio de rememora\u00e7\u00e3o, n\u00e3o h\u00e1 compromisso estrito com a verdade [&hellip;]\" \/>\n<meta property=\"og:url\" content=\"https:\/\/ponteseditores.com.br\/loja3\/pontes-editores-home-2__trashed\/literatura-brasileira\/sobre-nossas-avos-memoria-resistencia-e-ancestralidade\/\" \/>\n<meta property=\"og:site_name\" content=\"Pontes Editores\" \/>\n<meta property=\"og:image\" content=\"https:\/\/ponteseditores.com.br\/loja3\/wp-content\/uploads\/2023\/12\/Capa_Avos-2.jpg\" \/>\n\t<meta property=\"og:image:width\" content=\"1728\" \/>\n\t<meta property=\"og:image:height\" content=\"2443\" \/>\n\t<meta property=\"og:image:type\" content=\"image\/jpeg\" \/>\n<meta name=\"twitter:card\" content=\"summary_large_image\" \/>\n<meta name=\"twitter:label1\" content=\"Est. tempo de leitura\" \/>\n\t<meta name=\"twitter:data1\" content=\"2 minutos\" \/>\n<script type=\"application\/ld+json\" class=\"yoast-schema-graph\">{\"@context\":\"https:\\\/\\\/schema.org\",\"@graph\":[{\"@type\":\"WebPage\",\"@id\":\"https:\\\/\\\/ponteseditores.com.br\\\/loja3\\\/pontes-editores-home-2__trashed\\\/literatura-brasileira\\\/sobre-nossas-avos-memoria-resistencia-e-ancestralidade\\\/\",\"url\":\"https:\\\/\\\/ponteseditores.com.br\\\/loja3\\\/pontes-editores-home-2__trashed\\\/literatura-brasileira\\\/sobre-nossas-avos-memoria-resistencia-e-ancestralidade\\\/\",\"name\":\"Sobre nossas av\u00f3s: mem\u00f3ria, resist\u00eancia e ancestralidade - Pontes Editores\",\"isPartOf\":{\"@id\":\"https:\\\/\\\/ponteseditores.com.br\\\/loja3\\\/#website\"},\"primaryImageOfPage\":{\"@id\":\"https:\\\/\\\/ponteseditores.com.br\\\/loja3\\\/pontes-editores-home-2__trashed\\\/literatura-brasileira\\\/sobre-nossas-avos-memoria-resistencia-e-ancestralidade\\\/#primaryimage\"},\"image\":{\"@id\":\"https:\\\/\\\/ponteseditores.com.br\\\/loja3\\\/pontes-editores-home-2__trashed\\\/literatura-brasileira\\\/sobre-nossas-avos-memoria-resistencia-e-ancestralidade\\\/#primaryimage\"},\"thumbnailUrl\":\"https:\\\/\\\/ponteseditores.com.br\\\/loja3\\\/wp-content\\\/uploads\\\/2023\\\/12\\\/Capa_Avos-2.jpg\",\"datePublished\":\"2023-12-16T04:51:36+00:00\",\"breadcrumb\":{\"@id\":\"https:\\\/\\\/ponteseditores.com.br\\\/loja3\\\/pontes-editores-home-2__trashed\\\/literatura-brasileira\\\/sobre-nossas-avos-memoria-resistencia-e-ancestralidade\\\/#breadcrumb\"},\"inLanguage\":\"pt-BR\",\"potentialAction\":[{\"@type\":\"ReadAction\",\"target\":[\"https:\\\/\\\/ponteseditores.com.br\\\/loja3\\\/pontes-editores-home-2__trashed\\\/literatura-brasileira\\\/sobre-nossas-avos-memoria-resistencia-e-ancestralidade\\\/\"]}]},{\"@type\":\"ImageObject\",\"inLanguage\":\"pt-BR\",\"@id\":\"https:\\\/\\\/ponteseditores.com.br\\\/loja3\\\/pontes-editores-home-2__trashed\\\/literatura-brasileira\\\/sobre-nossas-avos-memoria-resistencia-e-ancestralidade\\\/#primaryimage\",\"url\":\"https:\\\/\\\/ponteseditores.com.br\\\/loja3\\\/wp-content\\\/uploads\\\/2023\\\/12\\\/Capa_Avos-2.jpg\",\"contentUrl\":\"https:\\\/\\\/ponteseditores.com.br\\\/loja3\\\/wp-content\\\/uploads\\\/2023\\\/12\\\/Capa_Avos-2.jpg\",\"width\":1728,\"height\":2443},{\"@type\":\"BreadcrumbList\",\"@id\":\"https:\\\/\\\/ponteseditores.com.br\\\/loja3\\\/pontes-editores-home-2__trashed\\\/literatura-brasileira\\\/sobre-nossas-avos-memoria-resistencia-e-ancestralidade\\\/#breadcrumb\",\"itemListElement\":[{\"@type\":\"ListItem\",\"position\":1,\"name\":\"Home\",\"item\":\"https:\\\/\\\/ponteseditores.com.br\\\/loja3\\\/\"},{\"@type\":\"ListItem\",\"position\":2,\"name\":\"loja\",\"item\":\"https:\\\/\\\/ponteseditores.com.br\\\/loja3\\\/loja\\\/\"},{\"@type\":\"ListItem\",\"position\":3,\"name\":\"Sobre nossas av\u00f3s: mem\u00f3ria, resist\u00eancia e ancestralidade\"}]},{\"@type\":\"WebSite\",\"@id\":\"https:\\\/\\\/ponteseditores.com.br\\\/loja3\\\/#website\",\"url\":\"https:\\\/\\\/ponteseditores.com.br\\\/loja3\\\/\",\"name\":\"Pontes Editores\",\"description\":\"Pontes Editores\",\"publisher\":{\"@id\":\"https:\\\/\\\/ponteseditores.com.br\\\/loja3\\\/#organization\"},\"potentialAction\":[{\"@type\":\"SearchAction\",\"target\":{\"@type\":\"EntryPoint\",\"urlTemplate\":\"https:\\\/\\\/ponteseditores.com.br\\\/loja3\\\/?s={search_term_string}\"},\"query-input\":{\"@type\":\"PropertyValueSpecification\",\"valueRequired\":true,\"valueName\":\"search_term_string\"}}],\"inLanguage\":\"pt-BR\"},{\"@type\":\"Organization\",\"@id\":\"https:\\\/\\\/ponteseditores.com.br\\\/loja3\\\/#organization\",\"name\":\"Pontes Editores\",\"url\":\"https:\\\/\\\/ponteseditores.com.br\\\/loja3\\\/\",\"logo\":{\"@type\":\"ImageObject\",\"inLanguage\":\"pt-BR\",\"@id\":\"https:\\\/\\\/ponteseditores.com.br\\\/loja3\\\/#\\\/schema\\\/logo\\\/image\\\/\",\"url\":\"https:\\\/\\\/ponteseditores.com.br\\\/loja3\\\/wp-content\\\/uploads\\\/2023\\\/12\\\/logo-pontes-editores-v2.png\",\"contentUrl\":\"https:\\\/\\\/ponteseditores.com.br\\\/loja3\\\/wp-content\\\/uploads\\\/2023\\\/12\\\/logo-pontes-editores-v2.png\",\"width\":258,\"height\":100,\"caption\":\"Pontes Editores\"},\"image\":{\"@id\":\"https:\\\/\\\/ponteseditores.com.br\\\/loja3\\\/#\\\/schema\\\/logo\\\/image\\\/\"}}]}<\/script>\n<!-- \/ Yoast SEO plugin. -->","yoast_head_json":{"title":"Sobre nossas av\u00f3s: mem\u00f3ria, resist\u00eancia e ancestralidade - Pontes Editores","robots":{"index":"index","follow":"follow","max-snippet":"max-snippet:-1","max-image-preview":"max-image-preview:large","max-video-preview":"max-video-preview:-1"},"canonical":"https:\/\/ponteseditores.com.br\/loja3\/pontes-editores-home-2__trashed\/literatura-brasileira\/sobre-nossas-avos-memoria-resistencia-e-ancestralidade\/","og_locale":"pt_BR","og_type":"article","og_title":"Sobre nossas av\u00f3s: mem\u00f3ria, resist\u00eancia e ancestralidade - Pontes Editores","og_description":"Nos subterr\u00e2neos da mem\u00f3ria, nossas ra\u00edzes conversam e n\u00e3o s\u00e3o sempre palavras de amor que trocam; \u00e0s vezes, se atritam, se ferem, porque nenhuma (re)exist\u00eancia \u00e9 cem por cento pac\u00edfica \u2013 n\u00e3o o eram no passado, n\u00e3o ser\u00e3o agora que postas em confronto. E, neste exerc\u00edcio de rememora\u00e7\u00e3o, n\u00e3o h\u00e1 compromisso estrito com a verdade [&hellip;]","og_url":"https:\/\/ponteseditores.com.br\/loja3\/pontes-editores-home-2__trashed\/literatura-brasileira\/sobre-nossas-avos-memoria-resistencia-e-ancestralidade\/","og_site_name":"Pontes Editores","og_image":[{"width":1728,"height":2443,"url":"https:\/\/ponteseditores.com.br\/loja3\/wp-content\/uploads\/2023\/12\/Capa_Avos-2.jpg","type":"image\/jpeg"}],"twitter_card":"summary_large_image","twitter_misc":{"Est. tempo de leitura":"2 minutos"},"schema":{"@context":"https:\/\/schema.org","@graph":[{"@type":"WebPage","@id":"https:\/\/ponteseditores.com.br\/loja3\/pontes-editores-home-2__trashed\/literatura-brasileira\/sobre-nossas-avos-memoria-resistencia-e-ancestralidade\/","url":"https:\/\/ponteseditores.com.br\/loja3\/pontes-editores-home-2__trashed\/literatura-brasileira\/sobre-nossas-avos-memoria-resistencia-e-ancestralidade\/","name":"Sobre nossas av\u00f3s: mem\u00f3ria, resist\u00eancia e ancestralidade - Pontes Editores","isPartOf":{"@id":"https:\/\/ponteseditores.com.br\/loja3\/#website"},"primaryImageOfPage":{"@id":"https:\/\/ponteseditores.com.br\/loja3\/pontes-editores-home-2__trashed\/literatura-brasileira\/sobre-nossas-avos-memoria-resistencia-e-ancestralidade\/#primaryimage"},"image":{"@id":"https:\/\/ponteseditores.com.br\/loja3\/pontes-editores-home-2__trashed\/literatura-brasileira\/sobre-nossas-avos-memoria-resistencia-e-ancestralidade\/#primaryimage"},"thumbnailUrl":"https:\/\/ponteseditores.com.br\/loja3\/wp-content\/uploads\/2023\/12\/Capa_Avos-2.jpg","datePublished":"2023-12-16T04:51:36+00:00","breadcrumb":{"@id":"https:\/\/ponteseditores.com.br\/loja3\/pontes-editores-home-2__trashed\/literatura-brasileira\/sobre-nossas-avos-memoria-resistencia-e-ancestralidade\/#breadcrumb"},"inLanguage":"pt-BR","potentialAction":[{"@type":"ReadAction","target":["https:\/\/ponteseditores.com.br\/loja3\/pontes-editores-home-2__trashed\/literatura-brasileira\/sobre-nossas-avos-memoria-resistencia-e-ancestralidade\/"]}]},{"@type":"ImageObject","inLanguage":"pt-BR","@id":"https:\/\/ponteseditores.com.br\/loja3\/pontes-editores-home-2__trashed\/literatura-brasileira\/sobre-nossas-avos-memoria-resistencia-e-ancestralidade\/#primaryimage","url":"https:\/\/ponteseditores.com.br\/loja3\/wp-content\/uploads\/2023\/12\/Capa_Avos-2.jpg","contentUrl":"https:\/\/ponteseditores.com.br\/loja3\/wp-content\/uploads\/2023\/12\/Capa_Avos-2.jpg","width":1728,"height":2443},{"@type":"BreadcrumbList","@id":"https:\/\/ponteseditores.com.br\/loja3\/pontes-editores-home-2__trashed\/literatura-brasileira\/sobre-nossas-avos-memoria-resistencia-e-ancestralidade\/#breadcrumb","itemListElement":[{"@type":"ListItem","position":1,"name":"Home","item":"https:\/\/ponteseditores.com.br\/loja3\/"},{"@type":"ListItem","position":2,"name":"loja","item":"https:\/\/ponteseditores.com.br\/loja3\/loja\/"},{"@type":"ListItem","position":3,"name":"Sobre nossas av\u00f3s: mem\u00f3ria, resist\u00eancia e ancestralidade"}]},{"@type":"WebSite","@id":"https:\/\/ponteseditores.com.br\/loja3\/#website","url":"https:\/\/ponteseditores.com.br\/loja3\/","name":"Pontes Editores","description":"Pontes Editores","publisher":{"@id":"https:\/\/ponteseditores.com.br\/loja3\/#organization"},"potentialAction":[{"@type":"SearchAction","target":{"@type":"EntryPoint","urlTemplate":"https:\/\/ponteseditores.com.br\/loja3\/?s={search_term_string}"},"query-input":{"@type":"PropertyValueSpecification","valueRequired":true,"valueName":"search_term_string"}}],"inLanguage":"pt-BR"},{"@type":"Organization","@id":"https:\/\/ponteseditores.com.br\/loja3\/#organization","name":"Pontes Editores","url":"https:\/\/ponteseditores.com.br\/loja3\/","logo":{"@type":"ImageObject","inLanguage":"pt-BR","@id":"https:\/\/ponteseditores.com.br\/loja3\/#\/schema\/logo\/image\/","url":"https:\/\/ponteseditores.com.br\/loja3\/wp-content\/uploads\/2023\/12\/logo-pontes-editores-v2.png","contentUrl":"https:\/\/ponteseditores.com.br\/loja3\/wp-content\/uploads\/2023\/12\/logo-pontes-editores-v2.png","width":258,"height":100,"caption":"Pontes Editores"},"image":{"@id":"https:\/\/ponteseditores.com.br\/loja3\/#\/schema\/logo\/image\/"}}]}},"_links":{"self":[{"href":"https:\/\/ponteseditores.com.br\/loja3\/wp-json\/wp\/v2\/product\/8602","targetHints":{"allow":["GET"]}}],"collection":[{"href":"https:\/\/ponteseditores.com.br\/loja3\/wp-json\/wp\/v2\/product"}],"about":[{"href":"https:\/\/ponteseditores.com.br\/loja3\/wp-json\/wp\/v2\/types\/product"}],"replies":[{"embeddable":true,"href":"https:\/\/ponteseditores.com.br\/loja3\/wp-json\/wp\/v2\/comments?post=8602"}],"version-history":[{"count":0,"href":"https:\/\/ponteseditores.com.br\/loja3\/wp-json\/wp\/v2\/product\/8602\/revisions"}],"wp:featuredmedia":[{"embeddable":true,"href":"https:\/\/ponteseditores.com.br\/loja3\/wp-json\/wp\/v2\/media\/8601"}],"wp:attachment":[{"href":"https:\/\/ponteseditores.com.br\/loja3\/wp-json\/wp\/v2\/media?parent=8602"}],"wp:term":[{"taxonomy":"product_brand","embeddable":true,"href":"https:\/\/ponteseditores.com.br\/loja3\/wp-json\/wp\/v2\/product_brand?post=8602"},{"taxonomy":"product_cat","embeddable":true,"href":"https:\/\/ponteseditores.com.br\/loja3\/wp-json\/wp\/v2\/product_cat?post=8602"},{"taxonomy":"product_tag","embeddable":true,"href":"https:\/\/ponteseditores.com.br\/loja3\/wp-json\/wp\/v2\/product_tag?post=8602"}],"curies":[{"name":"wp","href":"https:\/\/api.w.org\/{rel}","templated":true}]}}