{"id":8566,"date":"2023-12-16T01:12:22","date_gmt":"2023-12-16T04:12:22","guid":{"rendered":"https:\/\/ponteseditores.com.br\/loja3\/pontes-editores-home-2__trashed\/sem categoria\/letramentos-objetos-e-instrumentos-de-ensinogeneros-textuais-sequencias-e-gestos-didaticos\/"},"modified":"2024-07-27T16:48:10","modified_gmt":"2024-07-27T19:48:10","slug":"letramentos-objetos-e-instrumentos-de-ensinogeneros-textuais-sequencias-e-gestos-didaticos","status":"publish","type":"product","link":"https:\/\/ponteseditores.com.br\/loja3\/pontes-editores-home-2__trashed\/letramento\/letramentos-objetos-e-instrumentos-de-ensinogeneros-textuais-sequencias-e-gestos-didaticos\/","title":{"rendered":"LETRAMENTOS, OBJETOS E INSTRUMENTOS DE ENSINO:G\u00caNEROS TEXTUAIS, SEQU\u00caNCIAS E GESTOS DID\u00c1TICOS"},"content":{"rendered":"<p>A ideia de reunir neste livro contribui\u00e7\u00f5es que abordem as rela\u00e7\u00f5es entre letramento(s), objetos e instrumentos de ensino nasceu de uma vontade dos organizadores de dar a palavra a pesquisadores brasileiros importantes no cen\u00e1rio atual das investiga\u00e7\u00f5es em lingu\u00edstica aplicada, com o intuito de suscitar um di\u00e1logo entre pontos de vista sobre tais temas. Os textos aqui reunidos oferecem ao leitor uma vis\u00e3o dial\u00e9tica das maneiras de interrogar as l\u00f3gicas de constru\u00e7\u00e3o dos objetos a ensinar e dos objetos ensinados voltados para pr\u00e1ticas de letramento(s) no \u00e2mbito dos processos de (re)contextualiza\u00e7\u00e3o, mediados por dispositivos e gestos did\u00e1ticos, que os caracterizam. Revelam, ainda, a complexidade do trabalho docente, as dificuldades em (de)(a)preend\u00ea-lo e os desafios com os quais se deparam (ou deveriam se deparar) os sistemas de ensino, de pesquisa e de forma\u00e7\u00e3o ao ensino da\/sobre a lingua(gem) no mundo contempor\u00e2neo. A obra conta com o pref\u00e1cio de Bernard Schneuwly, professor de did\u00e1tica de l\u00ednguas na Universidade de Genebra e correspons\u00e1vel do GRAFE (Groupe de recherchepourl&#8217;analysedufran\u00e7aisenseign\u00e9), que traz uma discuss\u00e3o bastante pertinente sobre os pontos de vista abordados pelos autores em suas contribui\u00e7\u00f5es. O pesquisador conclui seu texto pontuando que \u201ca an\u00e1lise minuciosa da realidade escolar, contradit\u00f3ria e sedimentada, visando descobrir novas vias por esta geradas e outras a serem desenvolvidas, \u00e9 necess\u00e1ria, movimento reflexivo ao qual este livro contribui\u201d.<\/p>\n","protected":false},"excerpt":{"rendered":"<p>A ideia de reunir neste livro contribui\u00e7\u00f5es que abordem as rela\u00e7\u00f5es entre letramento(s), objetos e instrumentos de ensino nasceu de uma vontade dos organizadores de dar a palavra a pesquisadores brasileiros importantes no cen\u00e1rio atual das investiga\u00e7\u00f5es em lingu\u00edstica aplicada, com o intuito de suscitar um di\u00e1logo entre pontos de vista sobre tais temas. Os [&hellip;]<\/p>\n","protected":false},"featured_media":8565,"comment_status":"open","ping_status":"closed","template":"","meta":{"_joinchat":[]},"product_brand":[],"product_cat":[313,112,293],"product_tag":[],"class_list":{"0":"post-8566","1":"product","2":"type-product","3":"status-publish","4":"has-post-thumbnail","6":"product_cat-generos-textuais","7":"product_cat-letramento","8":"product_cat-meios-auxiliares-do-ensino","10":"first","11":"instock","12":"shipping-taxable","13":"purchasable","14":"product-type-simple"},"yoast_head":"<!-- This site is optimized with the Yoast SEO plugin v27.4 - https:\/\/yoast.com\/product\/yoast-seo-wordpress\/ -->\n<title>LETRAMENTOS, OBJETOS E INSTRUMENTOS DE ENSINO:G\u00caNEROS TEXTUAIS, SEQU\u00caNCIAS E GESTOS DID\u00c1TICOS - Pontes Editores<\/title>\n<meta name=\"robots\" content=\"index, follow, max-snippet:-1, max-image-preview:large, max-video-preview:-1\" \/>\n<link rel=\"canonical\" href=\"https:\/\/ponteseditores.com.br\/loja3\/pontes-editores-home-2__trashed\/letramento\/letramentos-objetos-e-instrumentos-de-ensinogeneros-textuais-sequencias-e-gestos-didaticos\/\" \/>\n<meta property=\"og:locale\" content=\"pt_BR\" \/>\n<meta property=\"og:type\" content=\"article\" \/>\n<meta property=\"og:title\" content=\"LETRAMENTOS, OBJETOS E INSTRUMENTOS DE ENSINO:G\u00caNEROS TEXTUAIS, SEQU\u00caNCIAS E GESTOS DID\u00c1TICOS - Pontes Editores\" \/>\n<meta property=\"og:description\" content=\"A ideia de reunir neste livro contribui\u00e7\u00f5es que abordem as rela\u00e7\u00f5es entre letramento(s), objetos e instrumentos de ensino nasceu de uma vontade dos organizadores de dar a palavra a pesquisadores brasileiros importantes no cen\u00e1rio atual das investiga\u00e7\u00f5es em lingu\u00edstica aplicada, com o intuito de suscitar um di\u00e1logo entre pontos de vista sobre tais temas. Os [&hellip;]\" \/>\n<meta property=\"og:url\" content=\"https:\/\/ponteseditores.com.br\/loja3\/pontes-editores-home-2__trashed\/letramento\/letramentos-objetos-e-instrumentos-de-ensinogeneros-textuais-sequencias-e-gestos-didaticos\/\" \/>\n<meta property=\"og:site_name\" content=\"Pontes Editores\" \/>\n<meta property=\"article:modified_time\" content=\"2024-07-27T19:48:10+00:00\" \/>\n<meta property=\"og:image\" content=\"https:\/\/ponteseditores.com.br\/loja3\/wp-content\/uploads\/2023\/12\/LETRA1no-1.jpg\" \/>\n\t<meta property=\"og:image:width\" content=\"526\" \/>\n\t<meta property=\"og:image:height\" content=\"768\" \/>\n\t<meta property=\"og:image:type\" content=\"image\/jpeg\" \/>\n<meta name=\"twitter:card\" content=\"summary_large_image\" \/>\n<meta name=\"twitter:label1\" content=\"Est. tempo de leitura\" \/>\n\t<meta name=\"twitter:data1\" content=\"1 minuto\" \/>\n<script type=\"application\/ld+json\" class=\"yoast-schema-graph\">{\"@context\":\"https:\\\/\\\/schema.org\",\"@graph\":[{\"@type\":\"WebPage\",\"@id\":\"https:\\\/\\\/ponteseditores.com.br\\\/loja3\\\/pontes-editores-home-2__trashed\\\/letramento\\\/letramentos-objetos-e-instrumentos-de-ensinogeneros-textuais-sequencias-e-gestos-didaticos\\\/\",\"url\":\"https:\\\/\\\/ponteseditores.com.br\\\/loja3\\\/pontes-editores-home-2__trashed\\\/letramento\\\/letramentos-objetos-e-instrumentos-de-ensinogeneros-textuais-sequencias-e-gestos-didaticos\\\/\",\"name\":\"LETRAMENTOS, OBJETOS E INSTRUMENTOS DE ENSINO:G\u00caNEROS TEXTUAIS, SEQU\u00caNCIAS E GESTOS DID\u00c1TICOS - Pontes Editores\",\"isPartOf\":{\"@id\":\"https:\\\/\\\/ponteseditores.com.br\\\/loja3\\\/#website\"},\"primaryImageOfPage\":{\"@id\":\"https:\\\/\\\/ponteseditores.com.br\\\/loja3\\\/pontes-editores-home-2__trashed\\\/letramento\\\/letramentos-objetos-e-instrumentos-de-ensinogeneros-textuais-sequencias-e-gestos-didaticos\\\/#primaryimage\"},\"image\":{\"@id\":\"https:\\\/\\\/ponteseditores.com.br\\\/loja3\\\/pontes-editores-home-2__trashed\\\/letramento\\\/letramentos-objetos-e-instrumentos-de-ensinogeneros-textuais-sequencias-e-gestos-didaticos\\\/#primaryimage\"},\"thumbnailUrl\":\"https:\\\/\\\/ponteseditores.com.br\\\/loja3\\\/wp-content\\\/uploads\\\/2023\\\/12\\\/LETRA1no-1.jpg\",\"datePublished\":\"2023-12-16T04:12:22+00:00\",\"dateModified\":\"2024-07-27T19:48:10+00:00\",\"breadcrumb\":{\"@id\":\"https:\\\/\\\/ponteseditores.com.br\\\/loja3\\\/pontes-editores-home-2__trashed\\\/letramento\\\/letramentos-objetos-e-instrumentos-de-ensinogeneros-textuais-sequencias-e-gestos-didaticos\\\/#breadcrumb\"},\"inLanguage\":\"pt-BR\",\"potentialAction\":[{\"@type\":\"ReadAction\",\"target\":[\"https:\\\/\\\/ponteseditores.com.br\\\/loja3\\\/pontes-editores-home-2__trashed\\\/letramento\\\/letramentos-objetos-e-instrumentos-de-ensinogeneros-textuais-sequencias-e-gestos-didaticos\\\/\"]}]},{\"@type\":\"ImageObject\",\"inLanguage\":\"pt-BR\",\"@id\":\"https:\\\/\\\/ponteseditores.com.br\\\/loja3\\\/pontes-editores-home-2__trashed\\\/letramento\\\/letramentos-objetos-e-instrumentos-de-ensinogeneros-textuais-sequencias-e-gestos-didaticos\\\/#primaryimage\",\"url\":\"https:\\\/\\\/ponteseditores.com.br\\\/loja3\\\/wp-content\\\/uploads\\\/2023\\\/12\\\/LETRA1no-1.jpg\",\"contentUrl\":\"https:\\\/\\\/ponteseditores.com.br\\\/loja3\\\/wp-content\\\/uploads\\\/2023\\\/12\\\/LETRA1no-1.jpg\",\"width\":526,\"height\":768},{\"@type\":\"BreadcrumbList\",\"@id\":\"https:\\\/\\\/ponteseditores.com.br\\\/loja3\\\/pontes-editores-home-2__trashed\\\/letramento\\\/letramentos-objetos-e-instrumentos-de-ensinogeneros-textuais-sequencias-e-gestos-didaticos\\\/#breadcrumb\",\"itemListElement\":[{\"@type\":\"ListItem\",\"position\":1,\"name\":\"Home\",\"item\":\"https:\\\/\\\/ponteseditores.com.br\\\/loja3\\\/\"},{\"@type\":\"ListItem\",\"position\":2,\"name\":\"loja\",\"item\":\"https:\\\/\\\/ponteseditores.com.br\\\/loja3\\\/loja\\\/\"},{\"@type\":\"ListItem\",\"position\":3,\"name\":\"LETRAMENTOS, OBJETOS E INSTRUMENTOS DE ENSINO:G\u00caNEROS TEXTUAIS, SEQU\u00caNCIAS E GESTOS DID\u00c1TICOS\"}]},{\"@type\":\"WebSite\",\"@id\":\"https:\\\/\\\/ponteseditores.com.br\\\/loja3\\\/#website\",\"url\":\"https:\\\/\\\/ponteseditores.com.br\\\/loja3\\\/\",\"name\":\"Pontes Editores\",\"description\":\"Pontes Editores\",\"publisher\":{\"@id\":\"https:\\\/\\\/ponteseditores.com.br\\\/loja3\\\/#organization\"},\"potentialAction\":[{\"@type\":\"SearchAction\",\"target\":{\"@type\":\"EntryPoint\",\"urlTemplate\":\"https:\\\/\\\/ponteseditores.com.br\\\/loja3\\\/?s={search_term_string}\"},\"query-input\":{\"@type\":\"PropertyValueSpecification\",\"valueRequired\":true,\"valueName\":\"search_term_string\"}}],\"inLanguage\":\"pt-BR\"},{\"@type\":\"Organization\",\"@id\":\"https:\\\/\\\/ponteseditores.com.br\\\/loja3\\\/#organization\",\"name\":\"Pontes Editores\",\"url\":\"https:\\\/\\\/ponteseditores.com.br\\\/loja3\\\/\",\"logo\":{\"@type\":\"ImageObject\",\"inLanguage\":\"pt-BR\",\"@id\":\"https:\\\/\\\/ponteseditores.com.br\\\/loja3\\\/#\\\/schema\\\/logo\\\/image\\\/\",\"url\":\"https:\\\/\\\/ponteseditores.com.br\\\/loja3\\\/wp-content\\\/uploads\\\/2023\\\/12\\\/logo-pontes-editores-v2.png\",\"contentUrl\":\"https:\\\/\\\/ponteseditores.com.br\\\/loja3\\\/wp-content\\\/uploads\\\/2023\\\/12\\\/logo-pontes-editores-v2.png\",\"width\":258,\"height\":100,\"caption\":\"Pontes Editores\"},\"image\":{\"@id\":\"https:\\\/\\\/ponteseditores.com.br\\\/loja3\\\/#\\\/schema\\\/logo\\\/image\\\/\"}}]}<\/script>\n<!-- \/ Yoast SEO plugin. -->","yoast_head_json":{"title":"LETRAMENTOS, OBJETOS E INSTRUMENTOS DE ENSINO:G\u00caNEROS TEXTUAIS, SEQU\u00caNCIAS E GESTOS DID\u00c1TICOS - Pontes Editores","robots":{"index":"index","follow":"follow","max-snippet":"max-snippet:-1","max-image-preview":"max-image-preview:large","max-video-preview":"max-video-preview:-1"},"canonical":"https:\/\/ponteseditores.com.br\/loja3\/pontes-editores-home-2__trashed\/letramento\/letramentos-objetos-e-instrumentos-de-ensinogeneros-textuais-sequencias-e-gestos-didaticos\/","og_locale":"pt_BR","og_type":"article","og_title":"LETRAMENTOS, OBJETOS E INSTRUMENTOS DE ENSINO:G\u00caNEROS TEXTUAIS, SEQU\u00caNCIAS E GESTOS DID\u00c1TICOS - Pontes Editores","og_description":"A ideia de reunir neste livro contribui\u00e7\u00f5es que abordem as rela\u00e7\u00f5es entre letramento(s), objetos e instrumentos de ensino nasceu de uma vontade dos organizadores de dar a palavra a pesquisadores brasileiros importantes no cen\u00e1rio atual das investiga\u00e7\u00f5es em lingu\u00edstica aplicada, com o intuito de suscitar um di\u00e1logo entre pontos de vista sobre tais temas. Os [&hellip;]","og_url":"https:\/\/ponteseditores.com.br\/loja3\/pontes-editores-home-2__trashed\/letramento\/letramentos-objetos-e-instrumentos-de-ensinogeneros-textuais-sequencias-e-gestos-didaticos\/","og_site_name":"Pontes Editores","article_modified_time":"2024-07-27T19:48:10+00:00","og_image":[{"width":526,"height":768,"url":"https:\/\/ponteseditores.com.br\/loja3\/wp-content\/uploads\/2023\/12\/LETRA1no-1.jpg","type":"image\/jpeg"}],"twitter_card":"summary_large_image","twitter_misc":{"Est. tempo de leitura":"1 minuto"},"schema":{"@context":"https:\/\/schema.org","@graph":[{"@type":"WebPage","@id":"https:\/\/ponteseditores.com.br\/loja3\/pontes-editores-home-2__trashed\/letramento\/letramentos-objetos-e-instrumentos-de-ensinogeneros-textuais-sequencias-e-gestos-didaticos\/","url":"https:\/\/ponteseditores.com.br\/loja3\/pontes-editores-home-2__trashed\/letramento\/letramentos-objetos-e-instrumentos-de-ensinogeneros-textuais-sequencias-e-gestos-didaticos\/","name":"LETRAMENTOS, OBJETOS E INSTRUMENTOS DE ENSINO:G\u00caNEROS TEXTUAIS, SEQU\u00caNCIAS E GESTOS DID\u00c1TICOS - Pontes Editores","isPartOf":{"@id":"https:\/\/ponteseditores.com.br\/loja3\/#website"},"primaryImageOfPage":{"@id":"https:\/\/ponteseditores.com.br\/loja3\/pontes-editores-home-2__trashed\/letramento\/letramentos-objetos-e-instrumentos-de-ensinogeneros-textuais-sequencias-e-gestos-didaticos\/#primaryimage"},"image":{"@id":"https:\/\/ponteseditores.com.br\/loja3\/pontes-editores-home-2__trashed\/letramento\/letramentos-objetos-e-instrumentos-de-ensinogeneros-textuais-sequencias-e-gestos-didaticos\/#primaryimage"},"thumbnailUrl":"https:\/\/ponteseditores.com.br\/loja3\/wp-content\/uploads\/2023\/12\/LETRA1no-1.jpg","datePublished":"2023-12-16T04:12:22+00:00","dateModified":"2024-07-27T19:48:10+00:00","breadcrumb":{"@id":"https:\/\/ponteseditores.com.br\/loja3\/pontes-editores-home-2__trashed\/letramento\/letramentos-objetos-e-instrumentos-de-ensinogeneros-textuais-sequencias-e-gestos-didaticos\/#breadcrumb"},"inLanguage":"pt-BR","potentialAction":[{"@type":"ReadAction","target":["https:\/\/ponteseditores.com.br\/loja3\/pontes-editores-home-2__trashed\/letramento\/letramentos-objetos-e-instrumentos-de-ensinogeneros-textuais-sequencias-e-gestos-didaticos\/"]}]},{"@type":"ImageObject","inLanguage":"pt-BR","@id":"https:\/\/ponteseditores.com.br\/loja3\/pontes-editores-home-2__trashed\/letramento\/letramentos-objetos-e-instrumentos-de-ensinogeneros-textuais-sequencias-e-gestos-didaticos\/#primaryimage","url":"https:\/\/ponteseditores.com.br\/loja3\/wp-content\/uploads\/2023\/12\/LETRA1no-1.jpg","contentUrl":"https:\/\/ponteseditores.com.br\/loja3\/wp-content\/uploads\/2023\/12\/LETRA1no-1.jpg","width":526,"height":768},{"@type":"BreadcrumbList","@id":"https:\/\/ponteseditores.com.br\/loja3\/pontes-editores-home-2__trashed\/letramento\/letramentos-objetos-e-instrumentos-de-ensinogeneros-textuais-sequencias-e-gestos-didaticos\/#breadcrumb","itemListElement":[{"@type":"ListItem","position":1,"name":"Home","item":"https:\/\/ponteseditores.com.br\/loja3\/"},{"@type":"ListItem","position":2,"name":"loja","item":"https:\/\/ponteseditores.com.br\/loja3\/loja\/"},{"@type":"ListItem","position":3,"name":"LETRAMENTOS, OBJETOS E INSTRUMENTOS DE ENSINO:G\u00caNEROS TEXTUAIS, SEQU\u00caNCIAS E GESTOS DID\u00c1TICOS"}]},{"@type":"WebSite","@id":"https:\/\/ponteseditores.com.br\/loja3\/#website","url":"https:\/\/ponteseditores.com.br\/loja3\/","name":"Pontes Editores","description":"Pontes Editores","publisher":{"@id":"https:\/\/ponteseditores.com.br\/loja3\/#organization"},"potentialAction":[{"@type":"SearchAction","target":{"@type":"EntryPoint","urlTemplate":"https:\/\/ponteseditores.com.br\/loja3\/?s={search_term_string}"},"query-input":{"@type":"PropertyValueSpecification","valueRequired":true,"valueName":"search_term_string"}}],"inLanguage":"pt-BR"},{"@type":"Organization","@id":"https:\/\/ponteseditores.com.br\/loja3\/#organization","name":"Pontes Editores","url":"https:\/\/ponteseditores.com.br\/loja3\/","logo":{"@type":"ImageObject","inLanguage":"pt-BR","@id":"https:\/\/ponteseditores.com.br\/loja3\/#\/schema\/logo\/image\/","url":"https:\/\/ponteseditores.com.br\/loja3\/wp-content\/uploads\/2023\/12\/logo-pontes-editores-v2.png","contentUrl":"https:\/\/ponteseditores.com.br\/loja3\/wp-content\/uploads\/2023\/12\/logo-pontes-editores-v2.png","width":258,"height":100,"caption":"Pontes Editores"},"image":{"@id":"https:\/\/ponteseditores.com.br\/loja3\/#\/schema\/logo\/image\/"}}]}},"_links":{"self":[{"href":"https:\/\/ponteseditores.com.br\/loja3\/wp-json\/wp\/v2\/product\/8566","targetHints":{"allow":["GET"]}}],"collection":[{"href":"https:\/\/ponteseditores.com.br\/loja3\/wp-json\/wp\/v2\/product"}],"about":[{"href":"https:\/\/ponteseditores.com.br\/loja3\/wp-json\/wp\/v2\/types\/product"}],"replies":[{"embeddable":true,"href":"https:\/\/ponteseditores.com.br\/loja3\/wp-json\/wp\/v2\/comments?post=8566"}],"version-history":[{"count":0,"href":"https:\/\/ponteseditores.com.br\/loja3\/wp-json\/wp\/v2\/product\/8566\/revisions"}],"wp:featuredmedia":[{"embeddable":true,"href":"https:\/\/ponteseditores.com.br\/loja3\/wp-json\/wp\/v2\/media\/8565"}],"wp:attachment":[{"href":"https:\/\/ponteseditores.com.br\/loja3\/wp-json\/wp\/v2\/media?parent=8566"}],"wp:term":[{"taxonomy":"product_brand","embeddable":true,"href":"https:\/\/ponteseditores.com.br\/loja3\/wp-json\/wp\/v2\/product_brand?post=8566"},{"taxonomy":"product_cat","embeddable":true,"href":"https:\/\/ponteseditores.com.br\/loja3\/wp-json\/wp\/v2\/product_cat?post=8566"},{"taxonomy":"product_tag","embeddable":true,"href":"https:\/\/ponteseditores.com.br\/loja3\/wp-json\/wp\/v2\/product_tag?post=8566"}],"curies":[{"name":"wp","href":"https:\/\/api.w.org\/{rel}","templated":true}]}}