{"id":8486,"date":"2023-12-16T00:31:22","date_gmt":"2023-12-16T03:31:22","guid":{"rendered":"https:\/\/ponteseditores.com.br\/loja3\/pontes-editores-home-2__trashed\/sem categoria\/observatorio-da-educacao-basica-a-universidade-e-a-formacao-no-territorio-do-sisal\/"},"modified":"2023-12-16T00:31:22","modified_gmt":"2023-12-16T03:31:22","slug":"observatorio-da-educacao-basica-a-universidade-e-a-formacao-no-territorio-do-sisal","status":"publish","type":"product","link":"https:\/\/ponteseditores.com.br\/loja3\/pontes-editores-home-2__trashed\/uncategorized\/observatorio-da-educacao-basica-a-universidade-e-a-formacao-no-territorio-do-sisal\/","title":{"rendered":"Observat\u00f3rio da Educa\u00e7\u00e3o B\u00e1sica: a Universidade e a forma\u00e7\u00e3o no Territ\u00f3rio do Sisal"},"content":{"rendered":"<p>Nesta colet\u00e2nea, a Universidade do Estado da Bahia, atrav\u00e9s do OBEDUCS, traz as contribui\u00e7\u00f5es das suas  diferentes \u00e1reas de atua\u00e7\u00e3o, nas quais os profissionais v\u00eam \u201ctrabalhando dentro daquilo que hoje \u00e9 um dos nossos desafios maiores como educadores politicamente implicados: constituir autoriza\u00e7\u00e3o, autonomia e re-exist\u00eancia via educa\u00e7\u00e3o, em meio a um fascismo que insulta e tenta paralisar nossas conquistas e direitos, bem como a nossa liberdade inegoci\u00e1vel de criar solu\u00e7\u00f5es para os desafios educacionais nos contextos nos quais trabalhamos e nos implicamos\u201d.<\/p>\n","protected":false},"excerpt":{"rendered":"<p>Nesta colet\u00e2nea, a Universidade do Estado da Bahia, atrav\u00e9s do OBEDUCS, traz as contribui\u00e7\u00f5es das suas diferentes \u00e1reas de atua\u00e7\u00e3o, nas quais os profissionais v\u00eam \u201ctrabalhando dentro daquilo que hoje \u00e9 um dos nossos desafios maiores como educadores politicamente implicados: constituir autoriza\u00e7\u00e3o, autonomia e re-exist\u00eancia via educa\u00e7\u00e3o, em meio a um fascismo que insulta e [&hellip;]<\/p>\n","protected":false},"featured_media":8485,"comment_status":"open","ping_status":"closed","template":"","meta":{"_joinchat":[]},"product_brand":[],"product_cat":[15],"product_tag":[],"class_list":{"0":"post-8486","1":"product","2":"type-product","3":"status-publish","4":"has-post-thumbnail","6":"product_cat-uncategorized","8":"first","9":"instock","10":"shipping-taxable","11":"purchasable","12":"product-type-simple"},"yoast_head":"<!-- This site is optimized with the Yoast SEO plugin v27.4 - https:\/\/yoast.com\/product\/yoast-seo-wordpress\/ -->\n<title>Observat\u00f3rio da Educa\u00e7\u00e3o B\u00e1sica: a Universidade e a forma\u00e7\u00e3o no Territ\u00f3rio do Sisal - Pontes Editores<\/title>\n<meta name=\"robots\" content=\"index, follow, max-snippet:-1, max-image-preview:large, max-video-preview:-1\" \/>\n<link rel=\"canonical\" href=\"https:\/\/ponteseditores.com.br\/loja3\/pontes-editores-home-2__trashed\/uncategorized\/observatorio-da-educacao-basica-a-universidade-e-a-formacao-no-territorio-do-sisal\/\" \/>\n<meta property=\"og:locale\" content=\"pt_BR\" \/>\n<meta property=\"og:type\" content=\"article\" \/>\n<meta property=\"og:title\" content=\"Observat\u00f3rio da Educa\u00e7\u00e3o B\u00e1sica: a Universidade e a forma\u00e7\u00e3o no Territ\u00f3rio do Sisal - Pontes Editores\" \/>\n<meta property=\"og:description\" content=\"Nesta colet\u00e2nea, a Universidade do Estado da Bahia, atrav\u00e9s do OBEDUCS, traz as contribui\u00e7\u00f5es das suas diferentes \u00e1reas de atua\u00e7\u00e3o, nas quais os profissionais v\u00eam \u201ctrabalhando dentro daquilo que hoje \u00e9 um dos nossos desafios maiores como educadores politicamente implicados: constituir autoriza\u00e7\u00e3o, autonomia e re-exist\u00eancia via educa\u00e7\u00e3o, em meio a um fascismo que insulta e [&hellip;]\" \/>\n<meta property=\"og:url\" content=\"https:\/\/ponteseditores.com.br\/loja3\/pontes-editores-home-2__trashed\/uncategorized\/observatorio-da-educacao-basica-a-universidade-e-a-formacao-no-territorio-do-sisal\/\" \/>\n<meta property=\"og:site_name\" content=\"Pontes Editores\" \/>\n<meta property=\"og:image\" content=\"https:\/\/ponteseditores.com.br\/loja3\/wp-content\/uploads\/2023\/12\/OBSERVCAPANEW3-1.jpg\" \/>\n\t<meta property=\"og:image:width\" content=\"945\" \/>\n\t<meta property=\"og:image:height\" content=\"1358\" \/>\n\t<meta property=\"og:image:type\" content=\"image\/jpeg\" \/>\n<meta name=\"twitter:card\" content=\"summary_large_image\" \/>\n<script type=\"application\/ld+json\" class=\"yoast-schema-graph\">{\"@context\":\"https:\\\/\\\/schema.org\",\"@graph\":[{\"@type\":\"WebPage\",\"@id\":\"https:\\\/\\\/ponteseditores.com.br\\\/loja3\\\/pontes-editores-home-2__trashed\\\/uncategorized\\\/observatorio-da-educacao-basica-a-universidade-e-a-formacao-no-territorio-do-sisal\\\/\",\"url\":\"https:\\\/\\\/ponteseditores.com.br\\\/loja3\\\/pontes-editores-home-2__trashed\\\/uncategorized\\\/observatorio-da-educacao-basica-a-universidade-e-a-formacao-no-territorio-do-sisal\\\/\",\"name\":\"Observat\u00f3rio da Educa\u00e7\u00e3o B\u00e1sica: a Universidade e a forma\u00e7\u00e3o no Territ\u00f3rio do Sisal - Pontes Editores\",\"isPartOf\":{\"@id\":\"https:\\\/\\\/ponteseditores.com.br\\\/loja3\\\/#website\"},\"primaryImageOfPage\":{\"@id\":\"https:\\\/\\\/ponteseditores.com.br\\\/loja3\\\/pontes-editores-home-2__trashed\\\/uncategorized\\\/observatorio-da-educacao-basica-a-universidade-e-a-formacao-no-territorio-do-sisal\\\/#primaryimage\"},\"image\":{\"@id\":\"https:\\\/\\\/ponteseditores.com.br\\\/loja3\\\/pontes-editores-home-2__trashed\\\/uncategorized\\\/observatorio-da-educacao-basica-a-universidade-e-a-formacao-no-territorio-do-sisal\\\/#primaryimage\"},\"thumbnailUrl\":\"https:\\\/\\\/ponteseditores.com.br\\\/loja3\\\/wp-content\\\/uploads\\\/2023\\\/12\\\/OBSERVCAPANEW3-1.jpg\",\"datePublished\":\"2023-12-16T03:31:22+00:00\",\"breadcrumb\":{\"@id\":\"https:\\\/\\\/ponteseditores.com.br\\\/loja3\\\/pontes-editores-home-2__trashed\\\/uncategorized\\\/observatorio-da-educacao-basica-a-universidade-e-a-formacao-no-territorio-do-sisal\\\/#breadcrumb\"},\"inLanguage\":\"pt-BR\",\"potentialAction\":[{\"@type\":\"ReadAction\",\"target\":[\"https:\\\/\\\/ponteseditores.com.br\\\/loja3\\\/pontes-editores-home-2__trashed\\\/uncategorized\\\/observatorio-da-educacao-basica-a-universidade-e-a-formacao-no-territorio-do-sisal\\\/\"]}]},{\"@type\":\"ImageObject\",\"inLanguage\":\"pt-BR\",\"@id\":\"https:\\\/\\\/ponteseditores.com.br\\\/loja3\\\/pontes-editores-home-2__trashed\\\/uncategorized\\\/observatorio-da-educacao-basica-a-universidade-e-a-formacao-no-territorio-do-sisal\\\/#primaryimage\",\"url\":\"https:\\\/\\\/ponteseditores.com.br\\\/loja3\\\/wp-content\\\/uploads\\\/2023\\\/12\\\/OBSERVCAPANEW3-1.jpg\",\"contentUrl\":\"https:\\\/\\\/ponteseditores.com.br\\\/loja3\\\/wp-content\\\/uploads\\\/2023\\\/12\\\/OBSERVCAPANEW3-1.jpg\",\"width\":945,\"height\":1358},{\"@type\":\"BreadcrumbList\",\"@id\":\"https:\\\/\\\/ponteseditores.com.br\\\/loja3\\\/pontes-editores-home-2__trashed\\\/uncategorized\\\/observatorio-da-educacao-basica-a-universidade-e-a-formacao-no-territorio-do-sisal\\\/#breadcrumb\",\"itemListElement\":[{\"@type\":\"ListItem\",\"position\":1,\"name\":\"Home\",\"item\":\"https:\\\/\\\/ponteseditores.com.br\\\/loja3\\\/\"},{\"@type\":\"ListItem\",\"position\":2,\"name\":\"loja\",\"item\":\"https:\\\/\\\/ponteseditores.com.br\\\/loja3\\\/loja\\\/\"},{\"@type\":\"ListItem\",\"position\":3,\"name\":\"Observat\u00f3rio da Educa\u00e7\u00e3o B\u00e1sica: a Universidade e a forma\u00e7\u00e3o no Territ\u00f3rio do Sisal\"}]},{\"@type\":\"WebSite\",\"@id\":\"https:\\\/\\\/ponteseditores.com.br\\\/loja3\\\/#website\",\"url\":\"https:\\\/\\\/ponteseditores.com.br\\\/loja3\\\/\",\"name\":\"Pontes Editores\",\"description\":\"Pontes Editores\",\"publisher\":{\"@id\":\"https:\\\/\\\/ponteseditores.com.br\\\/loja3\\\/#organization\"},\"potentialAction\":[{\"@type\":\"SearchAction\",\"target\":{\"@type\":\"EntryPoint\",\"urlTemplate\":\"https:\\\/\\\/ponteseditores.com.br\\\/loja3\\\/?s={search_term_string}\"},\"query-input\":{\"@type\":\"PropertyValueSpecification\",\"valueRequired\":true,\"valueName\":\"search_term_string\"}}],\"inLanguage\":\"pt-BR\"},{\"@type\":\"Organization\",\"@id\":\"https:\\\/\\\/ponteseditores.com.br\\\/loja3\\\/#organization\",\"name\":\"Pontes Editores\",\"url\":\"https:\\\/\\\/ponteseditores.com.br\\\/loja3\\\/\",\"logo\":{\"@type\":\"ImageObject\",\"inLanguage\":\"pt-BR\",\"@id\":\"https:\\\/\\\/ponteseditores.com.br\\\/loja3\\\/#\\\/schema\\\/logo\\\/image\\\/\",\"url\":\"https:\\\/\\\/ponteseditores.com.br\\\/loja3\\\/wp-content\\\/uploads\\\/2023\\\/12\\\/logo-pontes-editores-v2.png\",\"contentUrl\":\"https:\\\/\\\/ponteseditores.com.br\\\/loja3\\\/wp-content\\\/uploads\\\/2023\\\/12\\\/logo-pontes-editores-v2.png\",\"width\":258,\"height\":100,\"caption\":\"Pontes Editores\"},\"image\":{\"@id\":\"https:\\\/\\\/ponteseditores.com.br\\\/loja3\\\/#\\\/schema\\\/logo\\\/image\\\/\"}}]}<\/script>\n<!-- \/ Yoast SEO plugin. -->","yoast_head_json":{"title":"Observat\u00f3rio da Educa\u00e7\u00e3o B\u00e1sica: a Universidade e a forma\u00e7\u00e3o no Territ\u00f3rio do Sisal - Pontes Editores","robots":{"index":"index","follow":"follow","max-snippet":"max-snippet:-1","max-image-preview":"max-image-preview:large","max-video-preview":"max-video-preview:-1"},"canonical":"https:\/\/ponteseditores.com.br\/loja3\/pontes-editores-home-2__trashed\/uncategorized\/observatorio-da-educacao-basica-a-universidade-e-a-formacao-no-territorio-do-sisal\/","og_locale":"pt_BR","og_type":"article","og_title":"Observat\u00f3rio da Educa\u00e7\u00e3o B\u00e1sica: a Universidade e a forma\u00e7\u00e3o no Territ\u00f3rio do Sisal - Pontes Editores","og_description":"Nesta colet\u00e2nea, a Universidade do Estado da Bahia, atrav\u00e9s do OBEDUCS, traz as contribui\u00e7\u00f5es das suas diferentes \u00e1reas de atua\u00e7\u00e3o, nas quais os profissionais v\u00eam \u201ctrabalhando dentro daquilo que hoje \u00e9 um dos nossos desafios maiores como educadores politicamente implicados: constituir autoriza\u00e7\u00e3o, autonomia e re-exist\u00eancia via educa\u00e7\u00e3o, em meio a um fascismo que insulta e [&hellip;]","og_url":"https:\/\/ponteseditores.com.br\/loja3\/pontes-editores-home-2__trashed\/uncategorized\/observatorio-da-educacao-basica-a-universidade-e-a-formacao-no-territorio-do-sisal\/","og_site_name":"Pontes Editores","og_image":[{"width":945,"height":1358,"url":"https:\/\/ponteseditores.com.br\/loja3\/wp-content\/uploads\/2023\/12\/OBSERVCAPANEW3-1.jpg","type":"image\/jpeg"}],"twitter_card":"summary_large_image","schema":{"@context":"https:\/\/schema.org","@graph":[{"@type":"WebPage","@id":"https:\/\/ponteseditores.com.br\/loja3\/pontes-editores-home-2__trashed\/uncategorized\/observatorio-da-educacao-basica-a-universidade-e-a-formacao-no-territorio-do-sisal\/","url":"https:\/\/ponteseditores.com.br\/loja3\/pontes-editores-home-2__trashed\/uncategorized\/observatorio-da-educacao-basica-a-universidade-e-a-formacao-no-territorio-do-sisal\/","name":"Observat\u00f3rio da Educa\u00e7\u00e3o B\u00e1sica: a Universidade e a forma\u00e7\u00e3o no Territ\u00f3rio do Sisal - Pontes Editores","isPartOf":{"@id":"https:\/\/ponteseditores.com.br\/loja3\/#website"},"primaryImageOfPage":{"@id":"https:\/\/ponteseditores.com.br\/loja3\/pontes-editores-home-2__trashed\/uncategorized\/observatorio-da-educacao-basica-a-universidade-e-a-formacao-no-territorio-do-sisal\/#primaryimage"},"image":{"@id":"https:\/\/ponteseditores.com.br\/loja3\/pontes-editores-home-2__trashed\/uncategorized\/observatorio-da-educacao-basica-a-universidade-e-a-formacao-no-territorio-do-sisal\/#primaryimage"},"thumbnailUrl":"https:\/\/ponteseditores.com.br\/loja3\/wp-content\/uploads\/2023\/12\/OBSERVCAPANEW3-1.jpg","datePublished":"2023-12-16T03:31:22+00:00","breadcrumb":{"@id":"https:\/\/ponteseditores.com.br\/loja3\/pontes-editores-home-2__trashed\/uncategorized\/observatorio-da-educacao-basica-a-universidade-e-a-formacao-no-territorio-do-sisal\/#breadcrumb"},"inLanguage":"pt-BR","potentialAction":[{"@type":"ReadAction","target":["https:\/\/ponteseditores.com.br\/loja3\/pontes-editores-home-2__trashed\/uncategorized\/observatorio-da-educacao-basica-a-universidade-e-a-formacao-no-territorio-do-sisal\/"]}]},{"@type":"ImageObject","inLanguage":"pt-BR","@id":"https:\/\/ponteseditores.com.br\/loja3\/pontes-editores-home-2__trashed\/uncategorized\/observatorio-da-educacao-basica-a-universidade-e-a-formacao-no-territorio-do-sisal\/#primaryimage","url":"https:\/\/ponteseditores.com.br\/loja3\/wp-content\/uploads\/2023\/12\/OBSERVCAPANEW3-1.jpg","contentUrl":"https:\/\/ponteseditores.com.br\/loja3\/wp-content\/uploads\/2023\/12\/OBSERVCAPANEW3-1.jpg","width":945,"height":1358},{"@type":"BreadcrumbList","@id":"https:\/\/ponteseditores.com.br\/loja3\/pontes-editores-home-2__trashed\/uncategorized\/observatorio-da-educacao-basica-a-universidade-e-a-formacao-no-territorio-do-sisal\/#breadcrumb","itemListElement":[{"@type":"ListItem","position":1,"name":"Home","item":"https:\/\/ponteseditores.com.br\/loja3\/"},{"@type":"ListItem","position":2,"name":"loja","item":"https:\/\/ponteseditores.com.br\/loja3\/loja\/"},{"@type":"ListItem","position":3,"name":"Observat\u00f3rio da Educa\u00e7\u00e3o B\u00e1sica: a Universidade e a forma\u00e7\u00e3o no Territ\u00f3rio do Sisal"}]},{"@type":"WebSite","@id":"https:\/\/ponteseditores.com.br\/loja3\/#website","url":"https:\/\/ponteseditores.com.br\/loja3\/","name":"Pontes Editores","description":"Pontes Editores","publisher":{"@id":"https:\/\/ponteseditores.com.br\/loja3\/#organization"},"potentialAction":[{"@type":"SearchAction","target":{"@type":"EntryPoint","urlTemplate":"https:\/\/ponteseditores.com.br\/loja3\/?s={search_term_string}"},"query-input":{"@type":"PropertyValueSpecification","valueRequired":true,"valueName":"search_term_string"}}],"inLanguage":"pt-BR"},{"@type":"Organization","@id":"https:\/\/ponteseditores.com.br\/loja3\/#organization","name":"Pontes Editores","url":"https:\/\/ponteseditores.com.br\/loja3\/","logo":{"@type":"ImageObject","inLanguage":"pt-BR","@id":"https:\/\/ponteseditores.com.br\/loja3\/#\/schema\/logo\/image\/","url":"https:\/\/ponteseditores.com.br\/loja3\/wp-content\/uploads\/2023\/12\/logo-pontes-editores-v2.png","contentUrl":"https:\/\/ponteseditores.com.br\/loja3\/wp-content\/uploads\/2023\/12\/logo-pontes-editores-v2.png","width":258,"height":100,"caption":"Pontes Editores"},"image":{"@id":"https:\/\/ponteseditores.com.br\/loja3\/#\/schema\/logo\/image\/"}}]}},"_links":{"self":[{"href":"https:\/\/ponteseditores.com.br\/loja3\/wp-json\/wp\/v2\/product\/8486","targetHints":{"allow":["GET"]}}],"collection":[{"href":"https:\/\/ponteseditores.com.br\/loja3\/wp-json\/wp\/v2\/product"}],"about":[{"href":"https:\/\/ponteseditores.com.br\/loja3\/wp-json\/wp\/v2\/types\/product"}],"replies":[{"embeddable":true,"href":"https:\/\/ponteseditores.com.br\/loja3\/wp-json\/wp\/v2\/comments?post=8486"}],"version-history":[{"count":0,"href":"https:\/\/ponteseditores.com.br\/loja3\/wp-json\/wp\/v2\/product\/8486\/revisions"}],"wp:featuredmedia":[{"embeddable":true,"href":"https:\/\/ponteseditores.com.br\/loja3\/wp-json\/wp\/v2\/media\/8485"}],"wp:attachment":[{"href":"https:\/\/ponteseditores.com.br\/loja3\/wp-json\/wp\/v2\/media?parent=8486"}],"wp:term":[{"taxonomy":"product_brand","embeddable":true,"href":"https:\/\/ponteseditores.com.br\/loja3\/wp-json\/wp\/v2\/product_brand?post=8486"},{"taxonomy":"product_cat","embeddable":true,"href":"https:\/\/ponteseditores.com.br\/loja3\/wp-json\/wp\/v2\/product_cat?post=8486"},{"taxonomy":"product_tag","embeddable":true,"href":"https:\/\/ponteseditores.com.br\/loja3\/wp-json\/wp\/v2\/product_tag?post=8486"}],"curies":[{"name":"wp","href":"https:\/\/api.w.org\/{rel}","templated":true}]}}