{"id":8408,"date":"2023-12-16T00:30:43","date_gmt":"2023-12-16T03:30:43","guid":{"rendered":"https:\/\/ponteseditores.com.br\/loja3\/pontes-editores-home-2__trashed\/sem categoria\/tendencias-atuais-na-pesquisa-descritiva-e-aplicada-em-fraseologia-e-paremiologia-vol-1\/"},"modified":"2025-09-25T22:54:08","modified_gmt":"2025-09-26T01:54:08","slug":"tendencias-atuais-na-pesquisa-descritiva-e-aplicada-em-fraseologia-e-paremiologia-vol-1","status":"publish","type":"product","link":"https:\/\/ponteseditores.com.br\/loja3\/pontes-editores-home-2__trashed\/uncategorized\/tendencias-atuais-na-pesquisa-descritiva-e-aplicada-em-fraseologia-e-paremiologia-vol-1\/","title":{"rendered":"TEND\u00caNCIAS ATUAIS NA PESQUISA DESCRITIVA E APLICADA EM FRASEOLOGIA E PAREMIOLOGIA Vol 1"},"content":{"rendered":"<p>A presente colet\u00e2nea (ANAIS) traz um conjunto de trabalhos fruto de pesquisas de autores de diferentes pa\u00edses que se reuniram em novembro de 2011 em Bras\u00edlia para discutir as novas tend\u00eancias nos estudos fraseol\u00f3gicos e paremiol\u00f3gicos; incentivar a pesquisa no campo da Fraseologia e da Paremiologia, promovendo o debate sobre as teorias e metodologias de pesquisa relativa \u00e0 linguagem e seu papel na constru\u00e7\u00e3o do conhecimento; promover o interc\u00e2mbio, o debate e a troca de experi\u00eancias entre professores pesquisadores nacionais e estrangeiros; procurar novas alternativas para incluir os aspectos fraseol\u00f3gicos e paremiol\u00f3gicos dentro do processo de ensino\/aprendizagem de l\u00ednguas; preparar uma genda de pesquisa aplicada em Fraseologia e Paremiologia; estimular a produ\u00e7\u00e3o cient\u00edfica na \u00e1rea de Fraseologia e Paremiologia atrav\u00e9s de projetos e publica\u00e7\u00f5es conjuntas e propiciar a divulga\u00e7\u00e3o de conhecimentos e modelos na \u00e1rea de Fraseologia e Paremiologia, no Brasil.<\/p>\n","protected":false},"excerpt":{"rendered":"<p>A presente colet\u00e2nea (ANAIS) traz um conjunto de trabalhos fruto de pesquisas de autores de diferentes pa\u00edses que se reuniram em novembro de 2011 em Bras\u00edlia para discutir as novas tend\u00eancias nos estudos fraseol\u00f3gicos e paremiol\u00f3gicos; incentivar a pesquisa no campo da Fraseologia e da Paremiologia, promovendo o debate sobre as teorias e metodologias de [&hellip;]<\/p>\n","protected":false},"featured_media":8407,"comment_status":"open","ping_status":"closed","template":"","meta":{"_joinchat":[]},"product_brand":[],"product_cat":[15],"product_tag":[],"class_list":{"0":"post-8408","1":"product","2":"type-product","3":"status-publish","4":"has-post-thumbnail","6":"product_cat-uncategorized","8":"first","9":"instock","10":"shipping-taxable","11":"purchasable","12":"product-type-simple"},"yoast_head":"<!-- This site is optimized with the Yoast SEO plugin v27.4 - https:\/\/yoast.com\/product\/yoast-seo-wordpress\/ -->\n<title>TEND\u00caNCIAS ATUAIS NA PESQUISA DESCRITIVA E APLICADA EM FRASEOLOGIA E PAREMIOLOGIA Vol 1 - Pontes Editores<\/title>\n<meta name=\"robots\" content=\"index, follow, max-snippet:-1, max-image-preview:large, max-video-preview:-1\" \/>\n<link rel=\"canonical\" href=\"https:\/\/ponteseditores.com.br\/loja3\/pontes-editores-home-2__trashed\/uncategorized\/tendencias-atuais-na-pesquisa-descritiva-e-aplicada-em-fraseologia-e-paremiologia-vol-1\/\" \/>\n<meta property=\"og:locale\" content=\"pt_BR\" \/>\n<meta property=\"og:type\" content=\"article\" \/>\n<meta property=\"og:title\" content=\"TEND\u00caNCIAS ATUAIS NA PESQUISA DESCRITIVA E APLICADA EM FRASEOLOGIA E PAREMIOLOGIA Vol 1 - Pontes Editores\" \/>\n<meta property=\"og:description\" content=\"A presente colet\u00e2nea (ANAIS) traz um conjunto de trabalhos fruto de pesquisas de autores de diferentes pa\u00edses que se reuniram em novembro de 2011 em Bras\u00edlia para discutir as novas tend\u00eancias nos estudos fraseol\u00f3gicos e paremiol\u00f3gicos; incentivar a pesquisa no campo da Fraseologia e da Paremiologia, promovendo o debate sobre as teorias e metodologias de [&hellip;]\" \/>\n<meta property=\"og:url\" content=\"https:\/\/ponteseditores.com.br\/loja3\/pontes-editores-home-2__trashed\/uncategorized\/tendencias-atuais-na-pesquisa-descritiva-e-aplicada-em-fraseologia-e-paremiologia-vol-1\/\" \/>\n<meta property=\"og:site_name\" content=\"Pontes Editores\" \/>\n<meta property=\"article:modified_time\" content=\"2025-09-26T01:54:08+00:00\" \/>\n<meta property=\"og:image\" content=\"https:\/\/ponteseditores.com.br\/loja3\/wp-content\/uploads\/2023\/12\/imgG530-1.jpg\" \/>\n\t<meta property=\"og:image:width\" content=\"194\" \/>\n\t<meta property=\"og:image:height\" content=\"300\" \/>\n\t<meta property=\"og:image:type\" content=\"image\/jpeg\" \/>\n<meta name=\"twitter:card\" content=\"summary_large_image\" \/>\n<meta name=\"twitter:label1\" content=\"Est. tempo de leitura\" \/>\n\t<meta name=\"twitter:data1\" content=\"1 minuto\" \/>\n<script type=\"application\/ld+json\" class=\"yoast-schema-graph\">{\"@context\":\"https:\\\/\\\/schema.org\",\"@graph\":[{\"@type\":\"WebPage\",\"@id\":\"https:\\\/\\\/ponteseditores.com.br\\\/loja3\\\/pontes-editores-home-2__trashed\\\/uncategorized\\\/tendencias-atuais-na-pesquisa-descritiva-e-aplicada-em-fraseologia-e-paremiologia-vol-1\\\/\",\"url\":\"https:\\\/\\\/ponteseditores.com.br\\\/loja3\\\/pontes-editores-home-2__trashed\\\/uncategorized\\\/tendencias-atuais-na-pesquisa-descritiva-e-aplicada-em-fraseologia-e-paremiologia-vol-1\\\/\",\"name\":\"TEND\u00caNCIAS ATUAIS NA PESQUISA DESCRITIVA E APLICADA EM FRASEOLOGIA E PAREMIOLOGIA Vol 1 - Pontes Editores\",\"isPartOf\":{\"@id\":\"https:\\\/\\\/ponteseditores.com.br\\\/loja3\\\/#website\"},\"primaryImageOfPage\":{\"@id\":\"https:\\\/\\\/ponteseditores.com.br\\\/loja3\\\/pontes-editores-home-2__trashed\\\/uncategorized\\\/tendencias-atuais-na-pesquisa-descritiva-e-aplicada-em-fraseologia-e-paremiologia-vol-1\\\/#primaryimage\"},\"image\":{\"@id\":\"https:\\\/\\\/ponteseditores.com.br\\\/loja3\\\/pontes-editores-home-2__trashed\\\/uncategorized\\\/tendencias-atuais-na-pesquisa-descritiva-e-aplicada-em-fraseologia-e-paremiologia-vol-1\\\/#primaryimage\"},\"thumbnailUrl\":\"https:\\\/\\\/ponteseditores.com.br\\\/loja3\\\/wp-content\\\/uploads\\\/2023\\\/12\\\/imgG530-1.jpg\",\"datePublished\":\"2023-12-16T03:30:43+00:00\",\"dateModified\":\"2025-09-26T01:54:08+00:00\",\"breadcrumb\":{\"@id\":\"https:\\\/\\\/ponteseditores.com.br\\\/loja3\\\/pontes-editores-home-2__trashed\\\/uncategorized\\\/tendencias-atuais-na-pesquisa-descritiva-e-aplicada-em-fraseologia-e-paremiologia-vol-1\\\/#breadcrumb\"},\"inLanguage\":\"pt-BR\",\"potentialAction\":[{\"@type\":\"ReadAction\",\"target\":[\"https:\\\/\\\/ponteseditores.com.br\\\/loja3\\\/pontes-editores-home-2__trashed\\\/uncategorized\\\/tendencias-atuais-na-pesquisa-descritiva-e-aplicada-em-fraseologia-e-paremiologia-vol-1\\\/\"]}]},{\"@type\":\"ImageObject\",\"inLanguage\":\"pt-BR\",\"@id\":\"https:\\\/\\\/ponteseditores.com.br\\\/loja3\\\/pontes-editores-home-2__trashed\\\/uncategorized\\\/tendencias-atuais-na-pesquisa-descritiva-e-aplicada-em-fraseologia-e-paremiologia-vol-1\\\/#primaryimage\",\"url\":\"https:\\\/\\\/ponteseditores.com.br\\\/loja3\\\/wp-content\\\/uploads\\\/2023\\\/12\\\/imgG530-1.jpg\",\"contentUrl\":\"https:\\\/\\\/ponteseditores.com.br\\\/loja3\\\/wp-content\\\/uploads\\\/2023\\\/12\\\/imgG530-1.jpg\",\"width\":194,\"height\":300},{\"@type\":\"BreadcrumbList\",\"@id\":\"https:\\\/\\\/ponteseditores.com.br\\\/loja3\\\/pontes-editores-home-2__trashed\\\/uncategorized\\\/tendencias-atuais-na-pesquisa-descritiva-e-aplicada-em-fraseologia-e-paremiologia-vol-1\\\/#breadcrumb\",\"itemListElement\":[{\"@type\":\"ListItem\",\"position\":1,\"name\":\"Home\",\"item\":\"https:\\\/\\\/ponteseditores.com.br\\\/loja3\\\/\"},{\"@type\":\"ListItem\",\"position\":2,\"name\":\"loja\",\"item\":\"https:\\\/\\\/ponteseditores.com.br\\\/loja3\\\/loja\\\/\"},{\"@type\":\"ListItem\",\"position\":3,\"name\":\"TEND\u00caNCIAS ATUAIS NA PESQUISA DESCRITIVA E APLICADA EM FRASEOLOGIA E PAREMIOLOGIA Vol 1\"}]},{\"@type\":\"WebSite\",\"@id\":\"https:\\\/\\\/ponteseditores.com.br\\\/loja3\\\/#website\",\"url\":\"https:\\\/\\\/ponteseditores.com.br\\\/loja3\\\/\",\"name\":\"Pontes Editores\",\"description\":\"Pontes Editores\",\"publisher\":{\"@id\":\"https:\\\/\\\/ponteseditores.com.br\\\/loja3\\\/#organization\"},\"potentialAction\":[{\"@type\":\"SearchAction\",\"target\":{\"@type\":\"EntryPoint\",\"urlTemplate\":\"https:\\\/\\\/ponteseditores.com.br\\\/loja3\\\/?s={search_term_string}\"},\"query-input\":{\"@type\":\"PropertyValueSpecification\",\"valueRequired\":true,\"valueName\":\"search_term_string\"}}],\"inLanguage\":\"pt-BR\"},{\"@type\":\"Organization\",\"@id\":\"https:\\\/\\\/ponteseditores.com.br\\\/loja3\\\/#organization\",\"name\":\"Pontes Editores\",\"url\":\"https:\\\/\\\/ponteseditores.com.br\\\/loja3\\\/\",\"logo\":{\"@type\":\"ImageObject\",\"inLanguage\":\"pt-BR\",\"@id\":\"https:\\\/\\\/ponteseditores.com.br\\\/loja3\\\/#\\\/schema\\\/logo\\\/image\\\/\",\"url\":\"https:\\\/\\\/ponteseditores.com.br\\\/loja3\\\/wp-content\\\/uploads\\\/2023\\\/12\\\/logo-pontes-editores-v2.png\",\"contentUrl\":\"https:\\\/\\\/ponteseditores.com.br\\\/loja3\\\/wp-content\\\/uploads\\\/2023\\\/12\\\/logo-pontes-editores-v2.png\",\"width\":258,\"height\":100,\"caption\":\"Pontes Editores\"},\"image\":{\"@id\":\"https:\\\/\\\/ponteseditores.com.br\\\/loja3\\\/#\\\/schema\\\/logo\\\/image\\\/\"}}]}<\/script>\n<!-- \/ Yoast SEO plugin. -->","yoast_head_json":{"title":"TEND\u00caNCIAS ATUAIS NA PESQUISA DESCRITIVA E APLICADA EM FRASEOLOGIA E PAREMIOLOGIA Vol 1 - Pontes Editores","robots":{"index":"index","follow":"follow","max-snippet":"max-snippet:-1","max-image-preview":"max-image-preview:large","max-video-preview":"max-video-preview:-1"},"canonical":"https:\/\/ponteseditores.com.br\/loja3\/pontes-editores-home-2__trashed\/uncategorized\/tendencias-atuais-na-pesquisa-descritiva-e-aplicada-em-fraseologia-e-paremiologia-vol-1\/","og_locale":"pt_BR","og_type":"article","og_title":"TEND\u00caNCIAS ATUAIS NA PESQUISA DESCRITIVA E APLICADA EM FRASEOLOGIA E PAREMIOLOGIA Vol 1 - Pontes Editores","og_description":"A presente colet\u00e2nea (ANAIS) traz um conjunto de trabalhos fruto de pesquisas de autores de diferentes pa\u00edses que se reuniram em novembro de 2011 em Bras\u00edlia para discutir as novas tend\u00eancias nos estudos fraseol\u00f3gicos e paremiol\u00f3gicos; incentivar a pesquisa no campo da Fraseologia e da Paremiologia, promovendo o debate sobre as teorias e metodologias de [&hellip;]","og_url":"https:\/\/ponteseditores.com.br\/loja3\/pontes-editores-home-2__trashed\/uncategorized\/tendencias-atuais-na-pesquisa-descritiva-e-aplicada-em-fraseologia-e-paremiologia-vol-1\/","og_site_name":"Pontes Editores","article_modified_time":"2025-09-26T01:54:08+00:00","og_image":[{"width":194,"height":300,"url":"https:\/\/ponteseditores.com.br\/loja3\/wp-content\/uploads\/2023\/12\/imgG530-1.jpg","type":"image\/jpeg"}],"twitter_card":"summary_large_image","twitter_misc":{"Est. tempo de leitura":"1 minuto"},"schema":{"@context":"https:\/\/schema.org","@graph":[{"@type":"WebPage","@id":"https:\/\/ponteseditores.com.br\/loja3\/pontes-editores-home-2__trashed\/uncategorized\/tendencias-atuais-na-pesquisa-descritiva-e-aplicada-em-fraseologia-e-paremiologia-vol-1\/","url":"https:\/\/ponteseditores.com.br\/loja3\/pontes-editores-home-2__trashed\/uncategorized\/tendencias-atuais-na-pesquisa-descritiva-e-aplicada-em-fraseologia-e-paremiologia-vol-1\/","name":"TEND\u00caNCIAS ATUAIS NA PESQUISA DESCRITIVA E APLICADA EM FRASEOLOGIA E PAREMIOLOGIA Vol 1 - Pontes Editores","isPartOf":{"@id":"https:\/\/ponteseditores.com.br\/loja3\/#website"},"primaryImageOfPage":{"@id":"https:\/\/ponteseditores.com.br\/loja3\/pontes-editores-home-2__trashed\/uncategorized\/tendencias-atuais-na-pesquisa-descritiva-e-aplicada-em-fraseologia-e-paremiologia-vol-1\/#primaryimage"},"image":{"@id":"https:\/\/ponteseditores.com.br\/loja3\/pontes-editores-home-2__trashed\/uncategorized\/tendencias-atuais-na-pesquisa-descritiva-e-aplicada-em-fraseologia-e-paremiologia-vol-1\/#primaryimage"},"thumbnailUrl":"https:\/\/ponteseditores.com.br\/loja3\/wp-content\/uploads\/2023\/12\/imgG530-1.jpg","datePublished":"2023-12-16T03:30:43+00:00","dateModified":"2025-09-26T01:54:08+00:00","breadcrumb":{"@id":"https:\/\/ponteseditores.com.br\/loja3\/pontes-editores-home-2__trashed\/uncategorized\/tendencias-atuais-na-pesquisa-descritiva-e-aplicada-em-fraseologia-e-paremiologia-vol-1\/#breadcrumb"},"inLanguage":"pt-BR","potentialAction":[{"@type":"ReadAction","target":["https:\/\/ponteseditores.com.br\/loja3\/pontes-editores-home-2__trashed\/uncategorized\/tendencias-atuais-na-pesquisa-descritiva-e-aplicada-em-fraseologia-e-paremiologia-vol-1\/"]}]},{"@type":"ImageObject","inLanguage":"pt-BR","@id":"https:\/\/ponteseditores.com.br\/loja3\/pontes-editores-home-2__trashed\/uncategorized\/tendencias-atuais-na-pesquisa-descritiva-e-aplicada-em-fraseologia-e-paremiologia-vol-1\/#primaryimage","url":"https:\/\/ponteseditores.com.br\/loja3\/wp-content\/uploads\/2023\/12\/imgG530-1.jpg","contentUrl":"https:\/\/ponteseditores.com.br\/loja3\/wp-content\/uploads\/2023\/12\/imgG530-1.jpg","width":194,"height":300},{"@type":"BreadcrumbList","@id":"https:\/\/ponteseditores.com.br\/loja3\/pontes-editores-home-2__trashed\/uncategorized\/tendencias-atuais-na-pesquisa-descritiva-e-aplicada-em-fraseologia-e-paremiologia-vol-1\/#breadcrumb","itemListElement":[{"@type":"ListItem","position":1,"name":"Home","item":"https:\/\/ponteseditores.com.br\/loja3\/"},{"@type":"ListItem","position":2,"name":"loja","item":"https:\/\/ponteseditores.com.br\/loja3\/loja\/"},{"@type":"ListItem","position":3,"name":"TEND\u00caNCIAS ATUAIS NA PESQUISA DESCRITIVA E APLICADA EM FRASEOLOGIA E PAREMIOLOGIA Vol 1"}]},{"@type":"WebSite","@id":"https:\/\/ponteseditores.com.br\/loja3\/#website","url":"https:\/\/ponteseditores.com.br\/loja3\/","name":"Pontes Editores","description":"Pontes Editores","publisher":{"@id":"https:\/\/ponteseditores.com.br\/loja3\/#organization"},"potentialAction":[{"@type":"SearchAction","target":{"@type":"EntryPoint","urlTemplate":"https:\/\/ponteseditores.com.br\/loja3\/?s={search_term_string}"},"query-input":{"@type":"PropertyValueSpecification","valueRequired":true,"valueName":"search_term_string"}}],"inLanguage":"pt-BR"},{"@type":"Organization","@id":"https:\/\/ponteseditores.com.br\/loja3\/#organization","name":"Pontes Editores","url":"https:\/\/ponteseditores.com.br\/loja3\/","logo":{"@type":"ImageObject","inLanguage":"pt-BR","@id":"https:\/\/ponteseditores.com.br\/loja3\/#\/schema\/logo\/image\/","url":"https:\/\/ponteseditores.com.br\/loja3\/wp-content\/uploads\/2023\/12\/logo-pontes-editores-v2.png","contentUrl":"https:\/\/ponteseditores.com.br\/loja3\/wp-content\/uploads\/2023\/12\/logo-pontes-editores-v2.png","width":258,"height":100,"caption":"Pontes Editores"},"image":{"@id":"https:\/\/ponteseditores.com.br\/loja3\/#\/schema\/logo\/image\/"}}]}},"_links":{"self":[{"href":"https:\/\/ponteseditores.com.br\/loja3\/wp-json\/wp\/v2\/product\/8408","targetHints":{"allow":["GET"]}}],"collection":[{"href":"https:\/\/ponteseditores.com.br\/loja3\/wp-json\/wp\/v2\/product"}],"about":[{"href":"https:\/\/ponteseditores.com.br\/loja3\/wp-json\/wp\/v2\/types\/product"}],"replies":[{"embeddable":true,"href":"https:\/\/ponteseditores.com.br\/loja3\/wp-json\/wp\/v2\/comments?post=8408"}],"version-history":[{"count":0,"href":"https:\/\/ponteseditores.com.br\/loja3\/wp-json\/wp\/v2\/product\/8408\/revisions"}],"wp:featuredmedia":[{"embeddable":true,"href":"https:\/\/ponteseditores.com.br\/loja3\/wp-json\/wp\/v2\/media\/8407"}],"wp:attachment":[{"href":"https:\/\/ponteseditores.com.br\/loja3\/wp-json\/wp\/v2\/media?parent=8408"}],"wp:term":[{"taxonomy":"product_brand","embeddable":true,"href":"https:\/\/ponteseditores.com.br\/loja3\/wp-json\/wp\/v2\/product_brand?post=8408"},{"taxonomy":"product_cat","embeddable":true,"href":"https:\/\/ponteseditores.com.br\/loja3\/wp-json\/wp\/v2\/product_cat?post=8408"},{"taxonomy":"product_tag","embeddable":true,"href":"https:\/\/ponteseditores.com.br\/loja3\/wp-json\/wp\/v2\/product_tag?post=8408"}],"curies":[{"name":"wp","href":"https:\/\/api.w.org\/{rel}","templated":true}]}}