{"id":8308,"date":"2023-12-16T00:16:39","date_gmt":"2023-12-16T03:16:39","guid":{"rendered":"https:\/\/ponteseditores.com.br\/loja3\/pontes-editores-home-2__trashed\/sem categoria\/linguistica-contrastiva-homenagem-a-emilio-ridruejo-alonso-colecao-calepino-volume-2\/"},"modified":"2023-12-16T00:16:39","modified_gmt":"2023-12-16T03:16:39","slug":"linguistica-contrastiva-homenagem-a-emilio-ridruejo-alonso-colecao-calepino-volume-2","status":"publish","type":"product","link":"https:\/\/ponteseditores.com.br\/loja3\/pontes-editores-home-2__trashed\/ensino-de-linguas\/linguistica-contrastiva-homenagem-a-emilio-ridruejo-alonso-colecao-calepino-volume-2\/","title":{"rendered":"LINGU\u00cdSTICA CONTRASTIVA HOMENAGEM A  EMILIO RIDRUEJO ALONSO Cole\u00e7\u00e3o CALEPINO &#8211; Volume 2"},"content":{"rendered":"<p>Apresentamos \u00e0 comunidade cient\u00edfica o segundo volume da Cole\u00e7\u00e3o CALEPINO: N\u00facleo de Lexicografia Multil\u00edngue da Universidade Federal de Santa Catarina (UFSC), que foi organizada pelos professores doutores Adja Balbino de Amorim Barbieri Dur\u00e3o, Aylton Barbieri Dur\u00e3o e Ot\u00e1vio Goes de Andrade, com o objetivo de colocar em evid\u00eancia uma sele\u00e7\u00e3o de estudos sobre quest\u00f5es te\u00f3ricas e pr\u00e1ticas que rondam o ensino de l\u00ednguas, a elabora\u00e7\u00e3o de tradu\u00e7\u00f5es e a proposi\u00e7\u00e3o de projetos de obras de refer\u00eancia \u00e0 luz de pressupostos da Lingu\u00edstica Contrastiva. Tais estudos foram selecionados entre os trabalhos apresentados em tr\u00eas edi\u00e7\u00f5es diferentes do Simp\u00f3sio sobre L\u00e9xico, Lexicografia, Terminologia e Tradu\u00e7\u00e3o (SILETTRAD) (2016, 2017 e 2018), um dos eventos de extens\u00e3o do CALEPINO.<\/p>\n<p>Ao longo de 31 anos, o Prof. Dr. Emilio Ridruelo Alonso foi Catedr\u00e1tico de Lingu\u00edstica na Universidad de Valladolid. Em certo momento de sua trajet\u00f3ria nessa institui\u00e7\u00e3o, ele orientou uma tese de doutoramento que tomava a Lingu\u00edstica Contrastiva como fundamento para confrontar o espanhol ao portugu\u00eas. O maior m\u00e9rito dessa orienta\u00e7\u00e3o estava no fato de n\u00e3o ter enjeitado dirigir uma tese cujo arcabou\u00e7o te\u00f3rico, para alguns estudiosos da Lingu\u00edstica e da Lingu\u00edstica Aplicada, teria ficado estancado na d\u00e9cada de 70 do s\u00e9culo XX, algo com o que, obviamente, nem ele, nem n\u00f3s, organizadores desta colet\u00e2nea, concordamos. Com o passar dos anos, a Lingu\u00edstica Contrastiva acabou por retomar a legitimidade de grande parte dos seus pressupostos, o que \u00e9 evidenciado com esta publica\u00e7\u00e3o. Considerando, por um lado, a relev\u00e2ncia dos trabalhos do Prof. Dr. Ridruejo Alonso, a import\u00e2ncia de sua atua\u00e7\u00e3o no ensino e na pesquisa e, ainda, a circunst\u00e2ncia de ele ter conduzido a orienta\u00e7\u00e3o da mencionada tese, os organizadores desta Colet\u00e2nea se permitiram homenage\u00e1-lo no ano de sua aposentadoria. <\/p>\n<p>Profa. Dra. Adja Balbino de Amorim Barbieri Dur\u00e3o<\/p>\n<p>Coordenadora do CALEPINO: N\u00facleo de Lexicografia Multil\u00edngue da Universidade Federal de Santa Catarina<\/p>\n","protected":false},"excerpt":{"rendered":"<p>Apresentamos \u00e0 comunidade cient\u00edfica o segundo volume da Cole\u00e7\u00e3o CALEPINO: N\u00facleo de Lexicografia Multil\u00edngue da Universidade Federal de Santa Catarina (UFSC), que foi organizada pelos professores doutores Adja Balbino de Amorim Barbieri Dur\u00e3o, Aylton Barbieri Dur\u00e3o e Ot\u00e1vio Goes de Andrade, com o objetivo de colocar em evid\u00eancia uma sele\u00e7\u00e3o de estudos sobre quest\u00f5es te\u00f3ricas [&hellip;]<\/p>\n","protected":false},"featured_media":8307,"comment_status":"open","ping_status":"closed","template":"","meta":{"_joinchat":[]},"product_brand":[],"product_cat":[335,140,290],"product_tag":[],"class_list":{"0":"post-8308","1":"product","2":"type-product","3":"status-publish","4":"has-post-thumbnail","6":"product_cat-calepino","7":"product_cat-ensino-de-linguas","8":"product_cat-linguagem-e-linguas","10":"first","11":"instock","12":"shipping-taxable","13":"purchasable","14":"product-type-simple"},"yoast_head":"<!-- This site is optimized with the Yoast SEO plugin v27.4 - https:\/\/yoast.com\/product\/yoast-seo-wordpress\/ -->\n<title>LINGU\u00cdSTICA CONTRASTIVA HOMENAGEM A EMILIO RIDRUEJO ALONSO Cole\u00e7\u00e3o CALEPINO - Volume 2 - Pontes Editores<\/title>\n<meta name=\"robots\" content=\"index, follow, max-snippet:-1, max-image-preview:large, max-video-preview:-1\" \/>\n<link rel=\"canonical\" href=\"https:\/\/ponteseditores.com.br\/loja3\/pontes-editores-home-2__trashed\/ensino-de-linguas\/linguistica-contrastiva-homenagem-a-emilio-ridruejo-alonso-colecao-calepino-volume-2\/\" \/>\n<meta property=\"og:locale\" content=\"pt_BR\" \/>\n<meta property=\"og:type\" content=\"article\" \/>\n<meta property=\"og:title\" content=\"LINGU\u00cdSTICA CONTRASTIVA HOMENAGEM A EMILIO RIDRUEJO ALONSO Cole\u00e7\u00e3o CALEPINO - Volume 2 - Pontes Editores\" \/>\n<meta property=\"og:description\" content=\"Apresentamos \u00e0 comunidade cient\u00edfica o segundo volume da Cole\u00e7\u00e3o CALEPINO: N\u00facleo de Lexicografia Multil\u00edngue da Universidade Federal de Santa Catarina (UFSC), que foi organizada pelos professores doutores Adja Balbino de Amorim Barbieri Dur\u00e3o, Aylton Barbieri Dur\u00e3o e Ot\u00e1vio Goes de Andrade, com o objetivo de colocar em evid\u00eancia uma sele\u00e7\u00e3o de estudos sobre quest\u00f5es te\u00f3ricas [&hellip;]\" \/>\n<meta property=\"og:url\" content=\"https:\/\/ponteseditores.com.br\/loja3\/pontes-editores-home-2__trashed\/ensino-de-linguas\/linguistica-contrastiva-homenagem-a-emilio-ridruejo-alonso-colecao-calepino-volume-2\/\" \/>\n<meta property=\"og:site_name\" content=\"Pontes Editores\" \/>\n<meta property=\"og:image\" content=\"https:\/\/ponteseditores.com.br\/loja3\/wp-content\/uploads\/2023\/12\/celepe1-3.jpg\" \/>\n\t<meta property=\"og:image:width\" content=\"1000\" \/>\n\t<meta property=\"og:image:height\" content=\"1426\" \/>\n\t<meta property=\"og:image:type\" content=\"image\/jpeg\" \/>\n<meta name=\"twitter:card\" content=\"summary_large_image\" \/>\n<meta name=\"twitter:label1\" content=\"Est. tempo de leitura\" \/>\n\t<meta name=\"twitter:data1\" content=\"2 minutos\" \/>\n<script type=\"application\/ld+json\" class=\"yoast-schema-graph\">{\"@context\":\"https:\\\/\\\/schema.org\",\"@graph\":[{\"@type\":\"WebPage\",\"@id\":\"https:\\\/\\\/ponteseditores.com.br\\\/loja3\\\/pontes-editores-home-2__trashed\\\/ensino-de-linguas\\\/linguistica-contrastiva-homenagem-a-emilio-ridruejo-alonso-colecao-calepino-volume-2\\\/\",\"url\":\"https:\\\/\\\/ponteseditores.com.br\\\/loja3\\\/pontes-editores-home-2__trashed\\\/ensino-de-linguas\\\/linguistica-contrastiva-homenagem-a-emilio-ridruejo-alonso-colecao-calepino-volume-2\\\/\",\"name\":\"LINGU\u00cdSTICA CONTRASTIVA HOMENAGEM A EMILIO RIDRUEJO ALONSO Cole\u00e7\u00e3o CALEPINO - Volume 2 - Pontes Editores\",\"isPartOf\":{\"@id\":\"https:\\\/\\\/ponteseditores.com.br\\\/loja3\\\/#website\"},\"primaryImageOfPage\":{\"@id\":\"https:\\\/\\\/ponteseditores.com.br\\\/loja3\\\/pontes-editores-home-2__trashed\\\/ensino-de-linguas\\\/linguistica-contrastiva-homenagem-a-emilio-ridruejo-alonso-colecao-calepino-volume-2\\\/#primaryimage\"},\"image\":{\"@id\":\"https:\\\/\\\/ponteseditores.com.br\\\/loja3\\\/pontes-editores-home-2__trashed\\\/ensino-de-linguas\\\/linguistica-contrastiva-homenagem-a-emilio-ridruejo-alonso-colecao-calepino-volume-2\\\/#primaryimage\"},\"thumbnailUrl\":\"https:\\\/\\\/ponteseditores.com.br\\\/loja3\\\/wp-content\\\/uploads\\\/2023\\\/12\\\/celepe1-3.jpg\",\"datePublished\":\"2023-12-16T03:16:39+00:00\",\"breadcrumb\":{\"@id\":\"https:\\\/\\\/ponteseditores.com.br\\\/loja3\\\/pontes-editores-home-2__trashed\\\/ensino-de-linguas\\\/linguistica-contrastiva-homenagem-a-emilio-ridruejo-alonso-colecao-calepino-volume-2\\\/#breadcrumb\"},\"inLanguage\":\"pt-BR\",\"potentialAction\":[{\"@type\":\"ReadAction\",\"target\":[\"https:\\\/\\\/ponteseditores.com.br\\\/loja3\\\/pontes-editores-home-2__trashed\\\/ensino-de-linguas\\\/linguistica-contrastiva-homenagem-a-emilio-ridruejo-alonso-colecao-calepino-volume-2\\\/\"]}]},{\"@type\":\"ImageObject\",\"inLanguage\":\"pt-BR\",\"@id\":\"https:\\\/\\\/ponteseditores.com.br\\\/loja3\\\/pontes-editores-home-2__trashed\\\/ensino-de-linguas\\\/linguistica-contrastiva-homenagem-a-emilio-ridruejo-alonso-colecao-calepino-volume-2\\\/#primaryimage\",\"url\":\"https:\\\/\\\/ponteseditores.com.br\\\/loja3\\\/wp-content\\\/uploads\\\/2023\\\/12\\\/celepe1-3.jpg\",\"contentUrl\":\"https:\\\/\\\/ponteseditores.com.br\\\/loja3\\\/wp-content\\\/uploads\\\/2023\\\/12\\\/celepe1-3.jpg\",\"width\":1000,\"height\":1426},{\"@type\":\"BreadcrumbList\",\"@id\":\"https:\\\/\\\/ponteseditores.com.br\\\/loja3\\\/pontes-editores-home-2__trashed\\\/ensino-de-linguas\\\/linguistica-contrastiva-homenagem-a-emilio-ridruejo-alonso-colecao-calepino-volume-2\\\/#breadcrumb\",\"itemListElement\":[{\"@type\":\"ListItem\",\"position\":1,\"name\":\"Home\",\"item\":\"https:\\\/\\\/ponteseditores.com.br\\\/loja3\\\/\"},{\"@type\":\"ListItem\",\"position\":2,\"name\":\"loja\",\"item\":\"https:\\\/\\\/ponteseditores.com.br\\\/loja3\\\/loja\\\/\"},{\"@type\":\"ListItem\",\"position\":3,\"name\":\"LINGU\u00cdSTICA CONTRASTIVA HOMENAGEM A EMILIO RIDRUEJO ALONSO Cole\u00e7\u00e3o CALEPINO &#8211; Volume 2\"}]},{\"@type\":\"WebSite\",\"@id\":\"https:\\\/\\\/ponteseditores.com.br\\\/loja3\\\/#website\",\"url\":\"https:\\\/\\\/ponteseditores.com.br\\\/loja3\\\/\",\"name\":\"Pontes Editores\",\"description\":\"Pontes Editores\",\"publisher\":{\"@id\":\"https:\\\/\\\/ponteseditores.com.br\\\/loja3\\\/#organization\"},\"potentialAction\":[{\"@type\":\"SearchAction\",\"target\":{\"@type\":\"EntryPoint\",\"urlTemplate\":\"https:\\\/\\\/ponteseditores.com.br\\\/loja3\\\/?s={search_term_string}\"},\"query-input\":{\"@type\":\"PropertyValueSpecification\",\"valueRequired\":true,\"valueName\":\"search_term_string\"}}],\"inLanguage\":\"pt-BR\"},{\"@type\":\"Organization\",\"@id\":\"https:\\\/\\\/ponteseditores.com.br\\\/loja3\\\/#organization\",\"name\":\"Pontes Editores\",\"url\":\"https:\\\/\\\/ponteseditores.com.br\\\/loja3\\\/\",\"logo\":{\"@type\":\"ImageObject\",\"inLanguage\":\"pt-BR\",\"@id\":\"https:\\\/\\\/ponteseditores.com.br\\\/loja3\\\/#\\\/schema\\\/logo\\\/image\\\/\",\"url\":\"https:\\\/\\\/ponteseditores.com.br\\\/loja3\\\/wp-content\\\/uploads\\\/2023\\\/12\\\/logo-pontes-editores-v2.png\",\"contentUrl\":\"https:\\\/\\\/ponteseditores.com.br\\\/loja3\\\/wp-content\\\/uploads\\\/2023\\\/12\\\/logo-pontes-editores-v2.png\",\"width\":258,\"height\":100,\"caption\":\"Pontes Editores\"},\"image\":{\"@id\":\"https:\\\/\\\/ponteseditores.com.br\\\/loja3\\\/#\\\/schema\\\/logo\\\/image\\\/\"}}]}<\/script>\n<!-- \/ Yoast SEO plugin. -->","yoast_head_json":{"title":"LINGU\u00cdSTICA CONTRASTIVA HOMENAGEM A EMILIO RIDRUEJO ALONSO Cole\u00e7\u00e3o CALEPINO - Volume 2 - Pontes Editores","robots":{"index":"index","follow":"follow","max-snippet":"max-snippet:-1","max-image-preview":"max-image-preview:large","max-video-preview":"max-video-preview:-1"},"canonical":"https:\/\/ponteseditores.com.br\/loja3\/pontes-editores-home-2__trashed\/ensino-de-linguas\/linguistica-contrastiva-homenagem-a-emilio-ridruejo-alonso-colecao-calepino-volume-2\/","og_locale":"pt_BR","og_type":"article","og_title":"LINGU\u00cdSTICA CONTRASTIVA HOMENAGEM A EMILIO RIDRUEJO ALONSO Cole\u00e7\u00e3o CALEPINO - Volume 2 - Pontes Editores","og_description":"Apresentamos \u00e0 comunidade cient\u00edfica o segundo volume da Cole\u00e7\u00e3o CALEPINO: N\u00facleo de Lexicografia Multil\u00edngue da Universidade Federal de Santa Catarina (UFSC), que foi organizada pelos professores doutores Adja Balbino de Amorim Barbieri Dur\u00e3o, Aylton Barbieri Dur\u00e3o e Ot\u00e1vio Goes de Andrade, com o objetivo de colocar em evid\u00eancia uma sele\u00e7\u00e3o de estudos sobre quest\u00f5es te\u00f3ricas [&hellip;]","og_url":"https:\/\/ponteseditores.com.br\/loja3\/pontes-editores-home-2__trashed\/ensino-de-linguas\/linguistica-contrastiva-homenagem-a-emilio-ridruejo-alonso-colecao-calepino-volume-2\/","og_site_name":"Pontes Editores","og_image":[{"width":1000,"height":1426,"url":"https:\/\/ponteseditores.com.br\/loja3\/wp-content\/uploads\/2023\/12\/celepe1-3.jpg","type":"image\/jpeg"}],"twitter_card":"summary_large_image","twitter_misc":{"Est. tempo de leitura":"2 minutos"},"schema":{"@context":"https:\/\/schema.org","@graph":[{"@type":"WebPage","@id":"https:\/\/ponteseditores.com.br\/loja3\/pontes-editores-home-2__trashed\/ensino-de-linguas\/linguistica-contrastiva-homenagem-a-emilio-ridruejo-alonso-colecao-calepino-volume-2\/","url":"https:\/\/ponteseditores.com.br\/loja3\/pontes-editores-home-2__trashed\/ensino-de-linguas\/linguistica-contrastiva-homenagem-a-emilio-ridruejo-alonso-colecao-calepino-volume-2\/","name":"LINGU\u00cdSTICA CONTRASTIVA HOMENAGEM A EMILIO RIDRUEJO ALONSO Cole\u00e7\u00e3o CALEPINO - Volume 2 - Pontes Editores","isPartOf":{"@id":"https:\/\/ponteseditores.com.br\/loja3\/#website"},"primaryImageOfPage":{"@id":"https:\/\/ponteseditores.com.br\/loja3\/pontes-editores-home-2__trashed\/ensino-de-linguas\/linguistica-contrastiva-homenagem-a-emilio-ridruejo-alonso-colecao-calepino-volume-2\/#primaryimage"},"image":{"@id":"https:\/\/ponteseditores.com.br\/loja3\/pontes-editores-home-2__trashed\/ensino-de-linguas\/linguistica-contrastiva-homenagem-a-emilio-ridruejo-alonso-colecao-calepino-volume-2\/#primaryimage"},"thumbnailUrl":"https:\/\/ponteseditores.com.br\/loja3\/wp-content\/uploads\/2023\/12\/celepe1-3.jpg","datePublished":"2023-12-16T03:16:39+00:00","breadcrumb":{"@id":"https:\/\/ponteseditores.com.br\/loja3\/pontes-editores-home-2__trashed\/ensino-de-linguas\/linguistica-contrastiva-homenagem-a-emilio-ridruejo-alonso-colecao-calepino-volume-2\/#breadcrumb"},"inLanguage":"pt-BR","potentialAction":[{"@type":"ReadAction","target":["https:\/\/ponteseditores.com.br\/loja3\/pontes-editores-home-2__trashed\/ensino-de-linguas\/linguistica-contrastiva-homenagem-a-emilio-ridruejo-alonso-colecao-calepino-volume-2\/"]}]},{"@type":"ImageObject","inLanguage":"pt-BR","@id":"https:\/\/ponteseditores.com.br\/loja3\/pontes-editores-home-2__trashed\/ensino-de-linguas\/linguistica-contrastiva-homenagem-a-emilio-ridruejo-alonso-colecao-calepino-volume-2\/#primaryimage","url":"https:\/\/ponteseditores.com.br\/loja3\/wp-content\/uploads\/2023\/12\/celepe1-3.jpg","contentUrl":"https:\/\/ponteseditores.com.br\/loja3\/wp-content\/uploads\/2023\/12\/celepe1-3.jpg","width":1000,"height":1426},{"@type":"BreadcrumbList","@id":"https:\/\/ponteseditores.com.br\/loja3\/pontes-editores-home-2__trashed\/ensino-de-linguas\/linguistica-contrastiva-homenagem-a-emilio-ridruejo-alonso-colecao-calepino-volume-2\/#breadcrumb","itemListElement":[{"@type":"ListItem","position":1,"name":"Home","item":"https:\/\/ponteseditores.com.br\/loja3\/"},{"@type":"ListItem","position":2,"name":"loja","item":"https:\/\/ponteseditores.com.br\/loja3\/loja\/"},{"@type":"ListItem","position":3,"name":"LINGU\u00cdSTICA CONTRASTIVA HOMENAGEM A EMILIO RIDRUEJO ALONSO Cole\u00e7\u00e3o CALEPINO &#8211; Volume 2"}]},{"@type":"WebSite","@id":"https:\/\/ponteseditores.com.br\/loja3\/#website","url":"https:\/\/ponteseditores.com.br\/loja3\/","name":"Pontes Editores","description":"Pontes Editores","publisher":{"@id":"https:\/\/ponteseditores.com.br\/loja3\/#organization"},"potentialAction":[{"@type":"SearchAction","target":{"@type":"EntryPoint","urlTemplate":"https:\/\/ponteseditores.com.br\/loja3\/?s={search_term_string}"},"query-input":{"@type":"PropertyValueSpecification","valueRequired":true,"valueName":"search_term_string"}}],"inLanguage":"pt-BR"},{"@type":"Organization","@id":"https:\/\/ponteseditores.com.br\/loja3\/#organization","name":"Pontes Editores","url":"https:\/\/ponteseditores.com.br\/loja3\/","logo":{"@type":"ImageObject","inLanguage":"pt-BR","@id":"https:\/\/ponteseditores.com.br\/loja3\/#\/schema\/logo\/image\/","url":"https:\/\/ponteseditores.com.br\/loja3\/wp-content\/uploads\/2023\/12\/logo-pontes-editores-v2.png","contentUrl":"https:\/\/ponteseditores.com.br\/loja3\/wp-content\/uploads\/2023\/12\/logo-pontes-editores-v2.png","width":258,"height":100,"caption":"Pontes Editores"},"image":{"@id":"https:\/\/ponteseditores.com.br\/loja3\/#\/schema\/logo\/image\/"}}]}},"_links":{"self":[{"href":"https:\/\/ponteseditores.com.br\/loja3\/wp-json\/wp\/v2\/product\/8308","targetHints":{"allow":["GET"]}}],"collection":[{"href":"https:\/\/ponteseditores.com.br\/loja3\/wp-json\/wp\/v2\/product"}],"about":[{"href":"https:\/\/ponteseditores.com.br\/loja3\/wp-json\/wp\/v2\/types\/product"}],"replies":[{"embeddable":true,"href":"https:\/\/ponteseditores.com.br\/loja3\/wp-json\/wp\/v2\/comments?post=8308"}],"version-history":[{"count":0,"href":"https:\/\/ponteseditores.com.br\/loja3\/wp-json\/wp\/v2\/product\/8308\/revisions"}],"wp:featuredmedia":[{"embeddable":true,"href":"https:\/\/ponteseditores.com.br\/loja3\/wp-json\/wp\/v2\/media\/8307"}],"wp:attachment":[{"href":"https:\/\/ponteseditores.com.br\/loja3\/wp-json\/wp\/v2\/media?parent=8308"}],"wp:term":[{"taxonomy":"product_brand","embeddable":true,"href":"https:\/\/ponteseditores.com.br\/loja3\/wp-json\/wp\/v2\/product_brand?post=8308"},{"taxonomy":"product_cat","embeddable":true,"href":"https:\/\/ponteseditores.com.br\/loja3\/wp-json\/wp\/v2\/product_cat?post=8308"},{"taxonomy":"product_tag","embeddable":true,"href":"https:\/\/ponteseditores.com.br\/loja3\/wp-json\/wp\/v2\/product_tag?post=8308"}],"curies":[{"name":"wp","href":"https:\/\/api.w.org\/{rel}","templated":true}]}}