{"id":8259,"date":"2023-12-16T00:14:27","date_gmt":"2023-12-16T03:14:27","guid":{"rendered":"https:\/\/ponteseditores.com.br\/loja3\/pontes-editores-home-2__trashed\/sem categoria\/traducao-e-criacao-entre-campos\/"},"modified":"2025-05-12T12:52:50","modified_gmt":"2025-05-12T15:52:50","slug":"traducao-e-criacao-entre-campos","status":"publish","type":"product","link":"https:\/\/ponteseditores.com.br\/loja3\/pontes-editores-home-2__trashed\/linguistica\/traducao-e-criacao-entre-campos\/","title":{"rendered":"Tradu\u00e7\u00e3o e cria\u00e7\u00e3o: entre campos"},"content":{"rendered":"<p>Espet\u00e1culo popcreto, palimpsesto de paix\u00f5es, epifania oral, economia textual, po\u00e9tica sincr\u00f4nica do afeto, divino deleite em verso, interpreta\u00e7\u00e3o em sinais, materialidade est\u00e9tica, babeliza\u00e7\u00e3o multi-lubrida e o prazer da cria\u00e7\u00e3o e da tradu\u00e7\u00e3o s\u00e3o os temas e as trilhas que se entrecruzam nessa colet\u00e2nea organizada por Beethoven Alvarez e Carolina Paganine, da Universidade Federal Fluminense (UFF). Animoso resultado dos trabalhos apresentados durante o II Col\u00f3quio Tradu\u00e7\u00e3o e Cria\u00e7\u00e3o, realizado em maio de 2019, em Niter\u00f3i, e organizado pelo N\u00facleo de Tradu\u00e7\u00e3o e Cria\u00e7\u00e3o (ntc\/UFF), este livro se embrenha nos &#8220;entre campos&#8221; do fazer po\u00e9tico e do traduzir para refletir sobre o continuun sens\u00edvel que os conecta e para investigar os caminhos criativos da tradu\u00e7\u00e3o. Pesquisadores de diversas \u00e1reas, professores e professoras, poetas, tradutores e tradutoras, do Brasil e da Argentina, contribuem com as discuss\u00f5es que ora se imprimem neste livro, que \u00e9 uma esp\u00e9cie de volume 2 do seu antecessor, Tradu\u00e7\u00e3o e Cria\u00e7\u00e3o: Entrela\u00e7amentos (2019). O segundo col\u00f3quio do ntc\/UFF, particularmente, contou com uma homenagem a Augusto de Campos, cuja obra \u00e9 emblema das rela\u00e7\u00f5es interdependentes entre o ato de traduzir e criar. N\u00e3o \u00e0 toa o poema &#8220;Olho por olho&#8221; de Augusto de Campos, com arte de Veronica d&#8217;Orey, estampa a capa deste volume, que ent\u00e3o se constitui como materialidade concreta, objeto-coisa de rever\u00eancia. Que a leitura dos 11 textos que integram esta colet\u00e2nea, entre m\u00e9todos e afetos, entre vozes e l\u00ednguas, entre Campos, contribuam com o desenvolvimento dos Estudos da Tradu\u00e7\u00e3o, da Interpreta\u00e7\u00e3o e da Cria\u00e7\u00e3o. Que busquemos a meta de que fala Augusto em Hopkins: a beleza dif\u00edcil, a meta de construir poemas &#8220;que querem responder \u00e0 arte com mais arte. Poemas que n\u00e3o precisam de desculpas nem pedem perd\u00e3o por existirem. [&#8230;] Tradu\u00e7\u00e3o-arte. Conversa entre poetas&#8221; (Perspectiva, 1997, p. 17).<\/p>\n","protected":false},"excerpt":{"rendered":"<p>Espet\u00e1culo popcreto, palimpsesto de paix\u00f5es, epifania oral, economia textual, po\u00e9tica sincr\u00f4nica do afeto, divino deleite em verso, interpreta\u00e7\u00e3o em sinais, materialidade est\u00e9tica, babeliza\u00e7\u00e3o multi-lubrida e o prazer da cria\u00e7\u00e3o e da tradu\u00e7\u00e3o s\u00e3o os temas e as trilhas que se entrecruzam nessa colet\u00e2nea organizada por Beethoven Alvarez e Carolina Paganine, da Universidade Federal Fluminense (UFF). [&hellip;]<\/p>\n","protected":false},"featured_media":8258,"comment_status":"open","ping_status":"closed","template":"","meta":{"_joinchat":[]},"product_brand":[],"product_cat":[31,305],"product_tag":[],"class_list":{"0":"post-8259","1":"product","2":"type-product","3":"status-publish","4":"has-post-thumbnail","6":"product_cat-linguistica","7":"product_cat-traducao","9":"first","10":"instock","11":"shipping-taxable","12":"purchasable","13":"product-type-simple"},"yoast_head":"<!-- This site is optimized with the Yoast SEO plugin v27.4 - https:\/\/yoast.com\/product\/yoast-seo-wordpress\/ -->\n<title>Tradu\u00e7\u00e3o e cria\u00e7\u00e3o: entre campos - Pontes Editores<\/title>\n<meta name=\"robots\" content=\"index, follow, max-snippet:-1, max-image-preview:large, max-video-preview:-1\" \/>\n<link rel=\"canonical\" href=\"https:\/\/ponteseditores.com.br\/loja3\/pontes-editores-home-2__trashed\/linguistica\/traducao-e-criacao-entre-campos\/\" \/>\n<meta property=\"og:locale\" content=\"pt_BR\" \/>\n<meta property=\"og:type\" content=\"article\" \/>\n<meta property=\"og:title\" content=\"Tradu\u00e7\u00e3o e cria\u00e7\u00e3o: entre campos - Pontes Editores\" \/>\n<meta property=\"og:description\" content=\"Espet\u00e1culo popcreto, palimpsesto de paix\u00f5es, epifania oral, economia textual, po\u00e9tica sincr\u00f4nica do afeto, divino deleite em verso, interpreta\u00e7\u00e3o em sinais, materialidade est\u00e9tica, babeliza\u00e7\u00e3o multi-lubrida e o prazer da cria\u00e7\u00e3o e da tradu\u00e7\u00e3o s\u00e3o os temas e as trilhas que se entrecruzam nessa colet\u00e2nea organizada por Beethoven Alvarez e Carolina Paganine, da Universidade Federal Fluminense (UFF). [&hellip;]\" \/>\n<meta property=\"og:url\" content=\"https:\/\/ponteseditores.com.br\/loja3\/pontes-editores-home-2__trashed\/linguistica\/traducao-e-criacao-entre-campos\/\" \/>\n<meta property=\"og:site_name\" content=\"Pontes Editores\" \/>\n<meta property=\"article:modified_time\" content=\"2025-05-12T15:52:50+00:00\" \/>\n<meta property=\"og:image\" content=\"https:\/\/ponteseditores.com.br\/loja3\/wp-content\/uploads\/2023\/12\/Capa_Traducao-2.jpg\" \/>\n\t<meta property=\"og:image:width\" content=\"1728\" \/>\n\t<meta property=\"og:image:height\" content=\"2443\" \/>\n\t<meta property=\"og:image:type\" content=\"image\/jpeg\" \/>\n<meta name=\"twitter:card\" content=\"summary_large_image\" \/>\n<meta name=\"twitter:label1\" content=\"Est. tempo de leitura\" \/>\n\t<meta name=\"twitter:data1\" content=\"2 minutos\" \/>\n<script type=\"application\/ld+json\" class=\"yoast-schema-graph\">{\"@context\":\"https:\\\/\\\/schema.org\",\"@graph\":[{\"@type\":\"WebPage\",\"@id\":\"https:\\\/\\\/ponteseditores.com.br\\\/loja3\\\/pontes-editores-home-2__trashed\\\/linguistica\\\/traducao-e-criacao-entre-campos\\\/\",\"url\":\"https:\\\/\\\/ponteseditores.com.br\\\/loja3\\\/pontes-editores-home-2__trashed\\\/linguistica\\\/traducao-e-criacao-entre-campos\\\/\",\"name\":\"Tradu\u00e7\u00e3o e cria\u00e7\u00e3o: entre campos - Pontes Editores\",\"isPartOf\":{\"@id\":\"https:\\\/\\\/ponteseditores.com.br\\\/loja3\\\/#website\"},\"primaryImageOfPage\":{\"@id\":\"https:\\\/\\\/ponteseditores.com.br\\\/loja3\\\/pontes-editores-home-2__trashed\\\/linguistica\\\/traducao-e-criacao-entre-campos\\\/#primaryimage\"},\"image\":{\"@id\":\"https:\\\/\\\/ponteseditores.com.br\\\/loja3\\\/pontes-editores-home-2__trashed\\\/linguistica\\\/traducao-e-criacao-entre-campos\\\/#primaryimage\"},\"thumbnailUrl\":\"https:\\\/\\\/ponteseditores.com.br\\\/loja3\\\/wp-content\\\/uploads\\\/2023\\\/12\\\/Capa_Traducao-2.jpg\",\"datePublished\":\"2023-12-16T03:14:27+00:00\",\"dateModified\":\"2025-05-12T15:52:50+00:00\",\"breadcrumb\":{\"@id\":\"https:\\\/\\\/ponteseditores.com.br\\\/loja3\\\/pontes-editores-home-2__trashed\\\/linguistica\\\/traducao-e-criacao-entre-campos\\\/#breadcrumb\"},\"inLanguage\":\"pt-BR\",\"potentialAction\":[{\"@type\":\"ReadAction\",\"target\":[\"https:\\\/\\\/ponteseditores.com.br\\\/loja3\\\/pontes-editores-home-2__trashed\\\/linguistica\\\/traducao-e-criacao-entre-campos\\\/\"]}]},{\"@type\":\"ImageObject\",\"inLanguage\":\"pt-BR\",\"@id\":\"https:\\\/\\\/ponteseditores.com.br\\\/loja3\\\/pontes-editores-home-2__trashed\\\/linguistica\\\/traducao-e-criacao-entre-campos\\\/#primaryimage\",\"url\":\"https:\\\/\\\/ponteseditores.com.br\\\/loja3\\\/wp-content\\\/uploads\\\/2023\\\/12\\\/Capa_Traducao-2.jpg\",\"contentUrl\":\"https:\\\/\\\/ponteseditores.com.br\\\/loja3\\\/wp-content\\\/uploads\\\/2023\\\/12\\\/Capa_Traducao-2.jpg\",\"width\":1728,\"height\":2443},{\"@type\":\"BreadcrumbList\",\"@id\":\"https:\\\/\\\/ponteseditores.com.br\\\/loja3\\\/pontes-editores-home-2__trashed\\\/linguistica\\\/traducao-e-criacao-entre-campos\\\/#breadcrumb\",\"itemListElement\":[{\"@type\":\"ListItem\",\"position\":1,\"name\":\"Home\",\"item\":\"https:\\\/\\\/ponteseditores.com.br\\\/loja3\\\/\"},{\"@type\":\"ListItem\",\"position\":2,\"name\":\"loja\",\"item\":\"https:\\\/\\\/ponteseditores.com.br\\\/loja3\\\/loja\\\/\"},{\"@type\":\"ListItem\",\"position\":3,\"name\":\"Tradu\u00e7\u00e3o e cria\u00e7\u00e3o: entre campos\"}]},{\"@type\":\"WebSite\",\"@id\":\"https:\\\/\\\/ponteseditores.com.br\\\/loja3\\\/#website\",\"url\":\"https:\\\/\\\/ponteseditores.com.br\\\/loja3\\\/\",\"name\":\"Pontes Editores\",\"description\":\"Pontes Editores\",\"publisher\":{\"@id\":\"https:\\\/\\\/ponteseditores.com.br\\\/loja3\\\/#organization\"},\"potentialAction\":[{\"@type\":\"SearchAction\",\"target\":{\"@type\":\"EntryPoint\",\"urlTemplate\":\"https:\\\/\\\/ponteseditores.com.br\\\/loja3\\\/?s={search_term_string}\"},\"query-input\":{\"@type\":\"PropertyValueSpecification\",\"valueRequired\":true,\"valueName\":\"search_term_string\"}}],\"inLanguage\":\"pt-BR\"},{\"@type\":\"Organization\",\"@id\":\"https:\\\/\\\/ponteseditores.com.br\\\/loja3\\\/#organization\",\"name\":\"Pontes Editores\",\"url\":\"https:\\\/\\\/ponteseditores.com.br\\\/loja3\\\/\",\"logo\":{\"@type\":\"ImageObject\",\"inLanguage\":\"pt-BR\",\"@id\":\"https:\\\/\\\/ponteseditores.com.br\\\/loja3\\\/#\\\/schema\\\/logo\\\/image\\\/\",\"url\":\"https:\\\/\\\/ponteseditores.com.br\\\/loja3\\\/wp-content\\\/uploads\\\/2023\\\/12\\\/logo-pontes-editores-v2.png\",\"contentUrl\":\"https:\\\/\\\/ponteseditores.com.br\\\/loja3\\\/wp-content\\\/uploads\\\/2023\\\/12\\\/logo-pontes-editores-v2.png\",\"width\":258,\"height\":100,\"caption\":\"Pontes Editores\"},\"image\":{\"@id\":\"https:\\\/\\\/ponteseditores.com.br\\\/loja3\\\/#\\\/schema\\\/logo\\\/image\\\/\"}}]}<\/script>\n<!-- \/ Yoast SEO plugin. -->","yoast_head_json":{"title":"Tradu\u00e7\u00e3o e cria\u00e7\u00e3o: entre campos - Pontes Editores","robots":{"index":"index","follow":"follow","max-snippet":"max-snippet:-1","max-image-preview":"max-image-preview:large","max-video-preview":"max-video-preview:-1"},"canonical":"https:\/\/ponteseditores.com.br\/loja3\/pontes-editores-home-2__trashed\/linguistica\/traducao-e-criacao-entre-campos\/","og_locale":"pt_BR","og_type":"article","og_title":"Tradu\u00e7\u00e3o e cria\u00e7\u00e3o: entre campos - Pontes Editores","og_description":"Espet\u00e1culo popcreto, palimpsesto de paix\u00f5es, epifania oral, economia textual, po\u00e9tica sincr\u00f4nica do afeto, divino deleite em verso, interpreta\u00e7\u00e3o em sinais, materialidade est\u00e9tica, babeliza\u00e7\u00e3o multi-lubrida e o prazer da cria\u00e7\u00e3o e da tradu\u00e7\u00e3o s\u00e3o os temas e as trilhas que se entrecruzam nessa colet\u00e2nea organizada por Beethoven Alvarez e Carolina Paganine, da Universidade Federal Fluminense (UFF). [&hellip;]","og_url":"https:\/\/ponteseditores.com.br\/loja3\/pontes-editores-home-2__trashed\/linguistica\/traducao-e-criacao-entre-campos\/","og_site_name":"Pontes Editores","article_modified_time":"2025-05-12T15:52:50+00:00","og_image":[{"width":1728,"height":2443,"url":"https:\/\/ponteseditores.com.br\/loja3\/wp-content\/uploads\/2023\/12\/Capa_Traducao-2.jpg","type":"image\/jpeg"}],"twitter_card":"summary_large_image","twitter_misc":{"Est. tempo de leitura":"2 minutos"},"schema":{"@context":"https:\/\/schema.org","@graph":[{"@type":"WebPage","@id":"https:\/\/ponteseditores.com.br\/loja3\/pontes-editores-home-2__trashed\/linguistica\/traducao-e-criacao-entre-campos\/","url":"https:\/\/ponteseditores.com.br\/loja3\/pontes-editores-home-2__trashed\/linguistica\/traducao-e-criacao-entre-campos\/","name":"Tradu\u00e7\u00e3o e cria\u00e7\u00e3o: entre campos - Pontes Editores","isPartOf":{"@id":"https:\/\/ponteseditores.com.br\/loja3\/#website"},"primaryImageOfPage":{"@id":"https:\/\/ponteseditores.com.br\/loja3\/pontes-editores-home-2__trashed\/linguistica\/traducao-e-criacao-entre-campos\/#primaryimage"},"image":{"@id":"https:\/\/ponteseditores.com.br\/loja3\/pontes-editores-home-2__trashed\/linguistica\/traducao-e-criacao-entre-campos\/#primaryimage"},"thumbnailUrl":"https:\/\/ponteseditores.com.br\/loja3\/wp-content\/uploads\/2023\/12\/Capa_Traducao-2.jpg","datePublished":"2023-12-16T03:14:27+00:00","dateModified":"2025-05-12T15:52:50+00:00","breadcrumb":{"@id":"https:\/\/ponteseditores.com.br\/loja3\/pontes-editores-home-2__trashed\/linguistica\/traducao-e-criacao-entre-campos\/#breadcrumb"},"inLanguage":"pt-BR","potentialAction":[{"@type":"ReadAction","target":["https:\/\/ponteseditores.com.br\/loja3\/pontes-editores-home-2__trashed\/linguistica\/traducao-e-criacao-entre-campos\/"]}]},{"@type":"ImageObject","inLanguage":"pt-BR","@id":"https:\/\/ponteseditores.com.br\/loja3\/pontes-editores-home-2__trashed\/linguistica\/traducao-e-criacao-entre-campos\/#primaryimage","url":"https:\/\/ponteseditores.com.br\/loja3\/wp-content\/uploads\/2023\/12\/Capa_Traducao-2.jpg","contentUrl":"https:\/\/ponteseditores.com.br\/loja3\/wp-content\/uploads\/2023\/12\/Capa_Traducao-2.jpg","width":1728,"height":2443},{"@type":"BreadcrumbList","@id":"https:\/\/ponteseditores.com.br\/loja3\/pontes-editores-home-2__trashed\/linguistica\/traducao-e-criacao-entre-campos\/#breadcrumb","itemListElement":[{"@type":"ListItem","position":1,"name":"Home","item":"https:\/\/ponteseditores.com.br\/loja3\/"},{"@type":"ListItem","position":2,"name":"loja","item":"https:\/\/ponteseditores.com.br\/loja3\/loja\/"},{"@type":"ListItem","position":3,"name":"Tradu\u00e7\u00e3o e cria\u00e7\u00e3o: entre campos"}]},{"@type":"WebSite","@id":"https:\/\/ponteseditores.com.br\/loja3\/#website","url":"https:\/\/ponteseditores.com.br\/loja3\/","name":"Pontes Editores","description":"Pontes Editores","publisher":{"@id":"https:\/\/ponteseditores.com.br\/loja3\/#organization"},"potentialAction":[{"@type":"SearchAction","target":{"@type":"EntryPoint","urlTemplate":"https:\/\/ponteseditores.com.br\/loja3\/?s={search_term_string}"},"query-input":{"@type":"PropertyValueSpecification","valueRequired":true,"valueName":"search_term_string"}}],"inLanguage":"pt-BR"},{"@type":"Organization","@id":"https:\/\/ponteseditores.com.br\/loja3\/#organization","name":"Pontes Editores","url":"https:\/\/ponteseditores.com.br\/loja3\/","logo":{"@type":"ImageObject","inLanguage":"pt-BR","@id":"https:\/\/ponteseditores.com.br\/loja3\/#\/schema\/logo\/image\/","url":"https:\/\/ponteseditores.com.br\/loja3\/wp-content\/uploads\/2023\/12\/logo-pontes-editores-v2.png","contentUrl":"https:\/\/ponteseditores.com.br\/loja3\/wp-content\/uploads\/2023\/12\/logo-pontes-editores-v2.png","width":258,"height":100,"caption":"Pontes Editores"},"image":{"@id":"https:\/\/ponteseditores.com.br\/loja3\/#\/schema\/logo\/image\/"}}]}},"_links":{"self":[{"href":"https:\/\/ponteseditores.com.br\/loja3\/wp-json\/wp\/v2\/product\/8259","targetHints":{"allow":["GET"]}}],"collection":[{"href":"https:\/\/ponteseditores.com.br\/loja3\/wp-json\/wp\/v2\/product"}],"about":[{"href":"https:\/\/ponteseditores.com.br\/loja3\/wp-json\/wp\/v2\/types\/product"}],"replies":[{"embeddable":true,"href":"https:\/\/ponteseditores.com.br\/loja3\/wp-json\/wp\/v2\/comments?post=8259"}],"version-history":[{"count":0,"href":"https:\/\/ponteseditores.com.br\/loja3\/wp-json\/wp\/v2\/product\/8259\/revisions"}],"wp:featuredmedia":[{"embeddable":true,"href":"https:\/\/ponteseditores.com.br\/loja3\/wp-json\/wp\/v2\/media\/8258"}],"wp:attachment":[{"href":"https:\/\/ponteseditores.com.br\/loja3\/wp-json\/wp\/v2\/media?parent=8259"}],"wp:term":[{"taxonomy":"product_brand","embeddable":true,"href":"https:\/\/ponteseditores.com.br\/loja3\/wp-json\/wp\/v2\/product_brand?post=8259"},{"taxonomy":"product_cat","embeddable":true,"href":"https:\/\/ponteseditores.com.br\/loja3\/wp-json\/wp\/v2\/product_cat?post=8259"},{"taxonomy":"product_tag","embeddable":true,"href":"https:\/\/ponteseditores.com.br\/loja3\/wp-json\/wp\/v2\/product_tag?post=8259"}],"curies":[{"name":"wp","href":"https:\/\/api.w.org\/{rel}","templated":true}]}}