{"id":8153,"date":"2023-12-15T16:19:51","date_gmt":"2023-12-15T19:19:51","guid":{"rendered":"https:\/\/ponteseditores.com.br\/loja3\/?post_type=product&#038;p=8153"},"modified":"2024-10-08T11:29:15","modified_gmt":"2024-10-08T14:29:15","slug":"caminhos-para-harry-potter-do-medievalismo-a-pos-modernidade","status":"publish","type":"product","link":"https:\/\/ponteseditores.com.br\/loja3\/pontes-editores-home-2__trashed\/ebook\/caminhos-para-harry-potter-do-medievalismo-a-pos-modernidade\/","title":{"rendered":"Caminhos para Harry Potter: do medievalismo \u00e1 p\u00f3s-modernidade"},"content":{"rendered":"<p>Para aqueles que acreditam, de forma cabal\u00edstica, somos sete vozes femininas refletindo e discorrendo sobre os sete tomos que comp\u00f5em o fen\u00f4meno Harry Potter, publicados entre 1997 e 2007. Assim, a narrativa de J.K. Rowling envolvendo um mundo fant\u00e1stico de bruxaria, magia e esoterismo ganha aqui uma representatividade muito peculiar&#8230; Ideias misturadas num caldeir\u00e3o que, longe de ser furado, ideais que amadureceram numa fervura que nos trouxe satisfa\u00e7\u00e3o, ousadia, imagina\u00e7\u00e3o e a pitada essencial do desejo de reverenciar o que se tornou um de nossos mundos favoritos ao redor de Hogwarts.<\/p>\n<p>Dessa forma, neste livro oferecemos discuss\u00f5es sobre t\u00f3picos que abrangem n\u00e3o s\u00f3 um grande per\u00edodo de nossa hist\u00f3ria \u2013 da Era Medieval \u00e0 contemporaneidade \u2013 mas que elucidam pontos relevantes para o entendimento da obra como um todo. Tanto as teorias quanto as tem\u00e1ticas selecionadas buscam proporcionar ao leitor subs\u00eddios para futuras indaga\u00e7\u00f5es e reflex\u00f5es sobre a saga, bem como sobre nossas sociedades e como operam no que diz respeito a valores, cren\u00e7as e comportamentos individuais ou coletivos<\/p>\n","protected":false},"excerpt":{"rendered":"<p>Para aqueles que acreditam, de forma cabal\u00edstica, somos sete vozes femininas refletindo e discorrendo sobre os sete tomos que comp\u00f5em o fen\u00f4meno Harry Potter, publicados entre 1997 e 2007. Assim, a narrativa de J.K. Rowling envolvendo um mundo fant\u00e1stico de bruxaria, magia e esoterismo ganha aqui uma representatividade muito peculiar&#8230; Ideias misturadas num caldeir\u00e3o que, [&hellip;]<\/p>\n","protected":false},"featured_media":7210,"comment_status":"open","ping_status":"closed","template":"","meta":{"_joinchat":[]},"product_brand":[],"product_cat":[301,297,165],"product_tag":[],"class_list":{"0":"post-8153","1":"product","2":"type-product","3":"status-publish","4":"has-post-thumbnail","6":"product_cat-analise-de-discurso","7":"product_cat-critica-literaria","8":"product_cat-ebook","9":"product_shipping_class-download","11":"first","12":"instock","13":"downloadable","14":"virtual","15":"purchasable","16":"product-type-simple"},"yoast_head":"<!-- This site is optimized with the Yoast SEO plugin v27.4 - https:\/\/yoast.com\/product\/yoast-seo-wordpress\/ -->\n<title>Caminhos para Harry Potter: do medievalismo \u00e1 p\u00f3s-modernidade - Pontes Editores<\/title>\n<meta name=\"robots\" content=\"index, follow, max-snippet:-1, max-image-preview:large, max-video-preview:-1\" \/>\n<link rel=\"canonical\" href=\"https:\/\/ponteseditores.com.br\/loja3\/pontes-editores-home-2__trashed\/ebook\/caminhos-para-harry-potter-do-medievalismo-a-pos-modernidade\/\" \/>\n<meta property=\"og:locale\" content=\"pt_BR\" \/>\n<meta property=\"og:type\" content=\"article\" \/>\n<meta property=\"og:title\" content=\"Caminhos para Harry Potter: do medievalismo \u00e1 p\u00f3s-modernidade - Pontes Editores\" \/>\n<meta property=\"og:description\" content=\"Para aqueles que acreditam, de forma cabal\u00edstica, somos sete vozes femininas refletindo e discorrendo sobre os sete tomos que comp\u00f5em o fen\u00f4meno Harry Potter, publicados entre 1997 e 2007. Assim, a narrativa de J.K. Rowling envolvendo um mundo fant\u00e1stico de bruxaria, magia e esoterismo ganha aqui uma representatividade muito peculiar&#8230; Ideias misturadas num caldeir\u00e3o que, [&hellip;]\" \/>\n<meta property=\"og:url\" content=\"https:\/\/ponteseditores.com.br\/loja3\/pontes-editores-home-2__trashed\/ebook\/caminhos-para-harry-potter-do-medievalismo-a-pos-modernidade\/\" \/>\n<meta property=\"og:site_name\" content=\"Pontes Editores\" \/>\n<meta property=\"article:modified_time\" content=\"2024-10-08T14:29:15+00:00\" \/>\n<meta property=\"og:image\" content=\"https:\/\/ponteseditores.com.br\/loja3\/wp-content\/uploads\/2023\/12\/Capa_-Caminhos-Harry-Potter.jpg\" \/>\n\t<meta property=\"og:image:width\" content=\"1400\" \/>\n\t<meta property=\"og:image:height\" content=\"1979\" \/>\n\t<meta property=\"og:image:type\" content=\"image\/jpeg\" \/>\n<meta name=\"twitter:card\" content=\"summary_large_image\" \/>\n<meta name=\"twitter:label1\" content=\"Est. tempo de leitura\" \/>\n\t<meta name=\"twitter:data1\" content=\"1 minuto\" \/>\n<script type=\"application\/ld+json\" class=\"yoast-schema-graph\">{\"@context\":\"https:\\\/\\\/schema.org\",\"@graph\":[{\"@type\":\"WebPage\",\"@id\":\"https:\\\/\\\/ponteseditores.com.br\\\/loja3\\\/pontes-editores-home-2__trashed\\\/ebook\\\/caminhos-para-harry-potter-do-medievalismo-a-pos-modernidade\\\/\",\"url\":\"https:\\\/\\\/ponteseditores.com.br\\\/loja3\\\/pontes-editores-home-2__trashed\\\/ebook\\\/caminhos-para-harry-potter-do-medievalismo-a-pos-modernidade\\\/\",\"name\":\"Caminhos para Harry Potter: do medievalismo \u00e1 p\u00f3s-modernidade - Pontes Editores\",\"isPartOf\":{\"@id\":\"https:\\\/\\\/ponteseditores.com.br\\\/loja3\\\/#website\"},\"primaryImageOfPage\":{\"@id\":\"https:\\\/\\\/ponteseditores.com.br\\\/loja3\\\/pontes-editores-home-2__trashed\\\/ebook\\\/caminhos-para-harry-potter-do-medievalismo-a-pos-modernidade\\\/#primaryimage\"},\"image\":{\"@id\":\"https:\\\/\\\/ponteseditores.com.br\\\/loja3\\\/pontes-editores-home-2__trashed\\\/ebook\\\/caminhos-para-harry-potter-do-medievalismo-a-pos-modernidade\\\/#primaryimage\"},\"thumbnailUrl\":\"https:\\\/\\\/ponteseditores.com.br\\\/loja3\\\/wp-content\\\/uploads\\\/2023\\\/12\\\/Capa_-Caminhos-Harry-Potter.jpg\",\"datePublished\":\"2023-12-15T19:19:51+00:00\",\"dateModified\":\"2024-10-08T14:29:15+00:00\",\"breadcrumb\":{\"@id\":\"https:\\\/\\\/ponteseditores.com.br\\\/loja3\\\/pontes-editores-home-2__trashed\\\/ebook\\\/caminhos-para-harry-potter-do-medievalismo-a-pos-modernidade\\\/#breadcrumb\"},\"inLanguage\":\"pt-BR\",\"potentialAction\":[{\"@type\":\"ReadAction\",\"target\":[\"https:\\\/\\\/ponteseditores.com.br\\\/loja3\\\/pontes-editores-home-2__trashed\\\/ebook\\\/caminhos-para-harry-potter-do-medievalismo-a-pos-modernidade\\\/\"]}]},{\"@type\":\"ImageObject\",\"inLanguage\":\"pt-BR\",\"@id\":\"https:\\\/\\\/ponteseditores.com.br\\\/loja3\\\/pontes-editores-home-2__trashed\\\/ebook\\\/caminhos-para-harry-potter-do-medievalismo-a-pos-modernidade\\\/#primaryimage\",\"url\":\"https:\\\/\\\/ponteseditores.com.br\\\/loja3\\\/wp-content\\\/uploads\\\/2023\\\/12\\\/Capa_-Caminhos-Harry-Potter.jpg\",\"contentUrl\":\"https:\\\/\\\/ponteseditores.com.br\\\/loja3\\\/wp-content\\\/uploads\\\/2023\\\/12\\\/Capa_-Caminhos-Harry-Potter.jpg\",\"width\":1400,\"height\":1979},{\"@type\":\"BreadcrumbList\",\"@id\":\"https:\\\/\\\/ponteseditores.com.br\\\/loja3\\\/pontes-editores-home-2__trashed\\\/ebook\\\/caminhos-para-harry-potter-do-medievalismo-a-pos-modernidade\\\/#breadcrumb\",\"itemListElement\":[{\"@type\":\"ListItem\",\"position\":1,\"name\":\"Home\",\"item\":\"https:\\\/\\\/ponteseditores.com.br\\\/loja3\\\/\"},{\"@type\":\"ListItem\",\"position\":2,\"name\":\"loja\",\"item\":\"https:\\\/\\\/ponteseditores.com.br\\\/loja3\\\/loja\\\/\"},{\"@type\":\"ListItem\",\"position\":3,\"name\":\"Caminhos para Harry Potter: do medievalismo \u00e1 p\u00f3s-modernidade\"}]},{\"@type\":\"WebSite\",\"@id\":\"https:\\\/\\\/ponteseditores.com.br\\\/loja3\\\/#website\",\"url\":\"https:\\\/\\\/ponteseditores.com.br\\\/loja3\\\/\",\"name\":\"Pontes Editores\",\"description\":\"Pontes Editores\",\"publisher\":{\"@id\":\"https:\\\/\\\/ponteseditores.com.br\\\/loja3\\\/#organization\"},\"potentialAction\":[{\"@type\":\"SearchAction\",\"target\":{\"@type\":\"EntryPoint\",\"urlTemplate\":\"https:\\\/\\\/ponteseditores.com.br\\\/loja3\\\/?s={search_term_string}\"},\"query-input\":{\"@type\":\"PropertyValueSpecification\",\"valueRequired\":true,\"valueName\":\"search_term_string\"}}],\"inLanguage\":\"pt-BR\"},{\"@type\":\"Organization\",\"@id\":\"https:\\\/\\\/ponteseditores.com.br\\\/loja3\\\/#organization\",\"name\":\"Pontes Editores\",\"url\":\"https:\\\/\\\/ponteseditores.com.br\\\/loja3\\\/\",\"logo\":{\"@type\":\"ImageObject\",\"inLanguage\":\"pt-BR\",\"@id\":\"https:\\\/\\\/ponteseditores.com.br\\\/loja3\\\/#\\\/schema\\\/logo\\\/image\\\/\",\"url\":\"https:\\\/\\\/ponteseditores.com.br\\\/loja3\\\/wp-content\\\/uploads\\\/2023\\\/12\\\/logo-pontes-editores-v2.png\",\"contentUrl\":\"https:\\\/\\\/ponteseditores.com.br\\\/loja3\\\/wp-content\\\/uploads\\\/2023\\\/12\\\/logo-pontes-editores-v2.png\",\"width\":258,\"height\":100,\"caption\":\"Pontes Editores\"},\"image\":{\"@id\":\"https:\\\/\\\/ponteseditores.com.br\\\/loja3\\\/#\\\/schema\\\/logo\\\/image\\\/\"}}]}<\/script>\n<!-- \/ Yoast SEO plugin. -->","yoast_head_json":{"title":"Caminhos para Harry Potter: do medievalismo \u00e1 p\u00f3s-modernidade - Pontes Editores","robots":{"index":"index","follow":"follow","max-snippet":"max-snippet:-1","max-image-preview":"max-image-preview:large","max-video-preview":"max-video-preview:-1"},"canonical":"https:\/\/ponteseditores.com.br\/loja3\/pontes-editores-home-2__trashed\/ebook\/caminhos-para-harry-potter-do-medievalismo-a-pos-modernidade\/","og_locale":"pt_BR","og_type":"article","og_title":"Caminhos para Harry Potter: do medievalismo \u00e1 p\u00f3s-modernidade - Pontes Editores","og_description":"Para aqueles que acreditam, de forma cabal\u00edstica, somos sete vozes femininas refletindo e discorrendo sobre os sete tomos que comp\u00f5em o fen\u00f4meno Harry Potter, publicados entre 1997 e 2007. Assim, a narrativa de J.K. Rowling envolvendo um mundo fant\u00e1stico de bruxaria, magia e esoterismo ganha aqui uma representatividade muito peculiar&#8230; Ideias misturadas num caldeir\u00e3o que, [&hellip;]","og_url":"https:\/\/ponteseditores.com.br\/loja3\/pontes-editores-home-2__trashed\/ebook\/caminhos-para-harry-potter-do-medievalismo-a-pos-modernidade\/","og_site_name":"Pontes Editores","article_modified_time":"2024-10-08T14:29:15+00:00","og_image":[{"width":1400,"height":1979,"url":"https:\/\/ponteseditores.com.br\/loja3\/wp-content\/uploads\/2023\/12\/Capa_-Caminhos-Harry-Potter.jpg","type":"image\/jpeg"}],"twitter_card":"summary_large_image","twitter_misc":{"Est. tempo de leitura":"1 minuto"},"schema":{"@context":"https:\/\/schema.org","@graph":[{"@type":"WebPage","@id":"https:\/\/ponteseditores.com.br\/loja3\/pontes-editores-home-2__trashed\/ebook\/caminhos-para-harry-potter-do-medievalismo-a-pos-modernidade\/","url":"https:\/\/ponteseditores.com.br\/loja3\/pontes-editores-home-2__trashed\/ebook\/caminhos-para-harry-potter-do-medievalismo-a-pos-modernidade\/","name":"Caminhos para Harry Potter: do medievalismo \u00e1 p\u00f3s-modernidade - Pontes Editores","isPartOf":{"@id":"https:\/\/ponteseditores.com.br\/loja3\/#website"},"primaryImageOfPage":{"@id":"https:\/\/ponteseditores.com.br\/loja3\/pontes-editores-home-2__trashed\/ebook\/caminhos-para-harry-potter-do-medievalismo-a-pos-modernidade\/#primaryimage"},"image":{"@id":"https:\/\/ponteseditores.com.br\/loja3\/pontes-editores-home-2__trashed\/ebook\/caminhos-para-harry-potter-do-medievalismo-a-pos-modernidade\/#primaryimage"},"thumbnailUrl":"https:\/\/ponteseditores.com.br\/loja3\/wp-content\/uploads\/2023\/12\/Capa_-Caminhos-Harry-Potter.jpg","datePublished":"2023-12-15T19:19:51+00:00","dateModified":"2024-10-08T14:29:15+00:00","breadcrumb":{"@id":"https:\/\/ponteseditores.com.br\/loja3\/pontes-editores-home-2__trashed\/ebook\/caminhos-para-harry-potter-do-medievalismo-a-pos-modernidade\/#breadcrumb"},"inLanguage":"pt-BR","potentialAction":[{"@type":"ReadAction","target":["https:\/\/ponteseditores.com.br\/loja3\/pontes-editores-home-2__trashed\/ebook\/caminhos-para-harry-potter-do-medievalismo-a-pos-modernidade\/"]}]},{"@type":"ImageObject","inLanguage":"pt-BR","@id":"https:\/\/ponteseditores.com.br\/loja3\/pontes-editores-home-2__trashed\/ebook\/caminhos-para-harry-potter-do-medievalismo-a-pos-modernidade\/#primaryimage","url":"https:\/\/ponteseditores.com.br\/loja3\/wp-content\/uploads\/2023\/12\/Capa_-Caminhos-Harry-Potter.jpg","contentUrl":"https:\/\/ponteseditores.com.br\/loja3\/wp-content\/uploads\/2023\/12\/Capa_-Caminhos-Harry-Potter.jpg","width":1400,"height":1979},{"@type":"BreadcrumbList","@id":"https:\/\/ponteseditores.com.br\/loja3\/pontes-editores-home-2__trashed\/ebook\/caminhos-para-harry-potter-do-medievalismo-a-pos-modernidade\/#breadcrumb","itemListElement":[{"@type":"ListItem","position":1,"name":"Home","item":"https:\/\/ponteseditores.com.br\/loja3\/"},{"@type":"ListItem","position":2,"name":"loja","item":"https:\/\/ponteseditores.com.br\/loja3\/loja\/"},{"@type":"ListItem","position":3,"name":"Caminhos para Harry Potter: do medievalismo \u00e1 p\u00f3s-modernidade"}]},{"@type":"WebSite","@id":"https:\/\/ponteseditores.com.br\/loja3\/#website","url":"https:\/\/ponteseditores.com.br\/loja3\/","name":"Pontes Editores","description":"Pontes Editores","publisher":{"@id":"https:\/\/ponteseditores.com.br\/loja3\/#organization"},"potentialAction":[{"@type":"SearchAction","target":{"@type":"EntryPoint","urlTemplate":"https:\/\/ponteseditores.com.br\/loja3\/?s={search_term_string}"},"query-input":{"@type":"PropertyValueSpecification","valueRequired":true,"valueName":"search_term_string"}}],"inLanguage":"pt-BR"},{"@type":"Organization","@id":"https:\/\/ponteseditores.com.br\/loja3\/#organization","name":"Pontes Editores","url":"https:\/\/ponteseditores.com.br\/loja3\/","logo":{"@type":"ImageObject","inLanguage":"pt-BR","@id":"https:\/\/ponteseditores.com.br\/loja3\/#\/schema\/logo\/image\/","url":"https:\/\/ponteseditores.com.br\/loja3\/wp-content\/uploads\/2023\/12\/logo-pontes-editores-v2.png","contentUrl":"https:\/\/ponteseditores.com.br\/loja3\/wp-content\/uploads\/2023\/12\/logo-pontes-editores-v2.png","width":258,"height":100,"caption":"Pontes Editores"},"image":{"@id":"https:\/\/ponteseditores.com.br\/loja3\/#\/schema\/logo\/image\/"}}]}},"_links":{"self":[{"href":"https:\/\/ponteseditores.com.br\/loja3\/wp-json\/wp\/v2\/product\/8153","targetHints":{"allow":["GET"]}}],"collection":[{"href":"https:\/\/ponteseditores.com.br\/loja3\/wp-json\/wp\/v2\/product"}],"about":[{"href":"https:\/\/ponteseditores.com.br\/loja3\/wp-json\/wp\/v2\/types\/product"}],"replies":[{"embeddable":true,"href":"https:\/\/ponteseditores.com.br\/loja3\/wp-json\/wp\/v2\/comments?post=8153"}],"version-history":[{"count":0,"href":"https:\/\/ponteseditores.com.br\/loja3\/wp-json\/wp\/v2\/product\/8153\/revisions"}],"wp:featuredmedia":[{"embeddable":true,"href":"https:\/\/ponteseditores.com.br\/loja3\/wp-json\/wp\/v2\/media\/7210"}],"wp:attachment":[{"href":"https:\/\/ponteseditores.com.br\/loja3\/wp-json\/wp\/v2\/media?parent=8153"}],"wp:term":[{"taxonomy":"product_brand","embeddable":true,"href":"https:\/\/ponteseditores.com.br\/loja3\/wp-json\/wp\/v2\/product_brand?post=8153"},{"taxonomy":"product_cat","embeddable":true,"href":"https:\/\/ponteseditores.com.br\/loja3\/wp-json\/wp\/v2\/product_cat?post=8153"},{"taxonomy":"product_tag","embeddable":true,"href":"https:\/\/ponteseditores.com.br\/loja3\/wp-json\/wp\/v2\/product_tag?post=8153"}],"curies":[{"name":"wp","href":"https:\/\/api.w.org\/{rel}","templated":true}]}}