{"id":8014,"date":"2023-12-15T09:22:35","date_gmt":"2023-12-15T12:22:35","guid":{"rendered":"https:\/\/ponteseditores.com.br\/loja3\/pontes-editores-home-2__trashed\/sem%20categoria\/monologo-dramatico-e-outras-formas-de-ficcionalizacao-da-voz-poetica\/"},"modified":"2024-01-25T14:48:46","modified_gmt":"2024-01-25T17:48:46","slug":"monologo-dramatico-e-outras-formas-de-ficcionalizacao-da-voz-poetica","status":"publish","type":"product","link":"https:\/\/ponteseditores.com.br\/loja3\/pontes-editores-home-2__trashed\/literatura\/monologo-dramatico-e-outras-formas-de-ficcionalizacao-da-voz-poetica\/","title":{"rendered":"MON\u00d3LOGO DRAM\u00c1TICO E OUTRAS  FORMAS DE FICCIONALIZA\u00c7\u00c3O DA VOZ PO\u00c9TICA"},"content":{"rendered":"<p>Os ensaios reunidos cobrem um amplo arco temporal, do Simbolismo \u00e0 poesia contempor\u00e2nea, incluindo os slams, sem se pretender esquadrinhar, obviamente, os nomes mais representativos inscritos entre essas balizas cronol\u00f3gicas. Al\u00e9m das abordagens dirigidas \u00e0 poesia brasileira, o estudo de Giovannuzzi sobre a l\u00edrica italiana e o de Shelley Roche-Jacques, que passa em revista e discute com percuci\u00eancia as principais contribui\u00e7\u00f5es \u00e0 defini\u00e7\u00e3o de mon\u00f3logo dram\u00e1tico, incluindo o estudo de Allan Sinfield, que servia at\u00e9 ent\u00e3o, como uma das principais refer\u00eancias sobre esse g\u00eanero ou subg\u00eanero po\u00e9tico.<\/p>\n","protected":false},"excerpt":{"rendered":"<p>Os ensaios reunidos cobrem um amplo arco temporal, do Simbolismo \u00e0 poesia contempor\u00e2nea, incluindo os slams, sem se pretender esquadrinhar, obviamente, os nomes mais representativos inscritos entre essas balizas cronol\u00f3gicas. Al\u00e9m das abordagens dirigidas \u00e0 poesia brasileira, o estudo de Giovannuzzi sobre a l\u00edrica italiana e o de Shelley Roche-Jacques, que passa em revista e [&hellip;]<\/p>\n","protected":false},"featured_media":8013,"comment_status":"open","ping_status":"closed","template":"","meta":{"_joinchat":[]},"product_brand":[],"product_cat":[297,287],"product_tag":[],"class_list":{"0":"post-8014","1":"product","2":"type-product","3":"status-publish","4":"has-post-thumbnail","6":"product_cat-critica-literaria","7":"product_cat-literatura","8":"product_shipping_class-livro-pontes-editores-fisico","10":"first","11":"outofstock","12":"shipping-taxable","13":"purchasable","14":"product-type-simple"},"yoast_head":"<!-- This site is optimized with the Yoast SEO plugin v27.4 - https:\/\/yoast.com\/product\/yoast-seo-wordpress\/ -->\n<title>MON\u00d3LOGO DRAM\u00c1TICO E OUTRAS FORMAS DE FICCIONALIZA\u00c7\u00c3O DA VOZ PO\u00c9TICA - Pontes Editores<\/title>\n<meta name=\"robots\" content=\"index, follow, max-snippet:-1, max-image-preview:large, max-video-preview:-1\" \/>\n<link rel=\"canonical\" href=\"https:\/\/ponteseditores.com.br\/loja3\/pontes-editores-home-2__trashed\/literatura\/monologo-dramatico-e-outras-formas-de-ficcionalizacao-da-voz-poetica\/\" \/>\n<meta property=\"og:locale\" content=\"pt_BR\" \/>\n<meta property=\"og:type\" content=\"article\" \/>\n<meta property=\"og:title\" content=\"MON\u00d3LOGO DRAM\u00c1TICO E OUTRAS FORMAS DE FICCIONALIZA\u00c7\u00c3O DA VOZ PO\u00c9TICA - Pontes Editores\" \/>\n<meta property=\"og:description\" content=\"Os ensaios reunidos cobrem um amplo arco temporal, do Simbolismo \u00e0 poesia contempor\u00e2nea, incluindo os slams, sem se pretender esquadrinhar, obviamente, os nomes mais representativos inscritos entre essas balizas cronol\u00f3gicas. Al\u00e9m das abordagens dirigidas \u00e0 poesia brasileira, o estudo de Giovannuzzi sobre a l\u00edrica italiana e o de Shelley Roche-Jacques, que passa em revista e [&hellip;]\" \/>\n<meta property=\"og:url\" content=\"https:\/\/ponteseditores.com.br\/loja3\/pontes-editores-home-2__trashed\/literatura\/monologo-dramatico-e-outras-formas-de-ficcionalizacao-da-voz-poetica\/\" \/>\n<meta property=\"og:site_name\" content=\"Pontes Editores\" \/>\n<meta property=\"article:modified_time\" content=\"2024-01-25T17:48:46+00:00\" \/>\n<meta property=\"og:image\" content=\"https:\/\/ponteseditores.com.br\/loja3\/wp-content\/uploads\/2023\/12\/mono1-3.jpg\" \/>\n\t<meta property=\"og:image:width\" content=\"687\" \/>\n\t<meta property=\"og:image:height\" content=\"1024\" \/>\n\t<meta property=\"og:image:type\" content=\"image\/jpeg\" \/>\n<meta name=\"twitter:card\" content=\"summary_large_image\" \/>\n<meta name=\"twitter:label1\" content=\"Est. tempo de leitura\" \/>\n\t<meta name=\"twitter:data1\" content=\"1 minuto\" \/>\n<script type=\"application\/ld+json\" class=\"yoast-schema-graph\">{\"@context\":\"https:\\\/\\\/schema.org\",\"@graph\":[{\"@type\":\"WebPage\",\"@id\":\"https:\\\/\\\/ponteseditores.com.br\\\/loja3\\\/pontes-editores-home-2__trashed\\\/literatura\\\/monologo-dramatico-e-outras-formas-de-ficcionalizacao-da-voz-poetica\\\/\",\"url\":\"https:\\\/\\\/ponteseditores.com.br\\\/loja3\\\/pontes-editores-home-2__trashed\\\/literatura\\\/monologo-dramatico-e-outras-formas-de-ficcionalizacao-da-voz-poetica\\\/\",\"name\":\"MON\u00d3LOGO DRAM\u00c1TICO E OUTRAS FORMAS DE FICCIONALIZA\u00c7\u00c3O DA VOZ PO\u00c9TICA - Pontes Editores\",\"isPartOf\":{\"@id\":\"https:\\\/\\\/ponteseditores.com.br\\\/loja3\\\/#website\"},\"primaryImageOfPage\":{\"@id\":\"https:\\\/\\\/ponteseditores.com.br\\\/loja3\\\/pontes-editores-home-2__trashed\\\/literatura\\\/monologo-dramatico-e-outras-formas-de-ficcionalizacao-da-voz-poetica\\\/#primaryimage\"},\"image\":{\"@id\":\"https:\\\/\\\/ponteseditores.com.br\\\/loja3\\\/pontes-editores-home-2__trashed\\\/literatura\\\/monologo-dramatico-e-outras-formas-de-ficcionalizacao-da-voz-poetica\\\/#primaryimage\"},\"thumbnailUrl\":\"https:\\\/\\\/ponteseditores.com.br\\\/loja3\\\/wp-content\\\/uploads\\\/2023\\\/12\\\/mono1-3.jpg\",\"datePublished\":\"2023-12-15T12:22:35+00:00\",\"dateModified\":\"2024-01-25T17:48:46+00:00\",\"breadcrumb\":{\"@id\":\"https:\\\/\\\/ponteseditores.com.br\\\/loja3\\\/pontes-editores-home-2__trashed\\\/literatura\\\/monologo-dramatico-e-outras-formas-de-ficcionalizacao-da-voz-poetica\\\/#breadcrumb\"},\"inLanguage\":\"pt-BR\",\"potentialAction\":[{\"@type\":\"ReadAction\",\"target\":[\"https:\\\/\\\/ponteseditores.com.br\\\/loja3\\\/pontes-editores-home-2__trashed\\\/literatura\\\/monologo-dramatico-e-outras-formas-de-ficcionalizacao-da-voz-poetica\\\/\"]}]},{\"@type\":\"ImageObject\",\"inLanguage\":\"pt-BR\",\"@id\":\"https:\\\/\\\/ponteseditores.com.br\\\/loja3\\\/pontes-editores-home-2__trashed\\\/literatura\\\/monologo-dramatico-e-outras-formas-de-ficcionalizacao-da-voz-poetica\\\/#primaryimage\",\"url\":\"https:\\\/\\\/ponteseditores.com.br\\\/loja3\\\/wp-content\\\/uploads\\\/2023\\\/12\\\/mono1-3.jpg\",\"contentUrl\":\"https:\\\/\\\/ponteseditores.com.br\\\/loja3\\\/wp-content\\\/uploads\\\/2023\\\/12\\\/mono1-3.jpg\",\"width\":687,\"height\":1024},{\"@type\":\"BreadcrumbList\",\"@id\":\"https:\\\/\\\/ponteseditores.com.br\\\/loja3\\\/pontes-editores-home-2__trashed\\\/literatura\\\/monologo-dramatico-e-outras-formas-de-ficcionalizacao-da-voz-poetica\\\/#breadcrumb\",\"itemListElement\":[{\"@type\":\"ListItem\",\"position\":1,\"name\":\"Home\",\"item\":\"https:\\\/\\\/ponteseditores.com.br\\\/loja3\\\/\"},{\"@type\":\"ListItem\",\"position\":2,\"name\":\"loja\",\"item\":\"https:\\\/\\\/ponteseditores.com.br\\\/loja3\\\/loja\\\/\"},{\"@type\":\"ListItem\",\"position\":3,\"name\":\"MON\u00d3LOGO DRAM\u00c1TICO E OUTRAS FORMAS DE FICCIONALIZA\u00c7\u00c3O DA VOZ PO\u00c9TICA\"}]},{\"@type\":\"WebSite\",\"@id\":\"https:\\\/\\\/ponteseditores.com.br\\\/loja3\\\/#website\",\"url\":\"https:\\\/\\\/ponteseditores.com.br\\\/loja3\\\/\",\"name\":\"Pontes Editores\",\"description\":\"Pontes Editores\",\"publisher\":{\"@id\":\"https:\\\/\\\/ponteseditores.com.br\\\/loja3\\\/#organization\"},\"potentialAction\":[{\"@type\":\"SearchAction\",\"target\":{\"@type\":\"EntryPoint\",\"urlTemplate\":\"https:\\\/\\\/ponteseditores.com.br\\\/loja3\\\/?s={search_term_string}\"},\"query-input\":{\"@type\":\"PropertyValueSpecification\",\"valueRequired\":true,\"valueName\":\"search_term_string\"}}],\"inLanguage\":\"pt-BR\"},{\"@type\":\"Organization\",\"@id\":\"https:\\\/\\\/ponteseditores.com.br\\\/loja3\\\/#organization\",\"name\":\"Pontes Editores\",\"url\":\"https:\\\/\\\/ponteseditores.com.br\\\/loja3\\\/\",\"logo\":{\"@type\":\"ImageObject\",\"inLanguage\":\"pt-BR\",\"@id\":\"https:\\\/\\\/ponteseditores.com.br\\\/loja3\\\/#\\\/schema\\\/logo\\\/image\\\/\",\"url\":\"https:\\\/\\\/ponteseditores.com.br\\\/loja3\\\/wp-content\\\/uploads\\\/2023\\\/12\\\/logo-pontes-editores-v2.png\",\"contentUrl\":\"https:\\\/\\\/ponteseditores.com.br\\\/loja3\\\/wp-content\\\/uploads\\\/2023\\\/12\\\/logo-pontes-editores-v2.png\",\"width\":258,\"height\":100,\"caption\":\"Pontes Editores\"},\"image\":{\"@id\":\"https:\\\/\\\/ponteseditores.com.br\\\/loja3\\\/#\\\/schema\\\/logo\\\/image\\\/\"}}]}<\/script>\n<!-- \/ Yoast SEO plugin. -->","yoast_head_json":{"title":"MON\u00d3LOGO DRAM\u00c1TICO E OUTRAS FORMAS DE FICCIONALIZA\u00c7\u00c3O DA VOZ PO\u00c9TICA - Pontes Editores","robots":{"index":"index","follow":"follow","max-snippet":"max-snippet:-1","max-image-preview":"max-image-preview:large","max-video-preview":"max-video-preview:-1"},"canonical":"https:\/\/ponteseditores.com.br\/loja3\/pontes-editores-home-2__trashed\/literatura\/monologo-dramatico-e-outras-formas-de-ficcionalizacao-da-voz-poetica\/","og_locale":"pt_BR","og_type":"article","og_title":"MON\u00d3LOGO DRAM\u00c1TICO E OUTRAS FORMAS DE FICCIONALIZA\u00c7\u00c3O DA VOZ PO\u00c9TICA - Pontes Editores","og_description":"Os ensaios reunidos cobrem um amplo arco temporal, do Simbolismo \u00e0 poesia contempor\u00e2nea, incluindo os slams, sem se pretender esquadrinhar, obviamente, os nomes mais representativos inscritos entre essas balizas cronol\u00f3gicas. Al\u00e9m das abordagens dirigidas \u00e0 poesia brasileira, o estudo de Giovannuzzi sobre a l\u00edrica italiana e o de Shelley Roche-Jacques, que passa em revista e [&hellip;]","og_url":"https:\/\/ponteseditores.com.br\/loja3\/pontes-editores-home-2__trashed\/literatura\/monologo-dramatico-e-outras-formas-de-ficcionalizacao-da-voz-poetica\/","og_site_name":"Pontes Editores","article_modified_time":"2024-01-25T17:48:46+00:00","og_image":[{"width":687,"height":1024,"url":"https:\/\/ponteseditores.com.br\/loja3\/wp-content\/uploads\/2023\/12\/mono1-3.jpg","type":"image\/jpeg"}],"twitter_card":"summary_large_image","twitter_misc":{"Est. tempo de leitura":"1 minuto"},"schema":{"@context":"https:\/\/schema.org","@graph":[{"@type":"WebPage","@id":"https:\/\/ponteseditores.com.br\/loja3\/pontes-editores-home-2__trashed\/literatura\/monologo-dramatico-e-outras-formas-de-ficcionalizacao-da-voz-poetica\/","url":"https:\/\/ponteseditores.com.br\/loja3\/pontes-editores-home-2__trashed\/literatura\/monologo-dramatico-e-outras-formas-de-ficcionalizacao-da-voz-poetica\/","name":"MON\u00d3LOGO DRAM\u00c1TICO E OUTRAS FORMAS DE FICCIONALIZA\u00c7\u00c3O DA VOZ PO\u00c9TICA - Pontes Editores","isPartOf":{"@id":"https:\/\/ponteseditores.com.br\/loja3\/#website"},"primaryImageOfPage":{"@id":"https:\/\/ponteseditores.com.br\/loja3\/pontes-editores-home-2__trashed\/literatura\/monologo-dramatico-e-outras-formas-de-ficcionalizacao-da-voz-poetica\/#primaryimage"},"image":{"@id":"https:\/\/ponteseditores.com.br\/loja3\/pontes-editores-home-2__trashed\/literatura\/monologo-dramatico-e-outras-formas-de-ficcionalizacao-da-voz-poetica\/#primaryimage"},"thumbnailUrl":"https:\/\/ponteseditores.com.br\/loja3\/wp-content\/uploads\/2023\/12\/mono1-3.jpg","datePublished":"2023-12-15T12:22:35+00:00","dateModified":"2024-01-25T17:48:46+00:00","breadcrumb":{"@id":"https:\/\/ponteseditores.com.br\/loja3\/pontes-editores-home-2__trashed\/literatura\/monologo-dramatico-e-outras-formas-de-ficcionalizacao-da-voz-poetica\/#breadcrumb"},"inLanguage":"pt-BR","potentialAction":[{"@type":"ReadAction","target":["https:\/\/ponteseditores.com.br\/loja3\/pontes-editores-home-2__trashed\/literatura\/monologo-dramatico-e-outras-formas-de-ficcionalizacao-da-voz-poetica\/"]}]},{"@type":"ImageObject","inLanguage":"pt-BR","@id":"https:\/\/ponteseditores.com.br\/loja3\/pontes-editores-home-2__trashed\/literatura\/monologo-dramatico-e-outras-formas-de-ficcionalizacao-da-voz-poetica\/#primaryimage","url":"https:\/\/ponteseditores.com.br\/loja3\/wp-content\/uploads\/2023\/12\/mono1-3.jpg","contentUrl":"https:\/\/ponteseditores.com.br\/loja3\/wp-content\/uploads\/2023\/12\/mono1-3.jpg","width":687,"height":1024},{"@type":"BreadcrumbList","@id":"https:\/\/ponteseditores.com.br\/loja3\/pontes-editores-home-2__trashed\/literatura\/monologo-dramatico-e-outras-formas-de-ficcionalizacao-da-voz-poetica\/#breadcrumb","itemListElement":[{"@type":"ListItem","position":1,"name":"Home","item":"https:\/\/ponteseditores.com.br\/loja3\/"},{"@type":"ListItem","position":2,"name":"loja","item":"https:\/\/ponteseditores.com.br\/loja3\/loja\/"},{"@type":"ListItem","position":3,"name":"MON\u00d3LOGO DRAM\u00c1TICO E OUTRAS FORMAS DE FICCIONALIZA\u00c7\u00c3O DA VOZ PO\u00c9TICA"}]},{"@type":"WebSite","@id":"https:\/\/ponteseditores.com.br\/loja3\/#website","url":"https:\/\/ponteseditores.com.br\/loja3\/","name":"Pontes Editores","description":"Pontes Editores","publisher":{"@id":"https:\/\/ponteseditores.com.br\/loja3\/#organization"},"potentialAction":[{"@type":"SearchAction","target":{"@type":"EntryPoint","urlTemplate":"https:\/\/ponteseditores.com.br\/loja3\/?s={search_term_string}"},"query-input":{"@type":"PropertyValueSpecification","valueRequired":true,"valueName":"search_term_string"}}],"inLanguage":"pt-BR"},{"@type":"Organization","@id":"https:\/\/ponteseditores.com.br\/loja3\/#organization","name":"Pontes Editores","url":"https:\/\/ponteseditores.com.br\/loja3\/","logo":{"@type":"ImageObject","inLanguage":"pt-BR","@id":"https:\/\/ponteseditores.com.br\/loja3\/#\/schema\/logo\/image\/","url":"https:\/\/ponteseditores.com.br\/loja3\/wp-content\/uploads\/2023\/12\/logo-pontes-editores-v2.png","contentUrl":"https:\/\/ponteseditores.com.br\/loja3\/wp-content\/uploads\/2023\/12\/logo-pontes-editores-v2.png","width":258,"height":100,"caption":"Pontes Editores"},"image":{"@id":"https:\/\/ponteseditores.com.br\/loja3\/#\/schema\/logo\/image\/"}}]}},"_links":{"self":[{"href":"https:\/\/ponteseditores.com.br\/loja3\/wp-json\/wp\/v2\/product\/8014","targetHints":{"allow":["GET"]}}],"collection":[{"href":"https:\/\/ponteseditores.com.br\/loja3\/wp-json\/wp\/v2\/product"}],"about":[{"href":"https:\/\/ponteseditores.com.br\/loja3\/wp-json\/wp\/v2\/types\/product"}],"replies":[{"embeddable":true,"href":"https:\/\/ponteseditores.com.br\/loja3\/wp-json\/wp\/v2\/comments?post=8014"}],"version-history":[{"count":1,"href":"https:\/\/ponteseditores.com.br\/loja3\/wp-json\/wp\/v2\/product\/8014\/revisions"}],"predecessor-version":[{"id":9816,"href":"https:\/\/ponteseditores.com.br\/loja3\/wp-json\/wp\/v2\/product\/8014\/revisions\/9816"}],"wp:featuredmedia":[{"embeddable":true,"href":"https:\/\/ponteseditores.com.br\/loja3\/wp-json\/wp\/v2\/media\/8013"}],"wp:attachment":[{"href":"https:\/\/ponteseditores.com.br\/loja3\/wp-json\/wp\/v2\/media?parent=8014"}],"wp:term":[{"taxonomy":"product_brand","embeddable":true,"href":"https:\/\/ponteseditores.com.br\/loja3\/wp-json\/wp\/v2\/product_brand?post=8014"},{"taxonomy":"product_cat","embeddable":true,"href":"https:\/\/ponteseditores.com.br\/loja3\/wp-json\/wp\/v2\/product_cat?post=8014"},{"taxonomy":"product_tag","embeddable":true,"href":"https:\/\/ponteseditores.com.br\/loja3\/wp-json\/wp\/v2\/product_tag?post=8014"}],"curies":[{"name":"wp","href":"https:\/\/api.w.org\/{rel}","templated":true}]}}