{"id":8004,"date":"2023-12-15T09:22:31","date_gmt":"2023-12-15T12:22:31","guid":{"rendered":"https:\/\/ponteseditores.com.br\/loja3\/pontes-editores-home-2__trashed\/sem%20categoria\/luanda-bahia-identidades-e-etnicidades-em-contextos-contemporaneos\/"},"modified":"2023-12-15T11:54:54","modified_gmt":"2023-12-15T14:54:54","slug":"luanda-bahia-identidades-e-etnicidades-em-contextos-contemporaneos","status":"publish","type":"product","link":"https:\/\/ponteseditores.com.br\/loja3\/pontes-editores-home-2__trashed\/ensino-e-aprendizagem\/luanda-bahia-identidades-e-etnicidades-em-contextos-contemporaneos\/","title":{"rendered":"Luanda &#038; Bahia identidades e etnicidades em contextos contempor\u00e2neos"},"content":{"rendered":"<p>Este livro re\u00fane pesquisas em torno de temas ligados a identidades e etnicidades em Luanda (Angola) e na Bahia (Salvador e Rec\u00f4ncavo). Ele analisa, por um lado, os processos discursivos criados pelos europeus e suas ci\u00eancias (notadamente a Hist\u00f3ria e Antropologia) para a descri\u00e7\u00e3o, an\u00e1lise e controle dos \u201coutros\u201d inventariados no processo de coloniza\u00e7\u00e3o e, por outro, como se d\u00e1 o processo de constru\u00e7\u00e3o das identidades neste contexto. Washington Nascimento, por meio do debate em torno dos assimilados, busca perceber as identidades e alteridades produzidas no encontro colonial, bem como as tentativas de cria\u00e7\u00e3o de uma identidade nacional angolana a partir de Luanda. Marise de Santana dedica-se a discutir as diferentes dimens\u00f5es dos conflitos \u00e9tnicos (e religiosos) no rec\u00f4ncavo baiano, mais propriamente em Candeias e S\u00e3o Francisco do Conde. Edson Ferreira analisa de que formas a exposi\u00e7\u00e3o de fotografias \u201cF\u00e9 e Festa nos Janeiros da Cidade da Bahia: S\u00e3o Salvador\u201d impactou nos olhares sobre a cidade de Salvador e nos pertencimentos dos frequentadores da mostra fotogr\u00e1fica.<\/p>\n","protected":false},"excerpt":{"rendered":"<p>Este livro re\u00fane pesquisas em torno de temas ligados a identidades e etnicidades em Luanda (Angola) e na Bahia (Salvador e Rec\u00f4ncavo). Ele analisa, por um lado, os processos discursivos criados pelos europeus e suas ci\u00eancias (notadamente a Hist\u00f3ria e Antropologia) para a descri\u00e7\u00e3o, an\u00e1lise e controle dos \u201coutros\u201d inventariados no processo de coloniza\u00e7\u00e3o e, [&hellip;]<\/p>\n","protected":false},"featured_media":8003,"comment_status":"open","ping_status":"closed","template":"","meta":{"_joinchat":[]},"product_brand":[],"product_cat":[288,293],"product_tag":[],"class_list":{"0":"post-8004","1":"product","2":"type-product","3":"status-publish","4":"has-post-thumbnail","6":"product_cat-ensino-e-aprendizagem","7":"product_cat-meios-auxiliares-do-ensino","8":"product_shipping_class-livro-pontes-editores-fisico","10":"first","11":"instock","12":"shipping-taxable","13":"purchasable","14":"product-type-simple"},"yoast_head":"<!-- This site is optimized with the Yoast SEO plugin v27.4 - https:\/\/yoast.com\/product\/yoast-seo-wordpress\/ -->\n<title>Luanda &amp; Bahia identidades e etnicidades em contextos contempor\u00e2neos - Pontes Editores<\/title>\n<meta name=\"robots\" content=\"index, follow, max-snippet:-1, max-image-preview:large, max-video-preview:-1\" \/>\n<link rel=\"canonical\" href=\"https:\/\/ponteseditores.com.br\/loja3\/pontes-editores-home-2__trashed\/ensino-e-aprendizagem\/luanda-bahia-identidades-e-etnicidades-em-contextos-contemporaneos\/\" \/>\n<meta property=\"og:locale\" content=\"pt_BR\" \/>\n<meta property=\"og:type\" content=\"article\" \/>\n<meta property=\"og:title\" content=\"Luanda &amp; Bahia identidades e etnicidades em contextos contempor\u00e2neos - Pontes Editores\" \/>\n<meta property=\"og:description\" content=\"Este livro re\u00fane pesquisas em torno de temas ligados a identidades e etnicidades em Luanda (Angola) e na Bahia (Salvador e Rec\u00f4ncavo). Ele analisa, por um lado, os processos discursivos criados pelos europeus e suas ci\u00eancias (notadamente a Hist\u00f3ria e Antropologia) para a descri\u00e7\u00e3o, an\u00e1lise e controle dos \u201coutros\u201d inventariados no processo de coloniza\u00e7\u00e3o e, [&hellip;]\" \/>\n<meta property=\"og:url\" content=\"https:\/\/ponteseditores.com.br\/loja3\/pontes-editores-home-2__trashed\/ensino-e-aprendizagem\/luanda-bahia-identidades-e-etnicidades-em-contextos-contemporaneos\/\" \/>\n<meta property=\"og:site_name\" content=\"Pontes Editores\" \/>\n<meta property=\"article:modified_time\" content=\"2023-12-15T14:54:54+00:00\" \/>\n<meta property=\"og:image\" content=\"https:\/\/ponteseditores.com.br\/loja3\/wp-content\/uploads\/2023\/12\/luanda-3.jpg\" \/>\n\t<meta property=\"og:image:width\" content=\"900\" \/>\n\t<meta property=\"og:image:height\" content=\"1306\" \/>\n\t<meta property=\"og:image:type\" content=\"image\/jpeg\" \/>\n<meta name=\"twitter:card\" content=\"summary_large_image\" \/>\n<meta name=\"twitter:label1\" content=\"Est. tempo de leitura\" \/>\n\t<meta name=\"twitter:data1\" content=\"1 minuto\" \/>\n<script type=\"application\/ld+json\" class=\"yoast-schema-graph\">{\"@context\":\"https:\\\/\\\/schema.org\",\"@graph\":[{\"@type\":\"WebPage\",\"@id\":\"https:\\\/\\\/ponteseditores.com.br\\\/loja3\\\/pontes-editores-home-2__trashed\\\/ensino-e-aprendizagem\\\/luanda-bahia-identidades-e-etnicidades-em-contextos-contemporaneos\\\/\",\"url\":\"https:\\\/\\\/ponteseditores.com.br\\\/loja3\\\/pontes-editores-home-2__trashed\\\/ensino-e-aprendizagem\\\/luanda-bahia-identidades-e-etnicidades-em-contextos-contemporaneos\\\/\",\"name\":\"Luanda & Bahia identidades e etnicidades em contextos contempor\u00e2neos - Pontes Editores\",\"isPartOf\":{\"@id\":\"https:\\\/\\\/ponteseditores.com.br\\\/loja3\\\/#website\"},\"primaryImageOfPage\":{\"@id\":\"https:\\\/\\\/ponteseditores.com.br\\\/loja3\\\/pontes-editores-home-2__trashed\\\/ensino-e-aprendizagem\\\/luanda-bahia-identidades-e-etnicidades-em-contextos-contemporaneos\\\/#primaryimage\"},\"image\":{\"@id\":\"https:\\\/\\\/ponteseditores.com.br\\\/loja3\\\/pontes-editores-home-2__trashed\\\/ensino-e-aprendizagem\\\/luanda-bahia-identidades-e-etnicidades-em-contextos-contemporaneos\\\/#primaryimage\"},\"thumbnailUrl\":\"https:\\\/\\\/ponteseditores.com.br\\\/loja3\\\/wp-content\\\/uploads\\\/2023\\\/12\\\/luanda-3.jpg\",\"datePublished\":\"2023-12-15T12:22:31+00:00\",\"dateModified\":\"2023-12-15T14:54:54+00:00\",\"breadcrumb\":{\"@id\":\"https:\\\/\\\/ponteseditores.com.br\\\/loja3\\\/pontes-editores-home-2__trashed\\\/ensino-e-aprendizagem\\\/luanda-bahia-identidades-e-etnicidades-em-contextos-contemporaneos\\\/#breadcrumb\"},\"inLanguage\":\"pt-BR\",\"potentialAction\":[{\"@type\":\"ReadAction\",\"target\":[\"https:\\\/\\\/ponteseditores.com.br\\\/loja3\\\/pontes-editores-home-2__trashed\\\/ensino-e-aprendizagem\\\/luanda-bahia-identidades-e-etnicidades-em-contextos-contemporaneos\\\/\"]}]},{\"@type\":\"ImageObject\",\"inLanguage\":\"pt-BR\",\"@id\":\"https:\\\/\\\/ponteseditores.com.br\\\/loja3\\\/pontes-editores-home-2__trashed\\\/ensino-e-aprendizagem\\\/luanda-bahia-identidades-e-etnicidades-em-contextos-contemporaneos\\\/#primaryimage\",\"url\":\"https:\\\/\\\/ponteseditores.com.br\\\/loja3\\\/wp-content\\\/uploads\\\/2023\\\/12\\\/luanda-3.jpg\",\"contentUrl\":\"https:\\\/\\\/ponteseditores.com.br\\\/loja3\\\/wp-content\\\/uploads\\\/2023\\\/12\\\/luanda-3.jpg\",\"width\":900,\"height\":1306},{\"@type\":\"BreadcrumbList\",\"@id\":\"https:\\\/\\\/ponteseditores.com.br\\\/loja3\\\/pontes-editores-home-2__trashed\\\/ensino-e-aprendizagem\\\/luanda-bahia-identidades-e-etnicidades-em-contextos-contemporaneos\\\/#breadcrumb\",\"itemListElement\":[{\"@type\":\"ListItem\",\"position\":1,\"name\":\"Home\",\"item\":\"https:\\\/\\\/ponteseditores.com.br\\\/loja3\\\/\"},{\"@type\":\"ListItem\",\"position\":2,\"name\":\"loja\",\"item\":\"https:\\\/\\\/ponteseditores.com.br\\\/loja3\\\/loja\\\/\"},{\"@type\":\"ListItem\",\"position\":3,\"name\":\"Luanda &#038; Bahia identidades e etnicidades em contextos contempor\u00e2neos\"}]},{\"@type\":\"WebSite\",\"@id\":\"https:\\\/\\\/ponteseditores.com.br\\\/loja3\\\/#website\",\"url\":\"https:\\\/\\\/ponteseditores.com.br\\\/loja3\\\/\",\"name\":\"Pontes Editores\",\"description\":\"Pontes Editores\",\"publisher\":{\"@id\":\"https:\\\/\\\/ponteseditores.com.br\\\/loja3\\\/#organization\"},\"potentialAction\":[{\"@type\":\"SearchAction\",\"target\":{\"@type\":\"EntryPoint\",\"urlTemplate\":\"https:\\\/\\\/ponteseditores.com.br\\\/loja3\\\/?s={search_term_string}\"},\"query-input\":{\"@type\":\"PropertyValueSpecification\",\"valueRequired\":true,\"valueName\":\"search_term_string\"}}],\"inLanguage\":\"pt-BR\"},{\"@type\":\"Organization\",\"@id\":\"https:\\\/\\\/ponteseditores.com.br\\\/loja3\\\/#organization\",\"name\":\"Pontes Editores\",\"url\":\"https:\\\/\\\/ponteseditores.com.br\\\/loja3\\\/\",\"logo\":{\"@type\":\"ImageObject\",\"inLanguage\":\"pt-BR\",\"@id\":\"https:\\\/\\\/ponteseditores.com.br\\\/loja3\\\/#\\\/schema\\\/logo\\\/image\\\/\",\"url\":\"https:\\\/\\\/ponteseditores.com.br\\\/loja3\\\/wp-content\\\/uploads\\\/2023\\\/12\\\/logo-pontes-editores-v2.png\",\"contentUrl\":\"https:\\\/\\\/ponteseditores.com.br\\\/loja3\\\/wp-content\\\/uploads\\\/2023\\\/12\\\/logo-pontes-editores-v2.png\",\"width\":258,\"height\":100,\"caption\":\"Pontes Editores\"},\"image\":{\"@id\":\"https:\\\/\\\/ponteseditores.com.br\\\/loja3\\\/#\\\/schema\\\/logo\\\/image\\\/\"}}]}<\/script>\n<!-- \/ Yoast SEO plugin. -->","yoast_head_json":{"title":"Luanda & Bahia identidades e etnicidades em contextos contempor\u00e2neos - Pontes Editores","robots":{"index":"index","follow":"follow","max-snippet":"max-snippet:-1","max-image-preview":"max-image-preview:large","max-video-preview":"max-video-preview:-1"},"canonical":"https:\/\/ponteseditores.com.br\/loja3\/pontes-editores-home-2__trashed\/ensino-e-aprendizagem\/luanda-bahia-identidades-e-etnicidades-em-contextos-contemporaneos\/","og_locale":"pt_BR","og_type":"article","og_title":"Luanda & Bahia identidades e etnicidades em contextos contempor\u00e2neos - Pontes Editores","og_description":"Este livro re\u00fane pesquisas em torno de temas ligados a identidades e etnicidades em Luanda (Angola) e na Bahia (Salvador e Rec\u00f4ncavo). Ele analisa, por um lado, os processos discursivos criados pelos europeus e suas ci\u00eancias (notadamente a Hist\u00f3ria e Antropologia) para a descri\u00e7\u00e3o, an\u00e1lise e controle dos \u201coutros\u201d inventariados no processo de coloniza\u00e7\u00e3o e, [&hellip;]","og_url":"https:\/\/ponteseditores.com.br\/loja3\/pontes-editores-home-2__trashed\/ensino-e-aprendizagem\/luanda-bahia-identidades-e-etnicidades-em-contextos-contemporaneos\/","og_site_name":"Pontes Editores","article_modified_time":"2023-12-15T14:54:54+00:00","og_image":[{"width":900,"height":1306,"url":"https:\/\/ponteseditores.com.br\/loja3\/wp-content\/uploads\/2023\/12\/luanda-3.jpg","type":"image\/jpeg"}],"twitter_card":"summary_large_image","twitter_misc":{"Est. tempo de leitura":"1 minuto"},"schema":{"@context":"https:\/\/schema.org","@graph":[{"@type":"WebPage","@id":"https:\/\/ponteseditores.com.br\/loja3\/pontes-editores-home-2__trashed\/ensino-e-aprendizagem\/luanda-bahia-identidades-e-etnicidades-em-contextos-contemporaneos\/","url":"https:\/\/ponteseditores.com.br\/loja3\/pontes-editores-home-2__trashed\/ensino-e-aprendizagem\/luanda-bahia-identidades-e-etnicidades-em-contextos-contemporaneos\/","name":"Luanda & Bahia identidades e etnicidades em contextos contempor\u00e2neos - Pontes Editores","isPartOf":{"@id":"https:\/\/ponteseditores.com.br\/loja3\/#website"},"primaryImageOfPage":{"@id":"https:\/\/ponteseditores.com.br\/loja3\/pontes-editores-home-2__trashed\/ensino-e-aprendizagem\/luanda-bahia-identidades-e-etnicidades-em-contextos-contemporaneos\/#primaryimage"},"image":{"@id":"https:\/\/ponteseditores.com.br\/loja3\/pontes-editores-home-2__trashed\/ensino-e-aprendizagem\/luanda-bahia-identidades-e-etnicidades-em-contextos-contemporaneos\/#primaryimage"},"thumbnailUrl":"https:\/\/ponteseditores.com.br\/loja3\/wp-content\/uploads\/2023\/12\/luanda-3.jpg","datePublished":"2023-12-15T12:22:31+00:00","dateModified":"2023-12-15T14:54:54+00:00","breadcrumb":{"@id":"https:\/\/ponteseditores.com.br\/loja3\/pontes-editores-home-2__trashed\/ensino-e-aprendizagem\/luanda-bahia-identidades-e-etnicidades-em-contextos-contemporaneos\/#breadcrumb"},"inLanguage":"pt-BR","potentialAction":[{"@type":"ReadAction","target":["https:\/\/ponteseditores.com.br\/loja3\/pontes-editores-home-2__trashed\/ensino-e-aprendizagem\/luanda-bahia-identidades-e-etnicidades-em-contextos-contemporaneos\/"]}]},{"@type":"ImageObject","inLanguage":"pt-BR","@id":"https:\/\/ponteseditores.com.br\/loja3\/pontes-editores-home-2__trashed\/ensino-e-aprendizagem\/luanda-bahia-identidades-e-etnicidades-em-contextos-contemporaneos\/#primaryimage","url":"https:\/\/ponteseditores.com.br\/loja3\/wp-content\/uploads\/2023\/12\/luanda-3.jpg","contentUrl":"https:\/\/ponteseditores.com.br\/loja3\/wp-content\/uploads\/2023\/12\/luanda-3.jpg","width":900,"height":1306},{"@type":"BreadcrumbList","@id":"https:\/\/ponteseditores.com.br\/loja3\/pontes-editores-home-2__trashed\/ensino-e-aprendizagem\/luanda-bahia-identidades-e-etnicidades-em-contextos-contemporaneos\/#breadcrumb","itemListElement":[{"@type":"ListItem","position":1,"name":"Home","item":"https:\/\/ponteseditores.com.br\/loja3\/"},{"@type":"ListItem","position":2,"name":"loja","item":"https:\/\/ponteseditores.com.br\/loja3\/loja\/"},{"@type":"ListItem","position":3,"name":"Luanda &#038; Bahia identidades e etnicidades em contextos contempor\u00e2neos"}]},{"@type":"WebSite","@id":"https:\/\/ponteseditores.com.br\/loja3\/#website","url":"https:\/\/ponteseditores.com.br\/loja3\/","name":"Pontes Editores","description":"Pontes Editores","publisher":{"@id":"https:\/\/ponteseditores.com.br\/loja3\/#organization"},"potentialAction":[{"@type":"SearchAction","target":{"@type":"EntryPoint","urlTemplate":"https:\/\/ponteseditores.com.br\/loja3\/?s={search_term_string}"},"query-input":{"@type":"PropertyValueSpecification","valueRequired":true,"valueName":"search_term_string"}}],"inLanguage":"pt-BR"},{"@type":"Organization","@id":"https:\/\/ponteseditores.com.br\/loja3\/#organization","name":"Pontes Editores","url":"https:\/\/ponteseditores.com.br\/loja3\/","logo":{"@type":"ImageObject","inLanguage":"pt-BR","@id":"https:\/\/ponteseditores.com.br\/loja3\/#\/schema\/logo\/image\/","url":"https:\/\/ponteseditores.com.br\/loja3\/wp-content\/uploads\/2023\/12\/logo-pontes-editores-v2.png","contentUrl":"https:\/\/ponteseditores.com.br\/loja3\/wp-content\/uploads\/2023\/12\/logo-pontes-editores-v2.png","width":258,"height":100,"caption":"Pontes Editores"},"image":{"@id":"https:\/\/ponteseditores.com.br\/loja3\/#\/schema\/logo\/image\/"}}]}},"_links":{"self":[{"href":"https:\/\/ponteseditores.com.br\/loja3\/wp-json\/wp\/v2\/product\/8004","targetHints":{"allow":["GET"]}}],"collection":[{"href":"https:\/\/ponteseditores.com.br\/loja3\/wp-json\/wp\/v2\/product"}],"about":[{"href":"https:\/\/ponteseditores.com.br\/loja3\/wp-json\/wp\/v2\/types\/product"}],"replies":[{"embeddable":true,"href":"https:\/\/ponteseditores.com.br\/loja3\/wp-json\/wp\/v2\/comments?post=8004"}],"version-history":[{"count":0,"href":"https:\/\/ponteseditores.com.br\/loja3\/wp-json\/wp\/v2\/product\/8004\/revisions"}],"wp:featuredmedia":[{"embeddable":true,"href":"https:\/\/ponteseditores.com.br\/loja3\/wp-json\/wp\/v2\/media\/8003"}],"wp:attachment":[{"href":"https:\/\/ponteseditores.com.br\/loja3\/wp-json\/wp\/v2\/media?parent=8004"}],"wp:term":[{"taxonomy":"product_brand","embeddable":true,"href":"https:\/\/ponteseditores.com.br\/loja3\/wp-json\/wp\/v2\/product_brand?post=8004"},{"taxonomy":"product_cat","embeddable":true,"href":"https:\/\/ponteseditores.com.br\/loja3\/wp-json\/wp\/v2\/product_cat?post=8004"},{"taxonomy":"product_tag","embeddable":true,"href":"https:\/\/ponteseditores.com.br\/loja3\/wp-json\/wp\/v2\/product_tag?post=8004"}],"curies":[{"name":"wp","href":"https:\/\/api.w.org\/{rel}","templated":true}]}}