{"id":7991,"date":"2023-12-15T09:14:32","date_gmt":"2023-12-15T12:14:32","guid":{"rendered":"https:\/\/ponteseditores.com.br\/loja3\/pontes-editores-home-2__trashed\/sem%20categoria\/convivium-dialogos-luso-brasileiro\/"},"modified":"2023-12-15T11:54:55","modified_gmt":"2023-12-15T14:54:55","slug":"convivium-dialogos-luso-brasileiro","status":"publish","type":"product","link":"https:\/\/ponteseditores.com.br\/loja3\/pontes-editores-home-2__trashed\/literatura\/convivium-dialogos-luso-brasileiro\/","title":{"rendered":"CONVIVIUM Di\u00e1logos luso-brasileiro"},"content":{"rendered":"<p>\u201cAs pesquisas de Celeste Nat\u00e1rio garantem-lhe um posto-chave nas discuss\u00f5es contempor\u00e2neas sobre as rela\u00e7\u00f5es luso-brasileiras. Qual fl\u00e2neur  que atravessa o campo do pensamento filos\u00f3fico-po\u00e9tico nos dois lados do Atl\u00e2ntico, reparando nos m\u00ednimos detalhes, sua deriva significa n\u00e3o ter uma ideia pr\u00e9-definida  no convivium das coisas do espirito: na an\u00e1lise dos costumes, no Ser e no Estar, na Ortodoxia e na Heterodoxia, nas coisas particulares e nas partilh\u00e1veis. Ao lermos sua  proposta sempre renovada de pensar a vida em \u201ccomunidade\u201d, vamos percorrendo  incessantemente e em todos os sentidos o campo do conhecimento das rela\u00e7\u00f5es humanas. Em Convivium: Di\u00e1logos Luso-brasileiros, Celeste Nat\u00e1rio se passeia pela vida.  Os atributos da Filosofia e da Poesia lhe s\u00e3o muito mais espec\u00edficos. Imposs\u00edvel, portanto, n\u00e3o distinguir a linguagem dos afetos, elemento fundamental da objetividade, na medida em que se refere a base a partir da qual se constroem e se desenvolvem reflex\u00f5es filos\u00f3ficas, isto \u00e9, as rela\u00e7\u00f5es  interpessoais e da pessoa com o meio.  Convivium: Di\u00e1logos Luso-brasileiros \u00e9 uma etapa relevante neste itiner\u00e1rio da pesquisa filos\u00f3fico-liter\u00e1ria, de reelabora\u00e7\u00e3o de t\u00f3picos anteriormente mapeados, de prepara\u00e7\u00e3o para as descobertas mais recentes. Em seu desenvolvimento, a obra tem a forma de conversas \u201cmarcadas pela desordem da oralidade, marcadas por conversas que se tiveram j\u00e1, ou que se espera ver continuadas noutra altura\u201d, ao longo das quais os di\u00e1logos luso-brasileiros, como estes se apresentam em momentos cruciais da tradi\u00e7\u00e3o po\u00e9tico-filos\u00f3fica. Celeste Nat\u00e1rio aponta, nesses textos, que a compreens\u00e3o desse nexo depende da abordagem em toda a sua complexidade dos enlaces e desenlaces de que \u00e9 feita a linguagem.\u201d<\/p>\n<p>Rita Aparecida Santos<\/p>\n<p>(C\u00e1tedra Fidelino de Figueiredo | Instituto Cam\u00f5es | UNEB &#8211; Universidade Estadual da Bahia)<\/p>\n","protected":false},"excerpt":{"rendered":"<p>\u201cAs pesquisas de Celeste Nat\u00e1rio garantem-lhe um posto-chave nas discuss\u00f5es contempor\u00e2neas sobre as rela\u00e7\u00f5es luso-brasileiras. Qual fl\u00e2neur que atravessa o campo do pensamento filos\u00f3fico-po\u00e9tico nos dois lados do Atl\u00e2ntico, reparando nos m\u00ednimos detalhes, sua deriva significa n\u00e3o ter uma ideia pr\u00e9-definida no convivium das coisas do espirito: na an\u00e1lise dos costumes, no Ser e no [&hellip;]<\/p>\n","protected":false},"featured_media":7990,"comment_status":"open","ping_status":"closed","template":"","meta":{"_joinchat":[]},"product_brand":[],"product_cat":[297,287],"product_tag":[],"class_list":{"0":"post-7991","1":"product","2":"type-product","3":"status-publish","4":"has-post-thumbnail","6":"product_cat-critica-literaria","7":"product_cat-literatura","8":"product_shipping_class-livro-pontes-editores-fisico","10":"first","11":"instock","12":"shipping-taxable","13":"purchasable","14":"product-type-simple"},"yoast_head":"<!-- This site is optimized with the Yoast SEO plugin v27.4 - https:\/\/yoast.com\/product\/yoast-seo-wordpress\/ -->\n<title>CONVIVIUM Di\u00e1logos luso-brasileiro - Pontes Editores<\/title>\n<meta name=\"robots\" content=\"index, follow, max-snippet:-1, max-image-preview:large, max-video-preview:-1\" \/>\n<link rel=\"canonical\" href=\"https:\/\/ponteseditores.com.br\/loja3\/pontes-editores-home-2__trashed\/literatura\/convivium-dialogos-luso-brasileiro\/\" \/>\n<meta property=\"og:locale\" content=\"pt_BR\" \/>\n<meta property=\"og:type\" content=\"article\" \/>\n<meta property=\"og:title\" content=\"CONVIVIUM Di\u00e1logos luso-brasileiro - Pontes Editores\" \/>\n<meta property=\"og:description\" content=\"\u201cAs pesquisas de Celeste Nat\u00e1rio garantem-lhe um posto-chave nas discuss\u00f5es contempor\u00e2neas sobre as rela\u00e7\u00f5es luso-brasileiras. Qual fl\u00e2neur que atravessa o campo do pensamento filos\u00f3fico-po\u00e9tico nos dois lados do Atl\u00e2ntico, reparando nos m\u00ednimos detalhes, sua deriva significa n\u00e3o ter uma ideia pr\u00e9-definida no convivium das coisas do espirito: na an\u00e1lise dos costumes, no Ser e no [&hellip;]\" \/>\n<meta property=\"og:url\" content=\"https:\/\/ponteseditores.com.br\/loja3\/pontes-editores-home-2__trashed\/literatura\/convivium-dialogos-luso-brasileiro\/\" \/>\n<meta property=\"og:site_name\" content=\"Pontes Editores\" \/>\n<meta property=\"article:modified_time\" content=\"2023-12-15T14:54:55+00:00\" \/>\n<meta property=\"og:image\" content=\"https:\/\/ponteseditores.com.br\/loja3\/wp-content\/uploads\/2023\/12\/convivu-3.jpg\" \/>\n\t<meta property=\"og:image:width\" content=\"800\" \/>\n\t<meta property=\"og:image:height\" content=\"1190\" \/>\n\t<meta property=\"og:image:type\" content=\"image\/jpeg\" \/>\n<meta name=\"twitter:card\" content=\"summary_large_image\" \/>\n<meta name=\"twitter:label1\" content=\"Est. tempo de leitura\" \/>\n\t<meta name=\"twitter:data1\" content=\"2 minutos\" \/>\n<script type=\"application\/ld+json\" class=\"yoast-schema-graph\">{\"@context\":\"https:\\\/\\\/schema.org\",\"@graph\":[{\"@type\":\"WebPage\",\"@id\":\"https:\\\/\\\/ponteseditores.com.br\\\/loja3\\\/pontes-editores-home-2__trashed\\\/literatura\\\/convivium-dialogos-luso-brasileiro\\\/\",\"url\":\"https:\\\/\\\/ponteseditores.com.br\\\/loja3\\\/pontes-editores-home-2__trashed\\\/literatura\\\/convivium-dialogos-luso-brasileiro\\\/\",\"name\":\"CONVIVIUM Di\u00e1logos luso-brasileiro - Pontes Editores\",\"isPartOf\":{\"@id\":\"https:\\\/\\\/ponteseditores.com.br\\\/loja3\\\/#website\"},\"primaryImageOfPage\":{\"@id\":\"https:\\\/\\\/ponteseditores.com.br\\\/loja3\\\/pontes-editores-home-2__trashed\\\/literatura\\\/convivium-dialogos-luso-brasileiro\\\/#primaryimage\"},\"image\":{\"@id\":\"https:\\\/\\\/ponteseditores.com.br\\\/loja3\\\/pontes-editores-home-2__trashed\\\/literatura\\\/convivium-dialogos-luso-brasileiro\\\/#primaryimage\"},\"thumbnailUrl\":\"https:\\\/\\\/ponteseditores.com.br\\\/loja3\\\/wp-content\\\/uploads\\\/2023\\\/12\\\/convivu-3.jpg\",\"datePublished\":\"2023-12-15T12:14:32+00:00\",\"dateModified\":\"2023-12-15T14:54:55+00:00\",\"breadcrumb\":{\"@id\":\"https:\\\/\\\/ponteseditores.com.br\\\/loja3\\\/pontes-editores-home-2__trashed\\\/literatura\\\/convivium-dialogos-luso-brasileiro\\\/#breadcrumb\"},\"inLanguage\":\"pt-BR\",\"potentialAction\":[{\"@type\":\"ReadAction\",\"target\":[\"https:\\\/\\\/ponteseditores.com.br\\\/loja3\\\/pontes-editores-home-2__trashed\\\/literatura\\\/convivium-dialogos-luso-brasileiro\\\/\"]}]},{\"@type\":\"ImageObject\",\"inLanguage\":\"pt-BR\",\"@id\":\"https:\\\/\\\/ponteseditores.com.br\\\/loja3\\\/pontes-editores-home-2__trashed\\\/literatura\\\/convivium-dialogos-luso-brasileiro\\\/#primaryimage\",\"url\":\"https:\\\/\\\/ponteseditores.com.br\\\/loja3\\\/wp-content\\\/uploads\\\/2023\\\/12\\\/convivu-3.jpg\",\"contentUrl\":\"https:\\\/\\\/ponteseditores.com.br\\\/loja3\\\/wp-content\\\/uploads\\\/2023\\\/12\\\/convivu-3.jpg\",\"width\":800,\"height\":1190},{\"@type\":\"BreadcrumbList\",\"@id\":\"https:\\\/\\\/ponteseditores.com.br\\\/loja3\\\/pontes-editores-home-2__trashed\\\/literatura\\\/convivium-dialogos-luso-brasileiro\\\/#breadcrumb\",\"itemListElement\":[{\"@type\":\"ListItem\",\"position\":1,\"name\":\"Home\",\"item\":\"https:\\\/\\\/ponteseditores.com.br\\\/loja3\\\/\"},{\"@type\":\"ListItem\",\"position\":2,\"name\":\"loja\",\"item\":\"https:\\\/\\\/ponteseditores.com.br\\\/loja3\\\/loja\\\/\"},{\"@type\":\"ListItem\",\"position\":3,\"name\":\"CONVIVIUM Di\u00e1logos luso-brasileiro\"}]},{\"@type\":\"WebSite\",\"@id\":\"https:\\\/\\\/ponteseditores.com.br\\\/loja3\\\/#website\",\"url\":\"https:\\\/\\\/ponteseditores.com.br\\\/loja3\\\/\",\"name\":\"Pontes Editores\",\"description\":\"Pontes Editores\",\"publisher\":{\"@id\":\"https:\\\/\\\/ponteseditores.com.br\\\/loja3\\\/#organization\"},\"potentialAction\":[{\"@type\":\"SearchAction\",\"target\":{\"@type\":\"EntryPoint\",\"urlTemplate\":\"https:\\\/\\\/ponteseditores.com.br\\\/loja3\\\/?s={search_term_string}\"},\"query-input\":{\"@type\":\"PropertyValueSpecification\",\"valueRequired\":true,\"valueName\":\"search_term_string\"}}],\"inLanguage\":\"pt-BR\"},{\"@type\":\"Organization\",\"@id\":\"https:\\\/\\\/ponteseditores.com.br\\\/loja3\\\/#organization\",\"name\":\"Pontes Editores\",\"url\":\"https:\\\/\\\/ponteseditores.com.br\\\/loja3\\\/\",\"logo\":{\"@type\":\"ImageObject\",\"inLanguage\":\"pt-BR\",\"@id\":\"https:\\\/\\\/ponteseditores.com.br\\\/loja3\\\/#\\\/schema\\\/logo\\\/image\\\/\",\"url\":\"https:\\\/\\\/ponteseditores.com.br\\\/loja3\\\/wp-content\\\/uploads\\\/2023\\\/12\\\/logo-pontes-editores-v2.png\",\"contentUrl\":\"https:\\\/\\\/ponteseditores.com.br\\\/loja3\\\/wp-content\\\/uploads\\\/2023\\\/12\\\/logo-pontes-editores-v2.png\",\"width\":258,\"height\":100,\"caption\":\"Pontes Editores\"},\"image\":{\"@id\":\"https:\\\/\\\/ponteseditores.com.br\\\/loja3\\\/#\\\/schema\\\/logo\\\/image\\\/\"}}]}<\/script>\n<!-- \/ Yoast SEO plugin. -->","yoast_head_json":{"title":"CONVIVIUM Di\u00e1logos luso-brasileiro - Pontes Editores","robots":{"index":"index","follow":"follow","max-snippet":"max-snippet:-1","max-image-preview":"max-image-preview:large","max-video-preview":"max-video-preview:-1"},"canonical":"https:\/\/ponteseditores.com.br\/loja3\/pontes-editores-home-2__trashed\/literatura\/convivium-dialogos-luso-brasileiro\/","og_locale":"pt_BR","og_type":"article","og_title":"CONVIVIUM Di\u00e1logos luso-brasileiro - Pontes Editores","og_description":"\u201cAs pesquisas de Celeste Nat\u00e1rio garantem-lhe um posto-chave nas discuss\u00f5es contempor\u00e2neas sobre as rela\u00e7\u00f5es luso-brasileiras. Qual fl\u00e2neur que atravessa o campo do pensamento filos\u00f3fico-po\u00e9tico nos dois lados do Atl\u00e2ntico, reparando nos m\u00ednimos detalhes, sua deriva significa n\u00e3o ter uma ideia pr\u00e9-definida no convivium das coisas do espirito: na an\u00e1lise dos costumes, no Ser e no [&hellip;]","og_url":"https:\/\/ponteseditores.com.br\/loja3\/pontes-editores-home-2__trashed\/literatura\/convivium-dialogos-luso-brasileiro\/","og_site_name":"Pontes Editores","article_modified_time":"2023-12-15T14:54:55+00:00","og_image":[{"width":800,"height":1190,"url":"https:\/\/ponteseditores.com.br\/loja3\/wp-content\/uploads\/2023\/12\/convivu-3.jpg","type":"image\/jpeg"}],"twitter_card":"summary_large_image","twitter_misc":{"Est. tempo de leitura":"2 minutos"},"schema":{"@context":"https:\/\/schema.org","@graph":[{"@type":"WebPage","@id":"https:\/\/ponteseditores.com.br\/loja3\/pontes-editores-home-2__trashed\/literatura\/convivium-dialogos-luso-brasileiro\/","url":"https:\/\/ponteseditores.com.br\/loja3\/pontes-editores-home-2__trashed\/literatura\/convivium-dialogos-luso-brasileiro\/","name":"CONVIVIUM Di\u00e1logos luso-brasileiro - Pontes Editores","isPartOf":{"@id":"https:\/\/ponteseditores.com.br\/loja3\/#website"},"primaryImageOfPage":{"@id":"https:\/\/ponteseditores.com.br\/loja3\/pontes-editores-home-2__trashed\/literatura\/convivium-dialogos-luso-brasileiro\/#primaryimage"},"image":{"@id":"https:\/\/ponteseditores.com.br\/loja3\/pontes-editores-home-2__trashed\/literatura\/convivium-dialogos-luso-brasileiro\/#primaryimage"},"thumbnailUrl":"https:\/\/ponteseditores.com.br\/loja3\/wp-content\/uploads\/2023\/12\/convivu-3.jpg","datePublished":"2023-12-15T12:14:32+00:00","dateModified":"2023-12-15T14:54:55+00:00","breadcrumb":{"@id":"https:\/\/ponteseditores.com.br\/loja3\/pontes-editores-home-2__trashed\/literatura\/convivium-dialogos-luso-brasileiro\/#breadcrumb"},"inLanguage":"pt-BR","potentialAction":[{"@type":"ReadAction","target":["https:\/\/ponteseditores.com.br\/loja3\/pontes-editores-home-2__trashed\/literatura\/convivium-dialogos-luso-brasileiro\/"]}]},{"@type":"ImageObject","inLanguage":"pt-BR","@id":"https:\/\/ponteseditores.com.br\/loja3\/pontes-editores-home-2__trashed\/literatura\/convivium-dialogos-luso-brasileiro\/#primaryimage","url":"https:\/\/ponteseditores.com.br\/loja3\/wp-content\/uploads\/2023\/12\/convivu-3.jpg","contentUrl":"https:\/\/ponteseditores.com.br\/loja3\/wp-content\/uploads\/2023\/12\/convivu-3.jpg","width":800,"height":1190},{"@type":"BreadcrumbList","@id":"https:\/\/ponteseditores.com.br\/loja3\/pontes-editores-home-2__trashed\/literatura\/convivium-dialogos-luso-brasileiro\/#breadcrumb","itemListElement":[{"@type":"ListItem","position":1,"name":"Home","item":"https:\/\/ponteseditores.com.br\/loja3\/"},{"@type":"ListItem","position":2,"name":"loja","item":"https:\/\/ponteseditores.com.br\/loja3\/loja\/"},{"@type":"ListItem","position":3,"name":"CONVIVIUM Di\u00e1logos luso-brasileiro"}]},{"@type":"WebSite","@id":"https:\/\/ponteseditores.com.br\/loja3\/#website","url":"https:\/\/ponteseditores.com.br\/loja3\/","name":"Pontes Editores","description":"Pontes Editores","publisher":{"@id":"https:\/\/ponteseditores.com.br\/loja3\/#organization"},"potentialAction":[{"@type":"SearchAction","target":{"@type":"EntryPoint","urlTemplate":"https:\/\/ponteseditores.com.br\/loja3\/?s={search_term_string}"},"query-input":{"@type":"PropertyValueSpecification","valueRequired":true,"valueName":"search_term_string"}}],"inLanguage":"pt-BR"},{"@type":"Organization","@id":"https:\/\/ponteseditores.com.br\/loja3\/#organization","name":"Pontes Editores","url":"https:\/\/ponteseditores.com.br\/loja3\/","logo":{"@type":"ImageObject","inLanguage":"pt-BR","@id":"https:\/\/ponteseditores.com.br\/loja3\/#\/schema\/logo\/image\/","url":"https:\/\/ponteseditores.com.br\/loja3\/wp-content\/uploads\/2023\/12\/logo-pontes-editores-v2.png","contentUrl":"https:\/\/ponteseditores.com.br\/loja3\/wp-content\/uploads\/2023\/12\/logo-pontes-editores-v2.png","width":258,"height":100,"caption":"Pontes Editores"},"image":{"@id":"https:\/\/ponteseditores.com.br\/loja3\/#\/schema\/logo\/image\/"}}]}},"_links":{"self":[{"href":"https:\/\/ponteseditores.com.br\/loja3\/wp-json\/wp\/v2\/product\/7991","targetHints":{"allow":["GET"]}}],"collection":[{"href":"https:\/\/ponteseditores.com.br\/loja3\/wp-json\/wp\/v2\/product"}],"about":[{"href":"https:\/\/ponteseditores.com.br\/loja3\/wp-json\/wp\/v2\/types\/product"}],"replies":[{"embeddable":true,"href":"https:\/\/ponteseditores.com.br\/loja3\/wp-json\/wp\/v2\/comments?post=7991"}],"version-history":[{"count":0,"href":"https:\/\/ponteseditores.com.br\/loja3\/wp-json\/wp\/v2\/product\/7991\/revisions"}],"wp:featuredmedia":[{"embeddable":true,"href":"https:\/\/ponteseditores.com.br\/loja3\/wp-json\/wp\/v2\/media\/7990"}],"wp:attachment":[{"href":"https:\/\/ponteseditores.com.br\/loja3\/wp-json\/wp\/v2\/media?parent=7991"}],"wp:term":[{"taxonomy":"product_brand","embeddable":true,"href":"https:\/\/ponteseditores.com.br\/loja3\/wp-json\/wp\/v2\/product_brand?post=7991"},{"taxonomy":"product_cat","embeddable":true,"href":"https:\/\/ponteseditores.com.br\/loja3\/wp-json\/wp\/v2\/product_cat?post=7991"},{"taxonomy":"product_tag","embeddable":true,"href":"https:\/\/ponteseditores.com.br\/loja3\/wp-json\/wp\/v2\/product_tag?post=7991"}],"curies":[{"name":"wp","href":"https:\/\/api.w.org\/{rel}","templated":true}]}}