{"id":7884,"date":"2023-12-15T08:42:31","date_gmt":"2023-12-15T11:42:31","guid":{"rendered":"https:\/\/ponteseditores.com.br\/loja3\/pontes-editores-home-2__trashed\/sem%20categoria\/todas-as-notas-comentarios-para-os-programas-da-orquestra-sinfonica-municipal-de-campinas-2003-2016\/"},"modified":"2023-12-15T11:55:05","modified_gmt":"2023-12-15T14:55:05","slug":"todas-as-notas-comentarios-para-os-programas-da-orquestra-sinfonica-municipal-de-campinas-2003-2016","status":"publish","type":"product","link":"https:\/\/ponteseditores.com.br\/loja3\/pontes-editores-home-2__trashed\/historia\/todas-as-notas-comentarios-para-os-programas-da-orquestra-sinfonica-municipal-de-campinas-2003-2016\/","title":{"rendered":"TODAS AS NOTAS Coment\u00e1rios para os Programas da Orquestra Sinf\u00f4nica Municipal de Campinas 2003 &#8211; 2016"},"content":{"rendered":"<p>Este livro, al\u00e9m de refletir a atua\u00e7\u00e3o da autora como colaboradora de longa data na trajet\u00f3ria da OSMC, tem sua relev\u00e2ncia por apresentar ao p\u00fablico uma extensa gama de informa\u00e7\u00f5es sobre composi\u00e7\u00f5es, compositores e dados hist\u00f3ricos relacionados a eles, buscando sempre informar de maneira acess\u00edvel ao p\u00fablico que frequenta os concertos, aqueles que se interessam pela m\u00fasica sinf\u00f4nica ou que desejam apenas conhecer melhor esta manifesta\u00e7\u00e3o do esp\u00edrito humano, sem a qual, segundo Nietzsche, a vida seria um erro.<\/p>\n","protected":false},"excerpt":{"rendered":"<p>Este livro, al\u00e9m de refletir a atua\u00e7\u00e3o da autora como colaboradora de longa data na trajet\u00f3ria da OSMC, tem sua relev\u00e2ncia por apresentar ao p\u00fablico uma extensa gama de informa\u00e7\u00f5es sobre composi\u00e7\u00f5es, compositores e dados hist\u00f3ricos relacionados a eles, buscando sempre informar de maneira acess\u00edvel ao p\u00fablico que frequenta os concertos, aqueles que se interessam [&hellip;]<\/p>\n","protected":false},"featured_media":7883,"comment_status":"open","ping_status":"closed","template":"","meta":{"_joinchat":[]},"product_brand":[],"product_cat":[273,330],"product_tag":[],"class_list":{"0":"post-7884","1":"product","2":"type-product","3":"status-publish","4":"has-post-thumbnail","6":"product_cat-historia","7":"product_cat-musica","8":"product_shipping_class-livro-pontes-editores-fisico","10":"first","11":"instock","12":"shipping-taxable","13":"purchasable","14":"product-type-simple"},"yoast_head":"<!-- This site is optimized with the Yoast SEO plugin v27.4 - https:\/\/yoast.com\/product\/yoast-seo-wordpress\/ -->\n<title>TODAS AS NOTAS Coment\u00e1rios para os Programas da Orquestra Sinf\u00f4nica Municipal de Campinas 2003 - 2016 - Pontes Editores<\/title>\n<meta name=\"robots\" content=\"index, follow, max-snippet:-1, max-image-preview:large, max-video-preview:-1\" \/>\n<link rel=\"canonical\" href=\"https:\/\/ponteseditores.com.br\/loja3\/pontes-editores-home-2__trashed\/historia\/todas-as-notas-comentarios-para-os-programas-da-orquestra-sinfonica-municipal-de-campinas-2003-2016\/\" \/>\n<meta property=\"og:locale\" content=\"pt_BR\" \/>\n<meta property=\"og:type\" content=\"article\" \/>\n<meta property=\"og:title\" content=\"TODAS AS NOTAS Coment\u00e1rios para os Programas da Orquestra Sinf\u00f4nica Municipal de Campinas 2003 - 2016 - Pontes Editores\" \/>\n<meta property=\"og:description\" content=\"Este livro, al\u00e9m de refletir a atua\u00e7\u00e3o da autora como colaboradora de longa data na trajet\u00f3ria da OSMC, tem sua relev\u00e2ncia por apresentar ao p\u00fablico uma extensa gama de informa\u00e7\u00f5es sobre composi\u00e7\u00f5es, compositores e dados hist\u00f3ricos relacionados a eles, buscando sempre informar de maneira acess\u00edvel ao p\u00fablico que frequenta os concertos, aqueles que se interessam [&hellip;]\" \/>\n<meta property=\"og:url\" content=\"https:\/\/ponteseditores.com.br\/loja3\/pontes-editores-home-2__trashed\/historia\/todas-as-notas-comentarios-para-os-programas-da-orquestra-sinfonica-municipal-de-campinas-2003-2016\/\" \/>\n<meta property=\"og:site_name\" content=\"Pontes Editores\" \/>\n<meta property=\"article:modified_time\" content=\"2023-12-15T14:55:05+00:00\" \/>\n<meta property=\"og:image\" content=\"https:\/\/ponteseditores.com.br\/loja3\/wp-content\/uploads\/2023\/12\/OSMC20Capa20FRENTE.jpg\" \/>\n\t<meta property=\"og:image:width\" content=\"598\" \/>\n\t<meta property=\"og:image:height\" content=\"748\" \/>\n\t<meta property=\"og:image:type\" content=\"image\/jpeg\" \/>\n<meta name=\"twitter:card\" content=\"summary_large_image\" \/>\n<script type=\"application\/ld+json\" class=\"yoast-schema-graph\">{\"@context\":\"https:\\\/\\\/schema.org\",\"@graph\":[{\"@type\":\"WebPage\",\"@id\":\"https:\\\/\\\/ponteseditores.com.br\\\/loja3\\\/pontes-editores-home-2__trashed\\\/historia\\\/todas-as-notas-comentarios-para-os-programas-da-orquestra-sinfonica-municipal-de-campinas-2003-2016\\\/\",\"url\":\"https:\\\/\\\/ponteseditores.com.br\\\/loja3\\\/pontes-editores-home-2__trashed\\\/historia\\\/todas-as-notas-comentarios-para-os-programas-da-orquestra-sinfonica-municipal-de-campinas-2003-2016\\\/\",\"name\":\"TODAS AS NOTAS Coment\u00e1rios para os Programas da Orquestra Sinf\u00f4nica Municipal de Campinas 2003 - 2016 - Pontes Editores\",\"isPartOf\":{\"@id\":\"https:\\\/\\\/ponteseditores.com.br\\\/loja3\\\/#website\"},\"primaryImageOfPage\":{\"@id\":\"https:\\\/\\\/ponteseditores.com.br\\\/loja3\\\/pontes-editores-home-2__trashed\\\/historia\\\/todas-as-notas-comentarios-para-os-programas-da-orquestra-sinfonica-municipal-de-campinas-2003-2016\\\/#primaryimage\"},\"image\":{\"@id\":\"https:\\\/\\\/ponteseditores.com.br\\\/loja3\\\/pontes-editores-home-2__trashed\\\/historia\\\/todas-as-notas-comentarios-para-os-programas-da-orquestra-sinfonica-municipal-de-campinas-2003-2016\\\/#primaryimage\"},\"thumbnailUrl\":\"https:\\\/\\\/ponteseditores.com.br\\\/loja3\\\/wp-content\\\/uploads\\\/2023\\\/12\\\/OSMC20Capa20FRENTE.jpg\",\"datePublished\":\"2023-12-15T11:42:31+00:00\",\"dateModified\":\"2023-12-15T14:55:05+00:00\",\"breadcrumb\":{\"@id\":\"https:\\\/\\\/ponteseditores.com.br\\\/loja3\\\/pontes-editores-home-2__trashed\\\/historia\\\/todas-as-notas-comentarios-para-os-programas-da-orquestra-sinfonica-municipal-de-campinas-2003-2016\\\/#breadcrumb\"},\"inLanguage\":\"pt-BR\",\"potentialAction\":[{\"@type\":\"ReadAction\",\"target\":[\"https:\\\/\\\/ponteseditores.com.br\\\/loja3\\\/pontes-editores-home-2__trashed\\\/historia\\\/todas-as-notas-comentarios-para-os-programas-da-orquestra-sinfonica-municipal-de-campinas-2003-2016\\\/\"]}]},{\"@type\":\"ImageObject\",\"inLanguage\":\"pt-BR\",\"@id\":\"https:\\\/\\\/ponteseditores.com.br\\\/loja3\\\/pontes-editores-home-2__trashed\\\/historia\\\/todas-as-notas-comentarios-para-os-programas-da-orquestra-sinfonica-municipal-de-campinas-2003-2016\\\/#primaryimage\",\"url\":\"https:\\\/\\\/ponteseditores.com.br\\\/loja3\\\/wp-content\\\/uploads\\\/2023\\\/12\\\/OSMC20Capa20FRENTE.jpg\",\"contentUrl\":\"https:\\\/\\\/ponteseditores.com.br\\\/loja3\\\/wp-content\\\/uploads\\\/2023\\\/12\\\/OSMC20Capa20FRENTE.jpg\",\"width\":598,\"height\":748},{\"@type\":\"BreadcrumbList\",\"@id\":\"https:\\\/\\\/ponteseditores.com.br\\\/loja3\\\/pontes-editores-home-2__trashed\\\/historia\\\/todas-as-notas-comentarios-para-os-programas-da-orquestra-sinfonica-municipal-de-campinas-2003-2016\\\/#breadcrumb\",\"itemListElement\":[{\"@type\":\"ListItem\",\"position\":1,\"name\":\"Home\",\"item\":\"https:\\\/\\\/ponteseditores.com.br\\\/loja3\\\/\"},{\"@type\":\"ListItem\",\"position\":2,\"name\":\"loja\",\"item\":\"https:\\\/\\\/ponteseditores.com.br\\\/loja3\\\/loja\\\/\"},{\"@type\":\"ListItem\",\"position\":3,\"name\":\"TODAS AS NOTAS Coment\u00e1rios para os Programas da Orquestra Sinf\u00f4nica Municipal de Campinas 2003 &#8211; 2016\"}]},{\"@type\":\"WebSite\",\"@id\":\"https:\\\/\\\/ponteseditores.com.br\\\/loja3\\\/#website\",\"url\":\"https:\\\/\\\/ponteseditores.com.br\\\/loja3\\\/\",\"name\":\"Pontes Editores\",\"description\":\"Pontes Editores\",\"publisher\":{\"@id\":\"https:\\\/\\\/ponteseditores.com.br\\\/loja3\\\/#organization\"},\"potentialAction\":[{\"@type\":\"SearchAction\",\"target\":{\"@type\":\"EntryPoint\",\"urlTemplate\":\"https:\\\/\\\/ponteseditores.com.br\\\/loja3\\\/?s={search_term_string}\"},\"query-input\":{\"@type\":\"PropertyValueSpecification\",\"valueRequired\":true,\"valueName\":\"search_term_string\"}}],\"inLanguage\":\"pt-BR\"},{\"@type\":\"Organization\",\"@id\":\"https:\\\/\\\/ponteseditores.com.br\\\/loja3\\\/#organization\",\"name\":\"Pontes Editores\",\"url\":\"https:\\\/\\\/ponteseditores.com.br\\\/loja3\\\/\",\"logo\":{\"@type\":\"ImageObject\",\"inLanguage\":\"pt-BR\",\"@id\":\"https:\\\/\\\/ponteseditores.com.br\\\/loja3\\\/#\\\/schema\\\/logo\\\/image\\\/\",\"url\":\"https:\\\/\\\/ponteseditores.com.br\\\/loja3\\\/wp-content\\\/uploads\\\/2023\\\/12\\\/logo-pontes-editores-v2.png\",\"contentUrl\":\"https:\\\/\\\/ponteseditores.com.br\\\/loja3\\\/wp-content\\\/uploads\\\/2023\\\/12\\\/logo-pontes-editores-v2.png\",\"width\":258,\"height\":100,\"caption\":\"Pontes Editores\"},\"image\":{\"@id\":\"https:\\\/\\\/ponteseditores.com.br\\\/loja3\\\/#\\\/schema\\\/logo\\\/image\\\/\"}}]}<\/script>\n<!-- \/ Yoast SEO plugin. -->","yoast_head_json":{"title":"TODAS AS NOTAS Coment\u00e1rios para os Programas da Orquestra Sinf\u00f4nica Municipal de Campinas 2003 - 2016 - Pontes Editores","robots":{"index":"index","follow":"follow","max-snippet":"max-snippet:-1","max-image-preview":"max-image-preview:large","max-video-preview":"max-video-preview:-1"},"canonical":"https:\/\/ponteseditores.com.br\/loja3\/pontes-editores-home-2__trashed\/historia\/todas-as-notas-comentarios-para-os-programas-da-orquestra-sinfonica-municipal-de-campinas-2003-2016\/","og_locale":"pt_BR","og_type":"article","og_title":"TODAS AS NOTAS Coment\u00e1rios para os Programas da Orquestra Sinf\u00f4nica Municipal de Campinas 2003 - 2016 - Pontes Editores","og_description":"Este livro, al\u00e9m de refletir a atua\u00e7\u00e3o da autora como colaboradora de longa data na trajet\u00f3ria da OSMC, tem sua relev\u00e2ncia por apresentar ao p\u00fablico uma extensa gama de informa\u00e7\u00f5es sobre composi\u00e7\u00f5es, compositores e dados hist\u00f3ricos relacionados a eles, buscando sempre informar de maneira acess\u00edvel ao p\u00fablico que frequenta os concertos, aqueles que se interessam [&hellip;]","og_url":"https:\/\/ponteseditores.com.br\/loja3\/pontes-editores-home-2__trashed\/historia\/todas-as-notas-comentarios-para-os-programas-da-orquestra-sinfonica-municipal-de-campinas-2003-2016\/","og_site_name":"Pontes Editores","article_modified_time":"2023-12-15T14:55:05+00:00","og_image":[{"width":598,"height":748,"url":"https:\/\/ponteseditores.com.br\/loja3\/wp-content\/uploads\/2023\/12\/OSMC20Capa20FRENTE.jpg","type":"image\/jpeg"}],"twitter_card":"summary_large_image","schema":{"@context":"https:\/\/schema.org","@graph":[{"@type":"WebPage","@id":"https:\/\/ponteseditores.com.br\/loja3\/pontes-editores-home-2__trashed\/historia\/todas-as-notas-comentarios-para-os-programas-da-orquestra-sinfonica-municipal-de-campinas-2003-2016\/","url":"https:\/\/ponteseditores.com.br\/loja3\/pontes-editores-home-2__trashed\/historia\/todas-as-notas-comentarios-para-os-programas-da-orquestra-sinfonica-municipal-de-campinas-2003-2016\/","name":"TODAS AS NOTAS Coment\u00e1rios para os Programas da Orquestra Sinf\u00f4nica Municipal de Campinas 2003 - 2016 - Pontes Editores","isPartOf":{"@id":"https:\/\/ponteseditores.com.br\/loja3\/#website"},"primaryImageOfPage":{"@id":"https:\/\/ponteseditores.com.br\/loja3\/pontes-editores-home-2__trashed\/historia\/todas-as-notas-comentarios-para-os-programas-da-orquestra-sinfonica-municipal-de-campinas-2003-2016\/#primaryimage"},"image":{"@id":"https:\/\/ponteseditores.com.br\/loja3\/pontes-editores-home-2__trashed\/historia\/todas-as-notas-comentarios-para-os-programas-da-orquestra-sinfonica-municipal-de-campinas-2003-2016\/#primaryimage"},"thumbnailUrl":"https:\/\/ponteseditores.com.br\/loja3\/wp-content\/uploads\/2023\/12\/OSMC20Capa20FRENTE.jpg","datePublished":"2023-12-15T11:42:31+00:00","dateModified":"2023-12-15T14:55:05+00:00","breadcrumb":{"@id":"https:\/\/ponteseditores.com.br\/loja3\/pontes-editores-home-2__trashed\/historia\/todas-as-notas-comentarios-para-os-programas-da-orquestra-sinfonica-municipal-de-campinas-2003-2016\/#breadcrumb"},"inLanguage":"pt-BR","potentialAction":[{"@type":"ReadAction","target":["https:\/\/ponteseditores.com.br\/loja3\/pontes-editores-home-2__trashed\/historia\/todas-as-notas-comentarios-para-os-programas-da-orquestra-sinfonica-municipal-de-campinas-2003-2016\/"]}]},{"@type":"ImageObject","inLanguage":"pt-BR","@id":"https:\/\/ponteseditores.com.br\/loja3\/pontes-editores-home-2__trashed\/historia\/todas-as-notas-comentarios-para-os-programas-da-orquestra-sinfonica-municipal-de-campinas-2003-2016\/#primaryimage","url":"https:\/\/ponteseditores.com.br\/loja3\/wp-content\/uploads\/2023\/12\/OSMC20Capa20FRENTE.jpg","contentUrl":"https:\/\/ponteseditores.com.br\/loja3\/wp-content\/uploads\/2023\/12\/OSMC20Capa20FRENTE.jpg","width":598,"height":748},{"@type":"BreadcrumbList","@id":"https:\/\/ponteseditores.com.br\/loja3\/pontes-editores-home-2__trashed\/historia\/todas-as-notas-comentarios-para-os-programas-da-orquestra-sinfonica-municipal-de-campinas-2003-2016\/#breadcrumb","itemListElement":[{"@type":"ListItem","position":1,"name":"Home","item":"https:\/\/ponteseditores.com.br\/loja3\/"},{"@type":"ListItem","position":2,"name":"loja","item":"https:\/\/ponteseditores.com.br\/loja3\/loja\/"},{"@type":"ListItem","position":3,"name":"TODAS AS NOTAS Coment\u00e1rios para os Programas da Orquestra Sinf\u00f4nica Municipal de Campinas 2003 &#8211; 2016"}]},{"@type":"WebSite","@id":"https:\/\/ponteseditores.com.br\/loja3\/#website","url":"https:\/\/ponteseditores.com.br\/loja3\/","name":"Pontes Editores","description":"Pontes Editores","publisher":{"@id":"https:\/\/ponteseditores.com.br\/loja3\/#organization"},"potentialAction":[{"@type":"SearchAction","target":{"@type":"EntryPoint","urlTemplate":"https:\/\/ponteseditores.com.br\/loja3\/?s={search_term_string}"},"query-input":{"@type":"PropertyValueSpecification","valueRequired":true,"valueName":"search_term_string"}}],"inLanguage":"pt-BR"},{"@type":"Organization","@id":"https:\/\/ponteseditores.com.br\/loja3\/#organization","name":"Pontes Editores","url":"https:\/\/ponteseditores.com.br\/loja3\/","logo":{"@type":"ImageObject","inLanguage":"pt-BR","@id":"https:\/\/ponteseditores.com.br\/loja3\/#\/schema\/logo\/image\/","url":"https:\/\/ponteseditores.com.br\/loja3\/wp-content\/uploads\/2023\/12\/logo-pontes-editores-v2.png","contentUrl":"https:\/\/ponteseditores.com.br\/loja3\/wp-content\/uploads\/2023\/12\/logo-pontes-editores-v2.png","width":258,"height":100,"caption":"Pontes Editores"},"image":{"@id":"https:\/\/ponteseditores.com.br\/loja3\/#\/schema\/logo\/image\/"}}]}},"_links":{"self":[{"href":"https:\/\/ponteseditores.com.br\/loja3\/wp-json\/wp\/v2\/product\/7884","targetHints":{"allow":["GET"]}}],"collection":[{"href":"https:\/\/ponteseditores.com.br\/loja3\/wp-json\/wp\/v2\/product"}],"about":[{"href":"https:\/\/ponteseditores.com.br\/loja3\/wp-json\/wp\/v2\/types\/product"}],"replies":[{"embeddable":true,"href":"https:\/\/ponteseditores.com.br\/loja3\/wp-json\/wp\/v2\/comments?post=7884"}],"version-history":[{"count":0,"href":"https:\/\/ponteseditores.com.br\/loja3\/wp-json\/wp\/v2\/product\/7884\/revisions"}],"wp:featuredmedia":[{"embeddable":true,"href":"https:\/\/ponteseditores.com.br\/loja3\/wp-json\/wp\/v2\/media\/7883"}],"wp:attachment":[{"href":"https:\/\/ponteseditores.com.br\/loja3\/wp-json\/wp\/v2\/media?parent=7884"}],"wp:term":[{"taxonomy":"product_brand","embeddable":true,"href":"https:\/\/ponteseditores.com.br\/loja3\/wp-json\/wp\/v2\/product_brand?post=7884"},{"taxonomy":"product_cat","embeddable":true,"href":"https:\/\/ponteseditores.com.br\/loja3\/wp-json\/wp\/v2\/product_cat?post=7884"},{"taxonomy":"product_tag","embeddable":true,"href":"https:\/\/ponteseditores.com.br\/loja3\/wp-json\/wp\/v2\/product_tag?post=7884"}],"curies":[{"name":"wp","href":"https:\/\/api.w.org\/{rel}","templated":true}]}}