{"id":7753,"date":"2023-12-15T07:45:28","date_gmt":"2023-12-15T10:45:28","guid":{"rendered":"https:\/\/ponteseditores.com.br\/loja3\/pontes-editores-home-2__trashed\/sem%20categoria\/ousar-se-revoltar-michel-pecheux-e-a-analise-do-discurso-no-brasil\/"},"modified":"2025-11-30T21:54:58","modified_gmt":"2025-12-01T00:54:58","slug":"ousar-se-revoltar-michel-pecheux-e-a-analise-do-discurso-no-brasil","status":"publish","type":"product","link":"https:\/\/ponteseditores.com.br\/loja3\/pontes-editores-home-2__trashed\/analise-de-discurso\/ousar-se-revoltar-michel-pecheux-e-a-analise-do-discurso-no-brasil\/","title":{"rendered":"Ousar se revoltar: Michel P\u00eacheux e a an\u00e1lise do discurso no Brasil"},"content":{"rendered":"<p>O pensamento de P\u00eacheux fez brotar, no interior do pr\u00f3prio fazer cient\u00edfico e pol\u00edtico, um questionamento importante sobre a rela\u00e7\u00e3o entre ci\u00eancia e ideologia, sobre o complexo e o contradit\u00f3rio enquanto sinais do ideol\u00f3gico entramado nos discursos e nas pr\u00e1ticas dos sujeitos na hist\u00f3ria. P\u00eacheux n\u00e3o nos deixa esquecer que a resist\u00eancia e a revolta se incubam sob e contra a domina\u00e7\u00e3o ideol\u00f3gica. Por isso, o trabalho de leitura que realiza o\/a analista do discurso precisa buscar a raiz do dizer, olhar os contornos e os entornes que se escondem sob as cascas das palavras, (des)entrela\u00e7ar o emaranhado contradit\u00f3rio que vai se produzindo pelos ramos\/caminhos q u e as palavras v\u00e3o tomando, (des)enraizando-se de\/em suas origens e determina\u00e7\u00f5es s\u00f3cio-hist\u00f3ricas. Assim, os sentidos se sedimentam em solo f\u00e9rtil ou rasgam a terra, fixando ra\u00edzes fortes e fazendo brotar novos frutos, pois, como ele nos ensinou, \u201c\u00e9 preciso ousar se revoltar\u201d.<\/p>\n","protected":false},"excerpt":{"rendered":"<p>O pensamento de P\u00eacheux fez brotar, no interior do pr\u00f3prio fazer cient\u00edfico e pol\u00edtico, um questionamento importante sobre a rela\u00e7\u00e3o entre ci\u00eancia e ideologia, sobre o complexo e o contradit\u00f3rio enquanto sinais do ideol\u00f3gico entramado nos discursos e nas pr\u00e1ticas dos sujeitos na hist\u00f3ria. P\u00eacheux n\u00e3o nos deixa esquecer que a resist\u00eancia e a revolta [&hellip;]<\/p>\n","protected":false},"featured_media":7752,"comment_status":"open","ping_status":"closed","template":"","meta":{"_joinchat":[]},"product_brand":[],"product_cat":[301],"product_tag":[],"class_list":{"0":"post-7753","1":"product","2":"type-product","3":"status-publish","4":"has-post-thumbnail","6":"product_cat-analise-de-discurso","7":"product_shipping_class-livro-pontes-editores-fisico","9":"first","10":"instock","11":"shipping-taxable","12":"purchasable","13":"product-type-simple"},"yoast_head":"<!-- This site is optimized with the Yoast SEO plugin v27.4 - https:\/\/yoast.com\/product\/yoast-seo-wordpress\/ -->\n<title>Ousar se revoltar: Michel P\u00eacheux e a an\u00e1lise do discurso no Brasil - Pontes Editores<\/title>\n<meta name=\"robots\" content=\"index, follow, max-snippet:-1, max-image-preview:large, max-video-preview:-1\" \/>\n<link rel=\"canonical\" href=\"https:\/\/ponteseditores.com.br\/loja3\/pontes-editores-home-2__trashed\/analise-de-discurso\/ousar-se-revoltar-michel-pecheux-e-a-analise-do-discurso-no-brasil\/\" \/>\n<meta property=\"og:locale\" content=\"pt_BR\" \/>\n<meta property=\"og:type\" content=\"article\" \/>\n<meta property=\"og:title\" content=\"Ousar se revoltar: Michel P\u00eacheux e a an\u00e1lise do discurso no Brasil - Pontes Editores\" \/>\n<meta property=\"og:description\" content=\"O pensamento de P\u00eacheux fez brotar, no interior do pr\u00f3prio fazer cient\u00edfico e pol\u00edtico, um questionamento importante sobre a rela\u00e7\u00e3o entre ci\u00eancia e ideologia, sobre o complexo e o contradit\u00f3rio enquanto sinais do ideol\u00f3gico entramado nos discursos e nas pr\u00e1ticas dos sujeitos na hist\u00f3ria. P\u00eacheux n\u00e3o nos deixa esquecer que a resist\u00eancia e a revolta [&hellip;]\" \/>\n<meta property=\"og:url\" content=\"https:\/\/ponteseditores.com.br\/loja3\/pontes-editores-home-2__trashed\/analise-de-discurso\/ousar-se-revoltar-michel-pecheux-e-a-analise-do-discurso-no-brasil\/\" \/>\n<meta property=\"og:site_name\" content=\"Pontes Editores\" \/>\n<meta property=\"article:modified_time\" content=\"2025-12-01T00:54:58+00:00\" \/>\n<meta property=\"og:image\" content=\"https:\/\/ponteseditores.com.br\/loja3\/wp-content\/uploads\/2023\/12\/Capa_Ousar-3.jpg\" \/>\n\t<meta property=\"og:image:width\" content=\"1728\" \/>\n\t<meta property=\"og:image:height\" content=\"2443\" \/>\n\t<meta property=\"og:image:type\" content=\"image\/jpeg\" \/>\n<meta name=\"twitter:card\" content=\"summary_large_image\" \/>\n<meta name=\"twitter:label1\" content=\"Est. tempo de leitura\" \/>\n\t<meta name=\"twitter:data1\" content=\"1 minuto\" \/>\n<script type=\"application\/ld+json\" class=\"yoast-schema-graph\">{\"@context\":\"https:\\\/\\\/schema.org\",\"@graph\":[{\"@type\":\"WebPage\",\"@id\":\"https:\\\/\\\/ponteseditores.com.br\\\/loja3\\\/pontes-editores-home-2__trashed\\\/analise-de-discurso\\\/ousar-se-revoltar-michel-pecheux-e-a-analise-do-discurso-no-brasil\\\/\",\"url\":\"https:\\\/\\\/ponteseditores.com.br\\\/loja3\\\/pontes-editores-home-2__trashed\\\/analise-de-discurso\\\/ousar-se-revoltar-michel-pecheux-e-a-analise-do-discurso-no-brasil\\\/\",\"name\":\"Ousar se revoltar: Michel P\u00eacheux e a an\u00e1lise do discurso no Brasil - Pontes Editores\",\"isPartOf\":{\"@id\":\"https:\\\/\\\/ponteseditores.com.br\\\/loja3\\\/#website\"},\"primaryImageOfPage\":{\"@id\":\"https:\\\/\\\/ponteseditores.com.br\\\/loja3\\\/pontes-editores-home-2__trashed\\\/analise-de-discurso\\\/ousar-se-revoltar-michel-pecheux-e-a-analise-do-discurso-no-brasil\\\/#primaryimage\"},\"image\":{\"@id\":\"https:\\\/\\\/ponteseditores.com.br\\\/loja3\\\/pontes-editores-home-2__trashed\\\/analise-de-discurso\\\/ousar-se-revoltar-michel-pecheux-e-a-analise-do-discurso-no-brasil\\\/#primaryimage\"},\"thumbnailUrl\":\"https:\\\/\\\/ponteseditores.com.br\\\/loja3\\\/wp-content\\\/uploads\\\/2023\\\/12\\\/Capa_Ousar-3.jpg\",\"datePublished\":\"2023-12-15T10:45:28+00:00\",\"dateModified\":\"2025-12-01T00:54:58+00:00\",\"breadcrumb\":{\"@id\":\"https:\\\/\\\/ponteseditores.com.br\\\/loja3\\\/pontes-editores-home-2__trashed\\\/analise-de-discurso\\\/ousar-se-revoltar-michel-pecheux-e-a-analise-do-discurso-no-brasil\\\/#breadcrumb\"},\"inLanguage\":\"pt-BR\",\"potentialAction\":[{\"@type\":\"ReadAction\",\"target\":[\"https:\\\/\\\/ponteseditores.com.br\\\/loja3\\\/pontes-editores-home-2__trashed\\\/analise-de-discurso\\\/ousar-se-revoltar-michel-pecheux-e-a-analise-do-discurso-no-brasil\\\/\"]}]},{\"@type\":\"ImageObject\",\"inLanguage\":\"pt-BR\",\"@id\":\"https:\\\/\\\/ponteseditores.com.br\\\/loja3\\\/pontes-editores-home-2__trashed\\\/analise-de-discurso\\\/ousar-se-revoltar-michel-pecheux-e-a-analise-do-discurso-no-brasil\\\/#primaryimage\",\"url\":\"https:\\\/\\\/ponteseditores.com.br\\\/loja3\\\/wp-content\\\/uploads\\\/2023\\\/12\\\/Capa_Ousar-3.jpg\",\"contentUrl\":\"https:\\\/\\\/ponteseditores.com.br\\\/loja3\\\/wp-content\\\/uploads\\\/2023\\\/12\\\/Capa_Ousar-3.jpg\",\"width\":1728,\"height\":2443},{\"@type\":\"BreadcrumbList\",\"@id\":\"https:\\\/\\\/ponteseditores.com.br\\\/loja3\\\/pontes-editores-home-2__trashed\\\/analise-de-discurso\\\/ousar-se-revoltar-michel-pecheux-e-a-analise-do-discurso-no-brasil\\\/#breadcrumb\",\"itemListElement\":[{\"@type\":\"ListItem\",\"position\":1,\"name\":\"Home\",\"item\":\"https:\\\/\\\/ponteseditores.com.br\\\/loja3\\\/\"},{\"@type\":\"ListItem\",\"position\":2,\"name\":\"loja\",\"item\":\"https:\\\/\\\/ponteseditores.com.br\\\/loja3\\\/loja\\\/\"},{\"@type\":\"ListItem\",\"position\":3,\"name\":\"Ousar se revoltar: Michel P\u00eacheux e a an\u00e1lise do discurso no Brasil\"}]},{\"@type\":\"WebSite\",\"@id\":\"https:\\\/\\\/ponteseditores.com.br\\\/loja3\\\/#website\",\"url\":\"https:\\\/\\\/ponteseditores.com.br\\\/loja3\\\/\",\"name\":\"Pontes Editores\",\"description\":\"Pontes Editores\",\"publisher\":{\"@id\":\"https:\\\/\\\/ponteseditores.com.br\\\/loja3\\\/#organization\"},\"potentialAction\":[{\"@type\":\"SearchAction\",\"target\":{\"@type\":\"EntryPoint\",\"urlTemplate\":\"https:\\\/\\\/ponteseditores.com.br\\\/loja3\\\/?s={search_term_string}\"},\"query-input\":{\"@type\":\"PropertyValueSpecification\",\"valueRequired\":true,\"valueName\":\"search_term_string\"}}],\"inLanguage\":\"pt-BR\"},{\"@type\":\"Organization\",\"@id\":\"https:\\\/\\\/ponteseditores.com.br\\\/loja3\\\/#organization\",\"name\":\"Pontes Editores\",\"url\":\"https:\\\/\\\/ponteseditores.com.br\\\/loja3\\\/\",\"logo\":{\"@type\":\"ImageObject\",\"inLanguage\":\"pt-BR\",\"@id\":\"https:\\\/\\\/ponteseditores.com.br\\\/loja3\\\/#\\\/schema\\\/logo\\\/image\\\/\",\"url\":\"https:\\\/\\\/ponteseditores.com.br\\\/loja3\\\/wp-content\\\/uploads\\\/2023\\\/12\\\/logo-pontes-editores-v2.png\",\"contentUrl\":\"https:\\\/\\\/ponteseditores.com.br\\\/loja3\\\/wp-content\\\/uploads\\\/2023\\\/12\\\/logo-pontes-editores-v2.png\",\"width\":258,\"height\":100,\"caption\":\"Pontes Editores\"},\"image\":{\"@id\":\"https:\\\/\\\/ponteseditores.com.br\\\/loja3\\\/#\\\/schema\\\/logo\\\/image\\\/\"}}]}<\/script>\n<!-- \/ Yoast SEO plugin. -->","yoast_head_json":{"title":"Ousar se revoltar: Michel P\u00eacheux e a an\u00e1lise do discurso no Brasil - Pontes Editores","robots":{"index":"index","follow":"follow","max-snippet":"max-snippet:-1","max-image-preview":"max-image-preview:large","max-video-preview":"max-video-preview:-1"},"canonical":"https:\/\/ponteseditores.com.br\/loja3\/pontes-editores-home-2__trashed\/analise-de-discurso\/ousar-se-revoltar-michel-pecheux-e-a-analise-do-discurso-no-brasil\/","og_locale":"pt_BR","og_type":"article","og_title":"Ousar se revoltar: Michel P\u00eacheux e a an\u00e1lise do discurso no Brasil - Pontes Editores","og_description":"O pensamento de P\u00eacheux fez brotar, no interior do pr\u00f3prio fazer cient\u00edfico e pol\u00edtico, um questionamento importante sobre a rela\u00e7\u00e3o entre ci\u00eancia e ideologia, sobre o complexo e o contradit\u00f3rio enquanto sinais do ideol\u00f3gico entramado nos discursos e nas pr\u00e1ticas dos sujeitos na hist\u00f3ria. P\u00eacheux n\u00e3o nos deixa esquecer que a resist\u00eancia e a revolta [&hellip;]","og_url":"https:\/\/ponteseditores.com.br\/loja3\/pontes-editores-home-2__trashed\/analise-de-discurso\/ousar-se-revoltar-michel-pecheux-e-a-analise-do-discurso-no-brasil\/","og_site_name":"Pontes Editores","article_modified_time":"2025-12-01T00:54:58+00:00","og_image":[{"width":1728,"height":2443,"url":"https:\/\/ponteseditores.com.br\/loja3\/wp-content\/uploads\/2023\/12\/Capa_Ousar-3.jpg","type":"image\/jpeg"}],"twitter_card":"summary_large_image","twitter_misc":{"Est. tempo de leitura":"1 minuto"},"schema":{"@context":"https:\/\/schema.org","@graph":[{"@type":"WebPage","@id":"https:\/\/ponteseditores.com.br\/loja3\/pontes-editores-home-2__trashed\/analise-de-discurso\/ousar-se-revoltar-michel-pecheux-e-a-analise-do-discurso-no-brasil\/","url":"https:\/\/ponteseditores.com.br\/loja3\/pontes-editores-home-2__trashed\/analise-de-discurso\/ousar-se-revoltar-michel-pecheux-e-a-analise-do-discurso-no-brasil\/","name":"Ousar se revoltar: Michel P\u00eacheux e a an\u00e1lise do discurso no Brasil - Pontes Editores","isPartOf":{"@id":"https:\/\/ponteseditores.com.br\/loja3\/#website"},"primaryImageOfPage":{"@id":"https:\/\/ponteseditores.com.br\/loja3\/pontes-editores-home-2__trashed\/analise-de-discurso\/ousar-se-revoltar-michel-pecheux-e-a-analise-do-discurso-no-brasil\/#primaryimage"},"image":{"@id":"https:\/\/ponteseditores.com.br\/loja3\/pontes-editores-home-2__trashed\/analise-de-discurso\/ousar-se-revoltar-michel-pecheux-e-a-analise-do-discurso-no-brasil\/#primaryimage"},"thumbnailUrl":"https:\/\/ponteseditores.com.br\/loja3\/wp-content\/uploads\/2023\/12\/Capa_Ousar-3.jpg","datePublished":"2023-12-15T10:45:28+00:00","dateModified":"2025-12-01T00:54:58+00:00","breadcrumb":{"@id":"https:\/\/ponteseditores.com.br\/loja3\/pontes-editores-home-2__trashed\/analise-de-discurso\/ousar-se-revoltar-michel-pecheux-e-a-analise-do-discurso-no-brasil\/#breadcrumb"},"inLanguage":"pt-BR","potentialAction":[{"@type":"ReadAction","target":["https:\/\/ponteseditores.com.br\/loja3\/pontes-editores-home-2__trashed\/analise-de-discurso\/ousar-se-revoltar-michel-pecheux-e-a-analise-do-discurso-no-brasil\/"]}]},{"@type":"ImageObject","inLanguage":"pt-BR","@id":"https:\/\/ponteseditores.com.br\/loja3\/pontes-editores-home-2__trashed\/analise-de-discurso\/ousar-se-revoltar-michel-pecheux-e-a-analise-do-discurso-no-brasil\/#primaryimage","url":"https:\/\/ponteseditores.com.br\/loja3\/wp-content\/uploads\/2023\/12\/Capa_Ousar-3.jpg","contentUrl":"https:\/\/ponteseditores.com.br\/loja3\/wp-content\/uploads\/2023\/12\/Capa_Ousar-3.jpg","width":1728,"height":2443},{"@type":"BreadcrumbList","@id":"https:\/\/ponteseditores.com.br\/loja3\/pontes-editores-home-2__trashed\/analise-de-discurso\/ousar-se-revoltar-michel-pecheux-e-a-analise-do-discurso-no-brasil\/#breadcrumb","itemListElement":[{"@type":"ListItem","position":1,"name":"Home","item":"https:\/\/ponteseditores.com.br\/loja3\/"},{"@type":"ListItem","position":2,"name":"loja","item":"https:\/\/ponteseditores.com.br\/loja3\/loja\/"},{"@type":"ListItem","position":3,"name":"Ousar se revoltar: Michel P\u00eacheux e a an\u00e1lise do discurso no Brasil"}]},{"@type":"WebSite","@id":"https:\/\/ponteseditores.com.br\/loja3\/#website","url":"https:\/\/ponteseditores.com.br\/loja3\/","name":"Pontes Editores","description":"Pontes Editores","publisher":{"@id":"https:\/\/ponteseditores.com.br\/loja3\/#organization"},"potentialAction":[{"@type":"SearchAction","target":{"@type":"EntryPoint","urlTemplate":"https:\/\/ponteseditores.com.br\/loja3\/?s={search_term_string}"},"query-input":{"@type":"PropertyValueSpecification","valueRequired":true,"valueName":"search_term_string"}}],"inLanguage":"pt-BR"},{"@type":"Organization","@id":"https:\/\/ponteseditores.com.br\/loja3\/#organization","name":"Pontes Editores","url":"https:\/\/ponteseditores.com.br\/loja3\/","logo":{"@type":"ImageObject","inLanguage":"pt-BR","@id":"https:\/\/ponteseditores.com.br\/loja3\/#\/schema\/logo\/image\/","url":"https:\/\/ponteseditores.com.br\/loja3\/wp-content\/uploads\/2023\/12\/logo-pontes-editores-v2.png","contentUrl":"https:\/\/ponteseditores.com.br\/loja3\/wp-content\/uploads\/2023\/12\/logo-pontes-editores-v2.png","width":258,"height":100,"caption":"Pontes Editores"},"image":{"@id":"https:\/\/ponteseditores.com.br\/loja3\/#\/schema\/logo\/image\/"}}]}},"_links":{"self":[{"href":"https:\/\/ponteseditores.com.br\/loja3\/wp-json\/wp\/v2\/product\/7753","targetHints":{"allow":["GET"]}}],"collection":[{"href":"https:\/\/ponteseditores.com.br\/loja3\/wp-json\/wp\/v2\/product"}],"about":[{"href":"https:\/\/ponteseditores.com.br\/loja3\/wp-json\/wp\/v2\/types\/product"}],"replies":[{"embeddable":true,"href":"https:\/\/ponteseditores.com.br\/loja3\/wp-json\/wp\/v2\/comments?post=7753"}],"version-history":[{"count":0,"href":"https:\/\/ponteseditores.com.br\/loja3\/wp-json\/wp\/v2\/product\/7753\/revisions"}],"wp:featuredmedia":[{"embeddable":true,"href":"https:\/\/ponteseditores.com.br\/loja3\/wp-json\/wp\/v2\/media\/7752"}],"wp:attachment":[{"href":"https:\/\/ponteseditores.com.br\/loja3\/wp-json\/wp\/v2\/media?parent=7753"}],"wp:term":[{"taxonomy":"product_brand","embeddable":true,"href":"https:\/\/ponteseditores.com.br\/loja3\/wp-json\/wp\/v2\/product_brand?post=7753"},{"taxonomy":"product_cat","embeddable":true,"href":"https:\/\/ponteseditores.com.br\/loja3\/wp-json\/wp\/v2\/product_cat?post=7753"},{"taxonomy":"product_tag","embeddable":true,"href":"https:\/\/ponteseditores.com.br\/loja3\/wp-json\/wp\/v2\/product_tag?post=7753"}],"curies":[{"name":"wp","href":"https:\/\/api.w.org\/{rel}","templated":true}]}}