{"id":7683,"date":"2023-12-15T00:53:19","date_gmt":"2023-12-15T03:53:19","guid":{"rendered":"https:\/\/ponteseditores.com.br\/loja3\/pontes-editores-home-2__trashed\/sem%20categoria\/linguistica-popular-folk-linguistics-praticas-proposicoes-e-polemicas-homenagem-a-amadeu-amaral\/"},"modified":"2024-03-28T12:55:48","modified_gmt":"2024-03-28T15:55:48","slug":"linguistica-popular-folk-linguistics-praticas-proposicoes-e-polemicas-homenagem-a-amadeu-amaral","status":"publish","type":"product","link":"https:\/\/ponteseditores.com.br\/loja3\/pontes-editores-home-2__trashed\/linguistica\/linguistica-popular-folk-linguistics-praticas-proposicoes-e-polemicas-homenagem-a-amadeu-amaral\/","title":{"rendered":"LINGU\u00cdSTICA POPULAR\/FOLK LINGUISTICS: pr\u00e1ticas, proposi\u00e7\u00f5es e pol\u00eamicas HOMENAGEM A AMADEU AMARAL"},"content":{"rendered":"<p>Marie-Anne Paveau (2020) abre o I Semin\u00e1rio Internacional de Estudos em Lingu\u00edstica Popular &#8211; SIELIPOP: Homenagem a Amadeu Amaral fazendo a seguinte afirma\u00e7\u00e3o \u2018\u2018se a l\u00edngua \u00e9 um bem comum, os discursos sobre a l\u00edngua tamb\u00e9m o s\u00e3o: todo mundo faz lingu\u00edstica em diferentes n\u00edveis, em diferentes situa\u00e7\u00f5es e em diferentes momentos\u2019\u2019.<\/p>\n<p>Os trabalhos reunidos neste livro, alguns numa rela\u00e7\u00e3o de alian\u00e7a outros numa rela\u00e7\u00e3o pol\u00eamica, em \u00faltima inst\u00e2ncia, dialogam com essa asser\u00e7\u00e3o de Paveau. Os propositores  do SIELiPop, reconhecendo as profundas mudan\u00e7as que t\u00eam afetado as pr\u00e1ticas lingu\u00edsticas na contemporaneidade, principalmente aquelas que se tornaram poss\u00edveis gra\u00e7as \u00e0 conex\u00e3o mundial em rede via internet, consideram inadi\u00e1vel enfrentar o debate entre a lingu\u00edstica popular e a Lingu\u00edstica com L mai\u00fasculo, no cen\u00e1rio brasileiro, seguindo o exemplo do que tem feito Marie-Anne Paveau ([2008] 2018; 2020) em rela\u00e7\u00e3o ao contexto franc\u00eas. \u00c9 preciso destacar que o primeiro SIELiPop abre oficialmente um espa\u00e7o para a lingu\u00edstica popular na arena da Lingu\u00edstica brasileira, fomentando discuss\u00f5es entre disciplinas a\u00ed j\u00e1 bem instaladas como a hist\u00f3ria da lingu\u00edstica, an\u00e1lise de discurso e epistemologia (PAVEAU, 2020).<\/p>\n","protected":false},"excerpt":{"rendered":"<p>Marie-Anne Paveau (2020) abre o I Semin\u00e1rio Internacional de Estudos em Lingu\u00edstica Popular &#8211; SIELIPOP: Homenagem a Amadeu Amaral fazendo a seguinte afirma\u00e7\u00e3o \u2018\u2018se a l\u00edngua \u00e9 um bem comum, os discursos sobre a l\u00edngua tamb\u00e9m o s\u00e3o: todo mundo faz lingu\u00edstica em diferentes n\u00edveis, em diferentes situa\u00e7\u00f5es e em diferentes momentos\u2019\u2019. Os trabalhos reunidos [&hellip;]<\/p>\n","protected":false},"featured_media":7682,"comment_status":"open","ping_status":"closed","template":"","meta":{"_joinchat":[]},"product_brand":[],"product_cat":[301,31,320],"product_tag":[],"class_list":{"0":"post-7683","1":"product","2":"type-product","3":"status-publish","4":"has-post-thumbnail","6":"product_cat-analise-de-discurso","7":"product_cat-linguistica","8":"product_cat-turismo","9":"product_shipping_class-livro-pontes-editores-fisico","11":"first","12":"instock","13":"shipping-taxable","14":"purchasable","15":"product-type-simple"},"yoast_head":"<!-- This site is optimized with the Yoast SEO plugin v27.4 - https:\/\/yoast.com\/product\/yoast-seo-wordpress\/ -->\n<title>LINGU\u00cdSTICA POPULAR\/FOLK LINGUISTICS: pr\u00e1ticas, proposi\u00e7\u00f5es e pol\u00eamicas HOMENAGEM A AMADEU AMARAL - Pontes Editores<\/title>\n<meta name=\"robots\" content=\"index, follow, max-snippet:-1, max-image-preview:large, max-video-preview:-1\" \/>\n<link rel=\"canonical\" href=\"https:\/\/ponteseditores.com.br\/loja3\/pontes-editores-home-2__trashed\/linguistica\/linguistica-popular-folk-linguistics-praticas-proposicoes-e-polemicas-homenagem-a-amadeu-amaral\/\" \/>\n<meta property=\"og:locale\" content=\"pt_BR\" \/>\n<meta property=\"og:type\" content=\"article\" \/>\n<meta property=\"og:title\" content=\"LINGU\u00cdSTICA POPULAR\/FOLK LINGUISTICS: pr\u00e1ticas, proposi\u00e7\u00f5es e pol\u00eamicas HOMENAGEM A AMADEU AMARAL - Pontes Editores\" \/>\n<meta property=\"og:description\" content=\"Marie-Anne Paveau (2020) abre o I Semin\u00e1rio Internacional de Estudos em Lingu\u00edstica Popular &#8211; SIELIPOP: Homenagem a Amadeu Amaral fazendo a seguinte afirma\u00e7\u00e3o \u2018\u2018se a l\u00edngua \u00e9 um bem comum, os discursos sobre a l\u00edngua tamb\u00e9m o s\u00e3o: todo mundo faz lingu\u00edstica em diferentes n\u00edveis, em diferentes situa\u00e7\u00f5es e em diferentes momentos\u2019\u2019. Os trabalhos reunidos [&hellip;]\" \/>\n<meta property=\"og:url\" content=\"https:\/\/ponteseditores.com.br\/loja3\/pontes-editores-home-2__trashed\/linguistica\/linguistica-popular-folk-linguistics-praticas-proposicoes-e-polemicas-homenagem-a-amadeu-amaral\/\" \/>\n<meta property=\"og:site_name\" content=\"Pontes Editores\" \/>\n<meta property=\"article:modified_time\" content=\"2024-03-28T15:55:48+00:00\" \/>\n<meta property=\"og:image\" content=\"https:\/\/ponteseditores.com.br\/loja3\/wp-content\/uploads\/2023\/12\/capa20popular.jpg\" \/>\n\t<meta property=\"og:image:width\" content=\"950\" \/>\n\t<meta property=\"og:image:height\" content=\"1425\" \/>\n\t<meta property=\"og:image:type\" content=\"image\/jpeg\" \/>\n<meta name=\"twitter:card\" content=\"summary_large_image\" \/>\n<meta name=\"twitter:label1\" content=\"Est. tempo de leitura\" \/>\n\t<meta name=\"twitter:data1\" content=\"1 minuto\" \/>\n<script type=\"application\/ld+json\" class=\"yoast-schema-graph\">{\"@context\":\"https:\\\/\\\/schema.org\",\"@graph\":[{\"@type\":\"WebPage\",\"@id\":\"https:\\\/\\\/ponteseditores.com.br\\\/loja3\\\/pontes-editores-home-2__trashed\\\/linguistica\\\/linguistica-popular-folk-linguistics-praticas-proposicoes-e-polemicas-homenagem-a-amadeu-amaral\\\/\",\"url\":\"https:\\\/\\\/ponteseditores.com.br\\\/loja3\\\/pontes-editores-home-2__trashed\\\/linguistica\\\/linguistica-popular-folk-linguistics-praticas-proposicoes-e-polemicas-homenagem-a-amadeu-amaral\\\/\",\"name\":\"LINGU\u00cdSTICA POPULAR\\\/FOLK LINGUISTICS: pr\u00e1ticas, proposi\u00e7\u00f5es e pol\u00eamicas HOMENAGEM A AMADEU AMARAL - Pontes Editores\",\"isPartOf\":{\"@id\":\"https:\\\/\\\/ponteseditores.com.br\\\/loja3\\\/#website\"},\"primaryImageOfPage\":{\"@id\":\"https:\\\/\\\/ponteseditores.com.br\\\/loja3\\\/pontes-editores-home-2__trashed\\\/linguistica\\\/linguistica-popular-folk-linguistics-praticas-proposicoes-e-polemicas-homenagem-a-amadeu-amaral\\\/#primaryimage\"},\"image\":{\"@id\":\"https:\\\/\\\/ponteseditores.com.br\\\/loja3\\\/pontes-editores-home-2__trashed\\\/linguistica\\\/linguistica-popular-folk-linguistics-praticas-proposicoes-e-polemicas-homenagem-a-amadeu-amaral\\\/#primaryimage\"},\"thumbnailUrl\":\"https:\\\/\\\/ponteseditores.com.br\\\/loja3\\\/wp-content\\\/uploads\\\/2023\\\/12\\\/capa20popular.jpg\",\"datePublished\":\"2023-12-15T03:53:19+00:00\",\"dateModified\":\"2024-03-28T15:55:48+00:00\",\"breadcrumb\":{\"@id\":\"https:\\\/\\\/ponteseditores.com.br\\\/loja3\\\/pontes-editores-home-2__trashed\\\/linguistica\\\/linguistica-popular-folk-linguistics-praticas-proposicoes-e-polemicas-homenagem-a-amadeu-amaral\\\/#breadcrumb\"},\"inLanguage\":\"pt-BR\",\"potentialAction\":[{\"@type\":\"ReadAction\",\"target\":[\"https:\\\/\\\/ponteseditores.com.br\\\/loja3\\\/pontes-editores-home-2__trashed\\\/linguistica\\\/linguistica-popular-folk-linguistics-praticas-proposicoes-e-polemicas-homenagem-a-amadeu-amaral\\\/\"]}]},{\"@type\":\"ImageObject\",\"inLanguage\":\"pt-BR\",\"@id\":\"https:\\\/\\\/ponteseditores.com.br\\\/loja3\\\/pontes-editores-home-2__trashed\\\/linguistica\\\/linguistica-popular-folk-linguistics-praticas-proposicoes-e-polemicas-homenagem-a-amadeu-amaral\\\/#primaryimage\",\"url\":\"https:\\\/\\\/ponteseditores.com.br\\\/loja3\\\/wp-content\\\/uploads\\\/2023\\\/12\\\/capa20popular.jpg\",\"contentUrl\":\"https:\\\/\\\/ponteseditores.com.br\\\/loja3\\\/wp-content\\\/uploads\\\/2023\\\/12\\\/capa20popular.jpg\",\"width\":950,\"height\":1425},{\"@type\":\"BreadcrumbList\",\"@id\":\"https:\\\/\\\/ponteseditores.com.br\\\/loja3\\\/pontes-editores-home-2__trashed\\\/linguistica\\\/linguistica-popular-folk-linguistics-praticas-proposicoes-e-polemicas-homenagem-a-amadeu-amaral\\\/#breadcrumb\",\"itemListElement\":[{\"@type\":\"ListItem\",\"position\":1,\"name\":\"Home\",\"item\":\"https:\\\/\\\/ponteseditores.com.br\\\/loja3\\\/\"},{\"@type\":\"ListItem\",\"position\":2,\"name\":\"loja\",\"item\":\"https:\\\/\\\/ponteseditores.com.br\\\/loja3\\\/loja\\\/\"},{\"@type\":\"ListItem\",\"position\":3,\"name\":\"LINGU\u00cdSTICA POPULAR\\\/FOLK LINGUISTICS: pr\u00e1ticas, proposi\u00e7\u00f5es e pol\u00eamicas HOMENAGEM A AMADEU AMARAL\"}]},{\"@type\":\"WebSite\",\"@id\":\"https:\\\/\\\/ponteseditores.com.br\\\/loja3\\\/#website\",\"url\":\"https:\\\/\\\/ponteseditores.com.br\\\/loja3\\\/\",\"name\":\"Pontes Editores\",\"description\":\"Pontes Editores\",\"publisher\":{\"@id\":\"https:\\\/\\\/ponteseditores.com.br\\\/loja3\\\/#organization\"},\"potentialAction\":[{\"@type\":\"SearchAction\",\"target\":{\"@type\":\"EntryPoint\",\"urlTemplate\":\"https:\\\/\\\/ponteseditores.com.br\\\/loja3\\\/?s={search_term_string}\"},\"query-input\":{\"@type\":\"PropertyValueSpecification\",\"valueRequired\":true,\"valueName\":\"search_term_string\"}}],\"inLanguage\":\"pt-BR\"},{\"@type\":\"Organization\",\"@id\":\"https:\\\/\\\/ponteseditores.com.br\\\/loja3\\\/#organization\",\"name\":\"Pontes Editores\",\"url\":\"https:\\\/\\\/ponteseditores.com.br\\\/loja3\\\/\",\"logo\":{\"@type\":\"ImageObject\",\"inLanguage\":\"pt-BR\",\"@id\":\"https:\\\/\\\/ponteseditores.com.br\\\/loja3\\\/#\\\/schema\\\/logo\\\/image\\\/\",\"url\":\"https:\\\/\\\/ponteseditores.com.br\\\/loja3\\\/wp-content\\\/uploads\\\/2023\\\/12\\\/logo-pontes-editores-v2.png\",\"contentUrl\":\"https:\\\/\\\/ponteseditores.com.br\\\/loja3\\\/wp-content\\\/uploads\\\/2023\\\/12\\\/logo-pontes-editores-v2.png\",\"width\":258,\"height\":100,\"caption\":\"Pontes Editores\"},\"image\":{\"@id\":\"https:\\\/\\\/ponteseditores.com.br\\\/loja3\\\/#\\\/schema\\\/logo\\\/image\\\/\"}}]}<\/script>\n<!-- \/ Yoast SEO plugin. -->","yoast_head_json":{"title":"LINGU\u00cdSTICA POPULAR\/FOLK LINGUISTICS: pr\u00e1ticas, proposi\u00e7\u00f5es e pol\u00eamicas HOMENAGEM A AMADEU AMARAL - Pontes Editores","robots":{"index":"index","follow":"follow","max-snippet":"max-snippet:-1","max-image-preview":"max-image-preview:large","max-video-preview":"max-video-preview:-1"},"canonical":"https:\/\/ponteseditores.com.br\/loja3\/pontes-editores-home-2__trashed\/linguistica\/linguistica-popular-folk-linguistics-praticas-proposicoes-e-polemicas-homenagem-a-amadeu-amaral\/","og_locale":"pt_BR","og_type":"article","og_title":"LINGU\u00cdSTICA POPULAR\/FOLK LINGUISTICS: pr\u00e1ticas, proposi\u00e7\u00f5es e pol\u00eamicas HOMENAGEM A AMADEU AMARAL - Pontes Editores","og_description":"Marie-Anne Paveau (2020) abre o I Semin\u00e1rio Internacional de Estudos em Lingu\u00edstica Popular &#8211; SIELIPOP: Homenagem a Amadeu Amaral fazendo a seguinte afirma\u00e7\u00e3o \u2018\u2018se a l\u00edngua \u00e9 um bem comum, os discursos sobre a l\u00edngua tamb\u00e9m o s\u00e3o: todo mundo faz lingu\u00edstica em diferentes n\u00edveis, em diferentes situa\u00e7\u00f5es e em diferentes momentos\u2019\u2019. Os trabalhos reunidos [&hellip;]","og_url":"https:\/\/ponteseditores.com.br\/loja3\/pontes-editores-home-2__trashed\/linguistica\/linguistica-popular-folk-linguistics-praticas-proposicoes-e-polemicas-homenagem-a-amadeu-amaral\/","og_site_name":"Pontes Editores","article_modified_time":"2024-03-28T15:55:48+00:00","og_image":[{"width":950,"height":1425,"url":"https:\/\/ponteseditores.com.br\/loja3\/wp-content\/uploads\/2023\/12\/capa20popular.jpg","type":"image\/jpeg"}],"twitter_card":"summary_large_image","twitter_misc":{"Est. tempo de leitura":"1 minuto"},"schema":{"@context":"https:\/\/schema.org","@graph":[{"@type":"WebPage","@id":"https:\/\/ponteseditores.com.br\/loja3\/pontes-editores-home-2__trashed\/linguistica\/linguistica-popular-folk-linguistics-praticas-proposicoes-e-polemicas-homenagem-a-amadeu-amaral\/","url":"https:\/\/ponteseditores.com.br\/loja3\/pontes-editores-home-2__trashed\/linguistica\/linguistica-popular-folk-linguistics-praticas-proposicoes-e-polemicas-homenagem-a-amadeu-amaral\/","name":"LINGU\u00cdSTICA POPULAR\/FOLK LINGUISTICS: pr\u00e1ticas, proposi\u00e7\u00f5es e pol\u00eamicas HOMENAGEM A AMADEU AMARAL - Pontes Editores","isPartOf":{"@id":"https:\/\/ponteseditores.com.br\/loja3\/#website"},"primaryImageOfPage":{"@id":"https:\/\/ponteseditores.com.br\/loja3\/pontes-editores-home-2__trashed\/linguistica\/linguistica-popular-folk-linguistics-praticas-proposicoes-e-polemicas-homenagem-a-amadeu-amaral\/#primaryimage"},"image":{"@id":"https:\/\/ponteseditores.com.br\/loja3\/pontes-editores-home-2__trashed\/linguistica\/linguistica-popular-folk-linguistics-praticas-proposicoes-e-polemicas-homenagem-a-amadeu-amaral\/#primaryimage"},"thumbnailUrl":"https:\/\/ponteseditores.com.br\/loja3\/wp-content\/uploads\/2023\/12\/capa20popular.jpg","datePublished":"2023-12-15T03:53:19+00:00","dateModified":"2024-03-28T15:55:48+00:00","breadcrumb":{"@id":"https:\/\/ponteseditores.com.br\/loja3\/pontes-editores-home-2__trashed\/linguistica\/linguistica-popular-folk-linguistics-praticas-proposicoes-e-polemicas-homenagem-a-amadeu-amaral\/#breadcrumb"},"inLanguage":"pt-BR","potentialAction":[{"@type":"ReadAction","target":["https:\/\/ponteseditores.com.br\/loja3\/pontes-editores-home-2__trashed\/linguistica\/linguistica-popular-folk-linguistics-praticas-proposicoes-e-polemicas-homenagem-a-amadeu-amaral\/"]}]},{"@type":"ImageObject","inLanguage":"pt-BR","@id":"https:\/\/ponteseditores.com.br\/loja3\/pontes-editores-home-2__trashed\/linguistica\/linguistica-popular-folk-linguistics-praticas-proposicoes-e-polemicas-homenagem-a-amadeu-amaral\/#primaryimage","url":"https:\/\/ponteseditores.com.br\/loja3\/wp-content\/uploads\/2023\/12\/capa20popular.jpg","contentUrl":"https:\/\/ponteseditores.com.br\/loja3\/wp-content\/uploads\/2023\/12\/capa20popular.jpg","width":950,"height":1425},{"@type":"BreadcrumbList","@id":"https:\/\/ponteseditores.com.br\/loja3\/pontes-editores-home-2__trashed\/linguistica\/linguistica-popular-folk-linguistics-praticas-proposicoes-e-polemicas-homenagem-a-amadeu-amaral\/#breadcrumb","itemListElement":[{"@type":"ListItem","position":1,"name":"Home","item":"https:\/\/ponteseditores.com.br\/loja3\/"},{"@type":"ListItem","position":2,"name":"loja","item":"https:\/\/ponteseditores.com.br\/loja3\/loja\/"},{"@type":"ListItem","position":3,"name":"LINGU\u00cdSTICA POPULAR\/FOLK LINGUISTICS: pr\u00e1ticas, proposi\u00e7\u00f5es e pol\u00eamicas HOMENAGEM A AMADEU AMARAL"}]},{"@type":"WebSite","@id":"https:\/\/ponteseditores.com.br\/loja3\/#website","url":"https:\/\/ponteseditores.com.br\/loja3\/","name":"Pontes Editores","description":"Pontes Editores","publisher":{"@id":"https:\/\/ponteseditores.com.br\/loja3\/#organization"},"potentialAction":[{"@type":"SearchAction","target":{"@type":"EntryPoint","urlTemplate":"https:\/\/ponteseditores.com.br\/loja3\/?s={search_term_string}"},"query-input":{"@type":"PropertyValueSpecification","valueRequired":true,"valueName":"search_term_string"}}],"inLanguage":"pt-BR"},{"@type":"Organization","@id":"https:\/\/ponteseditores.com.br\/loja3\/#organization","name":"Pontes Editores","url":"https:\/\/ponteseditores.com.br\/loja3\/","logo":{"@type":"ImageObject","inLanguage":"pt-BR","@id":"https:\/\/ponteseditores.com.br\/loja3\/#\/schema\/logo\/image\/","url":"https:\/\/ponteseditores.com.br\/loja3\/wp-content\/uploads\/2023\/12\/logo-pontes-editores-v2.png","contentUrl":"https:\/\/ponteseditores.com.br\/loja3\/wp-content\/uploads\/2023\/12\/logo-pontes-editores-v2.png","width":258,"height":100,"caption":"Pontes Editores"},"image":{"@id":"https:\/\/ponteseditores.com.br\/loja3\/#\/schema\/logo\/image\/"}}]}},"_links":{"self":[{"href":"https:\/\/ponteseditores.com.br\/loja3\/wp-json\/wp\/v2\/product\/7683","targetHints":{"allow":["GET"]}}],"collection":[{"href":"https:\/\/ponteseditores.com.br\/loja3\/wp-json\/wp\/v2\/product"}],"about":[{"href":"https:\/\/ponteseditores.com.br\/loja3\/wp-json\/wp\/v2\/types\/product"}],"replies":[{"embeddable":true,"href":"https:\/\/ponteseditores.com.br\/loja3\/wp-json\/wp\/v2\/comments?post=7683"}],"version-history":[{"count":0,"href":"https:\/\/ponteseditores.com.br\/loja3\/wp-json\/wp\/v2\/product\/7683\/revisions"}],"wp:featuredmedia":[{"embeddable":true,"href":"https:\/\/ponteseditores.com.br\/loja3\/wp-json\/wp\/v2\/media\/7682"}],"wp:attachment":[{"href":"https:\/\/ponteseditores.com.br\/loja3\/wp-json\/wp\/v2\/media?parent=7683"}],"wp:term":[{"taxonomy":"product_brand","embeddable":true,"href":"https:\/\/ponteseditores.com.br\/loja3\/wp-json\/wp\/v2\/product_brand?post=7683"},{"taxonomy":"product_cat","embeddable":true,"href":"https:\/\/ponteseditores.com.br\/loja3\/wp-json\/wp\/v2\/product_cat?post=7683"},{"taxonomy":"product_tag","embeddable":true,"href":"https:\/\/ponteseditores.com.br\/loja3\/wp-json\/wp\/v2\/product_tag?post=7683"}],"curies":[{"name":"wp","href":"https:\/\/api.w.org\/{rel}","templated":true}]}}