{"id":7673,"date":"2023-12-15T00:53:07","date_gmt":"2023-12-15T03:53:07","guid":{"rendered":"https:\/\/ponteseditores.com.br\/loja3\/pontes-editores-home-2__trashed\/sem%20categoria\/generos-discursivos-caminhos-para-leitura-e-escrita-no-ensino-fundamental\/"},"modified":"2025-07-21T22:28:36","modified_gmt":"2025-07-22T01:28:36","slug":"generos-discursivos-caminhos-para-leitura-e-escrita-no-ensino-fundamental","status":"publish","type":"product","link":"https:\/\/ponteseditores.com.br\/loja3\/pontes-editores-home-2__trashed\/leitura\/generos-discursivos-caminhos-para-leitura-e-escrita-no-ensino-fundamental\/","title":{"rendered":"G\u00caNEROS DISCURSIVOS:  CAMINHOS PARA LEITURA E  ESCRITA NO ENSINO FUNDAMENTAL"},"content":{"rendered":"<p>Ao elaborarem as propostas de trabalho, experienci\u00e1-las na sala de aula e socializ\u00e1-las, posteriormente, por meio dessa obra, o que prevalece \u00e9 a postura de professores ativos que, responsivamente, procuram responder dialeticamente \u00e0 necessidade que emerge do contexto social, mais especificamente, da escola na qual atuam. Colocar-se nesta posi\u00e7\u00e3o de autor-criador que tem o que dizer e para quem dizer n\u00e3o \u00e9 uma tarefa f\u00e1cil, uma vez que o discurso cient\u00edfico exigido pela academia requer um deslocamento para al\u00e9m da didatiza\u00e7\u00e3o da sala de aula. Mesmo cientes das dificuldades que poderiam enfrentar, aceitaram esse desafio e povoaram suas proposi\u00e7\u00f5es de inten\u00e7\u00f5es enunciativas, demarcando outras possibilidades de trabalho com os g\u00eaneros discursivos. E fizeram isso com maestria, com a propriedade de quem entendeu a proposta, sabe o que tem a dizer e como quer faz\u00ea-lo.<\/p>\n<p>Portanto, recomendo a leitura de cada cap\u00edtulo da obra a todos os professores de L\u00edngua Portuguesa do ensino fundamental que desejam (re)visitar sua pr\u00e1tica docente na perspectiva de torn\u00e1-la mais coerente e consistente com os pressupostos te\u00f3rico-metodol\u00f3gicos da concep\u00e7\u00e3o dial\u00f3gica e interacionista da linguagem. E recomendo, tamb\u00e9m, a todos os pesquisadores da \u00e1rea da Lingu\u00edstica Aplicada, pois ao se voltarem para os problemas reais de uso da linguagem, poder\u00e3o encontrar nos cap\u00edtulos resposta(s) a muitos questionamentos, principalmente \u00e0queles que se referem ao trabalho com os g\u00eaneros discursivos para as pr\u00e1ticas de ensino da leitura e da escrita.<\/p>\n","protected":false},"excerpt":{"rendered":"<p>Ao elaborarem as propostas de trabalho, experienci\u00e1-las na sala de aula e socializ\u00e1-las, posteriormente, por meio dessa obra, o que prevalece \u00e9 a postura de professores ativos que, responsivamente, procuram responder dialeticamente \u00e0 necessidade que emerge do contexto social, mais especificamente, da escola na qual atuam. Colocar-se nesta posi\u00e7\u00e3o de autor-criador que tem o que [&hellip;]<\/p>\n","protected":false},"featured_media":23111,"comment_status":"open","ping_status":"closed","template":"","meta":{"_joinchat":[]},"product_brand":[],"product_cat":[317,278,293],"product_tag":[],"class_list":{"0":"post-7673","1":"product","2":"type-product","3":"status-publish","4":"has-post-thumbnail","6":"product_cat-generos-discursivos","7":"product_cat-leitura","8":"product_cat-meios-auxiliares-do-ensino","9":"product_shipping_class-livro-pontes-editores-fisico","11":"first","12":"instock","13":"shipping-taxable","14":"purchasable","15":"product-type-simple"},"yoast_head":"<!-- This site is optimized with the Yoast SEO plugin v27.4 - https:\/\/yoast.com\/product\/yoast-seo-wordpress\/ -->\n<title>G\u00caNEROS DISCURSIVOS: CAMINHOS PARA LEITURA E ESCRITA NO ENSINO FUNDAMENTAL - Pontes Editores<\/title>\n<meta name=\"robots\" content=\"index, follow, max-snippet:-1, max-image-preview:large, max-video-preview:-1\" \/>\n<link rel=\"canonical\" href=\"https:\/\/ponteseditores.com.br\/loja3\/pontes-editores-home-2__trashed\/leitura\/generos-discursivos-caminhos-para-leitura-e-escrita-no-ensino-fundamental\/\" \/>\n<meta property=\"og:locale\" content=\"pt_BR\" \/>\n<meta property=\"og:type\" content=\"article\" \/>\n<meta property=\"og:title\" content=\"G\u00caNEROS DISCURSIVOS: CAMINHOS PARA LEITURA E ESCRITA NO ENSINO FUNDAMENTAL - Pontes Editores\" \/>\n<meta property=\"og:description\" content=\"Ao elaborarem as propostas de trabalho, experienci\u00e1-las na sala de aula e socializ\u00e1-las, posteriormente, por meio dessa obra, o que prevalece \u00e9 a postura de professores ativos que, responsivamente, procuram responder dialeticamente \u00e0 necessidade que emerge do contexto social, mais especificamente, da escola na qual atuam. Colocar-se nesta posi\u00e7\u00e3o de autor-criador que tem o que [&hellip;]\" \/>\n<meta property=\"og:url\" content=\"https:\/\/ponteseditores.com.br\/loja3\/pontes-editores-home-2__trashed\/leitura\/generos-discursivos-caminhos-para-leitura-e-escrita-no-ensino-fundamental\/\" \/>\n<meta property=\"og:site_name\" content=\"Pontes Editores\" \/>\n<meta property=\"article:modified_time\" content=\"2025-07-22T01:28:36+00:00\" \/>\n<meta property=\"og:image\" content=\"https:\/\/ponteseditores.com.br\/loja3\/wp-content\/uploads\/2023\/12\/generos-discursivos-caminhos-para-a-leitura.-capa.jpg\" \/>\n\t<meta property=\"og:image:width\" content=\"1000\" \/>\n\t<meta property=\"og:image:height\" content=\"1481\" \/>\n\t<meta property=\"og:image:type\" content=\"image\/jpeg\" \/>\n<meta name=\"twitter:card\" content=\"summary_large_image\" \/>\n<meta name=\"twitter:label1\" content=\"Est. tempo de leitura\" \/>\n\t<meta name=\"twitter:data1\" content=\"2 minutos\" \/>\n<script type=\"application\/ld+json\" class=\"yoast-schema-graph\">{\"@context\":\"https:\\\/\\\/schema.org\",\"@graph\":[{\"@type\":\"WebPage\",\"@id\":\"https:\\\/\\\/ponteseditores.com.br\\\/loja3\\\/pontes-editores-home-2__trashed\\\/leitura\\\/generos-discursivos-caminhos-para-leitura-e-escrita-no-ensino-fundamental\\\/\",\"url\":\"https:\\\/\\\/ponteseditores.com.br\\\/loja3\\\/pontes-editores-home-2__trashed\\\/leitura\\\/generos-discursivos-caminhos-para-leitura-e-escrita-no-ensino-fundamental\\\/\",\"name\":\"G\u00caNEROS DISCURSIVOS: CAMINHOS PARA LEITURA E ESCRITA NO ENSINO FUNDAMENTAL - Pontes Editores\",\"isPartOf\":{\"@id\":\"https:\\\/\\\/ponteseditores.com.br\\\/loja3\\\/#website\"},\"primaryImageOfPage\":{\"@id\":\"https:\\\/\\\/ponteseditores.com.br\\\/loja3\\\/pontes-editores-home-2__trashed\\\/leitura\\\/generos-discursivos-caminhos-para-leitura-e-escrita-no-ensino-fundamental\\\/#primaryimage\"},\"image\":{\"@id\":\"https:\\\/\\\/ponteseditores.com.br\\\/loja3\\\/pontes-editores-home-2__trashed\\\/leitura\\\/generos-discursivos-caminhos-para-leitura-e-escrita-no-ensino-fundamental\\\/#primaryimage\"},\"thumbnailUrl\":\"https:\\\/\\\/ponteseditores.com.br\\\/loja3\\\/wp-content\\\/uploads\\\/2023\\\/12\\\/generos-discursivos-caminhos-para-a-leitura.-capa.jpg\",\"datePublished\":\"2023-12-15T03:53:07+00:00\",\"dateModified\":\"2025-07-22T01:28:36+00:00\",\"breadcrumb\":{\"@id\":\"https:\\\/\\\/ponteseditores.com.br\\\/loja3\\\/pontes-editores-home-2__trashed\\\/leitura\\\/generos-discursivos-caminhos-para-leitura-e-escrita-no-ensino-fundamental\\\/#breadcrumb\"},\"inLanguage\":\"pt-BR\",\"potentialAction\":[{\"@type\":\"ReadAction\",\"target\":[\"https:\\\/\\\/ponteseditores.com.br\\\/loja3\\\/pontes-editores-home-2__trashed\\\/leitura\\\/generos-discursivos-caminhos-para-leitura-e-escrita-no-ensino-fundamental\\\/\"]}]},{\"@type\":\"ImageObject\",\"inLanguage\":\"pt-BR\",\"@id\":\"https:\\\/\\\/ponteseditores.com.br\\\/loja3\\\/pontes-editores-home-2__trashed\\\/leitura\\\/generos-discursivos-caminhos-para-leitura-e-escrita-no-ensino-fundamental\\\/#primaryimage\",\"url\":\"https:\\\/\\\/ponteseditores.com.br\\\/loja3\\\/wp-content\\\/uploads\\\/2023\\\/12\\\/generos-discursivos-caminhos-para-a-leitura.-capa.jpg\",\"contentUrl\":\"https:\\\/\\\/ponteseditores.com.br\\\/loja3\\\/wp-content\\\/uploads\\\/2023\\\/12\\\/generos-discursivos-caminhos-para-a-leitura.-capa.jpg\",\"width\":1000,\"height\":1481},{\"@type\":\"BreadcrumbList\",\"@id\":\"https:\\\/\\\/ponteseditores.com.br\\\/loja3\\\/pontes-editores-home-2__trashed\\\/leitura\\\/generos-discursivos-caminhos-para-leitura-e-escrita-no-ensino-fundamental\\\/#breadcrumb\",\"itemListElement\":[{\"@type\":\"ListItem\",\"position\":1,\"name\":\"Home\",\"item\":\"https:\\\/\\\/ponteseditores.com.br\\\/loja3\\\/\"},{\"@type\":\"ListItem\",\"position\":2,\"name\":\"loja\",\"item\":\"https:\\\/\\\/ponteseditores.com.br\\\/loja3\\\/loja\\\/\"},{\"@type\":\"ListItem\",\"position\":3,\"name\":\"G\u00caNEROS DISCURSIVOS: CAMINHOS PARA LEITURA E ESCRITA NO ENSINO FUNDAMENTAL\"}]},{\"@type\":\"WebSite\",\"@id\":\"https:\\\/\\\/ponteseditores.com.br\\\/loja3\\\/#website\",\"url\":\"https:\\\/\\\/ponteseditores.com.br\\\/loja3\\\/\",\"name\":\"Pontes Editores\",\"description\":\"Pontes Editores\",\"publisher\":{\"@id\":\"https:\\\/\\\/ponteseditores.com.br\\\/loja3\\\/#organization\"},\"potentialAction\":[{\"@type\":\"SearchAction\",\"target\":{\"@type\":\"EntryPoint\",\"urlTemplate\":\"https:\\\/\\\/ponteseditores.com.br\\\/loja3\\\/?s={search_term_string}\"},\"query-input\":{\"@type\":\"PropertyValueSpecification\",\"valueRequired\":true,\"valueName\":\"search_term_string\"}}],\"inLanguage\":\"pt-BR\"},{\"@type\":\"Organization\",\"@id\":\"https:\\\/\\\/ponteseditores.com.br\\\/loja3\\\/#organization\",\"name\":\"Pontes Editores\",\"url\":\"https:\\\/\\\/ponteseditores.com.br\\\/loja3\\\/\",\"logo\":{\"@type\":\"ImageObject\",\"inLanguage\":\"pt-BR\",\"@id\":\"https:\\\/\\\/ponteseditores.com.br\\\/loja3\\\/#\\\/schema\\\/logo\\\/image\\\/\",\"url\":\"https:\\\/\\\/ponteseditores.com.br\\\/loja3\\\/wp-content\\\/uploads\\\/2023\\\/12\\\/logo-pontes-editores-v2.png\",\"contentUrl\":\"https:\\\/\\\/ponteseditores.com.br\\\/loja3\\\/wp-content\\\/uploads\\\/2023\\\/12\\\/logo-pontes-editores-v2.png\",\"width\":258,\"height\":100,\"caption\":\"Pontes Editores\"},\"image\":{\"@id\":\"https:\\\/\\\/ponteseditores.com.br\\\/loja3\\\/#\\\/schema\\\/logo\\\/image\\\/\"}}]}<\/script>\n<!-- \/ Yoast SEO plugin. -->","yoast_head_json":{"title":"G\u00caNEROS DISCURSIVOS: CAMINHOS PARA LEITURA E ESCRITA NO ENSINO FUNDAMENTAL - Pontes Editores","robots":{"index":"index","follow":"follow","max-snippet":"max-snippet:-1","max-image-preview":"max-image-preview:large","max-video-preview":"max-video-preview:-1"},"canonical":"https:\/\/ponteseditores.com.br\/loja3\/pontes-editores-home-2__trashed\/leitura\/generos-discursivos-caminhos-para-leitura-e-escrita-no-ensino-fundamental\/","og_locale":"pt_BR","og_type":"article","og_title":"G\u00caNEROS DISCURSIVOS: CAMINHOS PARA LEITURA E ESCRITA NO ENSINO FUNDAMENTAL - Pontes Editores","og_description":"Ao elaborarem as propostas de trabalho, experienci\u00e1-las na sala de aula e socializ\u00e1-las, posteriormente, por meio dessa obra, o que prevalece \u00e9 a postura de professores ativos que, responsivamente, procuram responder dialeticamente \u00e0 necessidade que emerge do contexto social, mais especificamente, da escola na qual atuam. Colocar-se nesta posi\u00e7\u00e3o de autor-criador que tem o que [&hellip;]","og_url":"https:\/\/ponteseditores.com.br\/loja3\/pontes-editores-home-2__trashed\/leitura\/generos-discursivos-caminhos-para-leitura-e-escrita-no-ensino-fundamental\/","og_site_name":"Pontes Editores","article_modified_time":"2025-07-22T01:28:36+00:00","og_image":[{"width":1000,"height":1481,"url":"https:\/\/ponteseditores.com.br\/loja3\/wp-content\/uploads\/2023\/12\/generos-discursivos-caminhos-para-a-leitura.-capa.jpg","type":"image\/jpeg"}],"twitter_card":"summary_large_image","twitter_misc":{"Est. tempo de leitura":"2 minutos"},"schema":{"@context":"https:\/\/schema.org","@graph":[{"@type":"WebPage","@id":"https:\/\/ponteseditores.com.br\/loja3\/pontes-editores-home-2__trashed\/leitura\/generos-discursivos-caminhos-para-leitura-e-escrita-no-ensino-fundamental\/","url":"https:\/\/ponteseditores.com.br\/loja3\/pontes-editores-home-2__trashed\/leitura\/generos-discursivos-caminhos-para-leitura-e-escrita-no-ensino-fundamental\/","name":"G\u00caNEROS DISCURSIVOS: CAMINHOS PARA LEITURA E ESCRITA NO ENSINO FUNDAMENTAL - Pontes Editores","isPartOf":{"@id":"https:\/\/ponteseditores.com.br\/loja3\/#website"},"primaryImageOfPage":{"@id":"https:\/\/ponteseditores.com.br\/loja3\/pontes-editores-home-2__trashed\/leitura\/generos-discursivos-caminhos-para-leitura-e-escrita-no-ensino-fundamental\/#primaryimage"},"image":{"@id":"https:\/\/ponteseditores.com.br\/loja3\/pontes-editores-home-2__trashed\/leitura\/generos-discursivos-caminhos-para-leitura-e-escrita-no-ensino-fundamental\/#primaryimage"},"thumbnailUrl":"https:\/\/ponteseditores.com.br\/loja3\/wp-content\/uploads\/2023\/12\/generos-discursivos-caminhos-para-a-leitura.-capa.jpg","datePublished":"2023-12-15T03:53:07+00:00","dateModified":"2025-07-22T01:28:36+00:00","breadcrumb":{"@id":"https:\/\/ponteseditores.com.br\/loja3\/pontes-editores-home-2__trashed\/leitura\/generos-discursivos-caminhos-para-leitura-e-escrita-no-ensino-fundamental\/#breadcrumb"},"inLanguage":"pt-BR","potentialAction":[{"@type":"ReadAction","target":["https:\/\/ponteseditores.com.br\/loja3\/pontes-editores-home-2__trashed\/leitura\/generos-discursivos-caminhos-para-leitura-e-escrita-no-ensino-fundamental\/"]}]},{"@type":"ImageObject","inLanguage":"pt-BR","@id":"https:\/\/ponteseditores.com.br\/loja3\/pontes-editores-home-2__trashed\/leitura\/generos-discursivos-caminhos-para-leitura-e-escrita-no-ensino-fundamental\/#primaryimage","url":"https:\/\/ponteseditores.com.br\/loja3\/wp-content\/uploads\/2023\/12\/generos-discursivos-caminhos-para-a-leitura.-capa.jpg","contentUrl":"https:\/\/ponteseditores.com.br\/loja3\/wp-content\/uploads\/2023\/12\/generos-discursivos-caminhos-para-a-leitura.-capa.jpg","width":1000,"height":1481},{"@type":"BreadcrumbList","@id":"https:\/\/ponteseditores.com.br\/loja3\/pontes-editores-home-2__trashed\/leitura\/generos-discursivos-caminhos-para-leitura-e-escrita-no-ensino-fundamental\/#breadcrumb","itemListElement":[{"@type":"ListItem","position":1,"name":"Home","item":"https:\/\/ponteseditores.com.br\/loja3\/"},{"@type":"ListItem","position":2,"name":"loja","item":"https:\/\/ponteseditores.com.br\/loja3\/loja\/"},{"@type":"ListItem","position":3,"name":"G\u00caNEROS DISCURSIVOS: CAMINHOS PARA LEITURA E ESCRITA NO ENSINO FUNDAMENTAL"}]},{"@type":"WebSite","@id":"https:\/\/ponteseditores.com.br\/loja3\/#website","url":"https:\/\/ponteseditores.com.br\/loja3\/","name":"Pontes Editores","description":"Pontes Editores","publisher":{"@id":"https:\/\/ponteseditores.com.br\/loja3\/#organization"},"potentialAction":[{"@type":"SearchAction","target":{"@type":"EntryPoint","urlTemplate":"https:\/\/ponteseditores.com.br\/loja3\/?s={search_term_string}"},"query-input":{"@type":"PropertyValueSpecification","valueRequired":true,"valueName":"search_term_string"}}],"inLanguage":"pt-BR"},{"@type":"Organization","@id":"https:\/\/ponteseditores.com.br\/loja3\/#organization","name":"Pontes Editores","url":"https:\/\/ponteseditores.com.br\/loja3\/","logo":{"@type":"ImageObject","inLanguage":"pt-BR","@id":"https:\/\/ponteseditores.com.br\/loja3\/#\/schema\/logo\/image\/","url":"https:\/\/ponteseditores.com.br\/loja3\/wp-content\/uploads\/2023\/12\/logo-pontes-editores-v2.png","contentUrl":"https:\/\/ponteseditores.com.br\/loja3\/wp-content\/uploads\/2023\/12\/logo-pontes-editores-v2.png","width":258,"height":100,"caption":"Pontes Editores"},"image":{"@id":"https:\/\/ponteseditores.com.br\/loja3\/#\/schema\/logo\/image\/"}}]}},"_links":{"self":[{"href":"https:\/\/ponteseditores.com.br\/loja3\/wp-json\/wp\/v2\/product\/7673","targetHints":{"allow":["GET"]}}],"collection":[{"href":"https:\/\/ponteseditores.com.br\/loja3\/wp-json\/wp\/v2\/product"}],"about":[{"href":"https:\/\/ponteseditores.com.br\/loja3\/wp-json\/wp\/v2\/types\/product"}],"replies":[{"embeddable":true,"href":"https:\/\/ponteseditores.com.br\/loja3\/wp-json\/wp\/v2\/comments?post=7673"}],"version-history":[{"count":1,"href":"https:\/\/ponteseditores.com.br\/loja3\/wp-json\/wp\/v2\/product\/7673\/revisions"}],"predecessor-version":[{"id":23112,"href":"https:\/\/ponteseditores.com.br\/loja3\/wp-json\/wp\/v2\/product\/7673\/revisions\/23112"}],"wp:featuredmedia":[{"embeddable":true,"href":"https:\/\/ponteseditores.com.br\/loja3\/wp-json\/wp\/v2\/media\/23111"}],"wp:attachment":[{"href":"https:\/\/ponteseditores.com.br\/loja3\/wp-json\/wp\/v2\/media?parent=7673"}],"wp:term":[{"taxonomy":"product_brand","embeddable":true,"href":"https:\/\/ponteseditores.com.br\/loja3\/wp-json\/wp\/v2\/product_brand?post=7673"},{"taxonomy":"product_cat","embeddable":true,"href":"https:\/\/ponteseditores.com.br\/loja3\/wp-json\/wp\/v2\/product_cat?post=7673"},{"taxonomy":"product_tag","embeddable":true,"href":"https:\/\/ponteseditores.com.br\/loja3\/wp-json\/wp\/v2\/product_tag?post=7673"}],"curies":[{"name":"wp","href":"https:\/\/api.w.org\/{rel}","templated":true}]}}