{"id":7647,"date":"2023-12-15T00:52:50","date_gmt":"2023-12-15T03:52:50","guid":{"rendered":"https:\/\/ponteseditores.com.br\/loja3\/pontes-editores-home-2__trashed\/sem%20categoria\/devaneios-em-atas-distopias-teoricas-nos-multiletramentos-e-ingles-como-lingua-franca\/"},"modified":"2023-12-15T11:55:27","modified_gmt":"2023-12-15T14:55:27","slug":"devaneios-em-atas-distopias-teoricas-nos-multiletramentos-e-ingles-como-lingua-franca","status":"publish","type":"product","link":"https:\/\/ponteseditores.com.br\/loja3\/pontes-editores-home-2__trashed\/ensino-de-linguas\/devaneios-em-atas-distopias-teoricas-nos-multiletramentos-e-ingles-como-lingua-franca\/","title":{"rendered":"Devaneios em Atas: distopias te\u00f3ricas nos multiletramentos e ingl\u00eas como l\u00edngua franca"},"content":{"rendered":"<p>H\u00e1 alguns anos o Grupo de Pesquisa Identidade e Leitura, da Universidade Federal do Paran\u00e1 (UFPR) insiste e persiste em continuar existindo por meio de encontros entre professores e alunos universit\u00e1rios, engajados em discutir Lingu\u00edstica Aplicada e educa\u00e7\u00e3o &#8230; e tentar, talvez, compreender melhor novas teorias e aplic\u00e1-las em seus contextos de estudo e trabalho ou apenas buscar atualiza\u00e7\u00e3o e a troca de ideias com pessoas inteligentes e respeitadas no meio acad\u00eamico.<\/p>\n<p>O resultado que ousamos aqui compartilhar com leitores (des)conhecidos \u00e9 evid\u00eancia do quanto aprendemos e nos divertimos construindo esses textos. \u00c9 evid\u00eancia tamb\u00e9m, ao menos para n\u00f3s, de que romper com a esterilidade da escrita acad\u00eamica tradicional pode ser produtivo; de que pensar sobre o mundo a partir de nossas teorias cient\u00edficas (sim, temos a pretens\u00e3o de que as teorias que nos embasam aqui sejam cient\u00edficas) nos apresentou um desafio que fomos capazes de superar\u2026. Ou pelo menos estamos sendo&#8230;<\/p>\n","protected":false},"excerpt":{"rendered":"<p>H\u00e1 alguns anos o Grupo de Pesquisa Identidade e Leitura, da Universidade Federal do Paran\u00e1 (UFPR) insiste e persiste em continuar existindo por meio de encontros entre professores e alunos universit\u00e1rios, engajados em discutir Lingu\u00edstica Aplicada e educa\u00e7\u00e3o &#8230; e tentar, talvez, compreender melhor novas teorias e aplic\u00e1-las em seus contextos de estudo e trabalho [&hellip;]<\/p>\n","protected":false},"featured_media":7646,"comment_status":"open","ping_status":"closed","template":"","meta":{"_joinchat":[]},"product_brand":[],"product_cat":[140,290,293],"product_tag":[],"class_list":{"0":"post-7647","1":"product","2":"type-product","3":"status-publish","4":"has-post-thumbnail","6":"product_cat-ensino-de-linguas","7":"product_cat-linguagem-e-linguas","8":"product_cat-meios-auxiliares-do-ensino","9":"product_shipping_class-livro-pontes-editores-fisico","11":"first","12":"instock","13":"shipping-taxable","14":"purchasable","15":"product-type-simple"},"yoast_head":"<!-- This site is optimized with the Yoast SEO plugin v27.4 - https:\/\/yoast.com\/product\/yoast-seo-wordpress\/ -->\n<title>Devaneios em Atas: distopias te\u00f3ricas nos multiletramentos e ingl\u00eas como l\u00edngua franca - Pontes Editores<\/title>\n<meta name=\"robots\" content=\"index, follow, max-snippet:-1, max-image-preview:large, max-video-preview:-1\" \/>\n<link rel=\"canonical\" href=\"https:\/\/ponteseditores.com.br\/loja3\/pontes-editores-home-2__trashed\/ensino-de-linguas\/devaneios-em-atas-distopias-teoricas-nos-multiletramentos-e-ingles-como-lingua-franca\/\" \/>\n<meta property=\"og:locale\" content=\"pt_BR\" \/>\n<meta property=\"og:type\" content=\"article\" \/>\n<meta property=\"og:title\" content=\"Devaneios em Atas: distopias te\u00f3ricas nos multiletramentos e ingl\u00eas como l\u00edngua franca - Pontes Editores\" \/>\n<meta property=\"og:description\" content=\"H\u00e1 alguns anos o Grupo de Pesquisa Identidade e Leitura, da Universidade Federal do Paran\u00e1 (UFPR) insiste e persiste em continuar existindo por meio de encontros entre professores e alunos universit\u00e1rios, engajados em discutir Lingu\u00edstica Aplicada e educa\u00e7\u00e3o &#8230; e tentar, talvez, compreender melhor novas teorias e aplic\u00e1-las em seus contextos de estudo e trabalho [&hellip;]\" \/>\n<meta property=\"og:url\" content=\"https:\/\/ponteseditores.com.br\/loja3\/pontes-editores-home-2__trashed\/ensino-de-linguas\/devaneios-em-atas-distopias-teoricas-nos-multiletramentos-e-ingles-como-lingua-franca\/\" \/>\n<meta property=\"og:site_name\" content=\"Pontes Editores\" \/>\n<meta property=\"article:modified_time\" content=\"2023-12-15T14:55:27+00:00\" \/>\n<meta property=\"og:image\" content=\"https:\/\/ponteseditores.com.br\/loja3\/wp-content\/uploads\/2023\/12\/deva1-1.jpg\" \/>\n\t<meta property=\"og:image:width\" content=\"417\" \/>\n\t<meta property=\"og:image:height\" content=\"600\" \/>\n\t<meta property=\"og:image:type\" content=\"image\/jpeg\" \/>\n<meta name=\"twitter:card\" content=\"summary_large_image\" \/>\n<meta name=\"twitter:label1\" content=\"Est. tempo de leitura\" \/>\n\t<meta name=\"twitter:data1\" content=\"1 minuto\" \/>\n<script type=\"application\/ld+json\" class=\"yoast-schema-graph\">{\"@context\":\"https:\\\/\\\/schema.org\",\"@graph\":[{\"@type\":\"WebPage\",\"@id\":\"https:\\\/\\\/ponteseditores.com.br\\\/loja3\\\/pontes-editores-home-2__trashed\\\/ensino-de-linguas\\\/devaneios-em-atas-distopias-teoricas-nos-multiletramentos-e-ingles-como-lingua-franca\\\/\",\"url\":\"https:\\\/\\\/ponteseditores.com.br\\\/loja3\\\/pontes-editores-home-2__trashed\\\/ensino-de-linguas\\\/devaneios-em-atas-distopias-teoricas-nos-multiletramentos-e-ingles-como-lingua-franca\\\/\",\"name\":\"Devaneios em Atas: distopias te\u00f3ricas nos multiletramentos e ingl\u00eas como l\u00edngua franca - Pontes Editores\",\"isPartOf\":{\"@id\":\"https:\\\/\\\/ponteseditores.com.br\\\/loja3\\\/#website\"},\"primaryImageOfPage\":{\"@id\":\"https:\\\/\\\/ponteseditores.com.br\\\/loja3\\\/pontes-editores-home-2__trashed\\\/ensino-de-linguas\\\/devaneios-em-atas-distopias-teoricas-nos-multiletramentos-e-ingles-como-lingua-franca\\\/#primaryimage\"},\"image\":{\"@id\":\"https:\\\/\\\/ponteseditores.com.br\\\/loja3\\\/pontes-editores-home-2__trashed\\\/ensino-de-linguas\\\/devaneios-em-atas-distopias-teoricas-nos-multiletramentos-e-ingles-como-lingua-franca\\\/#primaryimage\"},\"thumbnailUrl\":\"https:\\\/\\\/ponteseditores.com.br\\\/loja3\\\/wp-content\\\/uploads\\\/2023\\\/12\\\/deva1-1.jpg\",\"datePublished\":\"2023-12-15T03:52:50+00:00\",\"dateModified\":\"2023-12-15T14:55:27+00:00\",\"breadcrumb\":{\"@id\":\"https:\\\/\\\/ponteseditores.com.br\\\/loja3\\\/pontes-editores-home-2__trashed\\\/ensino-de-linguas\\\/devaneios-em-atas-distopias-teoricas-nos-multiletramentos-e-ingles-como-lingua-franca\\\/#breadcrumb\"},\"inLanguage\":\"pt-BR\",\"potentialAction\":[{\"@type\":\"ReadAction\",\"target\":[\"https:\\\/\\\/ponteseditores.com.br\\\/loja3\\\/pontes-editores-home-2__trashed\\\/ensino-de-linguas\\\/devaneios-em-atas-distopias-teoricas-nos-multiletramentos-e-ingles-como-lingua-franca\\\/\"]}]},{\"@type\":\"ImageObject\",\"inLanguage\":\"pt-BR\",\"@id\":\"https:\\\/\\\/ponteseditores.com.br\\\/loja3\\\/pontes-editores-home-2__trashed\\\/ensino-de-linguas\\\/devaneios-em-atas-distopias-teoricas-nos-multiletramentos-e-ingles-como-lingua-franca\\\/#primaryimage\",\"url\":\"https:\\\/\\\/ponteseditores.com.br\\\/loja3\\\/wp-content\\\/uploads\\\/2023\\\/12\\\/deva1-1.jpg\",\"contentUrl\":\"https:\\\/\\\/ponteseditores.com.br\\\/loja3\\\/wp-content\\\/uploads\\\/2023\\\/12\\\/deva1-1.jpg\",\"width\":417,\"height\":600},{\"@type\":\"BreadcrumbList\",\"@id\":\"https:\\\/\\\/ponteseditores.com.br\\\/loja3\\\/pontes-editores-home-2__trashed\\\/ensino-de-linguas\\\/devaneios-em-atas-distopias-teoricas-nos-multiletramentos-e-ingles-como-lingua-franca\\\/#breadcrumb\",\"itemListElement\":[{\"@type\":\"ListItem\",\"position\":1,\"name\":\"Home\",\"item\":\"https:\\\/\\\/ponteseditores.com.br\\\/loja3\\\/\"},{\"@type\":\"ListItem\",\"position\":2,\"name\":\"loja\",\"item\":\"https:\\\/\\\/ponteseditores.com.br\\\/loja3\\\/loja\\\/\"},{\"@type\":\"ListItem\",\"position\":3,\"name\":\"Devaneios em Atas: distopias te\u00f3ricas nos multiletramentos e ingl\u00eas como l\u00edngua franca\"}]},{\"@type\":\"WebSite\",\"@id\":\"https:\\\/\\\/ponteseditores.com.br\\\/loja3\\\/#website\",\"url\":\"https:\\\/\\\/ponteseditores.com.br\\\/loja3\\\/\",\"name\":\"Pontes Editores\",\"description\":\"Pontes Editores\",\"publisher\":{\"@id\":\"https:\\\/\\\/ponteseditores.com.br\\\/loja3\\\/#organization\"},\"potentialAction\":[{\"@type\":\"SearchAction\",\"target\":{\"@type\":\"EntryPoint\",\"urlTemplate\":\"https:\\\/\\\/ponteseditores.com.br\\\/loja3\\\/?s={search_term_string}\"},\"query-input\":{\"@type\":\"PropertyValueSpecification\",\"valueRequired\":true,\"valueName\":\"search_term_string\"}}],\"inLanguage\":\"pt-BR\"},{\"@type\":\"Organization\",\"@id\":\"https:\\\/\\\/ponteseditores.com.br\\\/loja3\\\/#organization\",\"name\":\"Pontes Editores\",\"url\":\"https:\\\/\\\/ponteseditores.com.br\\\/loja3\\\/\",\"logo\":{\"@type\":\"ImageObject\",\"inLanguage\":\"pt-BR\",\"@id\":\"https:\\\/\\\/ponteseditores.com.br\\\/loja3\\\/#\\\/schema\\\/logo\\\/image\\\/\",\"url\":\"https:\\\/\\\/ponteseditores.com.br\\\/loja3\\\/wp-content\\\/uploads\\\/2023\\\/12\\\/logo-pontes-editores-v2.png\",\"contentUrl\":\"https:\\\/\\\/ponteseditores.com.br\\\/loja3\\\/wp-content\\\/uploads\\\/2023\\\/12\\\/logo-pontes-editores-v2.png\",\"width\":258,\"height\":100,\"caption\":\"Pontes Editores\"},\"image\":{\"@id\":\"https:\\\/\\\/ponteseditores.com.br\\\/loja3\\\/#\\\/schema\\\/logo\\\/image\\\/\"}}]}<\/script>\n<!-- \/ Yoast SEO plugin. -->","yoast_head_json":{"title":"Devaneios em Atas: distopias te\u00f3ricas nos multiletramentos e ingl\u00eas como l\u00edngua franca - Pontes Editores","robots":{"index":"index","follow":"follow","max-snippet":"max-snippet:-1","max-image-preview":"max-image-preview:large","max-video-preview":"max-video-preview:-1"},"canonical":"https:\/\/ponteseditores.com.br\/loja3\/pontes-editores-home-2__trashed\/ensino-de-linguas\/devaneios-em-atas-distopias-teoricas-nos-multiletramentos-e-ingles-como-lingua-franca\/","og_locale":"pt_BR","og_type":"article","og_title":"Devaneios em Atas: distopias te\u00f3ricas nos multiletramentos e ingl\u00eas como l\u00edngua franca - Pontes Editores","og_description":"H\u00e1 alguns anos o Grupo de Pesquisa Identidade e Leitura, da Universidade Federal do Paran\u00e1 (UFPR) insiste e persiste em continuar existindo por meio de encontros entre professores e alunos universit\u00e1rios, engajados em discutir Lingu\u00edstica Aplicada e educa\u00e7\u00e3o &#8230; e tentar, talvez, compreender melhor novas teorias e aplic\u00e1-las em seus contextos de estudo e trabalho [&hellip;]","og_url":"https:\/\/ponteseditores.com.br\/loja3\/pontes-editores-home-2__trashed\/ensino-de-linguas\/devaneios-em-atas-distopias-teoricas-nos-multiletramentos-e-ingles-como-lingua-franca\/","og_site_name":"Pontes Editores","article_modified_time":"2023-12-15T14:55:27+00:00","og_image":[{"width":417,"height":600,"url":"https:\/\/ponteseditores.com.br\/loja3\/wp-content\/uploads\/2023\/12\/deva1-1.jpg","type":"image\/jpeg"}],"twitter_card":"summary_large_image","twitter_misc":{"Est. tempo de leitura":"1 minuto"},"schema":{"@context":"https:\/\/schema.org","@graph":[{"@type":"WebPage","@id":"https:\/\/ponteseditores.com.br\/loja3\/pontes-editores-home-2__trashed\/ensino-de-linguas\/devaneios-em-atas-distopias-teoricas-nos-multiletramentos-e-ingles-como-lingua-franca\/","url":"https:\/\/ponteseditores.com.br\/loja3\/pontes-editores-home-2__trashed\/ensino-de-linguas\/devaneios-em-atas-distopias-teoricas-nos-multiletramentos-e-ingles-como-lingua-franca\/","name":"Devaneios em Atas: distopias te\u00f3ricas nos multiletramentos e ingl\u00eas como l\u00edngua franca - Pontes Editores","isPartOf":{"@id":"https:\/\/ponteseditores.com.br\/loja3\/#website"},"primaryImageOfPage":{"@id":"https:\/\/ponteseditores.com.br\/loja3\/pontes-editores-home-2__trashed\/ensino-de-linguas\/devaneios-em-atas-distopias-teoricas-nos-multiletramentos-e-ingles-como-lingua-franca\/#primaryimage"},"image":{"@id":"https:\/\/ponteseditores.com.br\/loja3\/pontes-editores-home-2__trashed\/ensino-de-linguas\/devaneios-em-atas-distopias-teoricas-nos-multiletramentos-e-ingles-como-lingua-franca\/#primaryimage"},"thumbnailUrl":"https:\/\/ponteseditores.com.br\/loja3\/wp-content\/uploads\/2023\/12\/deva1-1.jpg","datePublished":"2023-12-15T03:52:50+00:00","dateModified":"2023-12-15T14:55:27+00:00","breadcrumb":{"@id":"https:\/\/ponteseditores.com.br\/loja3\/pontes-editores-home-2__trashed\/ensino-de-linguas\/devaneios-em-atas-distopias-teoricas-nos-multiletramentos-e-ingles-como-lingua-franca\/#breadcrumb"},"inLanguage":"pt-BR","potentialAction":[{"@type":"ReadAction","target":["https:\/\/ponteseditores.com.br\/loja3\/pontes-editores-home-2__trashed\/ensino-de-linguas\/devaneios-em-atas-distopias-teoricas-nos-multiletramentos-e-ingles-como-lingua-franca\/"]}]},{"@type":"ImageObject","inLanguage":"pt-BR","@id":"https:\/\/ponteseditores.com.br\/loja3\/pontes-editores-home-2__trashed\/ensino-de-linguas\/devaneios-em-atas-distopias-teoricas-nos-multiletramentos-e-ingles-como-lingua-franca\/#primaryimage","url":"https:\/\/ponteseditores.com.br\/loja3\/wp-content\/uploads\/2023\/12\/deva1-1.jpg","contentUrl":"https:\/\/ponteseditores.com.br\/loja3\/wp-content\/uploads\/2023\/12\/deva1-1.jpg","width":417,"height":600},{"@type":"BreadcrumbList","@id":"https:\/\/ponteseditores.com.br\/loja3\/pontes-editores-home-2__trashed\/ensino-de-linguas\/devaneios-em-atas-distopias-teoricas-nos-multiletramentos-e-ingles-como-lingua-franca\/#breadcrumb","itemListElement":[{"@type":"ListItem","position":1,"name":"Home","item":"https:\/\/ponteseditores.com.br\/loja3\/"},{"@type":"ListItem","position":2,"name":"loja","item":"https:\/\/ponteseditores.com.br\/loja3\/loja\/"},{"@type":"ListItem","position":3,"name":"Devaneios em Atas: distopias te\u00f3ricas nos multiletramentos e ingl\u00eas como l\u00edngua franca"}]},{"@type":"WebSite","@id":"https:\/\/ponteseditores.com.br\/loja3\/#website","url":"https:\/\/ponteseditores.com.br\/loja3\/","name":"Pontes Editores","description":"Pontes Editores","publisher":{"@id":"https:\/\/ponteseditores.com.br\/loja3\/#organization"},"potentialAction":[{"@type":"SearchAction","target":{"@type":"EntryPoint","urlTemplate":"https:\/\/ponteseditores.com.br\/loja3\/?s={search_term_string}"},"query-input":{"@type":"PropertyValueSpecification","valueRequired":true,"valueName":"search_term_string"}}],"inLanguage":"pt-BR"},{"@type":"Organization","@id":"https:\/\/ponteseditores.com.br\/loja3\/#organization","name":"Pontes Editores","url":"https:\/\/ponteseditores.com.br\/loja3\/","logo":{"@type":"ImageObject","inLanguage":"pt-BR","@id":"https:\/\/ponteseditores.com.br\/loja3\/#\/schema\/logo\/image\/","url":"https:\/\/ponteseditores.com.br\/loja3\/wp-content\/uploads\/2023\/12\/logo-pontes-editores-v2.png","contentUrl":"https:\/\/ponteseditores.com.br\/loja3\/wp-content\/uploads\/2023\/12\/logo-pontes-editores-v2.png","width":258,"height":100,"caption":"Pontes Editores"},"image":{"@id":"https:\/\/ponteseditores.com.br\/loja3\/#\/schema\/logo\/image\/"}}]}},"_links":{"self":[{"href":"https:\/\/ponteseditores.com.br\/loja3\/wp-json\/wp\/v2\/product\/7647","targetHints":{"allow":["GET"]}}],"collection":[{"href":"https:\/\/ponteseditores.com.br\/loja3\/wp-json\/wp\/v2\/product"}],"about":[{"href":"https:\/\/ponteseditores.com.br\/loja3\/wp-json\/wp\/v2\/types\/product"}],"replies":[{"embeddable":true,"href":"https:\/\/ponteseditores.com.br\/loja3\/wp-json\/wp\/v2\/comments?post=7647"}],"version-history":[{"count":0,"href":"https:\/\/ponteseditores.com.br\/loja3\/wp-json\/wp\/v2\/product\/7647\/revisions"}],"wp:featuredmedia":[{"embeddable":true,"href":"https:\/\/ponteseditores.com.br\/loja3\/wp-json\/wp\/v2\/media\/7646"}],"wp:attachment":[{"href":"https:\/\/ponteseditores.com.br\/loja3\/wp-json\/wp\/v2\/media?parent=7647"}],"wp:term":[{"taxonomy":"product_brand","embeddable":true,"href":"https:\/\/ponteseditores.com.br\/loja3\/wp-json\/wp\/v2\/product_brand?post=7647"},{"taxonomy":"product_cat","embeddable":true,"href":"https:\/\/ponteseditores.com.br\/loja3\/wp-json\/wp\/v2\/product_cat?post=7647"},{"taxonomy":"product_tag","embeddable":true,"href":"https:\/\/ponteseditores.com.br\/loja3\/wp-json\/wp\/v2\/product_tag?post=7647"}],"curies":[{"name":"wp","href":"https:\/\/api.w.org\/{rel}","templated":true}]}}