{"id":7466,"date":"2023-12-15T00:48:15","date_gmt":"2023-12-15T03:48:15","guid":{"rendered":"https:\/\/ponteseditores.com.br\/loja3\/pontes-editores-home-2__trashed\/sem%20categoria\/linguas-estrangeiras-aplicadas-trajetorias-e-possibilidades-learning-about_\/"},"modified":"2025-11-21T10:43:03","modified_gmt":"2025-11-21T13:43:03","slug":"linguas-estrangeiras-aplicadas-trajetorias-e-possibilidades-learning-about_","status":"publish","type":"product","link":"https:\/\/ponteseditores.com.br\/loja3\/pontes-editores-home-2__trashed\/linguagem-e-linguas\/linguas-estrangeiras-aplicadas-trajetorias-e-possibilidades-learning-about_\/","title":{"rendered":"L\u00ednguas Estrangeiras Aplicadas: trajet\u00f3rias e possibilidades &#8211; Learning about_"},"content":{"rendered":"<p>O bacharelado em L\u00ednguas Estrangeiras Aplicadas ao Multilinguismo e \u00e0 Sociedade da Informa\u00e7\u00e3o \u2013 LEA-MSI, da Universidade de Bras\u00edlia, pretende formar profissionais que atuem como mediadores entre l\u00ednguas e culturas e que estejam atentos \u00e0 import\u00e2ncia da diversidade e do acesso global \u00e0 informa\u00e7\u00e3o. Com essa premissa em mente, foi organizado o evento LEArning About 2016: Asas \u00e0 Sociedade da Informa\u00e7\u00e3o, na UnB. Aquela ocasi\u00e3o, al\u00e9m de um encontro dos estudantes de L\u00ednguas Estrangeiras Aplicadas das institui\u00e7\u00f5es brasileiras, tamb\u00e9m foi um momento de reflex\u00e3o e discuss\u00e3o sobre as possibilidades que esses bacharelados proporcionam. Esta publica\u00e7\u00e3o, ent\u00e3o, re\u00fane textos derivados daquele encontro, que tra\u00e7am as trajet\u00f3rias dos cursos de LEA, nas quatro institui\u00e7\u00f5es que oferecem o curso (UESC, UFPB, UnB e CEFET\/RJ). Ademais, conta com artigos que exp\u00f5em a diversidade de pesquisas realizadas por docentes e discentes da \u00e1rea e por pesquisadores parceiros, organizados nas seguintes se\u00e7\u00f5es tem\u00e1ticas: Os Bacharelados em L\u00ednguas Estrangeiras Aplicadas no Brasil; L\u00ednguas, Acolhimento e Equidade; L\u00ednguas e Rela\u00e7\u00f5es Pol\u00edticas; L\u00ednguas, Compet\u00eancia Comunicativa e Cultura; L\u00ednguas, Tecnologias e Terminologia.<\/p>\n","protected":false},"excerpt":{"rendered":"<p>O bacharelado em L\u00ednguas Estrangeiras Aplicadas ao Multilinguismo e \u00e0 Sociedade da Informa\u00e7\u00e3o \u2013 LEA-MSI, da Universidade de Bras\u00edlia, pretende formar profissionais que atuem como mediadores entre l\u00ednguas e culturas e que estejam atentos \u00e0 import\u00e2ncia da diversidade e do acesso global \u00e0 informa\u00e7\u00e3o. Com essa premissa em mente, foi organizado o evento LEArning About [&hellip;]<\/p>\n","protected":false},"featured_media":7465,"comment_status":"open","ping_status":"closed","template":"","meta":{"_joinchat":[]},"product_brand":[],"product_cat":[290,293],"product_tag":[],"class_list":{"0":"post-7466","1":"product","2":"type-product","3":"status-publish","4":"has-post-thumbnail","6":"product_cat-linguagem-e-linguas","7":"product_cat-meios-auxiliares-do-ensino","8":"product_shipping_class-livro-pontes-editores-fisico","10":"first","11":"instock","12":"shipping-taxable","13":"purchasable","14":"product-type-simple"},"yoast_head":"<!-- This site is optimized with the Yoast SEO plugin v27.4 - https:\/\/yoast.com\/product\/yoast-seo-wordpress\/ -->\n<title>L\u00ednguas Estrangeiras Aplicadas: trajet\u00f3rias e possibilidades - Learning about_ - Pontes Editores<\/title>\n<meta name=\"robots\" content=\"index, follow, max-snippet:-1, max-image-preview:large, max-video-preview:-1\" \/>\n<link rel=\"canonical\" href=\"https:\/\/ponteseditores.com.br\/loja3\/pontes-editores-home-2__trashed\/linguagem-e-linguas\/linguas-estrangeiras-aplicadas-trajetorias-e-possibilidades-learning-about_\/\" \/>\n<meta property=\"og:locale\" content=\"pt_BR\" \/>\n<meta property=\"og:type\" content=\"article\" \/>\n<meta property=\"og:title\" content=\"L\u00ednguas Estrangeiras Aplicadas: trajet\u00f3rias e possibilidades - Learning about_ - Pontes Editores\" \/>\n<meta property=\"og:description\" content=\"O bacharelado em L\u00ednguas Estrangeiras Aplicadas ao Multilinguismo e \u00e0 Sociedade da Informa\u00e7\u00e3o \u2013 LEA-MSI, da Universidade de Bras\u00edlia, pretende formar profissionais que atuem como mediadores entre l\u00ednguas e culturas e que estejam atentos \u00e0 import\u00e2ncia da diversidade e do acesso global \u00e0 informa\u00e7\u00e3o. Com essa premissa em mente, foi organizado o evento LEArning About [&hellip;]\" \/>\n<meta property=\"og:url\" content=\"https:\/\/ponteseditores.com.br\/loja3\/pontes-editores-home-2__trashed\/linguagem-e-linguas\/linguas-estrangeiras-aplicadas-trajetorias-e-possibilidades-learning-about_\/\" \/>\n<meta property=\"og:site_name\" content=\"Pontes Editores\" \/>\n<meta property=\"article:modified_time\" content=\"2025-11-21T13:43:03+00:00\" \/>\n<meta property=\"og:image\" content=\"https:\/\/ponteseditores.com.br\/loja3\/wp-content\/uploads\/2023\/12\/capa20linguas-scaled.jpg\" \/>\n\t<meta property=\"og:image:width\" content=\"1715\" \/>\n\t<meta property=\"og:image:height\" content=\"2560\" \/>\n\t<meta property=\"og:image:type\" content=\"image\/jpeg\" \/>\n<meta name=\"twitter:card\" content=\"summary_large_image\" \/>\n<meta name=\"twitter:label1\" content=\"Est. tempo de leitura\" \/>\n\t<meta name=\"twitter:data1\" content=\"1 minuto\" \/>\n<script type=\"application\/ld+json\" class=\"yoast-schema-graph\">{\"@context\":\"https:\\\/\\\/schema.org\",\"@graph\":[{\"@type\":\"WebPage\",\"@id\":\"https:\\\/\\\/ponteseditores.com.br\\\/loja3\\\/pontes-editores-home-2__trashed\\\/linguagem-e-linguas\\\/linguas-estrangeiras-aplicadas-trajetorias-e-possibilidades-learning-about_\\\/\",\"url\":\"https:\\\/\\\/ponteseditores.com.br\\\/loja3\\\/pontes-editores-home-2__trashed\\\/linguagem-e-linguas\\\/linguas-estrangeiras-aplicadas-trajetorias-e-possibilidades-learning-about_\\\/\",\"name\":\"L\u00ednguas Estrangeiras Aplicadas: trajet\u00f3rias e possibilidades - Learning about_ - Pontes Editores\",\"isPartOf\":{\"@id\":\"https:\\\/\\\/ponteseditores.com.br\\\/loja3\\\/#website\"},\"primaryImageOfPage\":{\"@id\":\"https:\\\/\\\/ponteseditores.com.br\\\/loja3\\\/pontes-editores-home-2__trashed\\\/linguagem-e-linguas\\\/linguas-estrangeiras-aplicadas-trajetorias-e-possibilidades-learning-about_\\\/#primaryimage\"},\"image\":{\"@id\":\"https:\\\/\\\/ponteseditores.com.br\\\/loja3\\\/pontes-editores-home-2__trashed\\\/linguagem-e-linguas\\\/linguas-estrangeiras-aplicadas-trajetorias-e-possibilidades-learning-about_\\\/#primaryimage\"},\"thumbnailUrl\":\"https:\\\/\\\/ponteseditores.com.br\\\/loja3\\\/wp-content\\\/uploads\\\/2023\\\/12\\\/capa20linguas-scaled.jpg\",\"datePublished\":\"2023-12-15T03:48:15+00:00\",\"dateModified\":\"2025-11-21T13:43:03+00:00\",\"breadcrumb\":{\"@id\":\"https:\\\/\\\/ponteseditores.com.br\\\/loja3\\\/pontes-editores-home-2__trashed\\\/linguagem-e-linguas\\\/linguas-estrangeiras-aplicadas-trajetorias-e-possibilidades-learning-about_\\\/#breadcrumb\"},\"inLanguage\":\"pt-BR\",\"potentialAction\":[{\"@type\":\"ReadAction\",\"target\":[\"https:\\\/\\\/ponteseditores.com.br\\\/loja3\\\/pontes-editores-home-2__trashed\\\/linguagem-e-linguas\\\/linguas-estrangeiras-aplicadas-trajetorias-e-possibilidades-learning-about_\\\/\"]}]},{\"@type\":\"ImageObject\",\"inLanguage\":\"pt-BR\",\"@id\":\"https:\\\/\\\/ponteseditores.com.br\\\/loja3\\\/pontes-editores-home-2__trashed\\\/linguagem-e-linguas\\\/linguas-estrangeiras-aplicadas-trajetorias-e-possibilidades-learning-about_\\\/#primaryimage\",\"url\":\"https:\\\/\\\/ponteseditores.com.br\\\/loja3\\\/wp-content\\\/uploads\\\/2023\\\/12\\\/capa20linguas-scaled.jpg\",\"contentUrl\":\"https:\\\/\\\/ponteseditores.com.br\\\/loja3\\\/wp-content\\\/uploads\\\/2023\\\/12\\\/capa20linguas-scaled.jpg\",\"width\":1715,\"height\":2560},{\"@type\":\"BreadcrumbList\",\"@id\":\"https:\\\/\\\/ponteseditores.com.br\\\/loja3\\\/pontes-editores-home-2__trashed\\\/linguagem-e-linguas\\\/linguas-estrangeiras-aplicadas-trajetorias-e-possibilidades-learning-about_\\\/#breadcrumb\",\"itemListElement\":[{\"@type\":\"ListItem\",\"position\":1,\"name\":\"Home\",\"item\":\"https:\\\/\\\/ponteseditores.com.br\\\/loja3\\\/\"},{\"@type\":\"ListItem\",\"position\":2,\"name\":\"loja\",\"item\":\"https:\\\/\\\/ponteseditores.com.br\\\/loja3\\\/loja\\\/\"},{\"@type\":\"ListItem\",\"position\":3,\"name\":\"L\u00ednguas Estrangeiras Aplicadas: trajet\u00f3rias e possibilidades &#8211; Learning about_\"}]},{\"@type\":\"WebSite\",\"@id\":\"https:\\\/\\\/ponteseditores.com.br\\\/loja3\\\/#website\",\"url\":\"https:\\\/\\\/ponteseditores.com.br\\\/loja3\\\/\",\"name\":\"Pontes Editores\",\"description\":\"Pontes Editores\",\"publisher\":{\"@id\":\"https:\\\/\\\/ponteseditores.com.br\\\/loja3\\\/#organization\"},\"potentialAction\":[{\"@type\":\"SearchAction\",\"target\":{\"@type\":\"EntryPoint\",\"urlTemplate\":\"https:\\\/\\\/ponteseditores.com.br\\\/loja3\\\/?s={search_term_string}\"},\"query-input\":{\"@type\":\"PropertyValueSpecification\",\"valueRequired\":true,\"valueName\":\"search_term_string\"}}],\"inLanguage\":\"pt-BR\"},{\"@type\":\"Organization\",\"@id\":\"https:\\\/\\\/ponteseditores.com.br\\\/loja3\\\/#organization\",\"name\":\"Pontes Editores\",\"url\":\"https:\\\/\\\/ponteseditores.com.br\\\/loja3\\\/\",\"logo\":{\"@type\":\"ImageObject\",\"inLanguage\":\"pt-BR\",\"@id\":\"https:\\\/\\\/ponteseditores.com.br\\\/loja3\\\/#\\\/schema\\\/logo\\\/image\\\/\",\"url\":\"https:\\\/\\\/ponteseditores.com.br\\\/loja3\\\/wp-content\\\/uploads\\\/2023\\\/12\\\/logo-pontes-editores-v2.png\",\"contentUrl\":\"https:\\\/\\\/ponteseditores.com.br\\\/loja3\\\/wp-content\\\/uploads\\\/2023\\\/12\\\/logo-pontes-editores-v2.png\",\"width\":258,\"height\":100,\"caption\":\"Pontes Editores\"},\"image\":{\"@id\":\"https:\\\/\\\/ponteseditores.com.br\\\/loja3\\\/#\\\/schema\\\/logo\\\/image\\\/\"}}]}<\/script>\n<!-- \/ Yoast SEO plugin. -->","yoast_head_json":{"title":"L\u00ednguas Estrangeiras Aplicadas: trajet\u00f3rias e possibilidades - Learning about_ - Pontes Editores","robots":{"index":"index","follow":"follow","max-snippet":"max-snippet:-1","max-image-preview":"max-image-preview:large","max-video-preview":"max-video-preview:-1"},"canonical":"https:\/\/ponteseditores.com.br\/loja3\/pontes-editores-home-2__trashed\/linguagem-e-linguas\/linguas-estrangeiras-aplicadas-trajetorias-e-possibilidades-learning-about_\/","og_locale":"pt_BR","og_type":"article","og_title":"L\u00ednguas Estrangeiras Aplicadas: trajet\u00f3rias e possibilidades - Learning about_ - Pontes Editores","og_description":"O bacharelado em L\u00ednguas Estrangeiras Aplicadas ao Multilinguismo e \u00e0 Sociedade da Informa\u00e7\u00e3o \u2013 LEA-MSI, da Universidade de Bras\u00edlia, pretende formar profissionais que atuem como mediadores entre l\u00ednguas e culturas e que estejam atentos \u00e0 import\u00e2ncia da diversidade e do acesso global \u00e0 informa\u00e7\u00e3o. Com essa premissa em mente, foi organizado o evento LEArning About [&hellip;]","og_url":"https:\/\/ponteseditores.com.br\/loja3\/pontes-editores-home-2__trashed\/linguagem-e-linguas\/linguas-estrangeiras-aplicadas-trajetorias-e-possibilidades-learning-about_\/","og_site_name":"Pontes Editores","article_modified_time":"2025-11-21T13:43:03+00:00","og_image":[{"width":1715,"height":2560,"url":"https:\/\/ponteseditores.com.br\/loja3\/wp-content\/uploads\/2023\/12\/capa20linguas-scaled.jpg","type":"image\/jpeg"}],"twitter_card":"summary_large_image","twitter_misc":{"Est. tempo de leitura":"1 minuto"},"schema":{"@context":"https:\/\/schema.org","@graph":[{"@type":"WebPage","@id":"https:\/\/ponteseditores.com.br\/loja3\/pontes-editores-home-2__trashed\/linguagem-e-linguas\/linguas-estrangeiras-aplicadas-trajetorias-e-possibilidades-learning-about_\/","url":"https:\/\/ponteseditores.com.br\/loja3\/pontes-editores-home-2__trashed\/linguagem-e-linguas\/linguas-estrangeiras-aplicadas-trajetorias-e-possibilidades-learning-about_\/","name":"L\u00ednguas Estrangeiras Aplicadas: trajet\u00f3rias e possibilidades - Learning about_ - Pontes Editores","isPartOf":{"@id":"https:\/\/ponteseditores.com.br\/loja3\/#website"},"primaryImageOfPage":{"@id":"https:\/\/ponteseditores.com.br\/loja3\/pontes-editores-home-2__trashed\/linguagem-e-linguas\/linguas-estrangeiras-aplicadas-trajetorias-e-possibilidades-learning-about_\/#primaryimage"},"image":{"@id":"https:\/\/ponteseditores.com.br\/loja3\/pontes-editores-home-2__trashed\/linguagem-e-linguas\/linguas-estrangeiras-aplicadas-trajetorias-e-possibilidades-learning-about_\/#primaryimage"},"thumbnailUrl":"https:\/\/ponteseditores.com.br\/loja3\/wp-content\/uploads\/2023\/12\/capa20linguas-scaled.jpg","datePublished":"2023-12-15T03:48:15+00:00","dateModified":"2025-11-21T13:43:03+00:00","breadcrumb":{"@id":"https:\/\/ponteseditores.com.br\/loja3\/pontes-editores-home-2__trashed\/linguagem-e-linguas\/linguas-estrangeiras-aplicadas-trajetorias-e-possibilidades-learning-about_\/#breadcrumb"},"inLanguage":"pt-BR","potentialAction":[{"@type":"ReadAction","target":["https:\/\/ponteseditores.com.br\/loja3\/pontes-editores-home-2__trashed\/linguagem-e-linguas\/linguas-estrangeiras-aplicadas-trajetorias-e-possibilidades-learning-about_\/"]}]},{"@type":"ImageObject","inLanguage":"pt-BR","@id":"https:\/\/ponteseditores.com.br\/loja3\/pontes-editores-home-2__trashed\/linguagem-e-linguas\/linguas-estrangeiras-aplicadas-trajetorias-e-possibilidades-learning-about_\/#primaryimage","url":"https:\/\/ponteseditores.com.br\/loja3\/wp-content\/uploads\/2023\/12\/capa20linguas-scaled.jpg","contentUrl":"https:\/\/ponteseditores.com.br\/loja3\/wp-content\/uploads\/2023\/12\/capa20linguas-scaled.jpg","width":1715,"height":2560},{"@type":"BreadcrumbList","@id":"https:\/\/ponteseditores.com.br\/loja3\/pontes-editores-home-2__trashed\/linguagem-e-linguas\/linguas-estrangeiras-aplicadas-trajetorias-e-possibilidades-learning-about_\/#breadcrumb","itemListElement":[{"@type":"ListItem","position":1,"name":"Home","item":"https:\/\/ponteseditores.com.br\/loja3\/"},{"@type":"ListItem","position":2,"name":"loja","item":"https:\/\/ponteseditores.com.br\/loja3\/loja\/"},{"@type":"ListItem","position":3,"name":"L\u00ednguas Estrangeiras Aplicadas: trajet\u00f3rias e possibilidades &#8211; Learning about_"}]},{"@type":"WebSite","@id":"https:\/\/ponteseditores.com.br\/loja3\/#website","url":"https:\/\/ponteseditores.com.br\/loja3\/","name":"Pontes Editores","description":"Pontes Editores","publisher":{"@id":"https:\/\/ponteseditores.com.br\/loja3\/#organization"},"potentialAction":[{"@type":"SearchAction","target":{"@type":"EntryPoint","urlTemplate":"https:\/\/ponteseditores.com.br\/loja3\/?s={search_term_string}"},"query-input":{"@type":"PropertyValueSpecification","valueRequired":true,"valueName":"search_term_string"}}],"inLanguage":"pt-BR"},{"@type":"Organization","@id":"https:\/\/ponteseditores.com.br\/loja3\/#organization","name":"Pontes Editores","url":"https:\/\/ponteseditores.com.br\/loja3\/","logo":{"@type":"ImageObject","inLanguage":"pt-BR","@id":"https:\/\/ponteseditores.com.br\/loja3\/#\/schema\/logo\/image\/","url":"https:\/\/ponteseditores.com.br\/loja3\/wp-content\/uploads\/2023\/12\/logo-pontes-editores-v2.png","contentUrl":"https:\/\/ponteseditores.com.br\/loja3\/wp-content\/uploads\/2023\/12\/logo-pontes-editores-v2.png","width":258,"height":100,"caption":"Pontes Editores"},"image":{"@id":"https:\/\/ponteseditores.com.br\/loja3\/#\/schema\/logo\/image\/"}}]}},"_links":{"self":[{"href":"https:\/\/ponteseditores.com.br\/loja3\/wp-json\/wp\/v2\/product\/7466","targetHints":{"allow":["GET"]}}],"collection":[{"href":"https:\/\/ponteseditores.com.br\/loja3\/wp-json\/wp\/v2\/product"}],"about":[{"href":"https:\/\/ponteseditores.com.br\/loja3\/wp-json\/wp\/v2\/types\/product"}],"replies":[{"embeddable":true,"href":"https:\/\/ponteseditores.com.br\/loja3\/wp-json\/wp\/v2\/comments?post=7466"}],"version-history":[{"count":0,"href":"https:\/\/ponteseditores.com.br\/loja3\/wp-json\/wp\/v2\/product\/7466\/revisions"}],"wp:featuredmedia":[{"embeddable":true,"href":"https:\/\/ponteseditores.com.br\/loja3\/wp-json\/wp\/v2\/media\/7465"}],"wp:attachment":[{"href":"https:\/\/ponteseditores.com.br\/loja3\/wp-json\/wp\/v2\/media?parent=7466"}],"wp:term":[{"taxonomy":"product_brand","embeddable":true,"href":"https:\/\/ponteseditores.com.br\/loja3\/wp-json\/wp\/v2\/product_brand?post=7466"},{"taxonomy":"product_cat","embeddable":true,"href":"https:\/\/ponteseditores.com.br\/loja3\/wp-json\/wp\/v2\/product_cat?post=7466"},{"taxonomy":"product_tag","embeddable":true,"href":"https:\/\/ponteseditores.com.br\/loja3\/wp-json\/wp\/v2\/product_tag?post=7466"}],"curies":[{"name":"wp","href":"https:\/\/api.w.org\/{rel}","templated":true}]}}