{"id":7456,"date":"2023-12-15T00:46:53","date_gmt":"2023-12-15T03:46:53","guid":{"rendered":"https:\/\/ponteseditores.com.br\/loja3\/pontes-editores-home-2__trashed\/sem%20categoria\/literatura-em-jogo-a-formacao-de-leitores-atraves-do-rpg\/"},"modified":"2025-06-16T11:42:34","modified_gmt":"2025-06-16T14:42:34","slug":"literatura-em-jogo-a-formacao-de-leitores-atraves-do-rpg","status":"publish","type":"product","link":"https:\/\/ponteseditores.com.br\/loja3\/pontes-editores-home-2__trashed\/linguistica\/literatura-em-jogo-a-formacao-de-leitores-atraves-do-rpg\/","title":{"rendered":"LITERATURA EM JOGO: A FORMA\u00c7\u00c3O DE LEITORES ATRAV\u00c9S DO RPG"},"content":{"rendered":"<p>Qual o lugar da literatura na escola? Todos n\u00f3s que lidamos com as intrincadas rela\u00e7\u00f5es entre literatura e espa\u00e7o escolar fazemos sempre essa pergunta para n\u00f3s mesmos, na \u00e2nsia de encontrarmos formas de preparar, motivar e seduzir nosso aluno para o texto liter\u00e1rio.<\/p>\n<p>A ideia da leitura liter\u00e1ria como um jogo n\u00e3o \u00e9 nova, como nos mostra a autora deste livro, ao retomar a argumenta\u00e7\u00e3o do pesquisador franc\u00eas Vincent Jouve, dentre outros estudiosos da literatura e da pr\u00f3pria leitura. No entanto, a demonstra\u00e7\u00e3o de uma maneira singular de envolver os alunos, com toda sua subjetividade, na leitura liter\u00e1ria, por meio do RPG (jogo de interpreta\u00e7\u00e3o de pap\u00e9is), com certeza constitui uma novidade para muitos.<\/p>\n<p>Enredando-nos por um texto leve e divertido \u2013 prestem aten\u00e7\u00e3o nos t\u00edtulos dos cap\u00edtulos \u2013, com ironias e trocadilhos, a professora e pesquisadora vai nos mostrando como realizou esse trabalho de pesquisa e a\u00e7\u00e3o pedag\u00f3gica, evidenciando que, em vez de optar pela leitura ou pelo jogo, o melhor \u00e9 deixar os velhos conceitos e preconceitos de lado e procurar juntar as coisas, buscando a s\u00edntese dial\u00e9tica em prol da forma\u00e7\u00e3o hol\u00edstica do leitor.<\/p>\n<p>H\u00e9rcules Tol\u00eado Corr\u00eaa<\/p>\n","protected":false},"excerpt":{"rendered":"<p>Qual o lugar da literatura na escola? Todos n\u00f3s que lidamos com as intrincadas rela\u00e7\u00f5es entre literatura e espa\u00e7o escolar fazemos sempre essa pergunta para n\u00f3s mesmos, na \u00e2nsia de encontrarmos formas de preparar, motivar e seduzir nosso aluno para o texto liter\u00e1rio. A ideia da leitura liter\u00e1ria como um jogo n\u00e3o \u00e9 nova, como [&hellip;]<\/p>\n","protected":false},"featured_media":7455,"comment_status":"open","ping_status":"closed","template":"","meta":{"_joinchat":[]},"product_brand":[],"product_cat":[278,31],"product_tag":[],"class_list":{"0":"post-7456","1":"product","2":"type-product","3":"status-publish","4":"has-post-thumbnail","6":"product_cat-leitura","7":"product_cat-linguistica","8":"product_shipping_class-livro-pontes-editores-fisico","10":"first","11":"instock","12":"shipping-taxable","13":"purchasable","14":"product-type-simple"},"yoast_head":"<!-- This site is optimized with the Yoast SEO plugin v27.4 - https:\/\/yoast.com\/product\/yoast-seo-wordpress\/ -->\n<title>LITERATURA EM JOGO: A FORMA\u00c7\u00c3O DE LEITORES ATRAV\u00c9S DO RPG - Pontes Editores<\/title>\n<meta name=\"robots\" content=\"index, follow, max-snippet:-1, max-image-preview:large, max-video-preview:-1\" \/>\n<link rel=\"canonical\" href=\"https:\/\/ponteseditores.com.br\/loja3\/pontes-editores-home-2__trashed\/linguistica\/literatura-em-jogo-a-formacao-de-leitores-atraves-do-rpg\/\" \/>\n<meta property=\"og:locale\" content=\"pt_BR\" \/>\n<meta property=\"og:type\" content=\"article\" \/>\n<meta property=\"og:title\" content=\"LITERATURA EM JOGO: A FORMA\u00c7\u00c3O DE LEITORES ATRAV\u00c9S DO RPG - Pontes Editores\" \/>\n<meta property=\"og:description\" content=\"Qual o lugar da literatura na escola? Todos n\u00f3s que lidamos com as intrincadas rela\u00e7\u00f5es entre literatura e espa\u00e7o escolar fazemos sempre essa pergunta para n\u00f3s mesmos, na \u00e2nsia de encontrarmos formas de preparar, motivar e seduzir nosso aluno para o texto liter\u00e1rio. A ideia da leitura liter\u00e1ria como um jogo n\u00e3o \u00e9 nova, como [&hellip;]\" \/>\n<meta property=\"og:url\" content=\"https:\/\/ponteseditores.com.br\/loja3\/pontes-editores-home-2__trashed\/linguistica\/literatura-em-jogo-a-formacao-de-leitores-atraves-do-rpg\/\" \/>\n<meta property=\"og:site_name\" content=\"Pontes Editores\" \/>\n<meta property=\"article:modified_time\" content=\"2025-06-16T14:42:34+00:00\" \/>\n<meta property=\"og:image\" content=\"https:\/\/ponteseditores.com.br\/loja3\/wp-content\/uploads\/2023\/12\/capa20rpg.jpg\" \/>\n\t<meta property=\"og:image:width\" content=\"1000\" \/>\n\t<meta property=\"og:image:height\" content=\"1468\" \/>\n\t<meta property=\"og:image:type\" content=\"image\/jpeg\" \/>\n<meta name=\"twitter:card\" content=\"summary_large_image\" \/>\n<meta name=\"twitter:label1\" content=\"Est. tempo de leitura\" \/>\n\t<meta name=\"twitter:data1\" content=\"1 minuto\" \/>\n<script type=\"application\/ld+json\" class=\"yoast-schema-graph\">{\"@context\":\"https:\\\/\\\/schema.org\",\"@graph\":[{\"@type\":\"WebPage\",\"@id\":\"https:\\\/\\\/ponteseditores.com.br\\\/loja3\\\/pontes-editores-home-2__trashed\\\/linguistica\\\/literatura-em-jogo-a-formacao-de-leitores-atraves-do-rpg\\\/\",\"url\":\"https:\\\/\\\/ponteseditores.com.br\\\/loja3\\\/pontes-editores-home-2__trashed\\\/linguistica\\\/literatura-em-jogo-a-formacao-de-leitores-atraves-do-rpg\\\/\",\"name\":\"LITERATURA EM JOGO: A FORMA\u00c7\u00c3O DE LEITORES ATRAV\u00c9S DO RPG - Pontes Editores\",\"isPartOf\":{\"@id\":\"https:\\\/\\\/ponteseditores.com.br\\\/loja3\\\/#website\"},\"primaryImageOfPage\":{\"@id\":\"https:\\\/\\\/ponteseditores.com.br\\\/loja3\\\/pontes-editores-home-2__trashed\\\/linguistica\\\/literatura-em-jogo-a-formacao-de-leitores-atraves-do-rpg\\\/#primaryimage\"},\"image\":{\"@id\":\"https:\\\/\\\/ponteseditores.com.br\\\/loja3\\\/pontes-editores-home-2__trashed\\\/linguistica\\\/literatura-em-jogo-a-formacao-de-leitores-atraves-do-rpg\\\/#primaryimage\"},\"thumbnailUrl\":\"https:\\\/\\\/ponteseditores.com.br\\\/loja3\\\/wp-content\\\/uploads\\\/2023\\\/12\\\/capa20rpg.jpg\",\"datePublished\":\"2023-12-15T03:46:53+00:00\",\"dateModified\":\"2025-06-16T14:42:34+00:00\",\"breadcrumb\":{\"@id\":\"https:\\\/\\\/ponteseditores.com.br\\\/loja3\\\/pontes-editores-home-2__trashed\\\/linguistica\\\/literatura-em-jogo-a-formacao-de-leitores-atraves-do-rpg\\\/#breadcrumb\"},\"inLanguage\":\"pt-BR\",\"potentialAction\":[{\"@type\":\"ReadAction\",\"target\":[\"https:\\\/\\\/ponteseditores.com.br\\\/loja3\\\/pontes-editores-home-2__trashed\\\/linguistica\\\/literatura-em-jogo-a-formacao-de-leitores-atraves-do-rpg\\\/\"]}]},{\"@type\":\"ImageObject\",\"inLanguage\":\"pt-BR\",\"@id\":\"https:\\\/\\\/ponteseditores.com.br\\\/loja3\\\/pontes-editores-home-2__trashed\\\/linguistica\\\/literatura-em-jogo-a-formacao-de-leitores-atraves-do-rpg\\\/#primaryimage\",\"url\":\"https:\\\/\\\/ponteseditores.com.br\\\/loja3\\\/wp-content\\\/uploads\\\/2023\\\/12\\\/capa20rpg.jpg\",\"contentUrl\":\"https:\\\/\\\/ponteseditores.com.br\\\/loja3\\\/wp-content\\\/uploads\\\/2023\\\/12\\\/capa20rpg.jpg\",\"width\":1000,\"height\":1468},{\"@type\":\"BreadcrumbList\",\"@id\":\"https:\\\/\\\/ponteseditores.com.br\\\/loja3\\\/pontes-editores-home-2__trashed\\\/linguistica\\\/literatura-em-jogo-a-formacao-de-leitores-atraves-do-rpg\\\/#breadcrumb\",\"itemListElement\":[{\"@type\":\"ListItem\",\"position\":1,\"name\":\"Home\",\"item\":\"https:\\\/\\\/ponteseditores.com.br\\\/loja3\\\/\"},{\"@type\":\"ListItem\",\"position\":2,\"name\":\"loja\",\"item\":\"https:\\\/\\\/ponteseditores.com.br\\\/loja3\\\/loja\\\/\"},{\"@type\":\"ListItem\",\"position\":3,\"name\":\"LITERATURA EM JOGO: A FORMA\u00c7\u00c3O DE LEITORES ATRAV\u00c9S DO RPG\"}]},{\"@type\":\"WebSite\",\"@id\":\"https:\\\/\\\/ponteseditores.com.br\\\/loja3\\\/#website\",\"url\":\"https:\\\/\\\/ponteseditores.com.br\\\/loja3\\\/\",\"name\":\"Pontes Editores\",\"description\":\"Pontes Editores\",\"publisher\":{\"@id\":\"https:\\\/\\\/ponteseditores.com.br\\\/loja3\\\/#organization\"},\"potentialAction\":[{\"@type\":\"SearchAction\",\"target\":{\"@type\":\"EntryPoint\",\"urlTemplate\":\"https:\\\/\\\/ponteseditores.com.br\\\/loja3\\\/?s={search_term_string}\"},\"query-input\":{\"@type\":\"PropertyValueSpecification\",\"valueRequired\":true,\"valueName\":\"search_term_string\"}}],\"inLanguage\":\"pt-BR\"},{\"@type\":\"Organization\",\"@id\":\"https:\\\/\\\/ponteseditores.com.br\\\/loja3\\\/#organization\",\"name\":\"Pontes Editores\",\"url\":\"https:\\\/\\\/ponteseditores.com.br\\\/loja3\\\/\",\"logo\":{\"@type\":\"ImageObject\",\"inLanguage\":\"pt-BR\",\"@id\":\"https:\\\/\\\/ponteseditores.com.br\\\/loja3\\\/#\\\/schema\\\/logo\\\/image\\\/\",\"url\":\"https:\\\/\\\/ponteseditores.com.br\\\/loja3\\\/wp-content\\\/uploads\\\/2023\\\/12\\\/logo-pontes-editores-v2.png\",\"contentUrl\":\"https:\\\/\\\/ponteseditores.com.br\\\/loja3\\\/wp-content\\\/uploads\\\/2023\\\/12\\\/logo-pontes-editores-v2.png\",\"width\":258,\"height\":100,\"caption\":\"Pontes Editores\"},\"image\":{\"@id\":\"https:\\\/\\\/ponteseditores.com.br\\\/loja3\\\/#\\\/schema\\\/logo\\\/image\\\/\"}}]}<\/script>\n<!-- \/ Yoast SEO plugin. -->","yoast_head_json":{"title":"LITERATURA EM JOGO: A FORMA\u00c7\u00c3O DE LEITORES ATRAV\u00c9S DO RPG - Pontes Editores","robots":{"index":"index","follow":"follow","max-snippet":"max-snippet:-1","max-image-preview":"max-image-preview:large","max-video-preview":"max-video-preview:-1"},"canonical":"https:\/\/ponteseditores.com.br\/loja3\/pontes-editores-home-2__trashed\/linguistica\/literatura-em-jogo-a-formacao-de-leitores-atraves-do-rpg\/","og_locale":"pt_BR","og_type":"article","og_title":"LITERATURA EM JOGO: A FORMA\u00c7\u00c3O DE LEITORES ATRAV\u00c9S DO RPG - Pontes Editores","og_description":"Qual o lugar da literatura na escola? Todos n\u00f3s que lidamos com as intrincadas rela\u00e7\u00f5es entre literatura e espa\u00e7o escolar fazemos sempre essa pergunta para n\u00f3s mesmos, na \u00e2nsia de encontrarmos formas de preparar, motivar e seduzir nosso aluno para o texto liter\u00e1rio. A ideia da leitura liter\u00e1ria como um jogo n\u00e3o \u00e9 nova, como [&hellip;]","og_url":"https:\/\/ponteseditores.com.br\/loja3\/pontes-editores-home-2__trashed\/linguistica\/literatura-em-jogo-a-formacao-de-leitores-atraves-do-rpg\/","og_site_name":"Pontes Editores","article_modified_time":"2025-06-16T14:42:34+00:00","og_image":[{"width":1000,"height":1468,"url":"https:\/\/ponteseditores.com.br\/loja3\/wp-content\/uploads\/2023\/12\/capa20rpg.jpg","type":"image\/jpeg"}],"twitter_card":"summary_large_image","twitter_misc":{"Est. tempo de leitura":"1 minuto"},"schema":{"@context":"https:\/\/schema.org","@graph":[{"@type":"WebPage","@id":"https:\/\/ponteseditores.com.br\/loja3\/pontes-editores-home-2__trashed\/linguistica\/literatura-em-jogo-a-formacao-de-leitores-atraves-do-rpg\/","url":"https:\/\/ponteseditores.com.br\/loja3\/pontes-editores-home-2__trashed\/linguistica\/literatura-em-jogo-a-formacao-de-leitores-atraves-do-rpg\/","name":"LITERATURA EM JOGO: A FORMA\u00c7\u00c3O DE LEITORES ATRAV\u00c9S DO RPG - Pontes Editores","isPartOf":{"@id":"https:\/\/ponteseditores.com.br\/loja3\/#website"},"primaryImageOfPage":{"@id":"https:\/\/ponteseditores.com.br\/loja3\/pontes-editores-home-2__trashed\/linguistica\/literatura-em-jogo-a-formacao-de-leitores-atraves-do-rpg\/#primaryimage"},"image":{"@id":"https:\/\/ponteseditores.com.br\/loja3\/pontes-editores-home-2__trashed\/linguistica\/literatura-em-jogo-a-formacao-de-leitores-atraves-do-rpg\/#primaryimage"},"thumbnailUrl":"https:\/\/ponteseditores.com.br\/loja3\/wp-content\/uploads\/2023\/12\/capa20rpg.jpg","datePublished":"2023-12-15T03:46:53+00:00","dateModified":"2025-06-16T14:42:34+00:00","breadcrumb":{"@id":"https:\/\/ponteseditores.com.br\/loja3\/pontes-editores-home-2__trashed\/linguistica\/literatura-em-jogo-a-formacao-de-leitores-atraves-do-rpg\/#breadcrumb"},"inLanguage":"pt-BR","potentialAction":[{"@type":"ReadAction","target":["https:\/\/ponteseditores.com.br\/loja3\/pontes-editores-home-2__trashed\/linguistica\/literatura-em-jogo-a-formacao-de-leitores-atraves-do-rpg\/"]}]},{"@type":"ImageObject","inLanguage":"pt-BR","@id":"https:\/\/ponteseditores.com.br\/loja3\/pontes-editores-home-2__trashed\/linguistica\/literatura-em-jogo-a-formacao-de-leitores-atraves-do-rpg\/#primaryimage","url":"https:\/\/ponteseditores.com.br\/loja3\/wp-content\/uploads\/2023\/12\/capa20rpg.jpg","contentUrl":"https:\/\/ponteseditores.com.br\/loja3\/wp-content\/uploads\/2023\/12\/capa20rpg.jpg","width":1000,"height":1468},{"@type":"BreadcrumbList","@id":"https:\/\/ponteseditores.com.br\/loja3\/pontes-editores-home-2__trashed\/linguistica\/literatura-em-jogo-a-formacao-de-leitores-atraves-do-rpg\/#breadcrumb","itemListElement":[{"@type":"ListItem","position":1,"name":"Home","item":"https:\/\/ponteseditores.com.br\/loja3\/"},{"@type":"ListItem","position":2,"name":"loja","item":"https:\/\/ponteseditores.com.br\/loja3\/loja\/"},{"@type":"ListItem","position":3,"name":"LITERATURA EM JOGO: A FORMA\u00c7\u00c3O DE LEITORES ATRAV\u00c9S DO RPG"}]},{"@type":"WebSite","@id":"https:\/\/ponteseditores.com.br\/loja3\/#website","url":"https:\/\/ponteseditores.com.br\/loja3\/","name":"Pontes Editores","description":"Pontes Editores","publisher":{"@id":"https:\/\/ponteseditores.com.br\/loja3\/#organization"},"potentialAction":[{"@type":"SearchAction","target":{"@type":"EntryPoint","urlTemplate":"https:\/\/ponteseditores.com.br\/loja3\/?s={search_term_string}"},"query-input":{"@type":"PropertyValueSpecification","valueRequired":true,"valueName":"search_term_string"}}],"inLanguage":"pt-BR"},{"@type":"Organization","@id":"https:\/\/ponteseditores.com.br\/loja3\/#organization","name":"Pontes Editores","url":"https:\/\/ponteseditores.com.br\/loja3\/","logo":{"@type":"ImageObject","inLanguage":"pt-BR","@id":"https:\/\/ponteseditores.com.br\/loja3\/#\/schema\/logo\/image\/","url":"https:\/\/ponteseditores.com.br\/loja3\/wp-content\/uploads\/2023\/12\/logo-pontes-editores-v2.png","contentUrl":"https:\/\/ponteseditores.com.br\/loja3\/wp-content\/uploads\/2023\/12\/logo-pontes-editores-v2.png","width":258,"height":100,"caption":"Pontes Editores"},"image":{"@id":"https:\/\/ponteseditores.com.br\/loja3\/#\/schema\/logo\/image\/"}}]}},"_links":{"self":[{"href":"https:\/\/ponteseditores.com.br\/loja3\/wp-json\/wp\/v2\/product\/7456","targetHints":{"allow":["GET"]}}],"collection":[{"href":"https:\/\/ponteseditores.com.br\/loja3\/wp-json\/wp\/v2\/product"}],"about":[{"href":"https:\/\/ponteseditores.com.br\/loja3\/wp-json\/wp\/v2\/types\/product"}],"replies":[{"embeddable":true,"href":"https:\/\/ponteseditores.com.br\/loja3\/wp-json\/wp\/v2\/comments?post=7456"}],"version-history":[{"count":0,"href":"https:\/\/ponteseditores.com.br\/loja3\/wp-json\/wp\/v2\/product\/7456\/revisions"}],"wp:featuredmedia":[{"embeddable":true,"href":"https:\/\/ponteseditores.com.br\/loja3\/wp-json\/wp\/v2\/media\/7455"}],"wp:attachment":[{"href":"https:\/\/ponteseditores.com.br\/loja3\/wp-json\/wp\/v2\/media?parent=7456"}],"wp:term":[{"taxonomy":"product_brand","embeddable":true,"href":"https:\/\/ponteseditores.com.br\/loja3\/wp-json\/wp\/v2\/product_brand?post=7456"},{"taxonomy":"product_cat","embeddable":true,"href":"https:\/\/ponteseditores.com.br\/loja3\/wp-json\/wp\/v2\/product_cat?post=7456"},{"taxonomy":"product_tag","embeddable":true,"href":"https:\/\/ponteseditores.com.br\/loja3\/wp-json\/wp\/v2\/product_tag?post=7456"}],"curies":[{"name":"wp","href":"https:\/\/api.w.org\/{rel}","templated":true}]}}