{"id":7391,"date":"2023-12-15T00:43:25","date_gmt":"2023-12-15T03:43:25","guid":{"rendered":"https:\/\/ponteseditores.com.br\/loja3\/pontes-editores-home-2__trashed\/sem%20categoria\/30-anos-no-quintal-trajetorias-atravessadas-pela-educacao-ambiental\/"},"modified":"2023-12-15T12:12:43","modified_gmt":"2023-12-15T15:12:43","slug":"30-anos-no-quintal-trajetorias-atravessadas-pela-educacao-ambiental","status":"publish","type":"product","link":"https:\/\/ponteseditores.com.br\/loja3\/pontes-editores-home-2__trashed\/ensino-e-aprendizagem\/30-anos-no-quintal-trajetorias-atravessadas-pela-educacao-ambiental\/","title":{"rendered":"30 Anos no Quintal &#8211; Trajet\u00f3rias Atravessadas pela Educa\u00e7\u00e3o Ambiental"},"content":{"rendered":"<p>A trajet\u00f3ria do Programa de Educa\u00e7\u00e3o Ambiental do Col\u00e9gio Objetivo Itapetininga funde-se e confunde-se com a pr\u00f3pria hist\u00f3ria da Escola Quintal, fundada em meados da d\u00e9cada de 1980 em uma remanescente \u00e1rea verde no centro dessa cidade, no interior do Estado de S\u00e3o Paulo. Pelo pioneirismo e longevidade do referido programa, consideramos inadi\u00e1vel a produ\u00e7\u00e3o deste material tendo em vista a valoriza\u00e7\u00e3o de um aspecto t\u00e3o relevante \u00e0 forma\u00e7\u00e3o de crian\u00e7as e jovens, qual seja o da educa\u00e7\u00e3o para uma rela\u00e7\u00e3o sustent\u00e1vel \u2013 no que esse adjetivo ainda tiver de mais humano &#8211; com o ambiente e com toda forma de vida nele existente. Esta colet\u00e2nea apresenta o percurso do referido Programa contado sob o ponto de vista daqueles que consideramos seus protagonistas: pais, av\u00f3s, alunos, egressos, gestores, professores e demais colaboradores da escola, parceiros e mun\u00edcipes que tiveram suas trajet\u00f3rias, de alguma forma, atravessadas por viv\u00eancias em educa\u00e7\u00e3o ambiental promovidas pela escola, nesses 30 anos. Comentam, ainda, sobre poss\u00edveis impactos provocados por tais atravessamentos no cotidiano pessoal e profissional de cada um. Mais que autores, os sujeitos dessa hist\u00f3ria s\u00e3o sementes que germinaram, cresceram e deram seus frutos e que, por meio desta obra, possivelmente semear\u00e3o em espa\u00e7os e tempos mais long\u00ednquos. Que a multiplicidade de olhares aqui abarcada suscite reflex\u00e3o e inspire o educador ambiental que habita cada um de n\u00f3s, cidad\u00e3os planet\u00e1rios, para o desenvolvimento de pr\u00e1ticas outras que favore\u00e7am o interc\u00e2mbio de utopias promotoras de avan\u00e7os na vis\u00e3o de mundo, cidadania e solidariedade.<\/p>\n","protected":false},"excerpt":{"rendered":"<p>A trajet\u00f3ria do Programa de Educa\u00e7\u00e3o Ambiental do Col\u00e9gio Objetivo Itapetininga funde-se e confunde-se com a pr\u00f3pria hist\u00f3ria da Escola Quintal, fundada em meados da d\u00e9cada de 1980 em uma remanescente \u00e1rea verde no centro dessa cidade, no interior do Estado de S\u00e3o Paulo. Pelo pioneirismo e longevidade do referido programa, consideramos inadi\u00e1vel a produ\u00e7\u00e3o [&hellip;]<\/p>\n","protected":false},"featured_media":7390,"comment_status":"open","ping_status":"closed","template":"","meta":{"_joinchat":[]},"product_brand":[],"product_cat":[288],"product_tag":[],"class_list":{"0":"post-7391","1":"product","2":"type-product","3":"status-publish","4":"has-post-thumbnail","6":"product_cat-ensino-e-aprendizagem","7":"product_shipping_class-livro-pontes-editores-fisico","9":"first","10":"instock","11":"shipping-taxable","12":"purchasable","13":"product-type-simple"},"yoast_head":"<!-- This site is optimized with the Yoast SEO plugin v27.4 - https:\/\/yoast.com\/product\/yoast-seo-wordpress\/ -->\n<title>30 Anos no Quintal - Trajet\u00f3rias Atravessadas pela Educa\u00e7\u00e3o Ambiental - Pontes Editores<\/title>\n<meta name=\"robots\" content=\"index, follow, max-snippet:-1, max-image-preview:large, max-video-preview:-1\" \/>\n<link rel=\"canonical\" href=\"https:\/\/ponteseditores.com.br\/loja3\/pontes-editores-home-2__trashed\/ensino-e-aprendizagem\/30-anos-no-quintal-trajetorias-atravessadas-pela-educacao-ambiental\/\" \/>\n<meta property=\"og:locale\" content=\"pt_BR\" \/>\n<meta property=\"og:type\" content=\"article\" \/>\n<meta property=\"og:title\" content=\"30 Anos no Quintal - Trajet\u00f3rias Atravessadas pela Educa\u00e7\u00e3o Ambiental - Pontes Editores\" \/>\n<meta property=\"og:description\" content=\"A trajet\u00f3ria do Programa de Educa\u00e7\u00e3o Ambiental do Col\u00e9gio Objetivo Itapetininga funde-se e confunde-se com a pr\u00f3pria hist\u00f3ria da Escola Quintal, fundada em meados da d\u00e9cada de 1980 em uma remanescente \u00e1rea verde no centro dessa cidade, no interior do Estado de S\u00e3o Paulo. Pelo pioneirismo e longevidade do referido programa, consideramos inadi\u00e1vel a produ\u00e7\u00e3o [&hellip;]\" \/>\n<meta property=\"og:url\" content=\"https:\/\/ponteseditores.com.br\/loja3\/pontes-editores-home-2__trashed\/ensino-e-aprendizagem\/30-anos-no-quintal-trajetorias-atravessadas-pela-educacao-ambiental\/\" \/>\n<meta property=\"og:site_name\" content=\"Pontes Editores\" \/>\n<meta property=\"article:modified_time\" content=\"2023-12-15T15:12:43+00:00\" \/>\n<meta property=\"og:image\" content=\"https:\/\/ponteseditores.com.br\/loja3\/wp-content\/uploads\/2023\/12\/Capa20Frente-01208.jpg\" \/>\n\t<meta property=\"og:image:width\" content=\"455\" \/>\n\t<meta property=\"og:image:height\" content=\"681\" \/>\n\t<meta property=\"og:image:type\" content=\"image\/jpeg\" \/>\n<meta name=\"twitter:card\" content=\"summary_large_image\" \/>\n<meta name=\"twitter:label1\" content=\"Est. tempo de leitura\" \/>\n\t<meta name=\"twitter:data1\" content=\"1 minuto\" \/>\n<script type=\"application\/ld+json\" class=\"yoast-schema-graph\">{\"@context\":\"https:\\\/\\\/schema.org\",\"@graph\":[{\"@type\":\"WebPage\",\"@id\":\"https:\\\/\\\/ponteseditores.com.br\\\/loja3\\\/pontes-editores-home-2__trashed\\\/ensino-e-aprendizagem\\\/30-anos-no-quintal-trajetorias-atravessadas-pela-educacao-ambiental\\\/\",\"url\":\"https:\\\/\\\/ponteseditores.com.br\\\/loja3\\\/pontes-editores-home-2__trashed\\\/ensino-e-aprendizagem\\\/30-anos-no-quintal-trajetorias-atravessadas-pela-educacao-ambiental\\\/\",\"name\":\"30 Anos no Quintal - Trajet\u00f3rias Atravessadas pela Educa\u00e7\u00e3o Ambiental - Pontes Editores\",\"isPartOf\":{\"@id\":\"https:\\\/\\\/ponteseditores.com.br\\\/loja3\\\/#website\"},\"primaryImageOfPage\":{\"@id\":\"https:\\\/\\\/ponteseditores.com.br\\\/loja3\\\/pontes-editores-home-2__trashed\\\/ensino-e-aprendizagem\\\/30-anos-no-quintal-trajetorias-atravessadas-pela-educacao-ambiental\\\/#primaryimage\"},\"image\":{\"@id\":\"https:\\\/\\\/ponteseditores.com.br\\\/loja3\\\/pontes-editores-home-2__trashed\\\/ensino-e-aprendizagem\\\/30-anos-no-quintal-trajetorias-atravessadas-pela-educacao-ambiental\\\/#primaryimage\"},\"thumbnailUrl\":\"https:\\\/\\\/ponteseditores.com.br\\\/loja3\\\/wp-content\\\/uploads\\\/2023\\\/12\\\/Capa20Frente-01208.jpg\",\"datePublished\":\"2023-12-15T03:43:25+00:00\",\"dateModified\":\"2023-12-15T15:12:43+00:00\",\"breadcrumb\":{\"@id\":\"https:\\\/\\\/ponteseditores.com.br\\\/loja3\\\/pontes-editores-home-2__trashed\\\/ensino-e-aprendizagem\\\/30-anos-no-quintal-trajetorias-atravessadas-pela-educacao-ambiental\\\/#breadcrumb\"},\"inLanguage\":\"pt-BR\",\"potentialAction\":[{\"@type\":\"ReadAction\",\"target\":[\"https:\\\/\\\/ponteseditores.com.br\\\/loja3\\\/pontes-editores-home-2__trashed\\\/ensino-e-aprendizagem\\\/30-anos-no-quintal-trajetorias-atravessadas-pela-educacao-ambiental\\\/\"]}]},{\"@type\":\"ImageObject\",\"inLanguage\":\"pt-BR\",\"@id\":\"https:\\\/\\\/ponteseditores.com.br\\\/loja3\\\/pontes-editores-home-2__trashed\\\/ensino-e-aprendizagem\\\/30-anos-no-quintal-trajetorias-atravessadas-pela-educacao-ambiental\\\/#primaryimage\",\"url\":\"https:\\\/\\\/ponteseditores.com.br\\\/loja3\\\/wp-content\\\/uploads\\\/2023\\\/12\\\/Capa20Frente-01208.jpg\",\"contentUrl\":\"https:\\\/\\\/ponteseditores.com.br\\\/loja3\\\/wp-content\\\/uploads\\\/2023\\\/12\\\/Capa20Frente-01208.jpg\",\"width\":455,\"height\":681},{\"@type\":\"BreadcrumbList\",\"@id\":\"https:\\\/\\\/ponteseditores.com.br\\\/loja3\\\/pontes-editores-home-2__trashed\\\/ensino-e-aprendizagem\\\/30-anos-no-quintal-trajetorias-atravessadas-pela-educacao-ambiental\\\/#breadcrumb\",\"itemListElement\":[{\"@type\":\"ListItem\",\"position\":1,\"name\":\"Home\",\"item\":\"https:\\\/\\\/ponteseditores.com.br\\\/loja3\\\/\"},{\"@type\":\"ListItem\",\"position\":2,\"name\":\"loja\",\"item\":\"https:\\\/\\\/ponteseditores.com.br\\\/loja3\\\/loja\\\/\"},{\"@type\":\"ListItem\",\"position\":3,\"name\":\"30 Anos no Quintal &#8211; Trajet\u00f3rias Atravessadas pela Educa\u00e7\u00e3o Ambiental\"}]},{\"@type\":\"WebSite\",\"@id\":\"https:\\\/\\\/ponteseditores.com.br\\\/loja3\\\/#website\",\"url\":\"https:\\\/\\\/ponteseditores.com.br\\\/loja3\\\/\",\"name\":\"Pontes Editores\",\"description\":\"Pontes Editores\",\"publisher\":{\"@id\":\"https:\\\/\\\/ponteseditores.com.br\\\/loja3\\\/#organization\"},\"potentialAction\":[{\"@type\":\"SearchAction\",\"target\":{\"@type\":\"EntryPoint\",\"urlTemplate\":\"https:\\\/\\\/ponteseditores.com.br\\\/loja3\\\/?s={search_term_string}\"},\"query-input\":{\"@type\":\"PropertyValueSpecification\",\"valueRequired\":true,\"valueName\":\"search_term_string\"}}],\"inLanguage\":\"pt-BR\"},{\"@type\":\"Organization\",\"@id\":\"https:\\\/\\\/ponteseditores.com.br\\\/loja3\\\/#organization\",\"name\":\"Pontes Editores\",\"url\":\"https:\\\/\\\/ponteseditores.com.br\\\/loja3\\\/\",\"logo\":{\"@type\":\"ImageObject\",\"inLanguage\":\"pt-BR\",\"@id\":\"https:\\\/\\\/ponteseditores.com.br\\\/loja3\\\/#\\\/schema\\\/logo\\\/image\\\/\",\"url\":\"https:\\\/\\\/ponteseditores.com.br\\\/loja3\\\/wp-content\\\/uploads\\\/2023\\\/12\\\/logo-pontes-editores-v2.png\",\"contentUrl\":\"https:\\\/\\\/ponteseditores.com.br\\\/loja3\\\/wp-content\\\/uploads\\\/2023\\\/12\\\/logo-pontes-editores-v2.png\",\"width\":258,\"height\":100,\"caption\":\"Pontes Editores\"},\"image\":{\"@id\":\"https:\\\/\\\/ponteseditores.com.br\\\/loja3\\\/#\\\/schema\\\/logo\\\/image\\\/\"}}]}<\/script>\n<!-- \/ Yoast SEO plugin. -->","yoast_head_json":{"title":"30 Anos no Quintal - Trajet\u00f3rias Atravessadas pela Educa\u00e7\u00e3o Ambiental - Pontes Editores","robots":{"index":"index","follow":"follow","max-snippet":"max-snippet:-1","max-image-preview":"max-image-preview:large","max-video-preview":"max-video-preview:-1"},"canonical":"https:\/\/ponteseditores.com.br\/loja3\/pontes-editores-home-2__trashed\/ensino-e-aprendizagem\/30-anos-no-quintal-trajetorias-atravessadas-pela-educacao-ambiental\/","og_locale":"pt_BR","og_type":"article","og_title":"30 Anos no Quintal - Trajet\u00f3rias Atravessadas pela Educa\u00e7\u00e3o Ambiental - Pontes Editores","og_description":"A trajet\u00f3ria do Programa de Educa\u00e7\u00e3o Ambiental do Col\u00e9gio Objetivo Itapetininga funde-se e confunde-se com a pr\u00f3pria hist\u00f3ria da Escola Quintal, fundada em meados da d\u00e9cada de 1980 em uma remanescente \u00e1rea verde no centro dessa cidade, no interior do Estado de S\u00e3o Paulo. Pelo pioneirismo e longevidade do referido programa, consideramos inadi\u00e1vel a produ\u00e7\u00e3o [&hellip;]","og_url":"https:\/\/ponteseditores.com.br\/loja3\/pontes-editores-home-2__trashed\/ensino-e-aprendizagem\/30-anos-no-quintal-trajetorias-atravessadas-pela-educacao-ambiental\/","og_site_name":"Pontes Editores","article_modified_time":"2023-12-15T15:12:43+00:00","og_image":[{"width":455,"height":681,"url":"https:\/\/ponteseditores.com.br\/loja3\/wp-content\/uploads\/2023\/12\/Capa20Frente-01208.jpg","type":"image\/jpeg"}],"twitter_card":"summary_large_image","twitter_misc":{"Est. tempo de leitura":"1 minuto"},"schema":{"@context":"https:\/\/schema.org","@graph":[{"@type":"WebPage","@id":"https:\/\/ponteseditores.com.br\/loja3\/pontes-editores-home-2__trashed\/ensino-e-aprendizagem\/30-anos-no-quintal-trajetorias-atravessadas-pela-educacao-ambiental\/","url":"https:\/\/ponteseditores.com.br\/loja3\/pontes-editores-home-2__trashed\/ensino-e-aprendizagem\/30-anos-no-quintal-trajetorias-atravessadas-pela-educacao-ambiental\/","name":"30 Anos no Quintal - Trajet\u00f3rias Atravessadas pela Educa\u00e7\u00e3o Ambiental - Pontes Editores","isPartOf":{"@id":"https:\/\/ponteseditores.com.br\/loja3\/#website"},"primaryImageOfPage":{"@id":"https:\/\/ponteseditores.com.br\/loja3\/pontes-editores-home-2__trashed\/ensino-e-aprendizagem\/30-anos-no-quintal-trajetorias-atravessadas-pela-educacao-ambiental\/#primaryimage"},"image":{"@id":"https:\/\/ponteseditores.com.br\/loja3\/pontes-editores-home-2__trashed\/ensino-e-aprendizagem\/30-anos-no-quintal-trajetorias-atravessadas-pela-educacao-ambiental\/#primaryimage"},"thumbnailUrl":"https:\/\/ponteseditores.com.br\/loja3\/wp-content\/uploads\/2023\/12\/Capa20Frente-01208.jpg","datePublished":"2023-12-15T03:43:25+00:00","dateModified":"2023-12-15T15:12:43+00:00","breadcrumb":{"@id":"https:\/\/ponteseditores.com.br\/loja3\/pontes-editores-home-2__trashed\/ensino-e-aprendizagem\/30-anos-no-quintal-trajetorias-atravessadas-pela-educacao-ambiental\/#breadcrumb"},"inLanguage":"pt-BR","potentialAction":[{"@type":"ReadAction","target":["https:\/\/ponteseditores.com.br\/loja3\/pontes-editores-home-2__trashed\/ensino-e-aprendizagem\/30-anos-no-quintal-trajetorias-atravessadas-pela-educacao-ambiental\/"]}]},{"@type":"ImageObject","inLanguage":"pt-BR","@id":"https:\/\/ponteseditores.com.br\/loja3\/pontes-editores-home-2__trashed\/ensino-e-aprendizagem\/30-anos-no-quintal-trajetorias-atravessadas-pela-educacao-ambiental\/#primaryimage","url":"https:\/\/ponteseditores.com.br\/loja3\/wp-content\/uploads\/2023\/12\/Capa20Frente-01208.jpg","contentUrl":"https:\/\/ponteseditores.com.br\/loja3\/wp-content\/uploads\/2023\/12\/Capa20Frente-01208.jpg","width":455,"height":681},{"@type":"BreadcrumbList","@id":"https:\/\/ponteseditores.com.br\/loja3\/pontes-editores-home-2__trashed\/ensino-e-aprendizagem\/30-anos-no-quintal-trajetorias-atravessadas-pela-educacao-ambiental\/#breadcrumb","itemListElement":[{"@type":"ListItem","position":1,"name":"Home","item":"https:\/\/ponteseditores.com.br\/loja3\/"},{"@type":"ListItem","position":2,"name":"loja","item":"https:\/\/ponteseditores.com.br\/loja3\/loja\/"},{"@type":"ListItem","position":3,"name":"30 Anos no Quintal &#8211; Trajet\u00f3rias Atravessadas pela Educa\u00e7\u00e3o Ambiental"}]},{"@type":"WebSite","@id":"https:\/\/ponteseditores.com.br\/loja3\/#website","url":"https:\/\/ponteseditores.com.br\/loja3\/","name":"Pontes Editores","description":"Pontes Editores","publisher":{"@id":"https:\/\/ponteseditores.com.br\/loja3\/#organization"},"potentialAction":[{"@type":"SearchAction","target":{"@type":"EntryPoint","urlTemplate":"https:\/\/ponteseditores.com.br\/loja3\/?s={search_term_string}"},"query-input":{"@type":"PropertyValueSpecification","valueRequired":true,"valueName":"search_term_string"}}],"inLanguage":"pt-BR"},{"@type":"Organization","@id":"https:\/\/ponteseditores.com.br\/loja3\/#organization","name":"Pontes Editores","url":"https:\/\/ponteseditores.com.br\/loja3\/","logo":{"@type":"ImageObject","inLanguage":"pt-BR","@id":"https:\/\/ponteseditores.com.br\/loja3\/#\/schema\/logo\/image\/","url":"https:\/\/ponteseditores.com.br\/loja3\/wp-content\/uploads\/2023\/12\/logo-pontes-editores-v2.png","contentUrl":"https:\/\/ponteseditores.com.br\/loja3\/wp-content\/uploads\/2023\/12\/logo-pontes-editores-v2.png","width":258,"height":100,"caption":"Pontes Editores"},"image":{"@id":"https:\/\/ponteseditores.com.br\/loja3\/#\/schema\/logo\/image\/"}}]}},"_links":{"self":[{"href":"https:\/\/ponteseditores.com.br\/loja3\/wp-json\/wp\/v2\/product\/7391","targetHints":{"allow":["GET"]}}],"collection":[{"href":"https:\/\/ponteseditores.com.br\/loja3\/wp-json\/wp\/v2\/product"}],"about":[{"href":"https:\/\/ponteseditores.com.br\/loja3\/wp-json\/wp\/v2\/types\/product"}],"replies":[{"embeddable":true,"href":"https:\/\/ponteseditores.com.br\/loja3\/wp-json\/wp\/v2\/comments?post=7391"}],"version-history":[{"count":0,"href":"https:\/\/ponteseditores.com.br\/loja3\/wp-json\/wp\/v2\/product\/7391\/revisions"}],"wp:featuredmedia":[{"embeddable":true,"href":"https:\/\/ponteseditores.com.br\/loja3\/wp-json\/wp\/v2\/media\/7390"}],"wp:attachment":[{"href":"https:\/\/ponteseditores.com.br\/loja3\/wp-json\/wp\/v2\/media?parent=7391"}],"wp:term":[{"taxonomy":"product_brand","embeddable":true,"href":"https:\/\/ponteseditores.com.br\/loja3\/wp-json\/wp\/v2\/product_brand?post=7391"},{"taxonomy":"product_cat","embeddable":true,"href":"https:\/\/ponteseditores.com.br\/loja3\/wp-json\/wp\/v2\/product_cat?post=7391"},{"taxonomy":"product_tag","embeddable":true,"href":"https:\/\/ponteseditores.com.br\/loja3\/wp-json\/wp\/v2\/product_tag?post=7391"}],"curies":[{"name":"wp","href":"https:\/\/api.w.org\/{rel}","templated":true}]}}