{"id":7365,"date":"2023-12-15T00:43:14","date_gmt":"2023-12-15T03:43:14","guid":{"rendered":"https:\/\/ponteseditores.com.br\/loja3\/pontes-editores-home-2__trashed\/sem%20categoria\/upf-50-anos-compromisso-com-a-formacao-de-professores-linguagens-ciencias-humanas-e-educacao\/"},"modified":"2023-12-15T12:12:45","modified_gmt":"2023-12-15T15:12:45","slug":"upf-50-anos-compromisso-com-a-formacao-de-professores-linguagens-ciencias-humanas-e-educacao","status":"publish","type":"product","link":"https:\/\/ponteseditores.com.br\/loja3\/pontes-editores-home-2__trashed\/linguagem-e-linguas\/upf-50-anos-compromisso-com-a-formacao-de-professores-linguagens-ciencias-humanas-e-educacao\/","title":{"rendered":"UPF 50 ANOS: COMPROMISSO COM A FORMA\u00c7\u00c3O DE  PROFESSORES LINGUAGENS, CI\u00caNCIAS HUMANAS E EDUCA\u00c7\u00c3O"},"content":{"rendered":"<p>No ano em que a Universidade de Passo Fundo comemorou seu cinquenten\u00e1rio, o Semin\u00e1rio de atualiza\u00e7\u00e3o pedag\u00f3gica para professores da educa\u00e7\u00e3o b\u00e1sica (Semape), consolidou-se como uma importante a\u00e7\u00e3o de educa\u00e7\u00e3o continuada para professores da educa\u00e7\u00e3o b\u00e1sica. Visando contribuir para o aprimoramento e a qualifica\u00e7\u00e3o de professores, os textos desta obra apresentam propostas, discuss\u00f5es e resultados de estudos de ensino, de pesquisa e de extens\u00e3o, na \u00e1rea das Linguagens, Ci\u00eancias Humanas e Educa\u00e7\u00e3o. Em 2018, sob a tem\u00e1tica \u201cUPF 50 anos: compromisso com a forma\u00e7\u00e3o de professores\u201d, o Semape reafirmou uma das principais caracter\u00edsticas vocacionais da Institui\u00e7\u00e3o desde sua funda\u00e7\u00e3o. A edi\u00e7\u00e3o desta obra re\u00fane quatorze artigos produzidos por professores e acad\u00eamicos pesquisadores da gradua\u00e7\u00e3o e da p\u00f3s-gradua\u00e7\u00e3o. Os textos, cujos temas abordam desde metodologias de ensino, atividades poss\u00edveis de serem exploradas em sala de aula \u00e0 avalia\u00e7\u00e3o, est\u00e3o distribu\u00eddos em tr\u00eas se\u00e7\u00f5es: 1) Linguagens, L\u00edngua materna; 2) Linguagens, L\u00edngua estrangeira; 3) Ci\u00eancias humanas e educa\u00e7\u00e3o. Com tem\u00e1ticas contempor\u00e2neas e instigantes, al\u00e9m de atestarem a qualidade da forma\u00e7\u00e3o inicial e continuada desenvolvida nesta Institui\u00e7\u00e3o, as reflex\u00f5es contribuem para o fortalecimento e a amplia\u00e7\u00e3o das rela\u00e7\u00f5es entre o ensino superior e a educa\u00e7\u00e3o b\u00e1sica. Nesse contexto, a obra instiga e convida os educadores a  repensarem e a problematizarem suas a\u00e7\u00f5es nos diferentes espa\u00e7os escolares.<\/p>\n","protected":false},"excerpt":{"rendered":"<p>No ano em que a Universidade de Passo Fundo comemorou seu cinquenten\u00e1rio, o Semin\u00e1rio de atualiza\u00e7\u00e3o pedag\u00f3gica para professores da educa\u00e7\u00e3o b\u00e1sica (Semape), consolidou-se como uma importante a\u00e7\u00e3o de educa\u00e7\u00e3o continuada para professores da educa\u00e7\u00e3o b\u00e1sica. Visando contribuir para o aprimoramento e a qualifica\u00e7\u00e3o de professores, os textos desta obra apresentam propostas, discuss\u00f5es e resultados [&hellip;]<\/p>\n","protected":false},"featured_media":7364,"comment_status":"open","ping_status":"closed","template":"","meta":{"_joinchat":[]},"product_brand":[],"product_cat":[290,293],"product_tag":[],"class_list":{"0":"post-7365","1":"product","2":"type-product","3":"status-publish","4":"has-post-thumbnail","6":"product_cat-linguagem-e-linguas","7":"product_cat-meios-auxiliares-do-ensino","8":"product_shipping_class-livro-pontes-editores-fisico","10":"first","11":"instock","12":"shipping-taxable","13":"purchasable","14":"product-type-simple"},"yoast_head":"<!-- This site is optimized with the Yoast SEO plugin v27.4 - https:\/\/yoast.com\/product\/yoast-seo-wordpress\/ -->\n<title>UPF 50 ANOS: COMPROMISSO COM A FORMA\u00c7\u00c3O DE PROFESSORES LINGUAGENS, CI\u00caNCIAS HUMANAS E EDUCA\u00c7\u00c3O - Pontes Editores<\/title>\n<meta name=\"robots\" content=\"index, follow, max-snippet:-1, max-image-preview:large, max-video-preview:-1\" \/>\n<link rel=\"canonical\" href=\"https:\/\/ponteseditores.com.br\/loja3\/pontes-editores-home-2__trashed\/linguagem-e-linguas\/upf-50-anos-compromisso-com-a-formacao-de-professores-linguagens-ciencias-humanas-e-educacao\/\" \/>\n<meta property=\"og:locale\" content=\"pt_BR\" \/>\n<meta property=\"og:type\" content=\"article\" \/>\n<meta property=\"og:title\" content=\"UPF 50 ANOS: COMPROMISSO COM A FORMA\u00c7\u00c3O DE PROFESSORES LINGUAGENS, CI\u00caNCIAS HUMANAS E EDUCA\u00c7\u00c3O - Pontes Editores\" \/>\n<meta property=\"og:description\" content=\"No ano em que a Universidade de Passo Fundo comemorou seu cinquenten\u00e1rio, o Semin\u00e1rio de atualiza\u00e7\u00e3o pedag\u00f3gica para professores da educa\u00e7\u00e3o b\u00e1sica (Semape), consolidou-se como uma importante a\u00e7\u00e3o de educa\u00e7\u00e3o continuada para professores da educa\u00e7\u00e3o b\u00e1sica. Visando contribuir para o aprimoramento e a qualifica\u00e7\u00e3o de professores, os textos desta obra apresentam propostas, discuss\u00f5es e resultados [&hellip;]\" \/>\n<meta property=\"og:url\" content=\"https:\/\/ponteseditores.com.br\/loja3\/pontes-editores-home-2__trashed\/linguagem-e-linguas\/upf-50-anos-compromisso-com-a-formacao-de-professores-linguagens-ciencias-humanas-e-educacao\/\" \/>\n<meta property=\"og:site_name\" content=\"Pontes Editores\" \/>\n<meta property=\"article:modified_time\" content=\"2023-12-15T15:12:45+00:00\" \/>\n<meta property=\"og:image\" content=\"https:\/\/ponteseditores.com.br\/loja3\/wp-content\/uploads\/2023\/12\/uf2-3.jpg\" \/>\n\t<meta property=\"og:image:width\" content=\"800\" \/>\n\t<meta property=\"og:image:height\" content=\"1199\" \/>\n\t<meta property=\"og:image:type\" content=\"image\/jpeg\" \/>\n<meta name=\"twitter:card\" content=\"summary_large_image\" \/>\n<meta name=\"twitter:label1\" content=\"Est. tempo de leitura\" \/>\n\t<meta name=\"twitter:data1\" content=\"1 minuto\" \/>\n<script type=\"application\/ld+json\" class=\"yoast-schema-graph\">{\"@context\":\"https:\\\/\\\/schema.org\",\"@graph\":[{\"@type\":\"WebPage\",\"@id\":\"https:\\\/\\\/ponteseditores.com.br\\\/loja3\\\/pontes-editores-home-2__trashed\\\/linguagem-e-linguas\\\/upf-50-anos-compromisso-com-a-formacao-de-professores-linguagens-ciencias-humanas-e-educacao\\\/\",\"url\":\"https:\\\/\\\/ponteseditores.com.br\\\/loja3\\\/pontes-editores-home-2__trashed\\\/linguagem-e-linguas\\\/upf-50-anos-compromisso-com-a-formacao-de-professores-linguagens-ciencias-humanas-e-educacao\\\/\",\"name\":\"UPF 50 ANOS: COMPROMISSO COM A FORMA\u00c7\u00c3O DE PROFESSORES LINGUAGENS, CI\u00caNCIAS HUMANAS E EDUCA\u00c7\u00c3O - Pontes Editores\",\"isPartOf\":{\"@id\":\"https:\\\/\\\/ponteseditores.com.br\\\/loja3\\\/#website\"},\"primaryImageOfPage\":{\"@id\":\"https:\\\/\\\/ponteseditores.com.br\\\/loja3\\\/pontes-editores-home-2__trashed\\\/linguagem-e-linguas\\\/upf-50-anos-compromisso-com-a-formacao-de-professores-linguagens-ciencias-humanas-e-educacao\\\/#primaryimage\"},\"image\":{\"@id\":\"https:\\\/\\\/ponteseditores.com.br\\\/loja3\\\/pontes-editores-home-2__trashed\\\/linguagem-e-linguas\\\/upf-50-anos-compromisso-com-a-formacao-de-professores-linguagens-ciencias-humanas-e-educacao\\\/#primaryimage\"},\"thumbnailUrl\":\"https:\\\/\\\/ponteseditores.com.br\\\/loja3\\\/wp-content\\\/uploads\\\/2023\\\/12\\\/uf2-3.jpg\",\"datePublished\":\"2023-12-15T03:43:14+00:00\",\"dateModified\":\"2023-12-15T15:12:45+00:00\",\"breadcrumb\":{\"@id\":\"https:\\\/\\\/ponteseditores.com.br\\\/loja3\\\/pontes-editores-home-2__trashed\\\/linguagem-e-linguas\\\/upf-50-anos-compromisso-com-a-formacao-de-professores-linguagens-ciencias-humanas-e-educacao\\\/#breadcrumb\"},\"inLanguage\":\"pt-BR\",\"potentialAction\":[{\"@type\":\"ReadAction\",\"target\":[\"https:\\\/\\\/ponteseditores.com.br\\\/loja3\\\/pontes-editores-home-2__trashed\\\/linguagem-e-linguas\\\/upf-50-anos-compromisso-com-a-formacao-de-professores-linguagens-ciencias-humanas-e-educacao\\\/\"]}]},{\"@type\":\"ImageObject\",\"inLanguage\":\"pt-BR\",\"@id\":\"https:\\\/\\\/ponteseditores.com.br\\\/loja3\\\/pontes-editores-home-2__trashed\\\/linguagem-e-linguas\\\/upf-50-anos-compromisso-com-a-formacao-de-professores-linguagens-ciencias-humanas-e-educacao\\\/#primaryimage\",\"url\":\"https:\\\/\\\/ponteseditores.com.br\\\/loja3\\\/wp-content\\\/uploads\\\/2023\\\/12\\\/uf2-3.jpg\",\"contentUrl\":\"https:\\\/\\\/ponteseditores.com.br\\\/loja3\\\/wp-content\\\/uploads\\\/2023\\\/12\\\/uf2-3.jpg\",\"width\":800,\"height\":1199},{\"@type\":\"BreadcrumbList\",\"@id\":\"https:\\\/\\\/ponteseditores.com.br\\\/loja3\\\/pontes-editores-home-2__trashed\\\/linguagem-e-linguas\\\/upf-50-anos-compromisso-com-a-formacao-de-professores-linguagens-ciencias-humanas-e-educacao\\\/#breadcrumb\",\"itemListElement\":[{\"@type\":\"ListItem\",\"position\":1,\"name\":\"Home\",\"item\":\"https:\\\/\\\/ponteseditores.com.br\\\/loja3\\\/\"},{\"@type\":\"ListItem\",\"position\":2,\"name\":\"loja\",\"item\":\"https:\\\/\\\/ponteseditores.com.br\\\/loja3\\\/loja\\\/\"},{\"@type\":\"ListItem\",\"position\":3,\"name\":\"UPF 50 ANOS: COMPROMISSO COM A FORMA\u00c7\u00c3O DE PROFESSORES LINGUAGENS, CI\u00caNCIAS HUMANAS E EDUCA\u00c7\u00c3O\"}]},{\"@type\":\"WebSite\",\"@id\":\"https:\\\/\\\/ponteseditores.com.br\\\/loja3\\\/#website\",\"url\":\"https:\\\/\\\/ponteseditores.com.br\\\/loja3\\\/\",\"name\":\"Pontes Editores\",\"description\":\"Pontes Editores\",\"publisher\":{\"@id\":\"https:\\\/\\\/ponteseditores.com.br\\\/loja3\\\/#organization\"},\"potentialAction\":[{\"@type\":\"SearchAction\",\"target\":{\"@type\":\"EntryPoint\",\"urlTemplate\":\"https:\\\/\\\/ponteseditores.com.br\\\/loja3\\\/?s={search_term_string}\"},\"query-input\":{\"@type\":\"PropertyValueSpecification\",\"valueRequired\":true,\"valueName\":\"search_term_string\"}}],\"inLanguage\":\"pt-BR\"},{\"@type\":\"Organization\",\"@id\":\"https:\\\/\\\/ponteseditores.com.br\\\/loja3\\\/#organization\",\"name\":\"Pontes Editores\",\"url\":\"https:\\\/\\\/ponteseditores.com.br\\\/loja3\\\/\",\"logo\":{\"@type\":\"ImageObject\",\"inLanguage\":\"pt-BR\",\"@id\":\"https:\\\/\\\/ponteseditores.com.br\\\/loja3\\\/#\\\/schema\\\/logo\\\/image\\\/\",\"url\":\"https:\\\/\\\/ponteseditores.com.br\\\/loja3\\\/wp-content\\\/uploads\\\/2023\\\/12\\\/logo-pontes-editores-v2.png\",\"contentUrl\":\"https:\\\/\\\/ponteseditores.com.br\\\/loja3\\\/wp-content\\\/uploads\\\/2023\\\/12\\\/logo-pontes-editores-v2.png\",\"width\":258,\"height\":100,\"caption\":\"Pontes Editores\"},\"image\":{\"@id\":\"https:\\\/\\\/ponteseditores.com.br\\\/loja3\\\/#\\\/schema\\\/logo\\\/image\\\/\"}}]}<\/script>\n<!-- \/ Yoast SEO plugin. -->","yoast_head_json":{"title":"UPF 50 ANOS: COMPROMISSO COM A FORMA\u00c7\u00c3O DE PROFESSORES LINGUAGENS, CI\u00caNCIAS HUMANAS E EDUCA\u00c7\u00c3O - Pontes Editores","robots":{"index":"index","follow":"follow","max-snippet":"max-snippet:-1","max-image-preview":"max-image-preview:large","max-video-preview":"max-video-preview:-1"},"canonical":"https:\/\/ponteseditores.com.br\/loja3\/pontes-editores-home-2__trashed\/linguagem-e-linguas\/upf-50-anos-compromisso-com-a-formacao-de-professores-linguagens-ciencias-humanas-e-educacao\/","og_locale":"pt_BR","og_type":"article","og_title":"UPF 50 ANOS: COMPROMISSO COM A FORMA\u00c7\u00c3O DE PROFESSORES LINGUAGENS, CI\u00caNCIAS HUMANAS E EDUCA\u00c7\u00c3O - Pontes Editores","og_description":"No ano em que a Universidade de Passo Fundo comemorou seu cinquenten\u00e1rio, o Semin\u00e1rio de atualiza\u00e7\u00e3o pedag\u00f3gica para professores da educa\u00e7\u00e3o b\u00e1sica (Semape), consolidou-se como uma importante a\u00e7\u00e3o de educa\u00e7\u00e3o continuada para professores da educa\u00e7\u00e3o b\u00e1sica. Visando contribuir para o aprimoramento e a qualifica\u00e7\u00e3o de professores, os textos desta obra apresentam propostas, discuss\u00f5es e resultados [&hellip;]","og_url":"https:\/\/ponteseditores.com.br\/loja3\/pontes-editores-home-2__trashed\/linguagem-e-linguas\/upf-50-anos-compromisso-com-a-formacao-de-professores-linguagens-ciencias-humanas-e-educacao\/","og_site_name":"Pontes Editores","article_modified_time":"2023-12-15T15:12:45+00:00","og_image":[{"width":800,"height":1199,"url":"https:\/\/ponteseditores.com.br\/loja3\/wp-content\/uploads\/2023\/12\/uf2-3.jpg","type":"image\/jpeg"}],"twitter_card":"summary_large_image","twitter_misc":{"Est. tempo de leitura":"1 minuto"},"schema":{"@context":"https:\/\/schema.org","@graph":[{"@type":"WebPage","@id":"https:\/\/ponteseditores.com.br\/loja3\/pontes-editores-home-2__trashed\/linguagem-e-linguas\/upf-50-anos-compromisso-com-a-formacao-de-professores-linguagens-ciencias-humanas-e-educacao\/","url":"https:\/\/ponteseditores.com.br\/loja3\/pontes-editores-home-2__trashed\/linguagem-e-linguas\/upf-50-anos-compromisso-com-a-formacao-de-professores-linguagens-ciencias-humanas-e-educacao\/","name":"UPF 50 ANOS: COMPROMISSO COM A FORMA\u00c7\u00c3O DE PROFESSORES LINGUAGENS, CI\u00caNCIAS HUMANAS E EDUCA\u00c7\u00c3O - Pontes Editores","isPartOf":{"@id":"https:\/\/ponteseditores.com.br\/loja3\/#website"},"primaryImageOfPage":{"@id":"https:\/\/ponteseditores.com.br\/loja3\/pontes-editores-home-2__trashed\/linguagem-e-linguas\/upf-50-anos-compromisso-com-a-formacao-de-professores-linguagens-ciencias-humanas-e-educacao\/#primaryimage"},"image":{"@id":"https:\/\/ponteseditores.com.br\/loja3\/pontes-editores-home-2__trashed\/linguagem-e-linguas\/upf-50-anos-compromisso-com-a-formacao-de-professores-linguagens-ciencias-humanas-e-educacao\/#primaryimage"},"thumbnailUrl":"https:\/\/ponteseditores.com.br\/loja3\/wp-content\/uploads\/2023\/12\/uf2-3.jpg","datePublished":"2023-12-15T03:43:14+00:00","dateModified":"2023-12-15T15:12:45+00:00","breadcrumb":{"@id":"https:\/\/ponteseditores.com.br\/loja3\/pontes-editores-home-2__trashed\/linguagem-e-linguas\/upf-50-anos-compromisso-com-a-formacao-de-professores-linguagens-ciencias-humanas-e-educacao\/#breadcrumb"},"inLanguage":"pt-BR","potentialAction":[{"@type":"ReadAction","target":["https:\/\/ponteseditores.com.br\/loja3\/pontes-editores-home-2__trashed\/linguagem-e-linguas\/upf-50-anos-compromisso-com-a-formacao-de-professores-linguagens-ciencias-humanas-e-educacao\/"]}]},{"@type":"ImageObject","inLanguage":"pt-BR","@id":"https:\/\/ponteseditores.com.br\/loja3\/pontes-editores-home-2__trashed\/linguagem-e-linguas\/upf-50-anos-compromisso-com-a-formacao-de-professores-linguagens-ciencias-humanas-e-educacao\/#primaryimage","url":"https:\/\/ponteseditores.com.br\/loja3\/wp-content\/uploads\/2023\/12\/uf2-3.jpg","contentUrl":"https:\/\/ponteseditores.com.br\/loja3\/wp-content\/uploads\/2023\/12\/uf2-3.jpg","width":800,"height":1199},{"@type":"BreadcrumbList","@id":"https:\/\/ponteseditores.com.br\/loja3\/pontes-editores-home-2__trashed\/linguagem-e-linguas\/upf-50-anos-compromisso-com-a-formacao-de-professores-linguagens-ciencias-humanas-e-educacao\/#breadcrumb","itemListElement":[{"@type":"ListItem","position":1,"name":"Home","item":"https:\/\/ponteseditores.com.br\/loja3\/"},{"@type":"ListItem","position":2,"name":"loja","item":"https:\/\/ponteseditores.com.br\/loja3\/loja\/"},{"@type":"ListItem","position":3,"name":"UPF 50 ANOS: COMPROMISSO COM A FORMA\u00c7\u00c3O DE PROFESSORES LINGUAGENS, CI\u00caNCIAS HUMANAS E EDUCA\u00c7\u00c3O"}]},{"@type":"WebSite","@id":"https:\/\/ponteseditores.com.br\/loja3\/#website","url":"https:\/\/ponteseditores.com.br\/loja3\/","name":"Pontes Editores","description":"Pontes Editores","publisher":{"@id":"https:\/\/ponteseditores.com.br\/loja3\/#organization"},"potentialAction":[{"@type":"SearchAction","target":{"@type":"EntryPoint","urlTemplate":"https:\/\/ponteseditores.com.br\/loja3\/?s={search_term_string}"},"query-input":{"@type":"PropertyValueSpecification","valueRequired":true,"valueName":"search_term_string"}}],"inLanguage":"pt-BR"},{"@type":"Organization","@id":"https:\/\/ponteseditores.com.br\/loja3\/#organization","name":"Pontes Editores","url":"https:\/\/ponteseditores.com.br\/loja3\/","logo":{"@type":"ImageObject","inLanguage":"pt-BR","@id":"https:\/\/ponteseditores.com.br\/loja3\/#\/schema\/logo\/image\/","url":"https:\/\/ponteseditores.com.br\/loja3\/wp-content\/uploads\/2023\/12\/logo-pontes-editores-v2.png","contentUrl":"https:\/\/ponteseditores.com.br\/loja3\/wp-content\/uploads\/2023\/12\/logo-pontes-editores-v2.png","width":258,"height":100,"caption":"Pontes Editores"},"image":{"@id":"https:\/\/ponteseditores.com.br\/loja3\/#\/schema\/logo\/image\/"}}]}},"_links":{"self":[{"href":"https:\/\/ponteseditores.com.br\/loja3\/wp-json\/wp\/v2\/product\/7365","targetHints":{"allow":["GET"]}}],"collection":[{"href":"https:\/\/ponteseditores.com.br\/loja3\/wp-json\/wp\/v2\/product"}],"about":[{"href":"https:\/\/ponteseditores.com.br\/loja3\/wp-json\/wp\/v2\/types\/product"}],"replies":[{"embeddable":true,"href":"https:\/\/ponteseditores.com.br\/loja3\/wp-json\/wp\/v2\/comments?post=7365"}],"version-history":[{"count":0,"href":"https:\/\/ponteseditores.com.br\/loja3\/wp-json\/wp\/v2\/product\/7365\/revisions"}],"wp:featuredmedia":[{"embeddable":true,"href":"https:\/\/ponteseditores.com.br\/loja3\/wp-json\/wp\/v2\/media\/7364"}],"wp:attachment":[{"href":"https:\/\/ponteseditores.com.br\/loja3\/wp-json\/wp\/v2\/media?parent=7365"}],"wp:term":[{"taxonomy":"product_brand","embeddable":true,"href":"https:\/\/ponteseditores.com.br\/loja3\/wp-json\/wp\/v2\/product_brand?post=7365"},{"taxonomy":"product_cat","embeddable":true,"href":"https:\/\/ponteseditores.com.br\/loja3\/wp-json\/wp\/v2\/product_cat?post=7365"},{"taxonomy":"product_tag","embeddable":true,"href":"https:\/\/ponteseditores.com.br\/loja3\/wp-json\/wp\/v2\/product_tag?post=7365"}],"curies":[{"name":"wp","href":"https:\/\/api.w.org\/{rel}","templated":true}]}}