{"id":7361,"date":"2023-12-15T00:43:12","date_gmt":"2023-12-15T03:43:12","guid":{"rendered":"https:\/\/ponteseditores.com.br\/loja3\/pontes-editores-home-2__trashed\/sem%20categoria\/vade-mecum-do-ensino-das-linguas-estrangeiras-adicionais\/"},"modified":"2023-12-15T12:12:46","modified_gmt":"2023-12-15T15:12:46","slug":"vade-mecum-do-ensino-das-linguas-estrangeiras-adicionais","status":"publish","type":"product","link":"https:\/\/ponteseditores.com.br\/loja3\/pontes-editores-home-2__trashed\/linguistica\/vade-mecum-do-ensino-das-linguas-estrangeiras-adicionais\/","title":{"rendered":"VADE MECUM DO ENSINO DAS L\u00cdNGUAS ESTRANGEIRAS\/ADICIONAIS"},"content":{"rendered":"<p>Esta publica\u00e7\u00e3o caracteriza-se essencialmente pelo rigor da informa\u00e7\u00e3o que fornece, pela sua atualidade e facilidade de manuseio e consulta. A obra \u00e9 uma compila\u00e7\u00e3o que contou com 38 artigos escritos por 61 autores (professores e pesquisadores) que trata sobre diversos temas relacionados ao ensino e aprendizagem de l\u00ednguas adicionais. Assuntos como a fraseodid\u00e1tica que traz as unidades fraseol\u00f3gicas, caracter\u00edsticas das l\u00ednguas &#8211; culturas adicionais e que s\u00e3o recuperadas na sala de aula para que o aluno tenha uma no\u00e7\u00e3o do significado das imagens que cada comunidade idealizou e possa compreender a l\u00edngua \u2013 cultura do Outro e assim praticar a interculturalidade. A literatura tamb\u00e9m \u00e9 contemplada, a partir de uma reflex\u00e3o sobre seu papel nos cursos de Letras. Quest\u00f5es como o ensino da fon\u00e9tica e da fonologia, o ensino da leitura, das varia\u00e7\u00f5es lingu\u00edsticas, das atitudes lingu\u00edsticas e o ensino de l\u00ednguas, das rela\u00e7\u00f5es ret\u00f3ricas em textos cient\u00edficos, assim como outros t\u00f3picos que incluem a forma\u00e7\u00e3o de professores de l\u00ednguas, a tradu\u00e7\u00e3o, o programa l\u00ednguas sem fronteiras, o ensino de l\u00ednguas para alunos com defici\u00eancia, a aprendizagem no contexto Teletandem dentre outros, s\u00e3o debatidas no livro e convidam o leitor para a reflex\u00e3o. O Vade mecum oferece-nos a oportunidade de conhecer diferentes vis\u00f5es e pr\u00e1ticas dentro do novo paradigma de ensino e aprendizagem de l\u00ednguas adicionais, coloca-nos nas m\u00e3os a possibilidade de enxergar nesses textos a nossa pr\u00f3pria pr\u00e1xis e, quem sabe, ajude-nos a transform\u00e1-la de acordo com as demandas da sociedade atual.  Portanto, \u00e9 uma obra que, com certeza foi pensada para alunos e profissionais de l\u00ednguas e que estar\u00e1 a nossa disposi\u00e7\u00e3o para refletir e produzir conhecimento a partir da sua leitura.<\/p>\n<p>Maria Luisa Ortiz Alvarez<\/p>\n<p>(UnB)<\/p>\n","protected":false},"excerpt":{"rendered":"<p>Esta publica\u00e7\u00e3o caracteriza-se essencialmente pelo rigor da informa\u00e7\u00e3o que fornece, pela sua atualidade e facilidade de manuseio e consulta. A obra \u00e9 uma compila\u00e7\u00e3o que contou com 38 artigos escritos por 61 autores (professores e pesquisadores) que trata sobre diversos temas relacionados ao ensino e aprendizagem de l\u00ednguas adicionais. Assuntos como a fraseodid\u00e1tica que traz [&hellip;]<\/p>\n","protected":false},"featured_media":7360,"comment_status":"open","ping_status":"closed","template":"","meta":{"_joinchat":[]},"product_brand":[],"product_cat":[288,31],"product_tag":[],"class_list":{"0":"post-7361","1":"product","2":"type-product","3":"status-publish","4":"has-post-thumbnail","6":"product_cat-ensino-e-aprendizagem","7":"product_cat-linguistica","8":"product_shipping_class-livro-pontes-editores-fisico","10":"first","11":"instock","12":"shipping-taxable","13":"purchasable","14":"product-type-simple"},"yoast_head":"<!-- This site is optimized with the Yoast SEO plugin v27.4 - https:\/\/yoast.com\/product\/yoast-seo-wordpress\/ -->\n<title>VADE MECUM DO ENSINO DAS L\u00cdNGUAS ESTRANGEIRAS\/ADICIONAIS - Pontes Editores<\/title>\n<meta name=\"robots\" content=\"index, follow, max-snippet:-1, max-image-preview:large, max-video-preview:-1\" \/>\n<link rel=\"canonical\" href=\"https:\/\/ponteseditores.com.br\/loja3\/pontes-editores-home-2__trashed\/linguistica\/vade-mecum-do-ensino-das-linguas-estrangeiras-adicionais\/\" \/>\n<meta property=\"og:locale\" content=\"pt_BR\" \/>\n<meta property=\"og:type\" content=\"article\" \/>\n<meta property=\"og:title\" content=\"VADE MECUM DO ENSINO DAS L\u00cdNGUAS ESTRANGEIRAS\/ADICIONAIS - Pontes Editores\" \/>\n<meta property=\"og:description\" content=\"Esta publica\u00e7\u00e3o caracteriza-se essencialmente pelo rigor da informa\u00e7\u00e3o que fornece, pela sua atualidade e facilidade de manuseio e consulta. A obra \u00e9 uma compila\u00e7\u00e3o que contou com 38 artigos escritos por 61 autores (professores e pesquisadores) que trata sobre diversos temas relacionados ao ensino e aprendizagem de l\u00ednguas adicionais. Assuntos como a fraseodid\u00e1tica que traz [&hellip;]\" \/>\n<meta property=\"og:url\" content=\"https:\/\/ponteseditores.com.br\/loja3\/pontes-editores-home-2__trashed\/linguistica\/vade-mecum-do-ensino-das-linguas-estrangeiras-adicionais\/\" \/>\n<meta property=\"og:site_name\" content=\"Pontes Editores\" \/>\n<meta property=\"article:modified_time\" content=\"2023-12-15T15:12:46+00:00\" \/>\n<meta property=\"og:image\" content=\"https:\/\/ponteseditores.com.br\/loja3\/wp-content\/uploads\/2023\/12\/vade1-3.jpg\" \/>\n\t<meta property=\"og:image:width\" content=\"498\" \/>\n\t<meta property=\"og:image:height\" content=\"768\" \/>\n\t<meta property=\"og:image:type\" content=\"image\/jpeg\" \/>\n<meta name=\"twitter:card\" content=\"summary_large_image\" \/>\n<meta name=\"twitter:label1\" content=\"Est. tempo de leitura\" \/>\n\t<meta name=\"twitter:data1\" content=\"2 minutos\" \/>\n<script type=\"application\/ld+json\" class=\"yoast-schema-graph\">{\"@context\":\"https:\\\/\\\/schema.org\",\"@graph\":[{\"@type\":\"WebPage\",\"@id\":\"https:\\\/\\\/ponteseditores.com.br\\\/loja3\\\/pontes-editores-home-2__trashed\\\/linguistica\\\/vade-mecum-do-ensino-das-linguas-estrangeiras-adicionais\\\/\",\"url\":\"https:\\\/\\\/ponteseditores.com.br\\\/loja3\\\/pontes-editores-home-2__trashed\\\/linguistica\\\/vade-mecum-do-ensino-das-linguas-estrangeiras-adicionais\\\/\",\"name\":\"VADE MECUM DO ENSINO DAS L\u00cdNGUAS ESTRANGEIRAS\\\/ADICIONAIS - Pontes Editores\",\"isPartOf\":{\"@id\":\"https:\\\/\\\/ponteseditores.com.br\\\/loja3\\\/#website\"},\"primaryImageOfPage\":{\"@id\":\"https:\\\/\\\/ponteseditores.com.br\\\/loja3\\\/pontes-editores-home-2__trashed\\\/linguistica\\\/vade-mecum-do-ensino-das-linguas-estrangeiras-adicionais\\\/#primaryimage\"},\"image\":{\"@id\":\"https:\\\/\\\/ponteseditores.com.br\\\/loja3\\\/pontes-editores-home-2__trashed\\\/linguistica\\\/vade-mecum-do-ensino-das-linguas-estrangeiras-adicionais\\\/#primaryimage\"},\"thumbnailUrl\":\"https:\\\/\\\/ponteseditores.com.br\\\/loja3\\\/wp-content\\\/uploads\\\/2023\\\/12\\\/vade1-3.jpg\",\"datePublished\":\"2023-12-15T03:43:12+00:00\",\"dateModified\":\"2023-12-15T15:12:46+00:00\",\"breadcrumb\":{\"@id\":\"https:\\\/\\\/ponteseditores.com.br\\\/loja3\\\/pontes-editores-home-2__trashed\\\/linguistica\\\/vade-mecum-do-ensino-das-linguas-estrangeiras-adicionais\\\/#breadcrumb\"},\"inLanguage\":\"pt-BR\",\"potentialAction\":[{\"@type\":\"ReadAction\",\"target\":[\"https:\\\/\\\/ponteseditores.com.br\\\/loja3\\\/pontes-editores-home-2__trashed\\\/linguistica\\\/vade-mecum-do-ensino-das-linguas-estrangeiras-adicionais\\\/\"]}]},{\"@type\":\"ImageObject\",\"inLanguage\":\"pt-BR\",\"@id\":\"https:\\\/\\\/ponteseditores.com.br\\\/loja3\\\/pontes-editores-home-2__trashed\\\/linguistica\\\/vade-mecum-do-ensino-das-linguas-estrangeiras-adicionais\\\/#primaryimage\",\"url\":\"https:\\\/\\\/ponteseditores.com.br\\\/loja3\\\/wp-content\\\/uploads\\\/2023\\\/12\\\/vade1-3.jpg\",\"contentUrl\":\"https:\\\/\\\/ponteseditores.com.br\\\/loja3\\\/wp-content\\\/uploads\\\/2023\\\/12\\\/vade1-3.jpg\",\"width\":498,\"height\":768},{\"@type\":\"BreadcrumbList\",\"@id\":\"https:\\\/\\\/ponteseditores.com.br\\\/loja3\\\/pontes-editores-home-2__trashed\\\/linguistica\\\/vade-mecum-do-ensino-das-linguas-estrangeiras-adicionais\\\/#breadcrumb\",\"itemListElement\":[{\"@type\":\"ListItem\",\"position\":1,\"name\":\"Home\",\"item\":\"https:\\\/\\\/ponteseditores.com.br\\\/loja3\\\/\"},{\"@type\":\"ListItem\",\"position\":2,\"name\":\"loja\",\"item\":\"https:\\\/\\\/ponteseditores.com.br\\\/loja3\\\/loja\\\/\"},{\"@type\":\"ListItem\",\"position\":3,\"name\":\"VADE MECUM DO ENSINO DAS L\u00cdNGUAS ESTRANGEIRAS\\\/ADICIONAIS\"}]},{\"@type\":\"WebSite\",\"@id\":\"https:\\\/\\\/ponteseditores.com.br\\\/loja3\\\/#website\",\"url\":\"https:\\\/\\\/ponteseditores.com.br\\\/loja3\\\/\",\"name\":\"Pontes Editores\",\"description\":\"Pontes Editores\",\"publisher\":{\"@id\":\"https:\\\/\\\/ponteseditores.com.br\\\/loja3\\\/#organization\"},\"potentialAction\":[{\"@type\":\"SearchAction\",\"target\":{\"@type\":\"EntryPoint\",\"urlTemplate\":\"https:\\\/\\\/ponteseditores.com.br\\\/loja3\\\/?s={search_term_string}\"},\"query-input\":{\"@type\":\"PropertyValueSpecification\",\"valueRequired\":true,\"valueName\":\"search_term_string\"}}],\"inLanguage\":\"pt-BR\"},{\"@type\":\"Organization\",\"@id\":\"https:\\\/\\\/ponteseditores.com.br\\\/loja3\\\/#organization\",\"name\":\"Pontes Editores\",\"url\":\"https:\\\/\\\/ponteseditores.com.br\\\/loja3\\\/\",\"logo\":{\"@type\":\"ImageObject\",\"inLanguage\":\"pt-BR\",\"@id\":\"https:\\\/\\\/ponteseditores.com.br\\\/loja3\\\/#\\\/schema\\\/logo\\\/image\\\/\",\"url\":\"https:\\\/\\\/ponteseditores.com.br\\\/loja3\\\/wp-content\\\/uploads\\\/2023\\\/12\\\/logo-pontes-editores-v2.png\",\"contentUrl\":\"https:\\\/\\\/ponteseditores.com.br\\\/loja3\\\/wp-content\\\/uploads\\\/2023\\\/12\\\/logo-pontes-editores-v2.png\",\"width\":258,\"height\":100,\"caption\":\"Pontes Editores\"},\"image\":{\"@id\":\"https:\\\/\\\/ponteseditores.com.br\\\/loja3\\\/#\\\/schema\\\/logo\\\/image\\\/\"}}]}<\/script>\n<!-- \/ Yoast SEO plugin. -->","yoast_head_json":{"title":"VADE MECUM DO ENSINO DAS L\u00cdNGUAS ESTRANGEIRAS\/ADICIONAIS - Pontes Editores","robots":{"index":"index","follow":"follow","max-snippet":"max-snippet:-1","max-image-preview":"max-image-preview:large","max-video-preview":"max-video-preview:-1"},"canonical":"https:\/\/ponteseditores.com.br\/loja3\/pontes-editores-home-2__trashed\/linguistica\/vade-mecum-do-ensino-das-linguas-estrangeiras-adicionais\/","og_locale":"pt_BR","og_type":"article","og_title":"VADE MECUM DO ENSINO DAS L\u00cdNGUAS ESTRANGEIRAS\/ADICIONAIS - Pontes Editores","og_description":"Esta publica\u00e7\u00e3o caracteriza-se essencialmente pelo rigor da informa\u00e7\u00e3o que fornece, pela sua atualidade e facilidade de manuseio e consulta. A obra \u00e9 uma compila\u00e7\u00e3o que contou com 38 artigos escritos por 61 autores (professores e pesquisadores) que trata sobre diversos temas relacionados ao ensino e aprendizagem de l\u00ednguas adicionais. Assuntos como a fraseodid\u00e1tica que traz [&hellip;]","og_url":"https:\/\/ponteseditores.com.br\/loja3\/pontes-editores-home-2__trashed\/linguistica\/vade-mecum-do-ensino-das-linguas-estrangeiras-adicionais\/","og_site_name":"Pontes Editores","article_modified_time":"2023-12-15T15:12:46+00:00","og_image":[{"width":498,"height":768,"url":"https:\/\/ponteseditores.com.br\/loja3\/wp-content\/uploads\/2023\/12\/vade1-3.jpg","type":"image\/jpeg"}],"twitter_card":"summary_large_image","twitter_misc":{"Est. tempo de leitura":"2 minutos"},"schema":{"@context":"https:\/\/schema.org","@graph":[{"@type":"WebPage","@id":"https:\/\/ponteseditores.com.br\/loja3\/pontes-editores-home-2__trashed\/linguistica\/vade-mecum-do-ensino-das-linguas-estrangeiras-adicionais\/","url":"https:\/\/ponteseditores.com.br\/loja3\/pontes-editores-home-2__trashed\/linguistica\/vade-mecum-do-ensino-das-linguas-estrangeiras-adicionais\/","name":"VADE MECUM DO ENSINO DAS L\u00cdNGUAS ESTRANGEIRAS\/ADICIONAIS - Pontes Editores","isPartOf":{"@id":"https:\/\/ponteseditores.com.br\/loja3\/#website"},"primaryImageOfPage":{"@id":"https:\/\/ponteseditores.com.br\/loja3\/pontes-editores-home-2__trashed\/linguistica\/vade-mecum-do-ensino-das-linguas-estrangeiras-adicionais\/#primaryimage"},"image":{"@id":"https:\/\/ponteseditores.com.br\/loja3\/pontes-editores-home-2__trashed\/linguistica\/vade-mecum-do-ensino-das-linguas-estrangeiras-adicionais\/#primaryimage"},"thumbnailUrl":"https:\/\/ponteseditores.com.br\/loja3\/wp-content\/uploads\/2023\/12\/vade1-3.jpg","datePublished":"2023-12-15T03:43:12+00:00","dateModified":"2023-12-15T15:12:46+00:00","breadcrumb":{"@id":"https:\/\/ponteseditores.com.br\/loja3\/pontes-editores-home-2__trashed\/linguistica\/vade-mecum-do-ensino-das-linguas-estrangeiras-adicionais\/#breadcrumb"},"inLanguage":"pt-BR","potentialAction":[{"@type":"ReadAction","target":["https:\/\/ponteseditores.com.br\/loja3\/pontes-editores-home-2__trashed\/linguistica\/vade-mecum-do-ensino-das-linguas-estrangeiras-adicionais\/"]}]},{"@type":"ImageObject","inLanguage":"pt-BR","@id":"https:\/\/ponteseditores.com.br\/loja3\/pontes-editores-home-2__trashed\/linguistica\/vade-mecum-do-ensino-das-linguas-estrangeiras-adicionais\/#primaryimage","url":"https:\/\/ponteseditores.com.br\/loja3\/wp-content\/uploads\/2023\/12\/vade1-3.jpg","contentUrl":"https:\/\/ponteseditores.com.br\/loja3\/wp-content\/uploads\/2023\/12\/vade1-3.jpg","width":498,"height":768},{"@type":"BreadcrumbList","@id":"https:\/\/ponteseditores.com.br\/loja3\/pontes-editores-home-2__trashed\/linguistica\/vade-mecum-do-ensino-das-linguas-estrangeiras-adicionais\/#breadcrumb","itemListElement":[{"@type":"ListItem","position":1,"name":"Home","item":"https:\/\/ponteseditores.com.br\/loja3\/"},{"@type":"ListItem","position":2,"name":"loja","item":"https:\/\/ponteseditores.com.br\/loja3\/loja\/"},{"@type":"ListItem","position":3,"name":"VADE MECUM DO ENSINO DAS L\u00cdNGUAS ESTRANGEIRAS\/ADICIONAIS"}]},{"@type":"WebSite","@id":"https:\/\/ponteseditores.com.br\/loja3\/#website","url":"https:\/\/ponteseditores.com.br\/loja3\/","name":"Pontes Editores","description":"Pontes Editores","publisher":{"@id":"https:\/\/ponteseditores.com.br\/loja3\/#organization"},"potentialAction":[{"@type":"SearchAction","target":{"@type":"EntryPoint","urlTemplate":"https:\/\/ponteseditores.com.br\/loja3\/?s={search_term_string}"},"query-input":{"@type":"PropertyValueSpecification","valueRequired":true,"valueName":"search_term_string"}}],"inLanguage":"pt-BR"},{"@type":"Organization","@id":"https:\/\/ponteseditores.com.br\/loja3\/#organization","name":"Pontes Editores","url":"https:\/\/ponteseditores.com.br\/loja3\/","logo":{"@type":"ImageObject","inLanguage":"pt-BR","@id":"https:\/\/ponteseditores.com.br\/loja3\/#\/schema\/logo\/image\/","url":"https:\/\/ponteseditores.com.br\/loja3\/wp-content\/uploads\/2023\/12\/logo-pontes-editores-v2.png","contentUrl":"https:\/\/ponteseditores.com.br\/loja3\/wp-content\/uploads\/2023\/12\/logo-pontes-editores-v2.png","width":258,"height":100,"caption":"Pontes Editores"},"image":{"@id":"https:\/\/ponteseditores.com.br\/loja3\/#\/schema\/logo\/image\/"}}]}},"_links":{"self":[{"href":"https:\/\/ponteseditores.com.br\/loja3\/wp-json\/wp\/v2\/product\/7361","targetHints":{"allow":["GET"]}}],"collection":[{"href":"https:\/\/ponteseditores.com.br\/loja3\/wp-json\/wp\/v2\/product"}],"about":[{"href":"https:\/\/ponteseditores.com.br\/loja3\/wp-json\/wp\/v2\/types\/product"}],"replies":[{"embeddable":true,"href":"https:\/\/ponteseditores.com.br\/loja3\/wp-json\/wp\/v2\/comments?post=7361"}],"version-history":[{"count":0,"href":"https:\/\/ponteseditores.com.br\/loja3\/wp-json\/wp\/v2\/product\/7361\/revisions"}],"wp:featuredmedia":[{"embeddable":true,"href":"https:\/\/ponteseditores.com.br\/loja3\/wp-json\/wp\/v2\/media\/7360"}],"wp:attachment":[{"href":"https:\/\/ponteseditores.com.br\/loja3\/wp-json\/wp\/v2\/media?parent=7361"}],"wp:term":[{"taxonomy":"product_brand","embeddable":true,"href":"https:\/\/ponteseditores.com.br\/loja3\/wp-json\/wp\/v2\/product_brand?post=7361"},{"taxonomy":"product_cat","embeddable":true,"href":"https:\/\/ponteseditores.com.br\/loja3\/wp-json\/wp\/v2\/product_cat?post=7361"},{"taxonomy":"product_tag","embeddable":true,"href":"https:\/\/ponteseditores.com.br\/loja3\/wp-json\/wp\/v2\/product_tag?post=7361"}],"curies":[{"name":"wp","href":"https:\/\/api.w.org\/{rel}","templated":true}]}}