{"id":7357,"date":"2023-12-15T00:43:11","date_gmt":"2023-12-15T03:43:11","guid":{"rendered":"https:\/\/ponteseditores.com.br\/loja3\/pontes-editores-home-2__trashed\/sem%20categoria\/literatura-e-outras-artes-na-america-latina\/"},"modified":"2023-12-15T12:12:46","modified_gmt":"2023-12-15T15:12:46","slug":"literatura-e-outras-artes-na-america-latina","status":"publish","type":"product","link":"https:\/\/ponteseditores.com.br\/loja3\/pontes-editores-home-2__trashed\/literatura\/literatura-e-outras-artes-na-america-latina\/","title":{"rendered":"Literatura e outras artes na Am\u00e9rica Latina"},"content":{"rendered":"<p>As rela\u00e7\u00f5es pol\u00edticas e culturais entre a Am\u00e9rica Portuguesa e a Am\u00e9rica Espanhola foram marcadas por algumas identifica\u00e7\u00f5es e por muitas oposi\u00e7\u00f5es. Para al\u00e9m da hist\u00f3rica disputa de terras do Novo mundo houve grande diferencia\u00e7\u00e3o cultural e lingu\u00edstica entre as duas. Por raz\u00f5es que merecem ainda serem mais bem estudadas, as gera\u00e7\u00f5es que vieram ap\u00f3s a estabiliza\u00e7\u00e3o do status quo geogr\u00e1fico e pol\u00edtico, instalou-se uma indiferen\u00e7a cultural entre os dois lados lingu\u00edsticos da Am\u00e9rica do Sul que se tornaram instrumentos da nega\u00e7\u00e3o hist\u00f3rica de uma conviv\u00eancia efetiva de vizinhos que existiu, no passado, na Pen\u00ednsula Ib\u00e9rica e que seria salutar retomar na atualidade.      Foi somente a partir dos anos 1960, primeiramente por chamamento de artistas (Mercedes Sosa, Caetano Veloso, Gilberto Gil, Carlos Gardel e Gal Costa) e em seguida por manifesta\u00e7\u00f5es de poetas e escritores (Pablo Neruda, Vinicius de Moraes, Jorge Luis Borges e os autores do chamado dorealismo fant\u00e1stico) que fomos conjuntamente despertando para a necessidade do conhecimento m\u00fatuo e de encetarmos a\u00e7\u00f5es que nos unissem na diversidade das influ\u00eancias dos povos aut\u00f3ctones e na unidade da forma\u00e7\u00e3o ib\u00e9rica que nos une nessa Am\u00e9rica Latina.<\/p>\n<p>            Este livro apresenta-se como despretensiosa contribui\u00e7\u00e3o para ampliar o conceito de que somos pertencentes de um mesmo contexto e nele precisamos assumir nossa conviv\u00eancia e n\u00e3o opor ou diferenciar. Os artigos buscam atingir, desta forma, por meio de reflex\u00f5es sobre as artes e sua rela\u00e7\u00e3o com a Literatura parte das finalidades do Grupo de Pesquisa LiterArtes, dedicado ao estudo da Literatura e \u00e0 sua rela\u00e7\u00e3o com as outras artes.<\/p>\n","protected":false},"excerpt":{"rendered":"<p>As rela\u00e7\u00f5es pol\u00edticas e culturais entre a Am\u00e9rica Portuguesa e a Am\u00e9rica Espanhola foram marcadas por algumas identifica\u00e7\u00f5es e por muitas oposi\u00e7\u00f5es. Para al\u00e9m da hist\u00f3rica disputa de terras do Novo mundo houve grande diferencia\u00e7\u00e3o cultural e lingu\u00edstica entre as duas. Por raz\u00f5es que merecem ainda serem mais bem estudadas, as gera\u00e7\u00f5es que vieram ap\u00f3s [&hellip;]<\/p>\n","protected":false},"featured_media":7356,"comment_status":"open","ping_status":"closed","template":"","meta":{"_joinchat":[]},"product_brand":[],"product_cat":[297,287],"product_tag":[],"class_list":{"0":"post-7357","1":"product","2":"type-product","3":"status-publish","4":"has-post-thumbnail","6":"product_cat-critica-literaria","7":"product_cat-literatura","8":"product_shipping_class-livro-pontes-editores-fisico","10":"first","11":"instock","12":"shipping-taxable","13":"purchasable","14":"product-type-simple"},"yoast_head":"<!-- This site is optimized with the Yoast SEO plugin v27.4 - https:\/\/yoast.com\/product\/yoast-seo-wordpress\/ -->\n<title>Literatura e outras artes na Am\u00e9rica Latina - Pontes Editores<\/title>\n<meta name=\"robots\" content=\"index, follow, max-snippet:-1, max-image-preview:large, max-video-preview:-1\" \/>\n<link rel=\"canonical\" href=\"https:\/\/ponteseditores.com.br\/loja3\/pontes-editores-home-2__trashed\/literatura\/literatura-e-outras-artes-na-america-latina\/\" \/>\n<meta property=\"og:locale\" content=\"pt_BR\" \/>\n<meta property=\"og:type\" content=\"article\" \/>\n<meta property=\"og:title\" content=\"Literatura e outras artes na Am\u00e9rica Latina - Pontes Editores\" \/>\n<meta property=\"og:description\" content=\"As rela\u00e7\u00f5es pol\u00edticas e culturais entre a Am\u00e9rica Portuguesa e a Am\u00e9rica Espanhola foram marcadas por algumas identifica\u00e7\u00f5es e por muitas oposi\u00e7\u00f5es. Para al\u00e9m da hist\u00f3rica disputa de terras do Novo mundo houve grande diferencia\u00e7\u00e3o cultural e lingu\u00edstica entre as duas. Por raz\u00f5es que merecem ainda serem mais bem estudadas, as gera\u00e7\u00f5es que vieram ap\u00f3s [&hellip;]\" \/>\n<meta property=\"og:url\" content=\"https:\/\/ponteseditores.com.br\/loja3\/pontes-editores-home-2__trashed\/literatura\/literatura-e-outras-artes-na-america-latina\/\" \/>\n<meta property=\"og:site_name\" content=\"Pontes Editores\" \/>\n<meta property=\"article:modified_time\" content=\"2023-12-15T15:12:46+00:00\" \/>\n<meta property=\"og:image\" content=\"https:\/\/ponteseditores.com.br\/loja3\/wp-content\/uploads\/2023\/12\/Capa20livro20LOA20frente20amostra.jpg\" \/>\n\t<meta property=\"og:image:width\" content=\"450\" \/>\n\t<meta property=\"og:image:height\" content=\"658\" \/>\n\t<meta property=\"og:image:type\" content=\"image\/jpeg\" \/>\n<meta name=\"twitter:card\" content=\"summary_large_image\" \/>\n<meta name=\"twitter:label1\" content=\"Est. tempo de leitura\" \/>\n\t<meta name=\"twitter:data1\" content=\"1 minuto\" \/>\n<script type=\"application\/ld+json\" class=\"yoast-schema-graph\">{\"@context\":\"https:\\\/\\\/schema.org\",\"@graph\":[{\"@type\":\"WebPage\",\"@id\":\"https:\\\/\\\/ponteseditores.com.br\\\/loja3\\\/pontes-editores-home-2__trashed\\\/literatura\\\/literatura-e-outras-artes-na-america-latina\\\/\",\"url\":\"https:\\\/\\\/ponteseditores.com.br\\\/loja3\\\/pontes-editores-home-2__trashed\\\/literatura\\\/literatura-e-outras-artes-na-america-latina\\\/\",\"name\":\"Literatura e outras artes na Am\u00e9rica Latina - Pontes Editores\",\"isPartOf\":{\"@id\":\"https:\\\/\\\/ponteseditores.com.br\\\/loja3\\\/#website\"},\"primaryImageOfPage\":{\"@id\":\"https:\\\/\\\/ponteseditores.com.br\\\/loja3\\\/pontes-editores-home-2__trashed\\\/literatura\\\/literatura-e-outras-artes-na-america-latina\\\/#primaryimage\"},\"image\":{\"@id\":\"https:\\\/\\\/ponteseditores.com.br\\\/loja3\\\/pontes-editores-home-2__trashed\\\/literatura\\\/literatura-e-outras-artes-na-america-latina\\\/#primaryimage\"},\"thumbnailUrl\":\"https:\\\/\\\/ponteseditores.com.br\\\/loja3\\\/wp-content\\\/uploads\\\/2023\\\/12\\\/Capa20livro20LOA20frente20amostra.jpg\",\"datePublished\":\"2023-12-15T03:43:11+00:00\",\"dateModified\":\"2023-12-15T15:12:46+00:00\",\"breadcrumb\":{\"@id\":\"https:\\\/\\\/ponteseditores.com.br\\\/loja3\\\/pontes-editores-home-2__trashed\\\/literatura\\\/literatura-e-outras-artes-na-america-latina\\\/#breadcrumb\"},\"inLanguage\":\"pt-BR\",\"potentialAction\":[{\"@type\":\"ReadAction\",\"target\":[\"https:\\\/\\\/ponteseditores.com.br\\\/loja3\\\/pontes-editores-home-2__trashed\\\/literatura\\\/literatura-e-outras-artes-na-america-latina\\\/\"]}]},{\"@type\":\"ImageObject\",\"inLanguage\":\"pt-BR\",\"@id\":\"https:\\\/\\\/ponteseditores.com.br\\\/loja3\\\/pontes-editores-home-2__trashed\\\/literatura\\\/literatura-e-outras-artes-na-america-latina\\\/#primaryimage\",\"url\":\"https:\\\/\\\/ponteseditores.com.br\\\/loja3\\\/wp-content\\\/uploads\\\/2023\\\/12\\\/Capa20livro20LOA20frente20amostra.jpg\",\"contentUrl\":\"https:\\\/\\\/ponteseditores.com.br\\\/loja3\\\/wp-content\\\/uploads\\\/2023\\\/12\\\/Capa20livro20LOA20frente20amostra.jpg\",\"width\":450,\"height\":658},{\"@type\":\"BreadcrumbList\",\"@id\":\"https:\\\/\\\/ponteseditores.com.br\\\/loja3\\\/pontes-editores-home-2__trashed\\\/literatura\\\/literatura-e-outras-artes-na-america-latina\\\/#breadcrumb\",\"itemListElement\":[{\"@type\":\"ListItem\",\"position\":1,\"name\":\"Home\",\"item\":\"https:\\\/\\\/ponteseditores.com.br\\\/loja3\\\/\"},{\"@type\":\"ListItem\",\"position\":2,\"name\":\"loja\",\"item\":\"https:\\\/\\\/ponteseditores.com.br\\\/loja3\\\/loja\\\/\"},{\"@type\":\"ListItem\",\"position\":3,\"name\":\"Literatura e outras artes na Am\u00e9rica Latina\"}]},{\"@type\":\"WebSite\",\"@id\":\"https:\\\/\\\/ponteseditores.com.br\\\/loja3\\\/#website\",\"url\":\"https:\\\/\\\/ponteseditores.com.br\\\/loja3\\\/\",\"name\":\"Pontes Editores\",\"description\":\"Pontes Editores\",\"publisher\":{\"@id\":\"https:\\\/\\\/ponteseditores.com.br\\\/loja3\\\/#organization\"},\"potentialAction\":[{\"@type\":\"SearchAction\",\"target\":{\"@type\":\"EntryPoint\",\"urlTemplate\":\"https:\\\/\\\/ponteseditores.com.br\\\/loja3\\\/?s={search_term_string}\"},\"query-input\":{\"@type\":\"PropertyValueSpecification\",\"valueRequired\":true,\"valueName\":\"search_term_string\"}}],\"inLanguage\":\"pt-BR\"},{\"@type\":\"Organization\",\"@id\":\"https:\\\/\\\/ponteseditores.com.br\\\/loja3\\\/#organization\",\"name\":\"Pontes Editores\",\"url\":\"https:\\\/\\\/ponteseditores.com.br\\\/loja3\\\/\",\"logo\":{\"@type\":\"ImageObject\",\"inLanguage\":\"pt-BR\",\"@id\":\"https:\\\/\\\/ponteseditores.com.br\\\/loja3\\\/#\\\/schema\\\/logo\\\/image\\\/\",\"url\":\"https:\\\/\\\/ponteseditores.com.br\\\/loja3\\\/wp-content\\\/uploads\\\/2023\\\/12\\\/logo-pontes-editores-v2.png\",\"contentUrl\":\"https:\\\/\\\/ponteseditores.com.br\\\/loja3\\\/wp-content\\\/uploads\\\/2023\\\/12\\\/logo-pontes-editores-v2.png\",\"width\":258,\"height\":100,\"caption\":\"Pontes Editores\"},\"image\":{\"@id\":\"https:\\\/\\\/ponteseditores.com.br\\\/loja3\\\/#\\\/schema\\\/logo\\\/image\\\/\"}}]}<\/script>\n<!-- \/ Yoast SEO plugin. -->","yoast_head_json":{"title":"Literatura e outras artes na Am\u00e9rica Latina - Pontes Editores","robots":{"index":"index","follow":"follow","max-snippet":"max-snippet:-1","max-image-preview":"max-image-preview:large","max-video-preview":"max-video-preview:-1"},"canonical":"https:\/\/ponteseditores.com.br\/loja3\/pontes-editores-home-2__trashed\/literatura\/literatura-e-outras-artes-na-america-latina\/","og_locale":"pt_BR","og_type":"article","og_title":"Literatura e outras artes na Am\u00e9rica Latina - Pontes Editores","og_description":"As rela\u00e7\u00f5es pol\u00edticas e culturais entre a Am\u00e9rica Portuguesa e a Am\u00e9rica Espanhola foram marcadas por algumas identifica\u00e7\u00f5es e por muitas oposi\u00e7\u00f5es. Para al\u00e9m da hist\u00f3rica disputa de terras do Novo mundo houve grande diferencia\u00e7\u00e3o cultural e lingu\u00edstica entre as duas. Por raz\u00f5es que merecem ainda serem mais bem estudadas, as gera\u00e7\u00f5es que vieram ap\u00f3s [&hellip;]","og_url":"https:\/\/ponteseditores.com.br\/loja3\/pontes-editores-home-2__trashed\/literatura\/literatura-e-outras-artes-na-america-latina\/","og_site_name":"Pontes Editores","article_modified_time":"2023-12-15T15:12:46+00:00","og_image":[{"width":450,"height":658,"url":"https:\/\/ponteseditores.com.br\/loja3\/wp-content\/uploads\/2023\/12\/Capa20livro20LOA20frente20amostra.jpg","type":"image\/jpeg"}],"twitter_card":"summary_large_image","twitter_misc":{"Est. tempo de leitura":"1 minuto"},"schema":{"@context":"https:\/\/schema.org","@graph":[{"@type":"WebPage","@id":"https:\/\/ponteseditores.com.br\/loja3\/pontes-editores-home-2__trashed\/literatura\/literatura-e-outras-artes-na-america-latina\/","url":"https:\/\/ponteseditores.com.br\/loja3\/pontes-editores-home-2__trashed\/literatura\/literatura-e-outras-artes-na-america-latina\/","name":"Literatura e outras artes na Am\u00e9rica Latina - Pontes Editores","isPartOf":{"@id":"https:\/\/ponteseditores.com.br\/loja3\/#website"},"primaryImageOfPage":{"@id":"https:\/\/ponteseditores.com.br\/loja3\/pontes-editores-home-2__trashed\/literatura\/literatura-e-outras-artes-na-america-latina\/#primaryimage"},"image":{"@id":"https:\/\/ponteseditores.com.br\/loja3\/pontes-editores-home-2__trashed\/literatura\/literatura-e-outras-artes-na-america-latina\/#primaryimage"},"thumbnailUrl":"https:\/\/ponteseditores.com.br\/loja3\/wp-content\/uploads\/2023\/12\/Capa20livro20LOA20frente20amostra.jpg","datePublished":"2023-12-15T03:43:11+00:00","dateModified":"2023-12-15T15:12:46+00:00","breadcrumb":{"@id":"https:\/\/ponteseditores.com.br\/loja3\/pontes-editores-home-2__trashed\/literatura\/literatura-e-outras-artes-na-america-latina\/#breadcrumb"},"inLanguage":"pt-BR","potentialAction":[{"@type":"ReadAction","target":["https:\/\/ponteseditores.com.br\/loja3\/pontes-editores-home-2__trashed\/literatura\/literatura-e-outras-artes-na-america-latina\/"]}]},{"@type":"ImageObject","inLanguage":"pt-BR","@id":"https:\/\/ponteseditores.com.br\/loja3\/pontes-editores-home-2__trashed\/literatura\/literatura-e-outras-artes-na-america-latina\/#primaryimage","url":"https:\/\/ponteseditores.com.br\/loja3\/wp-content\/uploads\/2023\/12\/Capa20livro20LOA20frente20amostra.jpg","contentUrl":"https:\/\/ponteseditores.com.br\/loja3\/wp-content\/uploads\/2023\/12\/Capa20livro20LOA20frente20amostra.jpg","width":450,"height":658},{"@type":"BreadcrumbList","@id":"https:\/\/ponteseditores.com.br\/loja3\/pontes-editores-home-2__trashed\/literatura\/literatura-e-outras-artes-na-america-latina\/#breadcrumb","itemListElement":[{"@type":"ListItem","position":1,"name":"Home","item":"https:\/\/ponteseditores.com.br\/loja3\/"},{"@type":"ListItem","position":2,"name":"loja","item":"https:\/\/ponteseditores.com.br\/loja3\/loja\/"},{"@type":"ListItem","position":3,"name":"Literatura e outras artes na Am\u00e9rica Latina"}]},{"@type":"WebSite","@id":"https:\/\/ponteseditores.com.br\/loja3\/#website","url":"https:\/\/ponteseditores.com.br\/loja3\/","name":"Pontes Editores","description":"Pontes Editores","publisher":{"@id":"https:\/\/ponteseditores.com.br\/loja3\/#organization"},"potentialAction":[{"@type":"SearchAction","target":{"@type":"EntryPoint","urlTemplate":"https:\/\/ponteseditores.com.br\/loja3\/?s={search_term_string}"},"query-input":{"@type":"PropertyValueSpecification","valueRequired":true,"valueName":"search_term_string"}}],"inLanguage":"pt-BR"},{"@type":"Organization","@id":"https:\/\/ponteseditores.com.br\/loja3\/#organization","name":"Pontes Editores","url":"https:\/\/ponteseditores.com.br\/loja3\/","logo":{"@type":"ImageObject","inLanguage":"pt-BR","@id":"https:\/\/ponteseditores.com.br\/loja3\/#\/schema\/logo\/image\/","url":"https:\/\/ponteseditores.com.br\/loja3\/wp-content\/uploads\/2023\/12\/logo-pontes-editores-v2.png","contentUrl":"https:\/\/ponteseditores.com.br\/loja3\/wp-content\/uploads\/2023\/12\/logo-pontes-editores-v2.png","width":258,"height":100,"caption":"Pontes Editores"},"image":{"@id":"https:\/\/ponteseditores.com.br\/loja3\/#\/schema\/logo\/image\/"}}]}},"_links":{"self":[{"href":"https:\/\/ponteseditores.com.br\/loja3\/wp-json\/wp\/v2\/product\/7357","targetHints":{"allow":["GET"]}}],"collection":[{"href":"https:\/\/ponteseditores.com.br\/loja3\/wp-json\/wp\/v2\/product"}],"about":[{"href":"https:\/\/ponteseditores.com.br\/loja3\/wp-json\/wp\/v2\/types\/product"}],"replies":[{"embeddable":true,"href":"https:\/\/ponteseditores.com.br\/loja3\/wp-json\/wp\/v2\/comments?post=7357"}],"version-history":[{"count":0,"href":"https:\/\/ponteseditores.com.br\/loja3\/wp-json\/wp\/v2\/product\/7357\/revisions"}],"wp:featuredmedia":[{"embeddable":true,"href":"https:\/\/ponteseditores.com.br\/loja3\/wp-json\/wp\/v2\/media\/7356"}],"wp:attachment":[{"href":"https:\/\/ponteseditores.com.br\/loja3\/wp-json\/wp\/v2\/media?parent=7357"}],"wp:term":[{"taxonomy":"product_brand","embeddable":true,"href":"https:\/\/ponteseditores.com.br\/loja3\/wp-json\/wp\/v2\/product_brand?post=7357"},{"taxonomy":"product_cat","embeddable":true,"href":"https:\/\/ponteseditores.com.br\/loja3\/wp-json\/wp\/v2\/product_cat?post=7357"},{"taxonomy":"product_tag","embeddable":true,"href":"https:\/\/ponteseditores.com.br\/loja3\/wp-json\/wp\/v2\/product_tag?post=7357"}],"curies":[{"name":"wp","href":"https:\/\/api.w.org\/{rel}","templated":true}]}}