{"id":7244,"date":"2023-12-15T00:38:23","date_gmt":"2023-12-15T03:38:23","guid":{"rendered":"https:\/\/ponteseditores.com.br\/loja3\/pontes-editores-home-2__trashed\/sem%20categoria\/somos-todos-amarildo-e-book-para-receber-o-arquivo-digital-entre-contato-ponteseditoresponteseditores-com-br\/"},"modified":"2024-10-08T11:29:16","modified_gmt":"2024-10-08T14:29:16","slug":"somos-todos-amarildo-e-book-para-receber-o-arquivo-digital-entre-contato-ponteseditoresponteseditores-com-br","status":"publish","type":"product","link":"https:\/\/ponteseditores.com.br\/loja3\/pontes-editores-home-2__trashed\/analise-de-discurso\/somos-todos-amarildo-e-book-para-receber-o-arquivo-digital-entre-contato-ponteseditoresponteseditores-com-br\/","title":{"rendered":"Somos todos Amarildo"},"content":{"rendered":"<p>Na madrugada do dia 16 de dezembro de 2013 um grupo de manifestantes,<br \/>\ncom cerca de 50 pessoas entre adultos e crian\u00e7as, acamparam<br \/>\nem um terreno, no bairro Vargem Pequena, \u00e0s margens da SC-401, em<br \/>\nFlorian\u00f3polis1. O objetivo do movimento era denunciar o descumprimento<br \/>\ndo direito constitucional \u00e0 moradia, conforme entrevista de Rui<br \/>\nFernando da Silva, porta-voz da Ocupa\u00e7\u00e3o, ao Di\u00e1rio Catarinense2.<br \/>\nO acampamento, formado inicialmente por aproximadamente 40<br \/>\nfam\u00edlias, teve sua identidade estabelecida como Ocupa\u00e7\u00e3o Amarildo de<br \/>\nSouza. O nome foi dado em homenagem ao Amarildo Dias de Souza, ajudante<br \/>\nde pedreiro, conhecido nacionalmente por seu desaparecimento.<br \/>\nNo dia 14 de julho de 2013, Amarildo foi detido por policiais militares e<br \/>\nconduzido da porta de casa, na Favela da Rocinha, Rio de Janeiro, at\u00e9 a<br \/>\nsede da Unidade de Pol\u00edcia Pacificadora e ap\u00f3s essa data ningu\u00e9m mais o<br \/>\nviu. No dia 04 de outubro de 2013 a Justi\u00e7a decretou a pris\u00e3o preventiva<br \/>\ndos dez policiais envolvidos no desparecimento de Amarildo O caso se<br \/>\ntornou s\u00edmbolo para protestos contra abuso de autoridade e viol\u00eancia<br \/>\npolicial. Na capital catarinense, Amarildo de Souza \u00e9 o nome que impulsiona<br \/>\no movimento com o lema \u201cSomos todos Amarildo\u201d.<\/p>\n","protected":false},"excerpt":{"rendered":"<p>Na madrugada do dia 16 de dezembro de 2013 um grupo de manifestantes, com cerca de 50 pessoas entre adultos e crian\u00e7as, acamparam em um terreno, no bairro Vargem Pequena, \u00e0s margens da SC-401, em Florian\u00f3polis1. O objetivo do movimento era denunciar o descumprimento do direito constitucional \u00e0 moradia, conforme entrevista de Rui Fernando da [&hellip;]<\/p>\n","protected":false},"featured_media":7191,"comment_status":"open","ping_status":"closed","template":"","meta":{"_joinchat":[]},"product_brand":[],"product_cat":[301],"product_tag":[],"class_list":{"0":"post-7244","1":"product","2":"type-product","3":"status-publish","4":"has-post-thumbnail","6":"product_cat-analise-de-discurso","7":"product_shipping_class-download","9":"first","10":"instock","11":"downloadable","12":"virtual","13":"purchasable","14":"product-type-simple"},"yoast_head":"<!-- This site is optimized with the Yoast SEO plugin v27.4 - https:\/\/yoast.com\/product\/yoast-seo-wordpress\/ -->\n<title>Somos todos Amarildo - Pontes Editores<\/title>\n<meta name=\"robots\" content=\"index, follow, max-snippet:-1, max-image-preview:large, max-video-preview:-1\" \/>\n<link rel=\"canonical\" href=\"https:\/\/ponteseditores.com.br\/loja3\/pontes-editores-home-2__trashed\/analise-de-discurso\/somos-todos-amarildo-e-book-para-receber-o-arquivo-digital-entre-contato-ponteseditoresponteseditores-com-br\/\" \/>\n<meta property=\"og:locale\" content=\"pt_BR\" \/>\n<meta property=\"og:type\" content=\"article\" \/>\n<meta property=\"og:title\" content=\"Somos todos Amarildo - Pontes Editores\" \/>\n<meta property=\"og:description\" content=\"Na madrugada do dia 16 de dezembro de 2013 um grupo de manifestantes, com cerca de 50 pessoas entre adultos e crian\u00e7as, acamparam em um terreno, no bairro Vargem Pequena, \u00e0s margens da SC-401, em Florian\u00f3polis1. O objetivo do movimento era denunciar o descumprimento do direito constitucional \u00e0 moradia, conforme entrevista de Rui Fernando da [&hellip;]\" \/>\n<meta property=\"og:url\" content=\"https:\/\/ponteseditores.com.br\/loja3\/pontes-editores-home-2__trashed\/analise-de-discurso\/somos-todos-amarildo-e-book-para-receber-o-arquivo-digital-entre-contato-ponteseditoresponteseditores-com-br\/\" \/>\n<meta property=\"og:site_name\" content=\"Pontes Editores\" \/>\n<meta property=\"article:modified_time\" content=\"2024-10-08T14:29:16+00:00\" \/>\n<meta property=\"og:image\" content=\"https:\/\/ponteseditores.com.br\/loja3\/wp-content\/uploads\/2023\/12\/Capa_Somos_Amarildo.jpg\" \/>\n\t<meta property=\"og:image:width\" content=\"945\" \/>\n\t<meta property=\"og:image:height\" content=\"1359\" \/>\n\t<meta property=\"og:image:type\" content=\"image\/jpeg\" \/>\n<meta name=\"twitter:card\" content=\"summary_large_image\" \/>\n<meta name=\"twitter:label1\" content=\"Est. tempo de leitura\" \/>\n\t<meta name=\"twitter:data1\" content=\"2 minutos\" \/>\n<script type=\"application\/ld+json\" class=\"yoast-schema-graph\">{\"@context\":\"https:\\\/\\\/schema.org\",\"@graph\":[{\"@type\":\"WebPage\",\"@id\":\"https:\\\/\\\/ponteseditores.com.br\\\/loja3\\\/pontes-editores-home-2__trashed\\\/analise-de-discurso\\\/somos-todos-amarildo-e-book-para-receber-o-arquivo-digital-entre-contato-ponteseditoresponteseditores-com-br\\\/\",\"url\":\"https:\\\/\\\/ponteseditores.com.br\\\/loja3\\\/pontes-editores-home-2__trashed\\\/analise-de-discurso\\\/somos-todos-amarildo-e-book-para-receber-o-arquivo-digital-entre-contato-ponteseditoresponteseditores-com-br\\\/\",\"name\":\"Somos todos Amarildo - Pontes Editores\",\"isPartOf\":{\"@id\":\"https:\\\/\\\/ponteseditores.com.br\\\/loja3\\\/#website\"},\"primaryImageOfPage\":{\"@id\":\"https:\\\/\\\/ponteseditores.com.br\\\/loja3\\\/pontes-editores-home-2__trashed\\\/analise-de-discurso\\\/somos-todos-amarildo-e-book-para-receber-o-arquivo-digital-entre-contato-ponteseditoresponteseditores-com-br\\\/#primaryimage\"},\"image\":{\"@id\":\"https:\\\/\\\/ponteseditores.com.br\\\/loja3\\\/pontes-editores-home-2__trashed\\\/analise-de-discurso\\\/somos-todos-amarildo-e-book-para-receber-o-arquivo-digital-entre-contato-ponteseditoresponteseditores-com-br\\\/#primaryimage\"},\"thumbnailUrl\":\"https:\\\/\\\/ponteseditores.com.br\\\/loja3\\\/wp-content\\\/uploads\\\/2023\\\/12\\\/Capa_Somos_Amarildo.jpg\",\"datePublished\":\"2023-12-15T03:38:23+00:00\",\"dateModified\":\"2024-10-08T14:29:16+00:00\",\"breadcrumb\":{\"@id\":\"https:\\\/\\\/ponteseditores.com.br\\\/loja3\\\/pontes-editores-home-2__trashed\\\/analise-de-discurso\\\/somos-todos-amarildo-e-book-para-receber-o-arquivo-digital-entre-contato-ponteseditoresponteseditores-com-br\\\/#breadcrumb\"},\"inLanguage\":\"pt-BR\",\"potentialAction\":[{\"@type\":\"ReadAction\",\"target\":[\"https:\\\/\\\/ponteseditores.com.br\\\/loja3\\\/pontes-editores-home-2__trashed\\\/analise-de-discurso\\\/somos-todos-amarildo-e-book-para-receber-o-arquivo-digital-entre-contato-ponteseditoresponteseditores-com-br\\\/\"]}]},{\"@type\":\"ImageObject\",\"inLanguage\":\"pt-BR\",\"@id\":\"https:\\\/\\\/ponteseditores.com.br\\\/loja3\\\/pontes-editores-home-2__trashed\\\/analise-de-discurso\\\/somos-todos-amarildo-e-book-para-receber-o-arquivo-digital-entre-contato-ponteseditoresponteseditores-com-br\\\/#primaryimage\",\"url\":\"https:\\\/\\\/ponteseditores.com.br\\\/loja3\\\/wp-content\\\/uploads\\\/2023\\\/12\\\/Capa_Somos_Amarildo.jpg\",\"contentUrl\":\"https:\\\/\\\/ponteseditores.com.br\\\/loja3\\\/wp-content\\\/uploads\\\/2023\\\/12\\\/Capa_Somos_Amarildo.jpg\",\"width\":945,\"height\":1359},{\"@type\":\"BreadcrumbList\",\"@id\":\"https:\\\/\\\/ponteseditores.com.br\\\/loja3\\\/pontes-editores-home-2__trashed\\\/analise-de-discurso\\\/somos-todos-amarildo-e-book-para-receber-o-arquivo-digital-entre-contato-ponteseditoresponteseditores-com-br\\\/#breadcrumb\",\"itemListElement\":[{\"@type\":\"ListItem\",\"position\":1,\"name\":\"Home\",\"item\":\"https:\\\/\\\/ponteseditores.com.br\\\/loja3\\\/\"},{\"@type\":\"ListItem\",\"position\":2,\"name\":\"loja\",\"item\":\"https:\\\/\\\/ponteseditores.com.br\\\/loja3\\\/loja\\\/\"},{\"@type\":\"ListItem\",\"position\":3,\"name\":\"Somos todos Amarildo\"}]},{\"@type\":\"WebSite\",\"@id\":\"https:\\\/\\\/ponteseditores.com.br\\\/loja3\\\/#website\",\"url\":\"https:\\\/\\\/ponteseditores.com.br\\\/loja3\\\/\",\"name\":\"Pontes Editores\",\"description\":\"Pontes Editores\",\"publisher\":{\"@id\":\"https:\\\/\\\/ponteseditores.com.br\\\/loja3\\\/#organization\"},\"potentialAction\":[{\"@type\":\"SearchAction\",\"target\":{\"@type\":\"EntryPoint\",\"urlTemplate\":\"https:\\\/\\\/ponteseditores.com.br\\\/loja3\\\/?s={search_term_string}\"},\"query-input\":{\"@type\":\"PropertyValueSpecification\",\"valueRequired\":true,\"valueName\":\"search_term_string\"}}],\"inLanguage\":\"pt-BR\"},{\"@type\":\"Organization\",\"@id\":\"https:\\\/\\\/ponteseditores.com.br\\\/loja3\\\/#organization\",\"name\":\"Pontes Editores\",\"url\":\"https:\\\/\\\/ponteseditores.com.br\\\/loja3\\\/\",\"logo\":{\"@type\":\"ImageObject\",\"inLanguage\":\"pt-BR\",\"@id\":\"https:\\\/\\\/ponteseditores.com.br\\\/loja3\\\/#\\\/schema\\\/logo\\\/image\\\/\",\"url\":\"https:\\\/\\\/ponteseditores.com.br\\\/loja3\\\/wp-content\\\/uploads\\\/2023\\\/12\\\/logo-pontes-editores-v2.png\",\"contentUrl\":\"https:\\\/\\\/ponteseditores.com.br\\\/loja3\\\/wp-content\\\/uploads\\\/2023\\\/12\\\/logo-pontes-editores-v2.png\",\"width\":258,\"height\":100,\"caption\":\"Pontes Editores\"},\"image\":{\"@id\":\"https:\\\/\\\/ponteseditores.com.br\\\/loja3\\\/#\\\/schema\\\/logo\\\/image\\\/\"}}]}<\/script>\n<!-- \/ Yoast SEO plugin. -->","yoast_head_json":{"title":"Somos todos Amarildo - Pontes Editores","robots":{"index":"index","follow":"follow","max-snippet":"max-snippet:-1","max-image-preview":"max-image-preview:large","max-video-preview":"max-video-preview:-1"},"canonical":"https:\/\/ponteseditores.com.br\/loja3\/pontes-editores-home-2__trashed\/analise-de-discurso\/somos-todos-amarildo-e-book-para-receber-o-arquivo-digital-entre-contato-ponteseditoresponteseditores-com-br\/","og_locale":"pt_BR","og_type":"article","og_title":"Somos todos Amarildo - Pontes Editores","og_description":"Na madrugada do dia 16 de dezembro de 2013 um grupo de manifestantes, com cerca de 50 pessoas entre adultos e crian\u00e7as, acamparam em um terreno, no bairro Vargem Pequena, \u00e0s margens da SC-401, em Florian\u00f3polis1. O objetivo do movimento era denunciar o descumprimento do direito constitucional \u00e0 moradia, conforme entrevista de Rui Fernando da [&hellip;]","og_url":"https:\/\/ponteseditores.com.br\/loja3\/pontes-editores-home-2__trashed\/analise-de-discurso\/somos-todos-amarildo-e-book-para-receber-o-arquivo-digital-entre-contato-ponteseditoresponteseditores-com-br\/","og_site_name":"Pontes Editores","article_modified_time":"2024-10-08T14:29:16+00:00","og_image":[{"width":945,"height":1359,"url":"https:\/\/ponteseditores.com.br\/loja3\/wp-content\/uploads\/2023\/12\/Capa_Somos_Amarildo.jpg","type":"image\/jpeg"}],"twitter_card":"summary_large_image","twitter_misc":{"Est. tempo de leitura":"2 minutos"},"schema":{"@context":"https:\/\/schema.org","@graph":[{"@type":"WebPage","@id":"https:\/\/ponteseditores.com.br\/loja3\/pontes-editores-home-2__trashed\/analise-de-discurso\/somos-todos-amarildo-e-book-para-receber-o-arquivo-digital-entre-contato-ponteseditoresponteseditores-com-br\/","url":"https:\/\/ponteseditores.com.br\/loja3\/pontes-editores-home-2__trashed\/analise-de-discurso\/somos-todos-amarildo-e-book-para-receber-o-arquivo-digital-entre-contato-ponteseditoresponteseditores-com-br\/","name":"Somos todos Amarildo - Pontes Editores","isPartOf":{"@id":"https:\/\/ponteseditores.com.br\/loja3\/#website"},"primaryImageOfPage":{"@id":"https:\/\/ponteseditores.com.br\/loja3\/pontes-editores-home-2__trashed\/analise-de-discurso\/somos-todos-amarildo-e-book-para-receber-o-arquivo-digital-entre-contato-ponteseditoresponteseditores-com-br\/#primaryimage"},"image":{"@id":"https:\/\/ponteseditores.com.br\/loja3\/pontes-editores-home-2__trashed\/analise-de-discurso\/somos-todos-amarildo-e-book-para-receber-o-arquivo-digital-entre-contato-ponteseditoresponteseditores-com-br\/#primaryimage"},"thumbnailUrl":"https:\/\/ponteseditores.com.br\/loja3\/wp-content\/uploads\/2023\/12\/Capa_Somos_Amarildo.jpg","datePublished":"2023-12-15T03:38:23+00:00","dateModified":"2024-10-08T14:29:16+00:00","breadcrumb":{"@id":"https:\/\/ponteseditores.com.br\/loja3\/pontes-editores-home-2__trashed\/analise-de-discurso\/somos-todos-amarildo-e-book-para-receber-o-arquivo-digital-entre-contato-ponteseditoresponteseditores-com-br\/#breadcrumb"},"inLanguage":"pt-BR","potentialAction":[{"@type":"ReadAction","target":["https:\/\/ponteseditores.com.br\/loja3\/pontes-editores-home-2__trashed\/analise-de-discurso\/somos-todos-amarildo-e-book-para-receber-o-arquivo-digital-entre-contato-ponteseditoresponteseditores-com-br\/"]}]},{"@type":"ImageObject","inLanguage":"pt-BR","@id":"https:\/\/ponteseditores.com.br\/loja3\/pontes-editores-home-2__trashed\/analise-de-discurso\/somos-todos-amarildo-e-book-para-receber-o-arquivo-digital-entre-contato-ponteseditoresponteseditores-com-br\/#primaryimage","url":"https:\/\/ponteseditores.com.br\/loja3\/wp-content\/uploads\/2023\/12\/Capa_Somos_Amarildo.jpg","contentUrl":"https:\/\/ponteseditores.com.br\/loja3\/wp-content\/uploads\/2023\/12\/Capa_Somos_Amarildo.jpg","width":945,"height":1359},{"@type":"BreadcrumbList","@id":"https:\/\/ponteseditores.com.br\/loja3\/pontes-editores-home-2__trashed\/analise-de-discurso\/somos-todos-amarildo-e-book-para-receber-o-arquivo-digital-entre-contato-ponteseditoresponteseditores-com-br\/#breadcrumb","itemListElement":[{"@type":"ListItem","position":1,"name":"Home","item":"https:\/\/ponteseditores.com.br\/loja3\/"},{"@type":"ListItem","position":2,"name":"loja","item":"https:\/\/ponteseditores.com.br\/loja3\/loja\/"},{"@type":"ListItem","position":3,"name":"Somos todos Amarildo"}]},{"@type":"WebSite","@id":"https:\/\/ponteseditores.com.br\/loja3\/#website","url":"https:\/\/ponteseditores.com.br\/loja3\/","name":"Pontes Editores","description":"Pontes Editores","publisher":{"@id":"https:\/\/ponteseditores.com.br\/loja3\/#organization"},"potentialAction":[{"@type":"SearchAction","target":{"@type":"EntryPoint","urlTemplate":"https:\/\/ponteseditores.com.br\/loja3\/?s={search_term_string}"},"query-input":{"@type":"PropertyValueSpecification","valueRequired":true,"valueName":"search_term_string"}}],"inLanguage":"pt-BR"},{"@type":"Organization","@id":"https:\/\/ponteseditores.com.br\/loja3\/#organization","name":"Pontes Editores","url":"https:\/\/ponteseditores.com.br\/loja3\/","logo":{"@type":"ImageObject","inLanguage":"pt-BR","@id":"https:\/\/ponteseditores.com.br\/loja3\/#\/schema\/logo\/image\/","url":"https:\/\/ponteseditores.com.br\/loja3\/wp-content\/uploads\/2023\/12\/logo-pontes-editores-v2.png","contentUrl":"https:\/\/ponteseditores.com.br\/loja3\/wp-content\/uploads\/2023\/12\/logo-pontes-editores-v2.png","width":258,"height":100,"caption":"Pontes Editores"},"image":{"@id":"https:\/\/ponteseditores.com.br\/loja3\/#\/schema\/logo\/image\/"}}]}},"_links":{"self":[{"href":"https:\/\/ponteseditores.com.br\/loja3\/wp-json\/wp\/v2\/product\/7244","targetHints":{"allow":["GET"]}}],"collection":[{"href":"https:\/\/ponteseditores.com.br\/loja3\/wp-json\/wp\/v2\/product"}],"about":[{"href":"https:\/\/ponteseditores.com.br\/loja3\/wp-json\/wp\/v2\/types\/product"}],"replies":[{"embeddable":true,"href":"https:\/\/ponteseditores.com.br\/loja3\/wp-json\/wp\/v2\/comments?post=7244"}],"version-history":[{"count":0,"href":"https:\/\/ponteseditores.com.br\/loja3\/wp-json\/wp\/v2\/product\/7244\/revisions"}],"wp:featuredmedia":[{"embeddable":true,"href":"https:\/\/ponteseditores.com.br\/loja3\/wp-json\/wp\/v2\/media\/7191"}],"wp:attachment":[{"href":"https:\/\/ponteseditores.com.br\/loja3\/wp-json\/wp\/v2\/media?parent=7244"}],"wp:term":[{"taxonomy":"product_brand","embeddable":true,"href":"https:\/\/ponteseditores.com.br\/loja3\/wp-json\/wp\/v2\/product_brand?post=7244"},{"taxonomy":"product_cat","embeddable":true,"href":"https:\/\/ponteseditores.com.br\/loja3\/wp-json\/wp\/v2\/product_cat?post=7244"},{"taxonomy":"product_tag","embeddable":true,"href":"https:\/\/ponteseditores.com.br\/loja3\/wp-json\/wp\/v2\/product_tag?post=7244"}],"curies":[{"name":"wp","href":"https:\/\/api.w.org\/{rel}","templated":true}]}}