{"id":7165,"date":"2023-12-14T02:14:30","date_gmt":"2023-12-14T05:14:30","guid":{"rendered":"https:\/\/ponteseditores.com.br\/loja3\/?post_type=product&#038;p=7165"},"modified":"2023-12-15T12:13:01","modified_gmt":"2023-12-15T15:13:01","slug":"entre-experiencias-e-memorias","status":"publish","type":"product","link":"https:\/\/ponteseditores.com.br\/loja3\/pontes-editores-home-2__trashed\/emigracao\/entre-experiencias-e-memorias\/","title":{"rendered":"ENTRE EXPERI\u00caNCIAS E MEM\u00d3RIAS"},"content":{"rendered":"<p class=\"p1\">O que leva muitos brasileiros a migrarem para o continente europeu, enfrentando dificuldades que v\u00e3o da l\u00edngua, que, com frequ\u00eancia, n\u00e3o dominam, a um estilo de vida completamente diferente daquele que tinham no pa\u00eds natal? Que avalia\u00e7\u00e3o eles fazem da experi\u00eancia migrat\u00f3ria?<\/p>\n<p class=\"p1\">Como, enfim, eles sentem (e dizem) o que \u00e9 ser o outro\/estrangeiro em terra alheia? Essas eram algumas das perguntas que eu me fazia quando decidi, no \u00e2mbito de uma pesquisa de p\u00f3s-doutorado, entrevistar brasileiros que vivem atualmente na Fran\u00e7a e na Inglaterra. Se os sujeitos migrantes, habitualmente, \u201cescondem-se\u201d por tr\u00e1s de n\u00fameros e porcentagens ou s\u00e3o \u201cfalados\u201d por outrem (especialistas, governantes, jornalistas etc.), busquei seguir um caminho alternativo que lhes devolvesse a palavra. S\u00e3o, portanto, os pr\u00f3prios migrantes brasileiros que, ao longo deste livro, contam suas hist\u00f3rias, discorrendo n\u00e3o apenas sobre os obst\u00e1culos que enfrentaram \u2013 enfrentam ainda \u2013 no cotidiano do novo pa\u00eds, mas tamb\u00e9m sobre seus avan\u00e7os e conquistas, a ponto de se perguntarem se vale (ou n\u00e3o) a pena retornar ao Brasil.<\/p>\n<p class=\"p1\">Essas \u201cpequenas hist\u00f3rias\u201d tornam-se aqui objeto de reflex\u00e3o e, embora cada uma delas seja \u00fanica e seu sujeito, singular, apontam, em conjunto, para a constru\u00e7\u00e3o da \u201cgrande hist\u00f3ria\u201d dos fluxos migrat\u00f3rios contempor\u00e2neos. Trata-se de um tema fascinante para todos aqueles que, como eu, procuram assumir o lugar de mediadores de uma fala que, destinada a permanecer restrita \u00e0 esfera privada, ganha o espa\u00e7o p\u00fablico, permitindo que aqueles que a proferem se tornem vis\u00edveis e aud\u00edveis para a sociedade em geral. Na sequ\u00eancia de Vivendo do outro lado do Atl\u00e2ntico: hist\u00f3rias de brasileiros em Portugal (2021), este livro objetiva, em \u00faltima an\u00e1lise, ouvir e fazer ouvir hist\u00f3rias de brasileiros comuns \u2013 \u201cgente como a gente\u201d \u2013, que, generosamente, concordaram em partilhar comigo suas mem\u00f3rias e viv\u00eancias migrat\u00f3rias.<\/p>\n","protected":false},"excerpt":{"rendered":"<h4 class=\"p1\">Narrativas de Vida de Migrantes Brasileiros na Europa<\/h4>\n<p>O que leva muitos brasileiros a migrarem para o continente europeu, enfrentando dificuldades que v\u00e3o da l\u00edngua, que, com frequ\u00eancia, n\u00e3o dominam, a um estilo de vida completamente diferente daquele que tinham no pa\u00eds natal? Que avalia\u00e7\u00e3o eles fazem da experi\u00eancia migrat\u00f3ria?<\/p>\n","protected":false},"featured_media":575,"comment_status":"open","ping_status":"closed","template":"","meta":{"_joinchat":[]},"product_brand":[],"product_cat":[1323],"product_tag":[],"class_list":{"0":"post-7165","1":"product","2":"type-product","3":"status-publish","4":"has-post-thumbnail","6":"product_cat-emigracao","7":"product_shipping_class-livro-pontes-editores-fisico","9":"first","10":"instock","11":"shipping-taxable","12":"purchasable","13":"product-type-simple"},"yoast_head":"<!-- This site is optimized with the Yoast SEO plugin v27.4 - https:\/\/yoast.com\/product\/yoast-seo-wordpress\/ -->\n<title>ENTRE EXPERI\u00caNCIAS E MEM\u00d3RIAS - Pontes Editores<\/title>\n<meta name=\"robots\" content=\"index, follow, max-snippet:-1, max-image-preview:large, max-video-preview:-1\" \/>\n<link rel=\"canonical\" href=\"https:\/\/ponteseditores.com.br\/loja3\/pontes-editores-home-2__trashed\/emigracao\/entre-experiencias-e-memorias\/\" \/>\n<meta property=\"og:locale\" content=\"pt_BR\" \/>\n<meta property=\"og:type\" content=\"article\" \/>\n<meta property=\"og:title\" content=\"ENTRE EXPERI\u00caNCIAS E MEM\u00d3RIAS - Pontes Editores\" \/>\n<meta property=\"og:description\" content=\"Narrativas de Vida de Migrantes Brasileiros na Europa O que leva muitos brasileiros a migrarem para o continente europeu, enfrentando dificuldades que v\u00e3o da l\u00edngua, que, com frequ\u00eancia, n\u00e3o dominam, a um estilo de vida completamente diferente daquele que tinham no pa\u00eds natal? Que avalia\u00e7\u00e3o eles fazem da experi\u00eancia migrat\u00f3ria?\" \/>\n<meta property=\"og:url\" content=\"https:\/\/ponteseditores.com.br\/loja3\/pontes-editores-home-2__trashed\/emigracao\/entre-experiencias-e-memorias\/\" \/>\n<meta property=\"og:site_name\" content=\"Pontes Editores\" \/>\n<meta property=\"article:modified_time\" content=\"2023-12-15T15:13:01+00:00\" \/>\n<meta property=\"og:image\" content=\"https:\/\/ponteseditores.com.br\/loja3\/wp-content\/uploads\/2023\/12\/entre-experiencias-e-memorias-.-capa-.jpg\" \/>\n\t<meta property=\"og:image:width\" content=\"1728\" \/>\n\t<meta property=\"og:image:height\" content=\"2443\" \/>\n\t<meta property=\"og:image:type\" content=\"image\/jpeg\" \/>\n<meta name=\"twitter:card\" content=\"summary_large_image\" \/>\n<meta name=\"twitter:label1\" content=\"Est. tempo de leitura\" \/>\n\t<meta name=\"twitter:data1\" content=\"2 minutos\" \/>\n<script type=\"application\/ld+json\" class=\"yoast-schema-graph\">{\"@context\":\"https:\\\/\\\/schema.org\",\"@graph\":[{\"@type\":\"WebPage\",\"@id\":\"https:\\\/\\\/ponteseditores.com.br\\\/loja3\\\/pontes-editores-home-2__trashed\\\/emigracao\\\/entre-experiencias-e-memorias\\\/\",\"url\":\"https:\\\/\\\/ponteseditores.com.br\\\/loja3\\\/pontes-editores-home-2__trashed\\\/emigracao\\\/entre-experiencias-e-memorias\\\/\",\"name\":\"ENTRE EXPERI\u00caNCIAS E MEM\u00d3RIAS - Pontes Editores\",\"isPartOf\":{\"@id\":\"https:\\\/\\\/ponteseditores.com.br\\\/loja3\\\/#website\"},\"primaryImageOfPage\":{\"@id\":\"https:\\\/\\\/ponteseditores.com.br\\\/loja3\\\/pontes-editores-home-2__trashed\\\/emigracao\\\/entre-experiencias-e-memorias\\\/#primaryimage\"},\"image\":{\"@id\":\"https:\\\/\\\/ponteseditores.com.br\\\/loja3\\\/pontes-editores-home-2__trashed\\\/emigracao\\\/entre-experiencias-e-memorias\\\/#primaryimage\"},\"thumbnailUrl\":\"https:\\\/\\\/ponteseditores.com.br\\\/loja3\\\/wp-content\\\/uploads\\\/2023\\\/12\\\/entre-experiencias-e-memorias-.-capa-.jpg\",\"datePublished\":\"2023-12-14T05:14:30+00:00\",\"dateModified\":\"2023-12-15T15:13:01+00:00\",\"breadcrumb\":{\"@id\":\"https:\\\/\\\/ponteseditores.com.br\\\/loja3\\\/pontes-editores-home-2__trashed\\\/emigracao\\\/entre-experiencias-e-memorias\\\/#breadcrumb\"},\"inLanguage\":\"pt-BR\",\"potentialAction\":[{\"@type\":\"ReadAction\",\"target\":[\"https:\\\/\\\/ponteseditores.com.br\\\/loja3\\\/pontes-editores-home-2__trashed\\\/emigracao\\\/entre-experiencias-e-memorias\\\/\"]}]},{\"@type\":\"ImageObject\",\"inLanguage\":\"pt-BR\",\"@id\":\"https:\\\/\\\/ponteseditores.com.br\\\/loja3\\\/pontes-editores-home-2__trashed\\\/emigracao\\\/entre-experiencias-e-memorias\\\/#primaryimage\",\"url\":\"https:\\\/\\\/ponteseditores.com.br\\\/loja3\\\/wp-content\\\/uploads\\\/2023\\\/12\\\/entre-experiencias-e-memorias-.-capa-.jpg\",\"contentUrl\":\"https:\\\/\\\/ponteseditores.com.br\\\/loja3\\\/wp-content\\\/uploads\\\/2023\\\/12\\\/entre-experiencias-e-memorias-.-capa-.jpg\",\"width\":1728,\"height\":2443},{\"@type\":\"BreadcrumbList\",\"@id\":\"https:\\\/\\\/ponteseditores.com.br\\\/loja3\\\/pontes-editores-home-2__trashed\\\/emigracao\\\/entre-experiencias-e-memorias\\\/#breadcrumb\",\"itemListElement\":[{\"@type\":\"ListItem\",\"position\":1,\"name\":\"Home\",\"item\":\"https:\\\/\\\/ponteseditores.com.br\\\/loja3\\\/\"},{\"@type\":\"ListItem\",\"position\":2,\"name\":\"loja\",\"item\":\"https:\\\/\\\/ponteseditores.com.br\\\/loja3\\\/loja\\\/\"},{\"@type\":\"ListItem\",\"position\":3,\"name\":\"ENTRE EXPERI\u00caNCIAS E MEM\u00d3RIAS\"}]},{\"@type\":\"WebSite\",\"@id\":\"https:\\\/\\\/ponteseditores.com.br\\\/loja3\\\/#website\",\"url\":\"https:\\\/\\\/ponteseditores.com.br\\\/loja3\\\/\",\"name\":\"Pontes Editores\",\"description\":\"Pontes Editores\",\"publisher\":{\"@id\":\"https:\\\/\\\/ponteseditores.com.br\\\/loja3\\\/#organization\"},\"potentialAction\":[{\"@type\":\"SearchAction\",\"target\":{\"@type\":\"EntryPoint\",\"urlTemplate\":\"https:\\\/\\\/ponteseditores.com.br\\\/loja3\\\/?s={search_term_string}\"},\"query-input\":{\"@type\":\"PropertyValueSpecification\",\"valueRequired\":true,\"valueName\":\"search_term_string\"}}],\"inLanguage\":\"pt-BR\"},{\"@type\":\"Organization\",\"@id\":\"https:\\\/\\\/ponteseditores.com.br\\\/loja3\\\/#organization\",\"name\":\"Pontes Editores\",\"url\":\"https:\\\/\\\/ponteseditores.com.br\\\/loja3\\\/\",\"logo\":{\"@type\":\"ImageObject\",\"inLanguage\":\"pt-BR\",\"@id\":\"https:\\\/\\\/ponteseditores.com.br\\\/loja3\\\/#\\\/schema\\\/logo\\\/image\\\/\",\"url\":\"https:\\\/\\\/ponteseditores.com.br\\\/loja3\\\/wp-content\\\/uploads\\\/2023\\\/12\\\/logo-pontes-editores-v2.png\",\"contentUrl\":\"https:\\\/\\\/ponteseditores.com.br\\\/loja3\\\/wp-content\\\/uploads\\\/2023\\\/12\\\/logo-pontes-editores-v2.png\",\"width\":258,\"height\":100,\"caption\":\"Pontes Editores\"},\"image\":{\"@id\":\"https:\\\/\\\/ponteseditores.com.br\\\/loja3\\\/#\\\/schema\\\/logo\\\/image\\\/\"}}]}<\/script>\n<!-- \/ Yoast SEO plugin. -->","yoast_head_json":{"title":"ENTRE EXPERI\u00caNCIAS E MEM\u00d3RIAS - Pontes Editores","robots":{"index":"index","follow":"follow","max-snippet":"max-snippet:-1","max-image-preview":"max-image-preview:large","max-video-preview":"max-video-preview:-1"},"canonical":"https:\/\/ponteseditores.com.br\/loja3\/pontes-editores-home-2__trashed\/emigracao\/entre-experiencias-e-memorias\/","og_locale":"pt_BR","og_type":"article","og_title":"ENTRE EXPERI\u00caNCIAS E MEM\u00d3RIAS - Pontes Editores","og_description":"Narrativas de Vida de Migrantes Brasileiros na Europa O que leva muitos brasileiros a migrarem para o continente europeu, enfrentando dificuldades que v\u00e3o da l\u00edngua, que, com frequ\u00eancia, n\u00e3o dominam, a um estilo de vida completamente diferente daquele que tinham no pa\u00eds natal? Que avalia\u00e7\u00e3o eles fazem da experi\u00eancia migrat\u00f3ria?","og_url":"https:\/\/ponteseditores.com.br\/loja3\/pontes-editores-home-2__trashed\/emigracao\/entre-experiencias-e-memorias\/","og_site_name":"Pontes Editores","article_modified_time":"2023-12-15T15:13:01+00:00","og_image":[{"width":1728,"height":2443,"url":"https:\/\/ponteseditores.com.br\/loja3\/wp-content\/uploads\/2023\/12\/entre-experiencias-e-memorias-.-capa-.jpg","type":"image\/jpeg"}],"twitter_card":"summary_large_image","twitter_misc":{"Est. tempo de leitura":"2 minutos"},"schema":{"@context":"https:\/\/schema.org","@graph":[{"@type":"WebPage","@id":"https:\/\/ponteseditores.com.br\/loja3\/pontes-editores-home-2__trashed\/emigracao\/entre-experiencias-e-memorias\/","url":"https:\/\/ponteseditores.com.br\/loja3\/pontes-editores-home-2__trashed\/emigracao\/entre-experiencias-e-memorias\/","name":"ENTRE EXPERI\u00caNCIAS E MEM\u00d3RIAS - Pontes Editores","isPartOf":{"@id":"https:\/\/ponteseditores.com.br\/loja3\/#website"},"primaryImageOfPage":{"@id":"https:\/\/ponteseditores.com.br\/loja3\/pontes-editores-home-2__trashed\/emigracao\/entre-experiencias-e-memorias\/#primaryimage"},"image":{"@id":"https:\/\/ponteseditores.com.br\/loja3\/pontes-editores-home-2__trashed\/emigracao\/entre-experiencias-e-memorias\/#primaryimage"},"thumbnailUrl":"https:\/\/ponteseditores.com.br\/loja3\/wp-content\/uploads\/2023\/12\/entre-experiencias-e-memorias-.-capa-.jpg","datePublished":"2023-12-14T05:14:30+00:00","dateModified":"2023-12-15T15:13:01+00:00","breadcrumb":{"@id":"https:\/\/ponteseditores.com.br\/loja3\/pontes-editores-home-2__trashed\/emigracao\/entre-experiencias-e-memorias\/#breadcrumb"},"inLanguage":"pt-BR","potentialAction":[{"@type":"ReadAction","target":["https:\/\/ponteseditores.com.br\/loja3\/pontes-editores-home-2__trashed\/emigracao\/entre-experiencias-e-memorias\/"]}]},{"@type":"ImageObject","inLanguage":"pt-BR","@id":"https:\/\/ponteseditores.com.br\/loja3\/pontes-editores-home-2__trashed\/emigracao\/entre-experiencias-e-memorias\/#primaryimage","url":"https:\/\/ponteseditores.com.br\/loja3\/wp-content\/uploads\/2023\/12\/entre-experiencias-e-memorias-.-capa-.jpg","contentUrl":"https:\/\/ponteseditores.com.br\/loja3\/wp-content\/uploads\/2023\/12\/entre-experiencias-e-memorias-.-capa-.jpg","width":1728,"height":2443},{"@type":"BreadcrumbList","@id":"https:\/\/ponteseditores.com.br\/loja3\/pontes-editores-home-2__trashed\/emigracao\/entre-experiencias-e-memorias\/#breadcrumb","itemListElement":[{"@type":"ListItem","position":1,"name":"Home","item":"https:\/\/ponteseditores.com.br\/loja3\/"},{"@type":"ListItem","position":2,"name":"loja","item":"https:\/\/ponteseditores.com.br\/loja3\/loja\/"},{"@type":"ListItem","position":3,"name":"ENTRE EXPERI\u00caNCIAS E MEM\u00d3RIAS"}]},{"@type":"WebSite","@id":"https:\/\/ponteseditores.com.br\/loja3\/#website","url":"https:\/\/ponteseditores.com.br\/loja3\/","name":"Pontes Editores","description":"Pontes Editores","publisher":{"@id":"https:\/\/ponteseditores.com.br\/loja3\/#organization"},"potentialAction":[{"@type":"SearchAction","target":{"@type":"EntryPoint","urlTemplate":"https:\/\/ponteseditores.com.br\/loja3\/?s={search_term_string}"},"query-input":{"@type":"PropertyValueSpecification","valueRequired":true,"valueName":"search_term_string"}}],"inLanguage":"pt-BR"},{"@type":"Organization","@id":"https:\/\/ponteseditores.com.br\/loja3\/#organization","name":"Pontes Editores","url":"https:\/\/ponteseditores.com.br\/loja3\/","logo":{"@type":"ImageObject","inLanguage":"pt-BR","@id":"https:\/\/ponteseditores.com.br\/loja3\/#\/schema\/logo\/image\/","url":"https:\/\/ponteseditores.com.br\/loja3\/wp-content\/uploads\/2023\/12\/logo-pontes-editores-v2.png","contentUrl":"https:\/\/ponteseditores.com.br\/loja3\/wp-content\/uploads\/2023\/12\/logo-pontes-editores-v2.png","width":258,"height":100,"caption":"Pontes Editores"},"image":{"@id":"https:\/\/ponteseditores.com.br\/loja3\/#\/schema\/logo\/image\/"}}]}},"_links":{"self":[{"href":"https:\/\/ponteseditores.com.br\/loja3\/wp-json\/wp\/v2\/product\/7165","targetHints":{"allow":["GET"]}}],"collection":[{"href":"https:\/\/ponteseditores.com.br\/loja3\/wp-json\/wp\/v2\/product"}],"about":[{"href":"https:\/\/ponteseditores.com.br\/loja3\/wp-json\/wp\/v2\/types\/product"}],"replies":[{"embeddable":true,"href":"https:\/\/ponteseditores.com.br\/loja3\/wp-json\/wp\/v2\/comments?post=7165"}],"version-history":[{"count":0,"href":"https:\/\/ponteseditores.com.br\/loja3\/wp-json\/wp\/v2\/product\/7165\/revisions"}],"wp:featuredmedia":[{"embeddable":true,"href":"https:\/\/ponteseditores.com.br\/loja3\/wp-json\/wp\/v2\/media\/575"}],"wp:attachment":[{"href":"https:\/\/ponteseditores.com.br\/loja3\/wp-json\/wp\/v2\/media?parent=7165"}],"wp:term":[{"taxonomy":"product_brand","embeddable":true,"href":"https:\/\/ponteseditores.com.br\/loja3\/wp-json\/wp\/v2\/product_brand?post=7165"},{"taxonomy":"product_cat","embeddable":true,"href":"https:\/\/ponteseditores.com.br\/loja3\/wp-json\/wp\/v2\/product_cat?post=7165"},{"taxonomy":"product_tag","embeddable":true,"href":"https:\/\/ponteseditores.com.br\/loja3\/wp-json\/wp\/v2\/product_tag?post=7165"}],"curies":[{"name":"wp","href":"https:\/\/api.w.org\/{rel}","templated":true}]}}