{"id":7109,"date":"2023-12-13T23:17:13","date_gmt":"2023-12-14T02:17:13","guid":{"rendered":"https:\/\/ponteseditores.com.br\/loja3\/?post_type=product&#038;p=7109"},"modified":"2023-12-15T12:13:10","modified_gmt":"2023-12-15T15:13:10","slug":"dicionario-ilustrado-bilingue-de-edificacoes-para-o-ensino","status":"publish","type":"product","link":"https:\/\/ponteseditores.com.br\/loja3\/pontes-editores-home-2__trashed\/linguistica\/dicionario-ilustrado-bilingue-de-edificacoes-para-o-ensino\/","title":{"rendered":"DICION\u00c1RIO ILUSTRADO BIL\u00cdNGUE DE EDIFICA\u00c7\u00d5ES PARA O ENSINO"},"content":{"rendered":"<p class=\"p1\">O Dicion\u00e1rio Ilustrado Bil\u00edngue de Edifica\u00e7\u00f5es para o Ensino \u00e9 o resultado de anos de pesquisa junto \u00e0s terminologias utilizadas nas diferentes linguagens do contexto formativo do estudante do curso T\u00e9cnico de Edifica\u00e7\u00f5es.<\/p>\n<p class=\"p1\">Neste Dicion\u00e1rio, o consulente encontra os termos necess\u00e1rios ao ensino dessa \u00e1rea de conhecimento, organizados alfabeticamente, seguidos da sua tradu\u00e7\u00e3o para o ingl\u00eas e do seu verbete, em portugu\u00eas. Esses verbetes cont\u00eam informa\u00e7\u00f5es sobre o que s\u00e3o os termos definidos, e para que esses termos servem. Os verbetes contam ainda com ilustra\u00e7\u00f5es, que possibilitam ao consulente ampliar o grau de informatividade que procura.<\/p>\n<p class=\"p1\">Al\u00e9m disso, o Dicion\u00e1rio oferece a \u201clista corrida\u201d de termos em portugu\u00eas, seguidos do seu correspondente em ingl\u00eas e vice-versa. Pensando em oferecer o m\u00e1ximo poss\u00edvel de informa\u00e7\u00f5es terminol\u00f3gicas ao consulente, o Dicion\u00e1rio conta ainda com os termos organizados por \u201ccategorias conceituais\u201d, permitindo compreender o agrupamento de terminologias a partir de suas similaridades.<\/p>\n<p class=\"p1\">Ainda que seja indicado para estudantes de um n\u00edvel espec\u00edfico de ensino, o Dicion\u00e1rio poder\u00e1 render bons aprendizados a estudantes de outros n\u00edveis, nas \u00e1reas de Engenharia Civil e Arquitetura, al\u00e9m, \u00e9 claro, de estudantes de Letras e Lingu\u00edsticas, como outros profissionais interessados na \u00e1rea. Aos professores dessa \u00e1rea t\u00e9cnica, o Dicion\u00e1rio promete ser um importante aliado para o ensino de Edifica\u00e7\u00f5es e suas terminologias.<\/p>\n","protected":false},"excerpt":{"rendered":"<p>O Dicion\u00e1rio Ilustrado Bil\u00edngue de Edifica\u00e7\u00f5es para o Ensino \u00e9 o resultado de anos de pesquisa junto \u00e0s terminologias utilizadas nas diferentes linguagens do contexto formativo do estudante do curso T\u00e9cnico de Edifica\u00e7\u00f5es.<\/p>\n","protected":false},"featured_media":7043,"comment_status":"open","ping_status":"closed","template":"","meta":{"_joinchat":[]},"product_brand":[],"product_cat":[97,31],"product_tag":[],"class_list":{"0":"post-7109","1":"product","2":"type-product","3":"status-publish","4":"has-post-thumbnail","6":"product_cat-educacao","7":"product_cat-linguistica","8":"product_shipping_class-livro-pontes-editores-fisico","10":"first","11":"instock","12":"shipping-taxable","13":"purchasable","14":"product-type-simple"},"yoast_head":"<!-- This site is optimized with the Yoast SEO plugin v27.4 - https:\/\/yoast.com\/product\/yoast-seo-wordpress\/ -->\n<title>DICION\u00c1RIO ILUSTRADO BIL\u00cdNGUE DE EDIFICA\u00c7\u00d5ES PARA O ENSINO - Pontes Editores<\/title>\n<meta name=\"robots\" content=\"index, follow, max-snippet:-1, max-image-preview:large, max-video-preview:-1\" \/>\n<link rel=\"canonical\" href=\"https:\/\/ponteseditores.com.br\/loja3\/pontes-editores-home-2__trashed\/linguistica\/dicionario-ilustrado-bilingue-de-edificacoes-para-o-ensino\/\" \/>\n<meta property=\"og:locale\" content=\"pt_BR\" \/>\n<meta property=\"og:type\" content=\"article\" \/>\n<meta property=\"og:title\" content=\"DICION\u00c1RIO ILUSTRADO BIL\u00cdNGUE DE EDIFICA\u00c7\u00d5ES PARA O ENSINO - Pontes Editores\" \/>\n<meta property=\"og:description\" content=\"O Dicion\u00e1rio Ilustrado Bil\u00edngue de Edifica\u00e7\u00f5es para o Ensino \u00e9 o resultado de anos de pesquisa junto \u00e0s terminologias utilizadas nas diferentes linguagens do contexto formativo do estudante do curso T\u00e9cnico de Edifica\u00e7\u00f5es.\" \/>\n<meta property=\"og:url\" content=\"https:\/\/ponteseditores.com.br\/loja3\/pontes-editores-home-2__trashed\/linguistica\/dicionario-ilustrado-bilingue-de-edificacoes-para-o-ensino\/\" \/>\n<meta property=\"og:site_name\" content=\"Pontes Editores\" \/>\n<meta property=\"article:modified_time\" content=\"2023-12-15T15:13:10+00:00\" \/>\n<meta property=\"og:image\" content=\"https:\/\/ponteseditores.com.br\/loja3\/wp-content\/uploads\/2023\/12\/dicionario-ilustrado-bilingue-de-edifica\u2021aes-para-o-ensino-capa-1-1.jpg\" \/>\n\t<meta property=\"og:image:width\" content=\"1500\" \/>\n\t<meta property=\"og:image:height\" content=\"1810\" \/>\n\t<meta property=\"og:image:type\" content=\"image\/jpeg\" \/>\n<meta name=\"twitter:card\" content=\"summary_large_image\" \/>\n<meta name=\"twitter:label1\" content=\"Est. tempo de leitura\" \/>\n\t<meta name=\"twitter:data1\" content=\"2 minutos\" \/>\n<script type=\"application\/ld+json\" class=\"yoast-schema-graph\">{\"@context\":\"https:\\\/\\\/schema.org\",\"@graph\":[{\"@type\":\"WebPage\",\"@id\":\"https:\\\/\\\/ponteseditores.com.br\\\/loja3\\\/pontes-editores-home-2__trashed\\\/linguistica\\\/dicionario-ilustrado-bilingue-de-edificacoes-para-o-ensino\\\/\",\"url\":\"https:\\\/\\\/ponteseditores.com.br\\\/loja3\\\/pontes-editores-home-2__trashed\\\/linguistica\\\/dicionario-ilustrado-bilingue-de-edificacoes-para-o-ensino\\\/\",\"name\":\"DICION\u00c1RIO ILUSTRADO BIL\u00cdNGUE DE EDIFICA\u00c7\u00d5ES PARA O ENSINO - Pontes Editores\",\"isPartOf\":{\"@id\":\"https:\\\/\\\/ponteseditores.com.br\\\/loja3\\\/#website\"},\"primaryImageOfPage\":{\"@id\":\"https:\\\/\\\/ponteseditores.com.br\\\/loja3\\\/pontes-editores-home-2__trashed\\\/linguistica\\\/dicionario-ilustrado-bilingue-de-edificacoes-para-o-ensino\\\/#primaryimage\"},\"image\":{\"@id\":\"https:\\\/\\\/ponteseditores.com.br\\\/loja3\\\/pontes-editores-home-2__trashed\\\/linguistica\\\/dicionario-ilustrado-bilingue-de-edificacoes-para-o-ensino\\\/#primaryimage\"},\"thumbnailUrl\":\"https:\\\/\\\/ponteseditores.com.br\\\/loja3\\\/wp-content\\\/uploads\\\/2023\\\/12\\\/dicionario-ilustrado-bilingue-de-edifica\u2021aes-para-o-ensino-capa-1-1.jpg\",\"datePublished\":\"2023-12-14T02:17:13+00:00\",\"dateModified\":\"2023-12-15T15:13:10+00:00\",\"breadcrumb\":{\"@id\":\"https:\\\/\\\/ponteseditores.com.br\\\/loja3\\\/pontes-editores-home-2__trashed\\\/linguistica\\\/dicionario-ilustrado-bilingue-de-edificacoes-para-o-ensino\\\/#breadcrumb\"},\"inLanguage\":\"pt-BR\",\"potentialAction\":[{\"@type\":\"ReadAction\",\"target\":[\"https:\\\/\\\/ponteseditores.com.br\\\/loja3\\\/pontes-editores-home-2__trashed\\\/linguistica\\\/dicionario-ilustrado-bilingue-de-edificacoes-para-o-ensino\\\/\"]}]},{\"@type\":\"ImageObject\",\"inLanguage\":\"pt-BR\",\"@id\":\"https:\\\/\\\/ponteseditores.com.br\\\/loja3\\\/pontes-editores-home-2__trashed\\\/linguistica\\\/dicionario-ilustrado-bilingue-de-edificacoes-para-o-ensino\\\/#primaryimage\",\"url\":\"https:\\\/\\\/ponteseditores.com.br\\\/loja3\\\/wp-content\\\/uploads\\\/2023\\\/12\\\/dicionario-ilustrado-bilingue-de-edifica\u2021aes-para-o-ensino-capa-1-1.jpg\",\"contentUrl\":\"https:\\\/\\\/ponteseditores.com.br\\\/loja3\\\/wp-content\\\/uploads\\\/2023\\\/12\\\/dicionario-ilustrado-bilingue-de-edifica\u2021aes-para-o-ensino-capa-1-1.jpg\",\"width\":1500,\"height\":1810},{\"@type\":\"BreadcrumbList\",\"@id\":\"https:\\\/\\\/ponteseditores.com.br\\\/loja3\\\/pontes-editores-home-2__trashed\\\/linguistica\\\/dicionario-ilustrado-bilingue-de-edificacoes-para-o-ensino\\\/#breadcrumb\",\"itemListElement\":[{\"@type\":\"ListItem\",\"position\":1,\"name\":\"Home\",\"item\":\"https:\\\/\\\/ponteseditores.com.br\\\/loja3\\\/\"},{\"@type\":\"ListItem\",\"position\":2,\"name\":\"loja\",\"item\":\"https:\\\/\\\/ponteseditores.com.br\\\/loja3\\\/loja\\\/\"},{\"@type\":\"ListItem\",\"position\":3,\"name\":\"DICION\u00c1RIO ILUSTRADO BIL\u00cdNGUE DE EDIFICA\u00c7\u00d5ES PARA O ENSINO\"}]},{\"@type\":\"WebSite\",\"@id\":\"https:\\\/\\\/ponteseditores.com.br\\\/loja3\\\/#website\",\"url\":\"https:\\\/\\\/ponteseditores.com.br\\\/loja3\\\/\",\"name\":\"Pontes Editores\",\"description\":\"Pontes Editores\",\"publisher\":{\"@id\":\"https:\\\/\\\/ponteseditores.com.br\\\/loja3\\\/#organization\"},\"potentialAction\":[{\"@type\":\"SearchAction\",\"target\":{\"@type\":\"EntryPoint\",\"urlTemplate\":\"https:\\\/\\\/ponteseditores.com.br\\\/loja3\\\/?s={search_term_string}\"},\"query-input\":{\"@type\":\"PropertyValueSpecification\",\"valueRequired\":true,\"valueName\":\"search_term_string\"}}],\"inLanguage\":\"pt-BR\"},{\"@type\":\"Organization\",\"@id\":\"https:\\\/\\\/ponteseditores.com.br\\\/loja3\\\/#organization\",\"name\":\"Pontes Editores\",\"url\":\"https:\\\/\\\/ponteseditores.com.br\\\/loja3\\\/\",\"logo\":{\"@type\":\"ImageObject\",\"inLanguage\":\"pt-BR\",\"@id\":\"https:\\\/\\\/ponteseditores.com.br\\\/loja3\\\/#\\\/schema\\\/logo\\\/image\\\/\",\"url\":\"https:\\\/\\\/ponteseditores.com.br\\\/loja3\\\/wp-content\\\/uploads\\\/2023\\\/12\\\/logo-pontes-editores-v2.png\",\"contentUrl\":\"https:\\\/\\\/ponteseditores.com.br\\\/loja3\\\/wp-content\\\/uploads\\\/2023\\\/12\\\/logo-pontes-editores-v2.png\",\"width\":258,\"height\":100,\"caption\":\"Pontes Editores\"},\"image\":{\"@id\":\"https:\\\/\\\/ponteseditores.com.br\\\/loja3\\\/#\\\/schema\\\/logo\\\/image\\\/\"}}]}<\/script>\n<!-- \/ Yoast SEO plugin. -->","yoast_head_json":{"title":"DICION\u00c1RIO ILUSTRADO BIL\u00cdNGUE DE EDIFICA\u00c7\u00d5ES PARA O ENSINO - Pontes Editores","robots":{"index":"index","follow":"follow","max-snippet":"max-snippet:-1","max-image-preview":"max-image-preview:large","max-video-preview":"max-video-preview:-1"},"canonical":"https:\/\/ponteseditores.com.br\/loja3\/pontes-editores-home-2__trashed\/linguistica\/dicionario-ilustrado-bilingue-de-edificacoes-para-o-ensino\/","og_locale":"pt_BR","og_type":"article","og_title":"DICION\u00c1RIO ILUSTRADO BIL\u00cdNGUE DE EDIFICA\u00c7\u00d5ES PARA O ENSINO - Pontes Editores","og_description":"O Dicion\u00e1rio Ilustrado Bil\u00edngue de Edifica\u00e7\u00f5es para o Ensino \u00e9 o resultado de anos de pesquisa junto \u00e0s terminologias utilizadas nas diferentes linguagens do contexto formativo do estudante do curso T\u00e9cnico de Edifica\u00e7\u00f5es.","og_url":"https:\/\/ponteseditores.com.br\/loja3\/pontes-editores-home-2__trashed\/linguistica\/dicionario-ilustrado-bilingue-de-edificacoes-para-o-ensino\/","og_site_name":"Pontes Editores","article_modified_time":"2023-12-15T15:13:10+00:00","og_image":[{"width":1500,"height":1810,"url":"https:\/\/ponteseditores.com.br\/loja3\/wp-content\/uploads\/2023\/12\/dicionario-ilustrado-bilingue-de-edifica\u2021aes-para-o-ensino-capa-1-1.jpg","type":"image\/jpeg"}],"twitter_card":"summary_large_image","twitter_misc":{"Est. tempo de leitura":"2 minutos"},"schema":{"@context":"https:\/\/schema.org","@graph":[{"@type":"WebPage","@id":"https:\/\/ponteseditores.com.br\/loja3\/pontes-editores-home-2__trashed\/linguistica\/dicionario-ilustrado-bilingue-de-edificacoes-para-o-ensino\/","url":"https:\/\/ponteseditores.com.br\/loja3\/pontes-editores-home-2__trashed\/linguistica\/dicionario-ilustrado-bilingue-de-edificacoes-para-o-ensino\/","name":"DICION\u00c1RIO ILUSTRADO BIL\u00cdNGUE DE EDIFICA\u00c7\u00d5ES PARA O ENSINO - Pontes Editores","isPartOf":{"@id":"https:\/\/ponteseditores.com.br\/loja3\/#website"},"primaryImageOfPage":{"@id":"https:\/\/ponteseditores.com.br\/loja3\/pontes-editores-home-2__trashed\/linguistica\/dicionario-ilustrado-bilingue-de-edificacoes-para-o-ensino\/#primaryimage"},"image":{"@id":"https:\/\/ponteseditores.com.br\/loja3\/pontes-editores-home-2__trashed\/linguistica\/dicionario-ilustrado-bilingue-de-edificacoes-para-o-ensino\/#primaryimage"},"thumbnailUrl":"https:\/\/ponteseditores.com.br\/loja3\/wp-content\/uploads\/2023\/12\/dicionario-ilustrado-bilingue-de-edifica\u2021aes-para-o-ensino-capa-1-1.jpg","datePublished":"2023-12-14T02:17:13+00:00","dateModified":"2023-12-15T15:13:10+00:00","breadcrumb":{"@id":"https:\/\/ponteseditores.com.br\/loja3\/pontes-editores-home-2__trashed\/linguistica\/dicionario-ilustrado-bilingue-de-edificacoes-para-o-ensino\/#breadcrumb"},"inLanguage":"pt-BR","potentialAction":[{"@type":"ReadAction","target":["https:\/\/ponteseditores.com.br\/loja3\/pontes-editores-home-2__trashed\/linguistica\/dicionario-ilustrado-bilingue-de-edificacoes-para-o-ensino\/"]}]},{"@type":"ImageObject","inLanguage":"pt-BR","@id":"https:\/\/ponteseditores.com.br\/loja3\/pontes-editores-home-2__trashed\/linguistica\/dicionario-ilustrado-bilingue-de-edificacoes-para-o-ensino\/#primaryimage","url":"https:\/\/ponteseditores.com.br\/loja3\/wp-content\/uploads\/2023\/12\/dicionario-ilustrado-bilingue-de-edifica\u2021aes-para-o-ensino-capa-1-1.jpg","contentUrl":"https:\/\/ponteseditores.com.br\/loja3\/wp-content\/uploads\/2023\/12\/dicionario-ilustrado-bilingue-de-edifica\u2021aes-para-o-ensino-capa-1-1.jpg","width":1500,"height":1810},{"@type":"BreadcrumbList","@id":"https:\/\/ponteseditores.com.br\/loja3\/pontes-editores-home-2__trashed\/linguistica\/dicionario-ilustrado-bilingue-de-edificacoes-para-o-ensino\/#breadcrumb","itemListElement":[{"@type":"ListItem","position":1,"name":"Home","item":"https:\/\/ponteseditores.com.br\/loja3\/"},{"@type":"ListItem","position":2,"name":"loja","item":"https:\/\/ponteseditores.com.br\/loja3\/loja\/"},{"@type":"ListItem","position":3,"name":"DICION\u00c1RIO ILUSTRADO BIL\u00cdNGUE DE EDIFICA\u00c7\u00d5ES PARA O ENSINO"}]},{"@type":"WebSite","@id":"https:\/\/ponteseditores.com.br\/loja3\/#website","url":"https:\/\/ponteseditores.com.br\/loja3\/","name":"Pontes Editores","description":"Pontes Editores","publisher":{"@id":"https:\/\/ponteseditores.com.br\/loja3\/#organization"},"potentialAction":[{"@type":"SearchAction","target":{"@type":"EntryPoint","urlTemplate":"https:\/\/ponteseditores.com.br\/loja3\/?s={search_term_string}"},"query-input":{"@type":"PropertyValueSpecification","valueRequired":true,"valueName":"search_term_string"}}],"inLanguage":"pt-BR"},{"@type":"Organization","@id":"https:\/\/ponteseditores.com.br\/loja3\/#organization","name":"Pontes Editores","url":"https:\/\/ponteseditores.com.br\/loja3\/","logo":{"@type":"ImageObject","inLanguage":"pt-BR","@id":"https:\/\/ponteseditores.com.br\/loja3\/#\/schema\/logo\/image\/","url":"https:\/\/ponteseditores.com.br\/loja3\/wp-content\/uploads\/2023\/12\/logo-pontes-editores-v2.png","contentUrl":"https:\/\/ponteseditores.com.br\/loja3\/wp-content\/uploads\/2023\/12\/logo-pontes-editores-v2.png","width":258,"height":100,"caption":"Pontes Editores"},"image":{"@id":"https:\/\/ponteseditores.com.br\/loja3\/#\/schema\/logo\/image\/"}}]}},"_links":{"self":[{"href":"https:\/\/ponteseditores.com.br\/loja3\/wp-json\/wp\/v2\/product\/7109","targetHints":{"allow":["GET"]}}],"collection":[{"href":"https:\/\/ponteseditores.com.br\/loja3\/wp-json\/wp\/v2\/product"}],"about":[{"href":"https:\/\/ponteseditores.com.br\/loja3\/wp-json\/wp\/v2\/types\/product"}],"replies":[{"embeddable":true,"href":"https:\/\/ponteseditores.com.br\/loja3\/wp-json\/wp\/v2\/comments?post=7109"}],"version-history":[{"count":0,"href":"https:\/\/ponteseditores.com.br\/loja3\/wp-json\/wp\/v2\/product\/7109\/revisions"}],"wp:featuredmedia":[{"embeddable":true,"href":"https:\/\/ponteseditores.com.br\/loja3\/wp-json\/wp\/v2\/media\/7043"}],"wp:attachment":[{"href":"https:\/\/ponteseditores.com.br\/loja3\/wp-json\/wp\/v2\/media?parent=7109"}],"wp:term":[{"taxonomy":"product_brand","embeddable":true,"href":"https:\/\/ponteseditores.com.br\/loja3\/wp-json\/wp\/v2\/product_brand?post=7109"},{"taxonomy":"product_cat","embeddable":true,"href":"https:\/\/ponteseditores.com.br\/loja3\/wp-json\/wp\/v2\/product_cat?post=7109"},{"taxonomy":"product_tag","embeddable":true,"href":"https:\/\/ponteseditores.com.br\/loja3\/wp-json\/wp\/v2\/product_tag?post=7109"}],"curies":[{"name":"wp","href":"https:\/\/api.w.org\/{rel}","templated":true}]}}