{"id":6892,"date":"2023-12-12T17:29:28","date_gmt":"2023-12-12T20:29:28","guid":{"rendered":"https:\/\/ponteseditores.com.br\/loja3\/?post_type=product&#038;p=6892"},"modified":"2023-12-15T12:13:27","modified_gmt":"2023-12-15T15:13:27","slug":"dialogo-musico-literario-de-mario-de-andrade-e-manuel-bandeira","status":"publish","type":"product","link":"https:\/\/ponteseditores.com.br\/loja3\/pontes-editores-home-2__trashed\/literatura-brasileira\/dialogo-musico-literario-de-mario-de-andrade-e-manuel-bandeira\/","title":{"rendered":"DI\u00c1LOGO M\u00daSICO-LITER\u00c1RIO DE M\u00c1RIO DE ANDRADE E MANUEL BANDEIRA"},"content":{"rendered":"<p class=\"p1\">\u201cAbrindo este livro somos surpreendidas j\u00e1 no Sum\u00e1rio pelo espelho da sua organiza\u00e7\u00e3o. Estamos diante da estrutura de uma \u00f3pera. A musicista trouxe para dentro do seu texto o enquadramento de uma pe\u00e7a musical cl\u00e1ssica, consagrada por compositores como Mozart, Bizet, Wagner, Strauss e outros not\u00e1veis.<\/p>\n<p class=\"p1\">O arranjo elaborado funciona de in\u00edcio como uma composi\u00e7\u00e3o criativa que controla os movimentos da trama textual e equilibra a aten\u00e7\u00e3o a ser dada a cada poeta, o protagonismo de cada um nos atos, o encontro dos dois no intermezzo, quando se intensifi ca o di\u00e1logo entre poesia e m\u00fasica, entre M\u00e1rio e Bandeira.<\/p>\n<p class=\"p1\">Mas funciona tamb\u00e9m como uma forma pensada, sobretudo uma imagem da associa\u00e7\u00e3o entre o erudito e o popular que representou o Modernismo brasileiro na poesia desses dois poetas. Al\u00e9m disso, a escolha da \u00f3pera como forma atende tamb\u00e9m a um outro motivo, que \u00e9 de a \u00f3pera estar diretamente implicada na voz nas suas partes de canto: \u00e1ria, recitativo e coro.<\/p>\n<p class=\"p1\">Uma das mais preciosas contribui\u00e7\u00f5es de Luana \u00e9 justamente mostrar que o di\u00e1logo com a m\u00fasica em um poema, como aqui abordado, especialmente na poesia de M\u00e1rio e Bandeira, proporciona a ele, poema, um impulso de vocalidade favor\u00e1vel \u00e0 sua performance oral.<\/p>\n<p class=\"p1\">E \u00e9 isso que a autora ir\u00e1 demonstrar ao longo do trabalho apresentado. A \u00f3pera do encontro desses dois poetas, assim como o pr\u00f3prio Modernismo, n\u00e3o obedece ao padr\u00e3o cl\u00e1ssico-erudito. Pelo contr\u00e1rio, moderna, traz em seu libreto as disson\u00e2ncias da m\u00fasica do s\u00e9culo XX, as rupturas da poesia modernista que alimentam ainda a contemporaneidade po\u00e9tica, o movimento entre o som, o sil\u00eancio e o sentido que sustenta ambas as artes.\u201d Goiandira Ortiz de Camargo (do Pref\u00e1cio)<\/p>\n","protected":false},"excerpt":{"rendered":"<p>\u201cAbrindo este livro somos surpreendidas j\u00e1 no Sum\u00e1rio pelo espelho da sua organiza\u00e7\u00e3o. Estamos diante da estrutura de uma \u00f3pera. A musicista trouxe para dentro do seu texto o enquadramento de uma pe\u00e7a musical cl\u00e1ssica, consagrada por compositores como Mozart, Bizet, Wagner, Strauss e outros not\u00e1veis.<\/p>\n","protected":false},"featured_media":6847,"comment_status":"open","ping_status":"closed","template":"","meta":{"_joinchat":[]},"product_brand":[],"product_cat":[287,86,330],"product_tag":[],"class_list":{"0":"post-6892","1":"product","2":"type-product","3":"status-publish","4":"has-post-thumbnail","6":"product_cat-literatura","7":"product_cat-literatura-brasileira","8":"product_cat-musica","9":"product_shipping_class-livro-pontes-editores-fisico","11":"first","12":"instock","13":"shipping-taxable","14":"purchasable","15":"product-type-simple"},"yoast_head":"<!-- This site is optimized with the Yoast SEO plugin v27.4 - https:\/\/yoast.com\/product\/yoast-seo-wordpress\/ -->\n<title>DI\u00c1LOGO M\u00daSICO-LITER\u00c1RIO DE M\u00c1RIO DE ANDRADE E MANUEL BANDEIRA - Pontes Editores<\/title>\n<meta name=\"robots\" content=\"index, follow, max-snippet:-1, max-image-preview:large, max-video-preview:-1\" \/>\n<link rel=\"canonical\" href=\"https:\/\/ponteseditores.com.br\/loja3\/pontes-editores-home-2__trashed\/literatura-brasileira\/dialogo-musico-literario-de-mario-de-andrade-e-manuel-bandeira\/\" \/>\n<meta property=\"og:locale\" content=\"pt_BR\" \/>\n<meta property=\"og:type\" content=\"article\" \/>\n<meta property=\"og:title\" content=\"DI\u00c1LOGO M\u00daSICO-LITER\u00c1RIO DE M\u00c1RIO DE ANDRADE E MANUEL BANDEIRA - Pontes Editores\" \/>\n<meta property=\"og:description\" content=\"\u201cAbrindo este livro somos surpreendidas j\u00e1 no Sum\u00e1rio pelo espelho da sua organiza\u00e7\u00e3o. Estamos diante da estrutura de uma \u00f3pera. A musicista trouxe para dentro do seu texto o enquadramento de uma pe\u00e7a musical cl\u00e1ssica, consagrada por compositores como Mozart, Bizet, Wagner, Strauss e outros not\u00e1veis.\" \/>\n<meta property=\"og:url\" content=\"https:\/\/ponteseditores.com.br\/loja3\/pontes-editores-home-2__trashed\/literatura-brasileira\/dialogo-musico-literario-de-mario-de-andrade-e-manuel-bandeira\/\" \/>\n<meta property=\"og:site_name\" content=\"Pontes Editores\" \/>\n<meta property=\"article:modified_time\" content=\"2023-12-15T15:13:27+00:00\" \/>\n<meta property=\"og:image\" content=\"https:\/\/ponteseditores.com.br\/loja3\/wp-content\/uploads\/2023\/12\/dialogo-musico-literario-.-capa-1-1.jpg\" \/>\n\t<meta property=\"og:image:width\" content=\"1000\" \/>\n\t<meta property=\"og:image:height\" content=\"1414\" \/>\n\t<meta property=\"og:image:type\" content=\"image\/jpeg\" \/>\n<meta name=\"twitter:card\" content=\"summary_large_image\" \/>\n<meta name=\"twitter:label1\" content=\"Est. tempo de leitura\" \/>\n\t<meta name=\"twitter:data1\" content=\"2 minutos\" \/>\n<script type=\"application\/ld+json\" class=\"yoast-schema-graph\">{\"@context\":\"https:\\\/\\\/schema.org\",\"@graph\":[{\"@type\":\"WebPage\",\"@id\":\"https:\\\/\\\/ponteseditores.com.br\\\/loja3\\\/pontes-editores-home-2__trashed\\\/literatura-brasileira\\\/dialogo-musico-literario-de-mario-de-andrade-e-manuel-bandeira\\\/\",\"url\":\"https:\\\/\\\/ponteseditores.com.br\\\/loja3\\\/pontes-editores-home-2__trashed\\\/literatura-brasileira\\\/dialogo-musico-literario-de-mario-de-andrade-e-manuel-bandeira\\\/\",\"name\":\"DI\u00c1LOGO M\u00daSICO-LITER\u00c1RIO DE M\u00c1RIO DE ANDRADE E MANUEL BANDEIRA - Pontes Editores\",\"isPartOf\":{\"@id\":\"https:\\\/\\\/ponteseditores.com.br\\\/loja3\\\/#website\"},\"primaryImageOfPage\":{\"@id\":\"https:\\\/\\\/ponteseditores.com.br\\\/loja3\\\/pontes-editores-home-2__trashed\\\/literatura-brasileira\\\/dialogo-musico-literario-de-mario-de-andrade-e-manuel-bandeira\\\/#primaryimage\"},\"image\":{\"@id\":\"https:\\\/\\\/ponteseditores.com.br\\\/loja3\\\/pontes-editores-home-2__trashed\\\/literatura-brasileira\\\/dialogo-musico-literario-de-mario-de-andrade-e-manuel-bandeira\\\/#primaryimage\"},\"thumbnailUrl\":\"https:\\\/\\\/ponteseditores.com.br\\\/loja3\\\/wp-content\\\/uploads\\\/2023\\\/12\\\/dialogo-musico-literario-.-capa-1-1.jpg\",\"datePublished\":\"2023-12-12T20:29:28+00:00\",\"dateModified\":\"2023-12-15T15:13:27+00:00\",\"breadcrumb\":{\"@id\":\"https:\\\/\\\/ponteseditores.com.br\\\/loja3\\\/pontes-editores-home-2__trashed\\\/literatura-brasileira\\\/dialogo-musico-literario-de-mario-de-andrade-e-manuel-bandeira\\\/#breadcrumb\"},\"inLanguage\":\"pt-BR\",\"potentialAction\":[{\"@type\":\"ReadAction\",\"target\":[\"https:\\\/\\\/ponteseditores.com.br\\\/loja3\\\/pontes-editores-home-2__trashed\\\/literatura-brasileira\\\/dialogo-musico-literario-de-mario-de-andrade-e-manuel-bandeira\\\/\"]}]},{\"@type\":\"ImageObject\",\"inLanguage\":\"pt-BR\",\"@id\":\"https:\\\/\\\/ponteseditores.com.br\\\/loja3\\\/pontes-editores-home-2__trashed\\\/literatura-brasileira\\\/dialogo-musico-literario-de-mario-de-andrade-e-manuel-bandeira\\\/#primaryimage\",\"url\":\"https:\\\/\\\/ponteseditores.com.br\\\/loja3\\\/wp-content\\\/uploads\\\/2023\\\/12\\\/dialogo-musico-literario-.-capa-1-1.jpg\",\"contentUrl\":\"https:\\\/\\\/ponteseditores.com.br\\\/loja3\\\/wp-content\\\/uploads\\\/2023\\\/12\\\/dialogo-musico-literario-.-capa-1-1.jpg\",\"width\":1000,\"height\":1414},{\"@type\":\"BreadcrumbList\",\"@id\":\"https:\\\/\\\/ponteseditores.com.br\\\/loja3\\\/pontes-editores-home-2__trashed\\\/literatura-brasileira\\\/dialogo-musico-literario-de-mario-de-andrade-e-manuel-bandeira\\\/#breadcrumb\",\"itemListElement\":[{\"@type\":\"ListItem\",\"position\":1,\"name\":\"Home\",\"item\":\"https:\\\/\\\/ponteseditores.com.br\\\/loja3\\\/\"},{\"@type\":\"ListItem\",\"position\":2,\"name\":\"loja\",\"item\":\"https:\\\/\\\/ponteseditores.com.br\\\/loja3\\\/loja\\\/\"},{\"@type\":\"ListItem\",\"position\":3,\"name\":\"DI\u00c1LOGO M\u00daSICO-LITER\u00c1RIO DE M\u00c1RIO DE ANDRADE E MANUEL BANDEIRA\"}]},{\"@type\":\"WebSite\",\"@id\":\"https:\\\/\\\/ponteseditores.com.br\\\/loja3\\\/#website\",\"url\":\"https:\\\/\\\/ponteseditores.com.br\\\/loja3\\\/\",\"name\":\"Pontes Editores\",\"description\":\"Pontes Editores\",\"publisher\":{\"@id\":\"https:\\\/\\\/ponteseditores.com.br\\\/loja3\\\/#organization\"},\"potentialAction\":[{\"@type\":\"SearchAction\",\"target\":{\"@type\":\"EntryPoint\",\"urlTemplate\":\"https:\\\/\\\/ponteseditores.com.br\\\/loja3\\\/?s={search_term_string}\"},\"query-input\":{\"@type\":\"PropertyValueSpecification\",\"valueRequired\":true,\"valueName\":\"search_term_string\"}}],\"inLanguage\":\"pt-BR\"},{\"@type\":\"Organization\",\"@id\":\"https:\\\/\\\/ponteseditores.com.br\\\/loja3\\\/#organization\",\"name\":\"Pontes Editores\",\"url\":\"https:\\\/\\\/ponteseditores.com.br\\\/loja3\\\/\",\"logo\":{\"@type\":\"ImageObject\",\"inLanguage\":\"pt-BR\",\"@id\":\"https:\\\/\\\/ponteseditores.com.br\\\/loja3\\\/#\\\/schema\\\/logo\\\/image\\\/\",\"url\":\"https:\\\/\\\/ponteseditores.com.br\\\/loja3\\\/wp-content\\\/uploads\\\/2023\\\/12\\\/logo-pontes-editores-v2.png\",\"contentUrl\":\"https:\\\/\\\/ponteseditores.com.br\\\/loja3\\\/wp-content\\\/uploads\\\/2023\\\/12\\\/logo-pontes-editores-v2.png\",\"width\":258,\"height\":100,\"caption\":\"Pontes Editores\"},\"image\":{\"@id\":\"https:\\\/\\\/ponteseditores.com.br\\\/loja3\\\/#\\\/schema\\\/logo\\\/image\\\/\"}}]}<\/script>\n<!-- \/ Yoast SEO plugin. -->","yoast_head_json":{"title":"DI\u00c1LOGO M\u00daSICO-LITER\u00c1RIO DE M\u00c1RIO DE ANDRADE E MANUEL BANDEIRA - Pontes Editores","robots":{"index":"index","follow":"follow","max-snippet":"max-snippet:-1","max-image-preview":"max-image-preview:large","max-video-preview":"max-video-preview:-1"},"canonical":"https:\/\/ponteseditores.com.br\/loja3\/pontes-editores-home-2__trashed\/literatura-brasileira\/dialogo-musico-literario-de-mario-de-andrade-e-manuel-bandeira\/","og_locale":"pt_BR","og_type":"article","og_title":"DI\u00c1LOGO M\u00daSICO-LITER\u00c1RIO DE M\u00c1RIO DE ANDRADE E MANUEL BANDEIRA - Pontes Editores","og_description":"\u201cAbrindo este livro somos surpreendidas j\u00e1 no Sum\u00e1rio pelo espelho da sua organiza\u00e7\u00e3o. Estamos diante da estrutura de uma \u00f3pera. A musicista trouxe para dentro do seu texto o enquadramento de uma pe\u00e7a musical cl\u00e1ssica, consagrada por compositores como Mozart, Bizet, Wagner, Strauss e outros not\u00e1veis.","og_url":"https:\/\/ponteseditores.com.br\/loja3\/pontes-editores-home-2__trashed\/literatura-brasileira\/dialogo-musico-literario-de-mario-de-andrade-e-manuel-bandeira\/","og_site_name":"Pontes Editores","article_modified_time":"2023-12-15T15:13:27+00:00","og_image":[{"width":1000,"height":1414,"url":"https:\/\/ponteseditores.com.br\/loja3\/wp-content\/uploads\/2023\/12\/dialogo-musico-literario-.-capa-1-1.jpg","type":"image\/jpeg"}],"twitter_card":"summary_large_image","twitter_misc":{"Est. tempo de leitura":"2 minutos"},"schema":{"@context":"https:\/\/schema.org","@graph":[{"@type":"WebPage","@id":"https:\/\/ponteseditores.com.br\/loja3\/pontes-editores-home-2__trashed\/literatura-brasileira\/dialogo-musico-literario-de-mario-de-andrade-e-manuel-bandeira\/","url":"https:\/\/ponteseditores.com.br\/loja3\/pontes-editores-home-2__trashed\/literatura-brasileira\/dialogo-musico-literario-de-mario-de-andrade-e-manuel-bandeira\/","name":"DI\u00c1LOGO M\u00daSICO-LITER\u00c1RIO DE M\u00c1RIO DE ANDRADE E MANUEL BANDEIRA - Pontes Editores","isPartOf":{"@id":"https:\/\/ponteseditores.com.br\/loja3\/#website"},"primaryImageOfPage":{"@id":"https:\/\/ponteseditores.com.br\/loja3\/pontes-editores-home-2__trashed\/literatura-brasileira\/dialogo-musico-literario-de-mario-de-andrade-e-manuel-bandeira\/#primaryimage"},"image":{"@id":"https:\/\/ponteseditores.com.br\/loja3\/pontes-editores-home-2__trashed\/literatura-brasileira\/dialogo-musico-literario-de-mario-de-andrade-e-manuel-bandeira\/#primaryimage"},"thumbnailUrl":"https:\/\/ponteseditores.com.br\/loja3\/wp-content\/uploads\/2023\/12\/dialogo-musico-literario-.-capa-1-1.jpg","datePublished":"2023-12-12T20:29:28+00:00","dateModified":"2023-12-15T15:13:27+00:00","breadcrumb":{"@id":"https:\/\/ponteseditores.com.br\/loja3\/pontes-editores-home-2__trashed\/literatura-brasileira\/dialogo-musico-literario-de-mario-de-andrade-e-manuel-bandeira\/#breadcrumb"},"inLanguage":"pt-BR","potentialAction":[{"@type":"ReadAction","target":["https:\/\/ponteseditores.com.br\/loja3\/pontes-editores-home-2__trashed\/literatura-brasileira\/dialogo-musico-literario-de-mario-de-andrade-e-manuel-bandeira\/"]}]},{"@type":"ImageObject","inLanguage":"pt-BR","@id":"https:\/\/ponteseditores.com.br\/loja3\/pontes-editores-home-2__trashed\/literatura-brasileira\/dialogo-musico-literario-de-mario-de-andrade-e-manuel-bandeira\/#primaryimage","url":"https:\/\/ponteseditores.com.br\/loja3\/wp-content\/uploads\/2023\/12\/dialogo-musico-literario-.-capa-1-1.jpg","contentUrl":"https:\/\/ponteseditores.com.br\/loja3\/wp-content\/uploads\/2023\/12\/dialogo-musico-literario-.-capa-1-1.jpg","width":1000,"height":1414},{"@type":"BreadcrumbList","@id":"https:\/\/ponteseditores.com.br\/loja3\/pontes-editores-home-2__trashed\/literatura-brasileira\/dialogo-musico-literario-de-mario-de-andrade-e-manuel-bandeira\/#breadcrumb","itemListElement":[{"@type":"ListItem","position":1,"name":"Home","item":"https:\/\/ponteseditores.com.br\/loja3\/"},{"@type":"ListItem","position":2,"name":"loja","item":"https:\/\/ponteseditores.com.br\/loja3\/loja\/"},{"@type":"ListItem","position":3,"name":"DI\u00c1LOGO M\u00daSICO-LITER\u00c1RIO DE M\u00c1RIO DE ANDRADE E MANUEL BANDEIRA"}]},{"@type":"WebSite","@id":"https:\/\/ponteseditores.com.br\/loja3\/#website","url":"https:\/\/ponteseditores.com.br\/loja3\/","name":"Pontes Editores","description":"Pontes Editores","publisher":{"@id":"https:\/\/ponteseditores.com.br\/loja3\/#organization"},"potentialAction":[{"@type":"SearchAction","target":{"@type":"EntryPoint","urlTemplate":"https:\/\/ponteseditores.com.br\/loja3\/?s={search_term_string}"},"query-input":{"@type":"PropertyValueSpecification","valueRequired":true,"valueName":"search_term_string"}}],"inLanguage":"pt-BR"},{"@type":"Organization","@id":"https:\/\/ponteseditores.com.br\/loja3\/#organization","name":"Pontes Editores","url":"https:\/\/ponteseditores.com.br\/loja3\/","logo":{"@type":"ImageObject","inLanguage":"pt-BR","@id":"https:\/\/ponteseditores.com.br\/loja3\/#\/schema\/logo\/image\/","url":"https:\/\/ponteseditores.com.br\/loja3\/wp-content\/uploads\/2023\/12\/logo-pontes-editores-v2.png","contentUrl":"https:\/\/ponteseditores.com.br\/loja3\/wp-content\/uploads\/2023\/12\/logo-pontes-editores-v2.png","width":258,"height":100,"caption":"Pontes Editores"},"image":{"@id":"https:\/\/ponteseditores.com.br\/loja3\/#\/schema\/logo\/image\/"}}]}},"_links":{"self":[{"href":"https:\/\/ponteseditores.com.br\/loja3\/wp-json\/wp\/v2\/product\/6892","targetHints":{"allow":["GET"]}}],"collection":[{"href":"https:\/\/ponteseditores.com.br\/loja3\/wp-json\/wp\/v2\/product"}],"about":[{"href":"https:\/\/ponteseditores.com.br\/loja3\/wp-json\/wp\/v2\/types\/product"}],"replies":[{"embeddable":true,"href":"https:\/\/ponteseditores.com.br\/loja3\/wp-json\/wp\/v2\/comments?post=6892"}],"version-history":[{"count":0,"href":"https:\/\/ponteseditores.com.br\/loja3\/wp-json\/wp\/v2\/product\/6892\/revisions"}],"wp:featuredmedia":[{"embeddable":true,"href":"https:\/\/ponteseditores.com.br\/loja3\/wp-json\/wp\/v2\/media\/6847"}],"wp:attachment":[{"href":"https:\/\/ponteseditores.com.br\/loja3\/wp-json\/wp\/v2\/media?parent=6892"}],"wp:term":[{"taxonomy":"product_brand","embeddable":true,"href":"https:\/\/ponteseditores.com.br\/loja3\/wp-json\/wp\/v2\/product_brand?post=6892"},{"taxonomy":"product_cat","embeddable":true,"href":"https:\/\/ponteseditores.com.br\/loja3\/wp-json\/wp\/v2\/product_cat?post=6892"},{"taxonomy":"product_tag","embeddable":true,"href":"https:\/\/ponteseditores.com.br\/loja3\/wp-json\/wp\/v2\/product_tag?post=6892"}],"curies":[{"name":"wp","href":"https:\/\/api.w.org\/{rel}","templated":true}]}}