{"id":6758,"date":"2023-12-12T12:55:24","date_gmt":"2023-12-12T15:55:24","guid":{"rendered":"https:\/\/ponteseditores.com.br\/loja3\/?post_type=product&#038;p=6758"},"modified":"2023-12-15T12:13:35","modified_gmt":"2023-12-15T15:13:35","slug":"a-construcao-da-leitura","status":"publish","type":"product","link":"https:\/\/ponteseditores.com.br\/loja3\/pontes-editores-home-2__trashed\/didatica\/a-construcao-da-leitura\/","title":{"rendered":"A CONSTRU\u00c7\u00c3O DA LEITURA"},"content":{"rendered":"<p class=\"p1\">No livro &#8221;A Constru\u00e7\u00e3o da Leitura: do projeto \u00e0 aplica\u00e7\u00e3o em sala de aula&#8221;, a autora procura aliar as suas conclus\u00f5es de pesquisa com a pr\u00e1tica pedag\u00f3gica e prop\u00f5e aos leitores a compreens\u00e3o da leitura a partir da met\u00e1fora do processo de constru\u00e7\u00e3o de uma casa, tendo como fundamento nessa arquitetura a Lingu\u00edstica S\u00f3cio-Interacionista, com as contribui\u00e7\u00f5es da An\u00e1lise do Discurso (AD), da Lingu\u00edstica Textual, da Lingu\u00edstica da Enuncia\u00e7\u00e3o.<\/p>\n<p class=\"p1\">Nessa perspectiva, apresenta textos voltados para o trabalho docente com a leitura, reunidos a partir da met\u00e1fora da constru\u00e7\u00e3o: &#8220;O Projeto&#8221;, (parte I), traz os &#8220;alicerces da constru\u00e7\u00e3o da leitura&#8221;, situando o papel da gram\u00e1tica no ensino de l\u00edngua materna como estudo das rela\u00e7\u00f5es entre o ensino da gram\u00e1tica na escola e o processo de forma\u00e7\u00e3o de leitores proficientes.<\/p>\n<p class=\"p1\">O &#8220;canteiro de obras&#8221; (parte II) traz ensaios com reflex\u00f5es sobre o trabalho com a leitura, apresentando a pr\u00e1tica da constru\u00e7\u00e3o da leitura, sem pretender constituir um modelo ou receita, pois novas leituras sempre ser\u00e3o poss\u00edveis para um mesmo texto em \u00e9pocas ou por leitores diversos. &#8220;O Habite-se&#8221; traz atividades pr\u00e1ticas de leitura, demonstrando que ler \u00e9 um processo de constru\u00e7\u00e3o. E construir espa\u00e7os e nele habitar, porque n\u00e3o basta teorizar ou discursar sobre o valor da leitura. E preciso construir e levar \u00e0 pr\u00e1tica situa\u00e7\u00f5es a serem concretamente vivenciadas.<\/p>\n","protected":false},"excerpt":{"rendered":"<h4 class=\"p1\">Do projeto \u00e0 aplica\u00e7\u00e3o em sala de aula<\/h4>\n<p>No livro &#8221;A Constru\u00e7\u00e3o da Leitura: do projeto \u00e0 aplica\u00e7\u00e3o em sala de aula&#8221;, a autora procura aliar as suas conclus\u00f5es de pesquisa com a pr\u00e1tica pedag\u00f3gica e prop\u00f5e aos leitores a compreens\u00e3o da leitura a partir da met\u00e1fora do processo de constru\u00e7\u00e3o de uma casa, tendo como fundamento nessa arquitetura a Lingu\u00edstica S\u00f3cio-Interacionista, com as contribui\u00e7\u00f5es da An\u00e1lise do Discurso (AD), da Lingu\u00edstica Textual, da Lingu\u00edstica da Enuncia\u00e7\u00e3o.<\/p>\n","protected":false},"featured_media":6666,"comment_status":"open","ping_status":"closed","template":"","meta":{"_joinchat":[]},"product_brand":[],"product_cat":[59],"product_tag":[],"class_list":{"0":"post-6758","1":"product","2":"type-product","3":"status-publish","4":"has-post-thumbnail","6":"product_cat-didatica","7":"product_shipping_class-livro-pontes-editores-fisico","9":"first","10":"instock","11":"shipping-taxable","12":"purchasable","13":"product-type-simple"},"yoast_head":"<!-- This site is optimized with the Yoast SEO plugin v27.4 - https:\/\/yoast.com\/product\/yoast-seo-wordpress\/ -->\n<title>A CONSTRU\u00c7\u00c3O DA LEITURA - Pontes Editores<\/title>\n<meta name=\"robots\" content=\"index, follow, max-snippet:-1, max-image-preview:large, max-video-preview:-1\" \/>\n<link rel=\"canonical\" href=\"https:\/\/ponteseditores.com.br\/loja3\/pontes-editores-home-2__trashed\/didatica\/a-construcao-da-leitura\/\" \/>\n<meta property=\"og:locale\" content=\"pt_BR\" \/>\n<meta property=\"og:type\" content=\"article\" \/>\n<meta property=\"og:title\" content=\"A CONSTRU\u00c7\u00c3O DA LEITURA - Pontes Editores\" \/>\n<meta property=\"og:description\" content=\"Do projeto \u00e0 aplica\u00e7\u00e3o em sala de aula No livro &#039;&#039;A Constru\u00e7\u00e3o da Leitura: do projeto \u00e0 aplica\u00e7\u00e3o em sala de aula&quot;, a autora procura aliar as suas conclus\u00f5es de pesquisa com a pr\u00e1tica pedag\u00f3gica e prop\u00f5e aos leitores a compreens\u00e3o da leitura a partir da met\u00e1fora do processo de constru\u00e7\u00e3o de uma casa, tendo como fundamento nessa arquitetura a Lingu\u00edstica S\u00f3cio-Interacionista, com as contribui\u00e7\u00f5es da An\u00e1lise do Discurso (AD), da Lingu\u00edstica Textual, da Lingu\u00edstica da Enuncia\u00e7\u00e3o.\" \/>\n<meta property=\"og:url\" content=\"https:\/\/ponteseditores.com.br\/loja3\/pontes-editores-home-2__trashed\/didatica\/a-construcao-da-leitura\/\" \/>\n<meta property=\"og:site_name\" content=\"Pontes Editores\" \/>\n<meta property=\"article:modified_time\" content=\"2023-12-15T15:13:35+00:00\" \/>\n<meta property=\"og:image\" content=\"https:\/\/ponteseditores.com.br\/loja3\/wp-content\/uploads\/2023\/12\/a-construcao-da-leitura-do-projeto-a-aplicacao-em-sala-de-aula-capa-1-1.jpg\" \/>\n\t<meta property=\"og:image:width\" content=\"1500\" \/>\n\t<meta property=\"og:image:height\" content=\"2121\" \/>\n\t<meta property=\"og:image:type\" content=\"image\/jpeg\" \/>\n<meta name=\"twitter:card\" content=\"summary_large_image\" \/>\n<meta name=\"twitter:label1\" content=\"Est. tempo de leitura\" \/>\n\t<meta name=\"twitter:data1\" content=\"2 minutos\" \/>\n<script type=\"application\/ld+json\" class=\"yoast-schema-graph\">{\"@context\":\"https:\\\/\\\/schema.org\",\"@graph\":[{\"@type\":\"WebPage\",\"@id\":\"https:\\\/\\\/ponteseditores.com.br\\\/loja3\\\/pontes-editores-home-2__trashed\\\/didatica\\\/a-construcao-da-leitura\\\/\",\"url\":\"https:\\\/\\\/ponteseditores.com.br\\\/loja3\\\/pontes-editores-home-2__trashed\\\/didatica\\\/a-construcao-da-leitura\\\/\",\"name\":\"A CONSTRU\u00c7\u00c3O DA LEITURA - Pontes Editores\",\"isPartOf\":{\"@id\":\"https:\\\/\\\/ponteseditores.com.br\\\/loja3\\\/#website\"},\"primaryImageOfPage\":{\"@id\":\"https:\\\/\\\/ponteseditores.com.br\\\/loja3\\\/pontes-editores-home-2__trashed\\\/didatica\\\/a-construcao-da-leitura\\\/#primaryimage\"},\"image\":{\"@id\":\"https:\\\/\\\/ponteseditores.com.br\\\/loja3\\\/pontes-editores-home-2__trashed\\\/didatica\\\/a-construcao-da-leitura\\\/#primaryimage\"},\"thumbnailUrl\":\"https:\\\/\\\/ponteseditores.com.br\\\/loja3\\\/wp-content\\\/uploads\\\/2023\\\/12\\\/a-construcao-da-leitura-do-projeto-a-aplicacao-em-sala-de-aula-capa-1-1.jpg\",\"datePublished\":\"2023-12-12T15:55:24+00:00\",\"dateModified\":\"2023-12-15T15:13:35+00:00\",\"breadcrumb\":{\"@id\":\"https:\\\/\\\/ponteseditores.com.br\\\/loja3\\\/pontes-editores-home-2__trashed\\\/didatica\\\/a-construcao-da-leitura\\\/#breadcrumb\"},\"inLanguage\":\"pt-BR\",\"potentialAction\":[{\"@type\":\"ReadAction\",\"target\":[\"https:\\\/\\\/ponteseditores.com.br\\\/loja3\\\/pontes-editores-home-2__trashed\\\/didatica\\\/a-construcao-da-leitura\\\/\"]}]},{\"@type\":\"ImageObject\",\"inLanguage\":\"pt-BR\",\"@id\":\"https:\\\/\\\/ponteseditores.com.br\\\/loja3\\\/pontes-editores-home-2__trashed\\\/didatica\\\/a-construcao-da-leitura\\\/#primaryimage\",\"url\":\"https:\\\/\\\/ponteseditores.com.br\\\/loja3\\\/wp-content\\\/uploads\\\/2023\\\/12\\\/a-construcao-da-leitura-do-projeto-a-aplicacao-em-sala-de-aula-capa-1-1.jpg\",\"contentUrl\":\"https:\\\/\\\/ponteseditores.com.br\\\/loja3\\\/wp-content\\\/uploads\\\/2023\\\/12\\\/a-construcao-da-leitura-do-projeto-a-aplicacao-em-sala-de-aula-capa-1-1.jpg\",\"width\":1500,\"height\":2121},{\"@type\":\"BreadcrumbList\",\"@id\":\"https:\\\/\\\/ponteseditores.com.br\\\/loja3\\\/pontes-editores-home-2__trashed\\\/didatica\\\/a-construcao-da-leitura\\\/#breadcrumb\",\"itemListElement\":[{\"@type\":\"ListItem\",\"position\":1,\"name\":\"Home\",\"item\":\"https:\\\/\\\/ponteseditores.com.br\\\/loja3\\\/\"},{\"@type\":\"ListItem\",\"position\":2,\"name\":\"loja\",\"item\":\"https:\\\/\\\/ponteseditores.com.br\\\/loja3\\\/loja\\\/\"},{\"@type\":\"ListItem\",\"position\":3,\"name\":\"A CONSTRU\u00c7\u00c3O DA LEITURA\"}]},{\"@type\":\"WebSite\",\"@id\":\"https:\\\/\\\/ponteseditores.com.br\\\/loja3\\\/#website\",\"url\":\"https:\\\/\\\/ponteseditores.com.br\\\/loja3\\\/\",\"name\":\"Pontes Editores\",\"description\":\"Pontes Editores\",\"publisher\":{\"@id\":\"https:\\\/\\\/ponteseditores.com.br\\\/loja3\\\/#organization\"},\"potentialAction\":[{\"@type\":\"SearchAction\",\"target\":{\"@type\":\"EntryPoint\",\"urlTemplate\":\"https:\\\/\\\/ponteseditores.com.br\\\/loja3\\\/?s={search_term_string}\"},\"query-input\":{\"@type\":\"PropertyValueSpecification\",\"valueRequired\":true,\"valueName\":\"search_term_string\"}}],\"inLanguage\":\"pt-BR\"},{\"@type\":\"Organization\",\"@id\":\"https:\\\/\\\/ponteseditores.com.br\\\/loja3\\\/#organization\",\"name\":\"Pontes Editores\",\"url\":\"https:\\\/\\\/ponteseditores.com.br\\\/loja3\\\/\",\"logo\":{\"@type\":\"ImageObject\",\"inLanguage\":\"pt-BR\",\"@id\":\"https:\\\/\\\/ponteseditores.com.br\\\/loja3\\\/#\\\/schema\\\/logo\\\/image\\\/\",\"url\":\"https:\\\/\\\/ponteseditores.com.br\\\/loja3\\\/wp-content\\\/uploads\\\/2023\\\/12\\\/logo-pontes-editores-v2.png\",\"contentUrl\":\"https:\\\/\\\/ponteseditores.com.br\\\/loja3\\\/wp-content\\\/uploads\\\/2023\\\/12\\\/logo-pontes-editores-v2.png\",\"width\":258,\"height\":100,\"caption\":\"Pontes Editores\"},\"image\":{\"@id\":\"https:\\\/\\\/ponteseditores.com.br\\\/loja3\\\/#\\\/schema\\\/logo\\\/image\\\/\"}}]}<\/script>\n<!-- \/ Yoast SEO plugin. -->","yoast_head_json":{"title":"A CONSTRU\u00c7\u00c3O DA LEITURA - Pontes Editores","robots":{"index":"index","follow":"follow","max-snippet":"max-snippet:-1","max-image-preview":"max-image-preview:large","max-video-preview":"max-video-preview:-1"},"canonical":"https:\/\/ponteseditores.com.br\/loja3\/pontes-editores-home-2__trashed\/didatica\/a-construcao-da-leitura\/","og_locale":"pt_BR","og_type":"article","og_title":"A CONSTRU\u00c7\u00c3O DA LEITURA - Pontes Editores","og_description":"Do projeto \u00e0 aplica\u00e7\u00e3o em sala de aula No livro ''A Constru\u00e7\u00e3o da Leitura: do projeto \u00e0 aplica\u00e7\u00e3o em sala de aula\", a autora procura aliar as suas conclus\u00f5es de pesquisa com a pr\u00e1tica pedag\u00f3gica e prop\u00f5e aos leitores a compreens\u00e3o da leitura a partir da met\u00e1fora do processo de constru\u00e7\u00e3o de uma casa, tendo como fundamento nessa arquitetura a Lingu\u00edstica S\u00f3cio-Interacionista, com as contribui\u00e7\u00f5es da An\u00e1lise do Discurso (AD), da Lingu\u00edstica Textual, da Lingu\u00edstica da Enuncia\u00e7\u00e3o.","og_url":"https:\/\/ponteseditores.com.br\/loja3\/pontes-editores-home-2__trashed\/didatica\/a-construcao-da-leitura\/","og_site_name":"Pontes Editores","article_modified_time":"2023-12-15T15:13:35+00:00","og_image":[{"width":1500,"height":2121,"url":"https:\/\/ponteseditores.com.br\/loja3\/wp-content\/uploads\/2023\/12\/a-construcao-da-leitura-do-projeto-a-aplicacao-em-sala-de-aula-capa-1-1.jpg","type":"image\/jpeg"}],"twitter_card":"summary_large_image","twitter_misc":{"Est. tempo de leitura":"2 minutos"},"schema":{"@context":"https:\/\/schema.org","@graph":[{"@type":"WebPage","@id":"https:\/\/ponteseditores.com.br\/loja3\/pontes-editores-home-2__trashed\/didatica\/a-construcao-da-leitura\/","url":"https:\/\/ponteseditores.com.br\/loja3\/pontes-editores-home-2__trashed\/didatica\/a-construcao-da-leitura\/","name":"A CONSTRU\u00c7\u00c3O DA LEITURA - Pontes Editores","isPartOf":{"@id":"https:\/\/ponteseditores.com.br\/loja3\/#website"},"primaryImageOfPage":{"@id":"https:\/\/ponteseditores.com.br\/loja3\/pontes-editores-home-2__trashed\/didatica\/a-construcao-da-leitura\/#primaryimage"},"image":{"@id":"https:\/\/ponteseditores.com.br\/loja3\/pontes-editores-home-2__trashed\/didatica\/a-construcao-da-leitura\/#primaryimage"},"thumbnailUrl":"https:\/\/ponteseditores.com.br\/loja3\/wp-content\/uploads\/2023\/12\/a-construcao-da-leitura-do-projeto-a-aplicacao-em-sala-de-aula-capa-1-1.jpg","datePublished":"2023-12-12T15:55:24+00:00","dateModified":"2023-12-15T15:13:35+00:00","breadcrumb":{"@id":"https:\/\/ponteseditores.com.br\/loja3\/pontes-editores-home-2__trashed\/didatica\/a-construcao-da-leitura\/#breadcrumb"},"inLanguage":"pt-BR","potentialAction":[{"@type":"ReadAction","target":["https:\/\/ponteseditores.com.br\/loja3\/pontes-editores-home-2__trashed\/didatica\/a-construcao-da-leitura\/"]}]},{"@type":"ImageObject","inLanguage":"pt-BR","@id":"https:\/\/ponteseditores.com.br\/loja3\/pontes-editores-home-2__trashed\/didatica\/a-construcao-da-leitura\/#primaryimage","url":"https:\/\/ponteseditores.com.br\/loja3\/wp-content\/uploads\/2023\/12\/a-construcao-da-leitura-do-projeto-a-aplicacao-em-sala-de-aula-capa-1-1.jpg","contentUrl":"https:\/\/ponteseditores.com.br\/loja3\/wp-content\/uploads\/2023\/12\/a-construcao-da-leitura-do-projeto-a-aplicacao-em-sala-de-aula-capa-1-1.jpg","width":1500,"height":2121},{"@type":"BreadcrumbList","@id":"https:\/\/ponteseditores.com.br\/loja3\/pontes-editores-home-2__trashed\/didatica\/a-construcao-da-leitura\/#breadcrumb","itemListElement":[{"@type":"ListItem","position":1,"name":"Home","item":"https:\/\/ponteseditores.com.br\/loja3\/"},{"@type":"ListItem","position":2,"name":"loja","item":"https:\/\/ponteseditores.com.br\/loja3\/loja\/"},{"@type":"ListItem","position":3,"name":"A CONSTRU\u00c7\u00c3O DA LEITURA"}]},{"@type":"WebSite","@id":"https:\/\/ponteseditores.com.br\/loja3\/#website","url":"https:\/\/ponteseditores.com.br\/loja3\/","name":"Pontes Editores","description":"Pontes Editores","publisher":{"@id":"https:\/\/ponteseditores.com.br\/loja3\/#organization"},"potentialAction":[{"@type":"SearchAction","target":{"@type":"EntryPoint","urlTemplate":"https:\/\/ponteseditores.com.br\/loja3\/?s={search_term_string}"},"query-input":{"@type":"PropertyValueSpecification","valueRequired":true,"valueName":"search_term_string"}}],"inLanguage":"pt-BR"},{"@type":"Organization","@id":"https:\/\/ponteseditores.com.br\/loja3\/#organization","name":"Pontes Editores","url":"https:\/\/ponteseditores.com.br\/loja3\/","logo":{"@type":"ImageObject","inLanguage":"pt-BR","@id":"https:\/\/ponteseditores.com.br\/loja3\/#\/schema\/logo\/image\/","url":"https:\/\/ponteseditores.com.br\/loja3\/wp-content\/uploads\/2023\/12\/logo-pontes-editores-v2.png","contentUrl":"https:\/\/ponteseditores.com.br\/loja3\/wp-content\/uploads\/2023\/12\/logo-pontes-editores-v2.png","width":258,"height":100,"caption":"Pontes Editores"},"image":{"@id":"https:\/\/ponteseditores.com.br\/loja3\/#\/schema\/logo\/image\/"}}]}},"_links":{"self":[{"href":"https:\/\/ponteseditores.com.br\/loja3\/wp-json\/wp\/v2\/product\/6758","targetHints":{"allow":["GET"]}}],"collection":[{"href":"https:\/\/ponteseditores.com.br\/loja3\/wp-json\/wp\/v2\/product"}],"about":[{"href":"https:\/\/ponteseditores.com.br\/loja3\/wp-json\/wp\/v2\/types\/product"}],"replies":[{"embeddable":true,"href":"https:\/\/ponteseditores.com.br\/loja3\/wp-json\/wp\/v2\/comments?post=6758"}],"version-history":[{"count":0,"href":"https:\/\/ponteseditores.com.br\/loja3\/wp-json\/wp\/v2\/product\/6758\/revisions"}],"wp:featuredmedia":[{"embeddable":true,"href":"https:\/\/ponteseditores.com.br\/loja3\/wp-json\/wp\/v2\/media\/6666"}],"wp:attachment":[{"href":"https:\/\/ponteseditores.com.br\/loja3\/wp-json\/wp\/v2\/media?parent=6758"}],"wp:term":[{"taxonomy":"product_brand","embeddable":true,"href":"https:\/\/ponteseditores.com.br\/loja3\/wp-json\/wp\/v2\/product_brand?post=6758"},{"taxonomy":"product_cat","embeddable":true,"href":"https:\/\/ponteseditores.com.br\/loja3\/wp-json\/wp\/v2\/product_cat?post=6758"},{"taxonomy":"product_tag","embeddable":true,"href":"https:\/\/ponteseditores.com.br\/loja3\/wp-json\/wp\/v2\/product_tag?post=6758"}],"curies":[{"name":"wp","href":"https:\/\/api.w.org\/{rel}","templated":true}]}}