{"id":6716,"date":"2023-12-12T10:42:31","date_gmt":"2023-12-12T13:42:31","guid":{"rendered":"https:\/\/ponteseditores.com.br\/loja3\/?post_type=product&#038;p=6716"},"modified":"2024-01-10T17:24:59","modified_gmt":"2024-01-10T20:24:59","slug":"rupturas-e-desdobramentos","status":"publish","type":"product","link":"https:\/\/ponteseditores.com.br\/loja3\/pontes-editores-home-2__trashed\/arte\/rupturas-e-desdobramentos\/","title":{"rendered":"RUPTURAS E DESDOBRAMENTOS"},"content":{"rendered":"<p class=\"p1\">S\u00e3o diversas as reverbera\u00e7\u00f5es invocadas pelos textos de Maria L\u00facia Outeiro Fernandes em torno das comemora\u00e7\u00f5es do centen\u00e1rio da Semana de Arte Moderna.<\/p>\n<p class=\"p1\">Reunindo nove ensaios, distribu\u00eddos em duas se\u00e7\u00f5es \u2013 \u201cA Semana e a Busca da Identidade Brasileira\u201d e \u201cReverbera\u00e7\u00f5es Cr\u00edticas da Semana\u201d \u2212 que podem ser lidos de maneira independente ou interligados, o livro constitui um roteiro de reflex\u00e3o e de estudo para aqueles que pretendem conhecer os caminhos do modernismo no Brasil, desde a Semana at\u00e9 os dias de hoje. Entre as principais contribui\u00e7\u00f5es da autora, merece destaque a \u00eanfase dada aos documentos hist\u00f3ricos para a compreens\u00e3o das propostas modernistas, para o conhecimento dos grupos e desdobramentos e, acima de tudo, para uma abordagem que n\u00e3o descarta as tens\u00f5es internas nem a pluralidade de tend\u00eancias do movimento de 1922.<\/p>\n<p class=\"p1\">As reverbera\u00e7\u00f5es suscitadas v\u00e3o fazendo emergir, ao longo dos cap\u00edtulos, o paradoxo central do movimento que se prop\u00f4s a romper com a tradi\u00e7\u00e3o, ao mesmo tempo que buscava nela os procedimentos e as motiva\u00e7\u00f5es impl\u00edcitas no projeto de cria\u00e7\u00e3o de uma arte genuinamente brasileira. Outro destaque relevante s\u00e3o as reverbera\u00e7\u00f5es de conceitos e procedimentos est\u00e9ticos que sofreram altera\u00e7\u00f5es significativas, ganharam novas fun\u00e7\u00f5es, mas continuam de certa forma alimentando artistas e escritores contempor\u00e2neos, afinados com as novas demandas surgidas no contexto social, as quais v\u00eam impactando, nos \u00faltimos anos, a \u00e1rea de Estudos Liter\u00e1rios.<\/p>\n<p class=\"p1\">A linguagem em tom de conversa, ressaltada pelo prefaciador, Alex Dias, assegura uma leitura agrad\u00e1vel, que atrai o leitor leigo, n\u00e3o acad\u00eamico, sem preju\u00edzo da profundidade das abordagens e an\u00e1lises empreendidas, ou das necess\u00e1rias refer\u00eancias \u00e0s fontes bibliogr\u00e1ficas, imprescind\u00edveis num bom roteiro de estudo. Paulo Andrade \u2013 UNESP\/Araraquara<\/p>\n","protected":false},"excerpt":{"rendered":"<h4 class=\"p1\">Reverbera\u00e7\u00f5es Cr\u00edticas da Semana de Arte Moderna<\/h4>\n<p>S\u00e3o diversas as reverbera\u00e7\u00f5es invocadas pelos textos de Maria L\u00facia Outeiro Fernandes em torno das comemora\u00e7\u00f5es do centen\u00e1rio da Semana de Arte Moderna.<\/p>\n","protected":false},"featured_media":6549,"comment_status":"open","ping_status":"closed","template":"","meta":{"_joinchat":[]},"product_brand":[],"product_cat":[341],"product_tag":[],"class_list":{"0":"post-6716","1":"product","2":"type-product","3":"status-publish","4":"has-post-thumbnail","6":"product_cat-arte","7":"product_shipping_class-livro-pontes-editores-fisico","9":"first","10":"instock","11":"shipping-taxable","12":"purchasable","13":"product-type-simple"},"yoast_head":"<!-- This site is optimized with the Yoast SEO plugin v27.4 - https:\/\/yoast.com\/product\/yoast-seo-wordpress\/ -->\n<title>RUPTURAS E DESDOBRAMENTOS - Pontes Editores<\/title>\n<meta name=\"robots\" content=\"index, follow, max-snippet:-1, max-image-preview:large, max-video-preview:-1\" \/>\n<link rel=\"canonical\" href=\"https:\/\/ponteseditores.com.br\/loja3\/pontes-editores-home-2__trashed\/arte\/rupturas-e-desdobramentos\/\" \/>\n<meta property=\"og:locale\" content=\"pt_BR\" \/>\n<meta property=\"og:type\" content=\"article\" \/>\n<meta property=\"og:title\" content=\"RUPTURAS E DESDOBRAMENTOS - Pontes Editores\" \/>\n<meta property=\"og:description\" content=\"Reverbera\u00e7\u00f5es Cr\u00edticas da Semana de Arte Moderna S\u00e3o diversas as reverbera\u00e7\u00f5es invocadas pelos textos de Maria L\u00facia Outeiro Fernandes em torno das comemora\u00e7\u00f5es do centen\u00e1rio da Semana de Arte Moderna.\" \/>\n<meta property=\"og:url\" content=\"https:\/\/ponteseditores.com.br\/loja3\/pontes-editores-home-2__trashed\/arte\/rupturas-e-desdobramentos\/\" \/>\n<meta property=\"og:site_name\" content=\"Pontes Editores\" \/>\n<meta property=\"article:modified_time\" content=\"2024-01-10T20:24:59+00:00\" \/>\n<meta property=\"og:image\" content=\"https:\/\/ponteseditores.com.br\/loja3\/wp-content\/uploads\/2023\/12\/rupturas-e-desdobramentos-capa-.jpg\" \/>\n\t<meta property=\"og:image:width\" content=\"1500\" \/>\n\t<meta property=\"og:image:height\" content=\"2121\" \/>\n\t<meta property=\"og:image:type\" content=\"image\/jpeg\" \/>\n<meta name=\"twitter:card\" content=\"summary_large_image\" \/>\n<meta name=\"twitter:label1\" content=\"Est. tempo de leitura\" \/>\n\t<meta name=\"twitter:data1\" content=\"2 minutos\" \/>\n<script type=\"application\/ld+json\" class=\"yoast-schema-graph\">{\"@context\":\"https:\\\/\\\/schema.org\",\"@graph\":[{\"@type\":\"WebPage\",\"@id\":\"https:\\\/\\\/ponteseditores.com.br\\\/loja3\\\/pontes-editores-home-2__trashed\\\/arte\\\/rupturas-e-desdobramentos\\\/\",\"url\":\"https:\\\/\\\/ponteseditores.com.br\\\/loja3\\\/pontes-editores-home-2__trashed\\\/arte\\\/rupturas-e-desdobramentos\\\/\",\"name\":\"RUPTURAS E DESDOBRAMENTOS - Pontes Editores\",\"isPartOf\":{\"@id\":\"https:\\\/\\\/ponteseditores.com.br\\\/loja3\\\/#website\"},\"primaryImageOfPage\":{\"@id\":\"https:\\\/\\\/ponteseditores.com.br\\\/loja3\\\/pontes-editores-home-2__trashed\\\/arte\\\/rupturas-e-desdobramentos\\\/#primaryimage\"},\"image\":{\"@id\":\"https:\\\/\\\/ponteseditores.com.br\\\/loja3\\\/pontes-editores-home-2__trashed\\\/arte\\\/rupturas-e-desdobramentos\\\/#primaryimage\"},\"thumbnailUrl\":\"https:\\\/\\\/ponteseditores.com.br\\\/loja3\\\/wp-content\\\/uploads\\\/2023\\\/12\\\/rupturas-e-desdobramentos-capa-.jpg\",\"datePublished\":\"2023-12-12T13:42:31+00:00\",\"dateModified\":\"2024-01-10T20:24:59+00:00\",\"breadcrumb\":{\"@id\":\"https:\\\/\\\/ponteseditores.com.br\\\/loja3\\\/pontes-editores-home-2__trashed\\\/arte\\\/rupturas-e-desdobramentos\\\/#breadcrumb\"},\"inLanguage\":\"pt-BR\",\"potentialAction\":[{\"@type\":\"ReadAction\",\"target\":[\"https:\\\/\\\/ponteseditores.com.br\\\/loja3\\\/pontes-editores-home-2__trashed\\\/arte\\\/rupturas-e-desdobramentos\\\/\"]}]},{\"@type\":\"ImageObject\",\"inLanguage\":\"pt-BR\",\"@id\":\"https:\\\/\\\/ponteseditores.com.br\\\/loja3\\\/pontes-editores-home-2__trashed\\\/arte\\\/rupturas-e-desdobramentos\\\/#primaryimage\",\"url\":\"https:\\\/\\\/ponteseditores.com.br\\\/loja3\\\/wp-content\\\/uploads\\\/2023\\\/12\\\/rupturas-e-desdobramentos-capa-.jpg\",\"contentUrl\":\"https:\\\/\\\/ponteseditores.com.br\\\/loja3\\\/wp-content\\\/uploads\\\/2023\\\/12\\\/rupturas-e-desdobramentos-capa-.jpg\",\"width\":1500,\"height\":2121},{\"@type\":\"BreadcrumbList\",\"@id\":\"https:\\\/\\\/ponteseditores.com.br\\\/loja3\\\/pontes-editores-home-2__trashed\\\/arte\\\/rupturas-e-desdobramentos\\\/#breadcrumb\",\"itemListElement\":[{\"@type\":\"ListItem\",\"position\":1,\"name\":\"Home\",\"item\":\"https:\\\/\\\/ponteseditores.com.br\\\/loja3\\\/\"},{\"@type\":\"ListItem\",\"position\":2,\"name\":\"loja\",\"item\":\"https:\\\/\\\/ponteseditores.com.br\\\/loja3\\\/loja\\\/\"},{\"@type\":\"ListItem\",\"position\":3,\"name\":\"RUPTURAS E DESDOBRAMENTOS\"}]},{\"@type\":\"WebSite\",\"@id\":\"https:\\\/\\\/ponteseditores.com.br\\\/loja3\\\/#website\",\"url\":\"https:\\\/\\\/ponteseditores.com.br\\\/loja3\\\/\",\"name\":\"Pontes Editores\",\"description\":\"Pontes Editores\",\"publisher\":{\"@id\":\"https:\\\/\\\/ponteseditores.com.br\\\/loja3\\\/#organization\"},\"potentialAction\":[{\"@type\":\"SearchAction\",\"target\":{\"@type\":\"EntryPoint\",\"urlTemplate\":\"https:\\\/\\\/ponteseditores.com.br\\\/loja3\\\/?s={search_term_string}\"},\"query-input\":{\"@type\":\"PropertyValueSpecification\",\"valueRequired\":true,\"valueName\":\"search_term_string\"}}],\"inLanguage\":\"pt-BR\"},{\"@type\":\"Organization\",\"@id\":\"https:\\\/\\\/ponteseditores.com.br\\\/loja3\\\/#organization\",\"name\":\"Pontes Editores\",\"url\":\"https:\\\/\\\/ponteseditores.com.br\\\/loja3\\\/\",\"logo\":{\"@type\":\"ImageObject\",\"inLanguage\":\"pt-BR\",\"@id\":\"https:\\\/\\\/ponteseditores.com.br\\\/loja3\\\/#\\\/schema\\\/logo\\\/image\\\/\",\"url\":\"https:\\\/\\\/ponteseditores.com.br\\\/loja3\\\/wp-content\\\/uploads\\\/2023\\\/12\\\/logo-pontes-editores-v2.png\",\"contentUrl\":\"https:\\\/\\\/ponteseditores.com.br\\\/loja3\\\/wp-content\\\/uploads\\\/2023\\\/12\\\/logo-pontes-editores-v2.png\",\"width\":258,\"height\":100,\"caption\":\"Pontes Editores\"},\"image\":{\"@id\":\"https:\\\/\\\/ponteseditores.com.br\\\/loja3\\\/#\\\/schema\\\/logo\\\/image\\\/\"}}]}<\/script>\n<!-- \/ Yoast SEO plugin. -->","yoast_head_json":{"title":"RUPTURAS E DESDOBRAMENTOS - Pontes Editores","robots":{"index":"index","follow":"follow","max-snippet":"max-snippet:-1","max-image-preview":"max-image-preview:large","max-video-preview":"max-video-preview:-1"},"canonical":"https:\/\/ponteseditores.com.br\/loja3\/pontes-editores-home-2__trashed\/arte\/rupturas-e-desdobramentos\/","og_locale":"pt_BR","og_type":"article","og_title":"RUPTURAS E DESDOBRAMENTOS - Pontes Editores","og_description":"Reverbera\u00e7\u00f5es Cr\u00edticas da Semana de Arte Moderna S\u00e3o diversas as reverbera\u00e7\u00f5es invocadas pelos textos de Maria L\u00facia Outeiro Fernandes em torno das comemora\u00e7\u00f5es do centen\u00e1rio da Semana de Arte Moderna.","og_url":"https:\/\/ponteseditores.com.br\/loja3\/pontes-editores-home-2__trashed\/arte\/rupturas-e-desdobramentos\/","og_site_name":"Pontes Editores","article_modified_time":"2024-01-10T20:24:59+00:00","og_image":[{"width":1500,"height":2121,"url":"https:\/\/ponteseditores.com.br\/loja3\/wp-content\/uploads\/2023\/12\/rupturas-e-desdobramentos-capa-.jpg","type":"image\/jpeg"}],"twitter_card":"summary_large_image","twitter_misc":{"Est. tempo de leitura":"2 minutos"},"schema":{"@context":"https:\/\/schema.org","@graph":[{"@type":"WebPage","@id":"https:\/\/ponteseditores.com.br\/loja3\/pontes-editores-home-2__trashed\/arte\/rupturas-e-desdobramentos\/","url":"https:\/\/ponteseditores.com.br\/loja3\/pontes-editores-home-2__trashed\/arte\/rupturas-e-desdobramentos\/","name":"RUPTURAS E DESDOBRAMENTOS - Pontes Editores","isPartOf":{"@id":"https:\/\/ponteseditores.com.br\/loja3\/#website"},"primaryImageOfPage":{"@id":"https:\/\/ponteseditores.com.br\/loja3\/pontes-editores-home-2__trashed\/arte\/rupturas-e-desdobramentos\/#primaryimage"},"image":{"@id":"https:\/\/ponteseditores.com.br\/loja3\/pontes-editores-home-2__trashed\/arte\/rupturas-e-desdobramentos\/#primaryimage"},"thumbnailUrl":"https:\/\/ponteseditores.com.br\/loja3\/wp-content\/uploads\/2023\/12\/rupturas-e-desdobramentos-capa-.jpg","datePublished":"2023-12-12T13:42:31+00:00","dateModified":"2024-01-10T20:24:59+00:00","breadcrumb":{"@id":"https:\/\/ponteseditores.com.br\/loja3\/pontes-editores-home-2__trashed\/arte\/rupturas-e-desdobramentos\/#breadcrumb"},"inLanguage":"pt-BR","potentialAction":[{"@type":"ReadAction","target":["https:\/\/ponteseditores.com.br\/loja3\/pontes-editores-home-2__trashed\/arte\/rupturas-e-desdobramentos\/"]}]},{"@type":"ImageObject","inLanguage":"pt-BR","@id":"https:\/\/ponteseditores.com.br\/loja3\/pontes-editores-home-2__trashed\/arte\/rupturas-e-desdobramentos\/#primaryimage","url":"https:\/\/ponteseditores.com.br\/loja3\/wp-content\/uploads\/2023\/12\/rupturas-e-desdobramentos-capa-.jpg","contentUrl":"https:\/\/ponteseditores.com.br\/loja3\/wp-content\/uploads\/2023\/12\/rupturas-e-desdobramentos-capa-.jpg","width":1500,"height":2121},{"@type":"BreadcrumbList","@id":"https:\/\/ponteseditores.com.br\/loja3\/pontes-editores-home-2__trashed\/arte\/rupturas-e-desdobramentos\/#breadcrumb","itemListElement":[{"@type":"ListItem","position":1,"name":"Home","item":"https:\/\/ponteseditores.com.br\/loja3\/"},{"@type":"ListItem","position":2,"name":"loja","item":"https:\/\/ponteseditores.com.br\/loja3\/loja\/"},{"@type":"ListItem","position":3,"name":"RUPTURAS E DESDOBRAMENTOS"}]},{"@type":"WebSite","@id":"https:\/\/ponteseditores.com.br\/loja3\/#website","url":"https:\/\/ponteseditores.com.br\/loja3\/","name":"Pontes Editores","description":"Pontes Editores","publisher":{"@id":"https:\/\/ponteseditores.com.br\/loja3\/#organization"},"potentialAction":[{"@type":"SearchAction","target":{"@type":"EntryPoint","urlTemplate":"https:\/\/ponteseditores.com.br\/loja3\/?s={search_term_string}"},"query-input":{"@type":"PropertyValueSpecification","valueRequired":true,"valueName":"search_term_string"}}],"inLanguage":"pt-BR"},{"@type":"Organization","@id":"https:\/\/ponteseditores.com.br\/loja3\/#organization","name":"Pontes Editores","url":"https:\/\/ponteseditores.com.br\/loja3\/","logo":{"@type":"ImageObject","inLanguage":"pt-BR","@id":"https:\/\/ponteseditores.com.br\/loja3\/#\/schema\/logo\/image\/","url":"https:\/\/ponteseditores.com.br\/loja3\/wp-content\/uploads\/2023\/12\/logo-pontes-editores-v2.png","contentUrl":"https:\/\/ponteseditores.com.br\/loja3\/wp-content\/uploads\/2023\/12\/logo-pontes-editores-v2.png","width":258,"height":100,"caption":"Pontes Editores"},"image":{"@id":"https:\/\/ponteseditores.com.br\/loja3\/#\/schema\/logo\/image\/"}}]}},"_links":{"self":[{"href":"https:\/\/ponteseditores.com.br\/loja3\/wp-json\/wp\/v2\/product\/6716","targetHints":{"allow":["GET"]}}],"collection":[{"href":"https:\/\/ponteseditores.com.br\/loja3\/wp-json\/wp\/v2\/product"}],"about":[{"href":"https:\/\/ponteseditores.com.br\/loja3\/wp-json\/wp\/v2\/types\/product"}],"replies":[{"embeddable":true,"href":"https:\/\/ponteseditores.com.br\/loja3\/wp-json\/wp\/v2\/comments?post=6716"}],"version-history":[{"count":0,"href":"https:\/\/ponteseditores.com.br\/loja3\/wp-json\/wp\/v2\/product\/6716\/revisions"}],"wp:featuredmedia":[{"embeddable":true,"href":"https:\/\/ponteseditores.com.br\/loja3\/wp-json\/wp\/v2\/media\/6549"}],"wp:attachment":[{"href":"https:\/\/ponteseditores.com.br\/loja3\/wp-json\/wp\/v2\/media?parent=6716"}],"wp:term":[{"taxonomy":"product_brand","embeddable":true,"href":"https:\/\/ponteseditores.com.br\/loja3\/wp-json\/wp\/v2\/product_brand?post=6716"},{"taxonomy":"product_cat","embeddable":true,"href":"https:\/\/ponteseditores.com.br\/loja3\/wp-json\/wp\/v2\/product_cat?post=6716"},{"taxonomy":"product_tag","embeddable":true,"href":"https:\/\/ponteseditores.com.br\/loja3\/wp-json\/wp\/v2\/product_tag?post=6716"}],"curies":[{"name":"wp","href":"https:\/\/api.w.org\/{rel}","templated":true}]}}