{"id":6459,"date":"2023-12-11T23:46:03","date_gmt":"2023-12-12T02:46:03","guid":{"rendered":"https:\/\/ponteseditores.com.br\/loja3\/?post_type=product&#038;p=6459"},"modified":"2024-01-12T14:16:39","modified_gmt":"2024-01-12T17:16:39","slug":"acomtece-na-pos-graduacao","status":"publish","type":"product","link":"https:\/\/ponteseditores.com.br\/loja3\/pontes-editores-home-2__trashed\/educacao\/acomtece-na-pos-graduacao\/","title":{"rendered":"aCOMTECe NA P\u00d3S GRADUA\u00c7\u00c3O"},"content":{"rendered":"<p class=\"p1\">Cole\u00e7\u00e3o Pocket Books aCOMTECe N\u00edveis de Ensino: da Educa\u00e7\u00e3o Infantil \u00e0 P\u00f3s-Gradua\u00e7\u00e3o tem o objetivo de promover a compreens\u00e3o da educa\u00e7\u00e3o cient\u00edfica corno processo que integra ci\u00eancia, tecnologia, linguagens, cultura e trabalho, a partir de pr\u00e1ticas de ensino-aprendizagem em todos os n\u00edveis de ensino. A educa\u00e7\u00e3o cient\u00edfica \u00e9 metamorfose: o conhecimento cient\u00edfico \u00e9 evolu\u00e7\u00e3o, o avan\u00e7o incremental do ser humano.<\/p>\n<p class=\"p1\">A simbologia escolhida \u00e9 a metamorfose da borboleta: Ovo &#8211; Educa\u00e7\u00e3o Infantil; Lagarta &#8211; Ensino Fundamental; Cris\u00e1lida (forma\u00e7\u00e3o) \u2013 Ensino M\u00e9dio; Cris\u00e1lida (eclos\u00e3o) &#8211; Gradua\u00e7\u00e3o; Imago &#8211; P\u00f3s-gradua\u00e7\u00e3o. Escrevemos, para educadores e educandos, urna cole\u00e7\u00e3o de 15 artigos did\u00e1ticos, organizados em cinco livros, com ideias e atividades para aplica\u00e7\u00e3o em sala de aula.<\/p>\n<p class=\"p1\">Cada cap\u00edtulo cont\u00e9m urna introdu\u00e7\u00e3o ao terna, considera\u00e7\u00f5es te\u00f3ricas, orienta\u00e7\u00f5es de corno colocar em pr\u00e1tica, com urna lista de ferramentas, relatos, exemplos e sugest\u00f5es de materiais, al\u00e9m de refer\u00eancias consultadas. Projeto Gr\u00e1fico: Giovana Armidoro Rab\u00ealo Website da cole\u00e7\u00e3o: https:\/\/sites.google.corn\/view\/colecaoacorntece-niveisdeensino ou pelo QRCode<\/p>\n","protected":false},"excerpt":{"rendered":"<p>Cole\u00e7\u00e3o Pocket Books aCOMTECe N\u00edveis de Ensino: da Educa\u00e7\u00e3o Infantil \u00e0 P\u00f3s-Gradua\u00e7\u00e3o tem o objetivo de promover a compreens\u00e3o da educa\u00e7\u00e3o cient\u00edfica corno processo que integra ci\u00eancia, tecnologia, linguagens, cultura e trabalho, a partir de pr\u00e1ticas de ensino-aprendizagem em todos os n\u00edveis de ensino. A educa\u00e7\u00e3o cient\u00edfica \u00e9 metamorfose: o conhecimento cient\u00edfico \u00e9 evolu\u00e7\u00e3o, o avan\u00e7o incremental do ser humano.<\/p>\n","protected":false},"featured_media":6163,"comment_status":"open","ping_status":"closed","template":"","meta":{"_joinchat":[]},"product_brand":[],"product_cat":[97,108],"product_tag":[],"class_list":{"0":"post-6459","1":"product","2":"type-product","3":"status-publish","4":"has-post-thumbnail","6":"product_cat-educacao","7":"product_cat-formacao-de-professores","8":"product_shipping_class-livro-pontes-editores-fisico","10":"first","11":"instock","12":"shipping-taxable","13":"purchasable","14":"product-type-simple"},"yoast_head":"<!-- This site is optimized with the Yoast SEO plugin v27.3 - https:\/\/yoast.com\/product\/yoast-seo-wordpress\/ -->\n<title>aCOMTECe NA P\u00d3S GRADUA\u00c7\u00c3O - Pontes Editores<\/title>\n<meta name=\"robots\" content=\"index, follow, max-snippet:-1, max-image-preview:large, max-video-preview:-1\" \/>\n<link rel=\"canonical\" href=\"https:\/\/ponteseditores.com.br\/loja3\/pontes-editores-home-2__trashed\/educacao\/acomtece-na-pos-graduacao\/\" \/>\n<meta property=\"og:locale\" content=\"pt_BR\" \/>\n<meta property=\"og:type\" content=\"article\" \/>\n<meta property=\"og:title\" content=\"aCOMTECe NA P\u00d3S GRADUA\u00c7\u00c3O - Pontes Editores\" \/>\n<meta property=\"og:description\" content=\"Cole\u00e7\u00e3o Pocket Books aCOMTECe N\u00edveis de Ensino: da Educa\u00e7\u00e3o Infantil \u00e0 P\u00f3s-Gradua\u00e7\u00e3o tem o objetivo de promover a compreens\u00e3o da educa\u00e7\u00e3o cient\u00edfica corno processo que integra ci\u00eancia, tecnologia, linguagens, cultura e trabalho, a partir de pr\u00e1ticas de ensino-aprendizagem em todos os n\u00edveis de ensino. A educa\u00e7\u00e3o cient\u00edfica \u00e9 metamorfose: o conhecimento cient\u00edfico \u00e9 evolu\u00e7\u00e3o, o avan\u00e7o incremental do ser humano.\" \/>\n<meta property=\"og:url\" content=\"https:\/\/ponteseditores.com.br\/loja3\/pontes-editores-home-2__trashed\/educacao\/acomtece-na-pos-graduacao\/\" \/>\n<meta property=\"og:site_name\" content=\"Pontes Editores\" \/>\n<meta property=\"article:modified_time\" content=\"2024-01-12T17:16:39+00:00\" \/>\n<meta property=\"og:image\" content=\"https:\/\/ponteseditores.com.br\/loja3\/wp-content\/uploads\/2023\/12\/acomtece-na-pos-graduacao-capa-1-2.jpg\" \/>\n\t<meta property=\"og:image:width\" content=\"1728\" \/>\n\t<meta property=\"og:image:height\" content=\"2443\" \/>\n\t<meta property=\"og:image:type\" content=\"image\/jpeg\" \/>\n<meta name=\"twitter:card\" content=\"summary_large_image\" \/>\n<meta name=\"twitter:label1\" content=\"Est. tempo de leitura\" \/>\n\t<meta name=\"twitter:data1\" content=\"2 minutos\" \/>\n<script type=\"application\/ld+json\" class=\"yoast-schema-graph\">{\"@context\":\"https:\\\/\\\/schema.org\",\"@graph\":[{\"@type\":\"WebPage\",\"@id\":\"https:\\\/\\\/ponteseditores.com.br\\\/loja3\\\/pontes-editores-home-2__trashed\\\/educacao\\\/acomtece-na-pos-graduacao\\\/\",\"url\":\"https:\\\/\\\/ponteseditores.com.br\\\/loja3\\\/pontes-editores-home-2__trashed\\\/educacao\\\/acomtece-na-pos-graduacao\\\/\",\"name\":\"aCOMTECe NA P\u00d3S GRADUA\u00c7\u00c3O - Pontes Editores\",\"isPartOf\":{\"@id\":\"https:\\\/\\\/ponteseditores.com.br\\\/loja3\\\/#website\"},\"primaryImageOfPage\":{\"@id\":\"https:\\\/\\\/ponteseditores.com.br\\\/loja3\\\/pontes-editores-home-2__trashed\\\/educacao\\\/acomtece-na-pos-graduacao\\\/#primaryimage\"},\"image\":{\"@id\":\"https:\\\/\\\/ponteseditores.com.br\\\/loja3\\\/pontes-editores-home-2__trashed\\\/educacao\\\/acomtece-na-pos-graduacao\\\/#primaryimage\"},\"thumbnailUrl\":\"https:\\\/\\\/ponteseditores.com.br\\\/loja3\\\/wp-content\\\/uploads\\\/2023\\\/12\\\/acomtece-na-pos-graduacao-capa-1-2.jpg\",\"datePublished\":\"2023-12-12T02:46:03+00:00\",\"dateModified\":\"2024-01-12T17:16:39+00:00\",\"breadcrumb\":{\"@id\":\"https:\\\/\\\/ponteseditores.com.br\\\/loja3\\\/pontes-editores-home-2__trashed\\\/educacao\\\/acomtece-na-pos-graduacao\\\/#breadcrumb\"},\"inLanguage\":\"pt-BR\",\"potentialAction\":[{\"@type\":\"ReadAction\",\"target\":[\"https:\\\/\\\/ponteseditores.com.br\\\/loja3\\\/pontes-editores-home-2__trashed\\\/educacao\\\/acomtece-na-pos-graduacao\\\/\"]}]},{\"@type\":\"ImageObject\",\"inLanguage\":\"pt-BR\",\"@id\":\"https:\\\/\\\/ponteseditores.com.br\\\/loja3\\\/pontes-editores-home-2__trashed\\\/educacao\\\/acomtece-na-pos-graduacao\\\/#primaryimage\",\"url\":\"https:\\\/\\\/ponteseditores.com.br\\\/loja3\\\/wp-content\\\/uploads\\\/2023\\\/12\\\/acomtece-na-pos-graduacao-capa-1-2.jpg\",\"contentUrl\":\"https:\\\/\\\/ponteseditores.com.br\\\/loja3\\\/wp-content\\\/uploads\\\/2023\\\/12\\\/acomtece-na-pos-graduacao-capa-1-2.jpg\",\"width\":1728,\"height\":2443},{\"@type\":\"BreadcrumbList\",\"@id\":\"https:\\\/\\\/ponteseditores.com.br\\\/loja3\\\/pontes-editores-home-2__trashed\\\/educacao\\\/acomtece-na-pos-graduacao\\\/#breadcrumb\",\"itemListElement\":[{\"@type\":\"ListItem\",\"position\":1,\"name\":\"Home\",\"item\":\"https:\\\/\\\/ponteseditores.com.br\\\/loja3\\\/\"},{\"@type\":\"ListItem\",\"position\":2,\"name\":\"loja\",\"item\":\"https:\\\/\\\/ponteseditores.com.br\\\/loja3\\\/loja\\\/\"},{\"@type\":\"ListItem\",\"position\":3,\"name\":\"aCOMTECe NA P\u00d3S GRADUA\u00c7\u00c3O\"}]},{\"@type\":\"WebSite\",\"@id\":\"https:\\\/\\\/ponteseditores.com.br\\\/loja3\\\/#website\",\"url\":\"https:\\\/\\\/ponteseditores.com.br\\\/loja3\\\/\",\"name\":\"Pontes Editores\",\"description\":\"Pontes Editores\",\"publisher\":{\"@id\":\"https:\\\/\\\/ponteseditores.com.br\\\/loja3\\\/#organization\"},\"potentialAction\":[{\"@type\":\"SearchAction\",\"target\":{\"@type\":\"EntryPoint\",\"urlTemplate\":\"https:\\\/\\\/ponteseditores.com.br\\\/loja3\\\/?s={search_term_string}\"},\"query-input\":{\"@type\":\"PropertyValueSpecification\",\"valueRequired\":true,\"valueName\":\"search_term_string\"}}],\"inLanguage\":\"pt-BR\"},{\"@type\":\"Organization\",\"@id\":\"https:\\\/\\\/ponteseditores.com.br\\\/loja3\\\/#organization\",\"name\":\"Pontes Editores\",\"url\":\"https:\\\/\\\/ponteseditores.com.br\\\/loja3\\\/\",\"logo\":{\"@type\":\"ImageObject\",\"inLanguage\":\"pt-BR\",\"@id\":\"https:\\\/\\\/ponteseditores.com.br\\\/loja3\\\/#\\\/schema\\\/logo\\\/image\\\/\",\"url\":\"https:\\\/\\\/ponteseditores.com.br\\\/loja3\\\/wp-content\\\/uploads\\\/2023\\\/12\\\/logo-pontes-editores-v2.png\",\"contentUrl\":\"https:\\\/\\\/ponteseditores.com.br\\\/loja3\\\/wp-content\\\/uploads\\\/2023\\\/12\\\/logo-pontes-editores-v2.png\",\"width\":258,\"height\":100,\"caption\":\"Pontes Editores\"},\"image\":{\"@id\":\"https:\\\/\\\/ponteseditores.com.br\\\/loja3\\\/#\\\/schema\\\/logo\\\/image\\\/\"}}]}<\/script>\n<!-- \/ Yoast SEO plugin. -->","yoast_head_json":{"title":"aCOMTECe NA P\u00d3S GRADUA\u00c7\u00c3O - Pontes Editores","robots":{"index":"index","follow":"follow","max-snippet":"max-snippet:-1","max-image-preview":"max-image-preview:large","max-video-preview":"max-video-preview:-1"},"canonical":"https:\/\/ponteseditores.com.br\/loja3\/pontes-editores-home-2__trashed\/educacao\/acomtece-na-pos-graduacao\/","og_locale":"pt_BR","og_type":"article","og_title":"aCOMTECe NA P\u00d3S GRADUA\u00c7\u00c3O - Pontes Editores","og_description":"Cole\u00e7\u00e3o Pocket Books aCOMTECe N\u00edveis de Ensino: da Educa\u00e7\u00e3o Infantil \u00e0 P\u00f3s-Gradua\u00e7\u00e3o tem o objetivo de promover a compreens\u00e3o da educa\u00e7\u00e3o cient\u00edfica corno processo que integra ci\u00eancia, tecnologia, linguagens, cultura e trabalho, a partir de pr\u00e1ticas de ensino-aprendizagem em todos os n\u00edveis de ensino. A educa\u00e7\u00e3o cient\u00edfica \u00e9 metamorfose: o conhecimento cient\u00edfico \u00e9 evolu\u00e7\u00e3o, o avan\u00e7o incremental do ser humano.","og_url":"https:\/\/ponteseditores.com.br\/loja3\/pontes-editores-home-2__trashed\/educacao\/acomtece-na-pos-graduacao\/","og_site_name":"Pontes Editores","article_modified_time":"2024-01-12T17:16:39+00:00","og_image":[{"width":1728,"height":2443,"url":"https:\/\/ponteseditores.com.br\/loja3\/wp-content\/uploads\/2023\/12\/acomtece-na-pos-graduacao-capa-1-2.jpg","type":"image\/jpeg"}],"twitter_card":"summary_large_image","twitter_misc":{"Est. tempo de leitura":"2 minutos"},"schema":{"@context":"https:\/\/schema.org","@graph":[{"@type":"WebPage","@id":"https:\/\/ponteseditores.com.br\/loja3\/pontes-editores-home-2__trashed\/educacao\/acomtece-na-pos-graduacao\/","url":"https:\/\/ponteseditores.com.br\/loja3\/pontes-editores-home-2__trashed\/educacao\/acomtece-na-pos-graduacao\/","name":"aCOMTECe NA P\u00d3S GRADUA\u00c7\u00c3O - Pontes Editores","isPartOf":{"@id":"https:\/\/ponteseditores.com.br\/loja3\/#website"},"primaryImageOfPage":{"@id":"https:\/\/ponteseditores.com.br\/loja3\/pontes-editores-home-2__trashed\/educacao\/acomtece-na-pos-graduacao\/#primaryimage"},"image":{"@id":"https:\/\/ponteseditores.com.br\/loja3\/pontes-editores-home-2__trashed\/educacao\/acomtece-na-pos-graduacao\/#primaryimage"},"thumbnailUrl":"https:\/\/ponteseditores.com.br\/loja3\/wp-content\/uploads\/2023\/12\/acomtece-na-pos-graduacao-capa-1-2.jpg","datePublished":"2023-12-12T02:46:03+00:00","dateModified":"2024-01-12T17:16:39+00:00","breadcrumb":{"@id":"https:\/\/ponteseditores.com.br\/loja3\/pontes-editores-home-2__trashed\/educacao\/acomtece-na-pos-graduacao\/#breadcrumb"},"inLanguage":"pt-BR","potentialAction":[{"@type":"ReadAction","target":["https:\/\/ponteseditores.com.br\/loja3\/pontes-editores-home-2__trashed\/educacao\/acomtece-na-pos-graduacao\/"]}]},{"@type":"ImageObject","inLanguage":"pt-BR","@id":"https:\/\/ponteseditores.com.br\/loja3\/pontes-editores-home-2__trashed\/educacao\/acomtece-na-pos-graduacao\/#primaryimage","url":"https:\/\/ponteseditores.com.br\/loja3\/wp-content\/uploads\/2023\/12\/acomtece-na-pos-graduacao-capa-1-2.jpg","contentUrl":"https:\/\/ponteseditores.com.br\/loja3\/wp-content\/uploads\/2023\/12\/acomtece-na-pos-graduacao-capa-1-2.jpg","width":1728,"height":2443},{"@type":"BreadcrumbList","@id":"https:\/\/ponteseditores.com.br\/loja3\/pontes-editores-home-2__trashed\/educacao\/acomtece-na-pos-graduacao\/#breadcrumb","itemListElement":[{"@type":"ListItem","position":1,"name":"Home","item":"https:\/\/ponteseditores.com.br\/loja3\/"},{"@type":"ListItem","position":2,"name":"loja","item":"https:\/\/ponteseditores.com.br\/loja3\/loja\/"},{"@type":"ListItem","position":3,"name":"aCOMTECe NA P\u00d3S GRADUA\u00c7\u00c3O"}]},{"@type":"WebSite","@id":"https:\/\/ponteseditores.com.br\/loja3\/#website","url":"https:\/\/ponteseditores.com.br\/loja3\/","name":"Pontes Editores","description":"Pontes Editores","publisher":{"@id":"https:\/\/ponteseditores.com.br\/loja3\/#organization"},"potentialAction":[{"@type":"SearchAction","target":{"@type":"EntryPoint","urlTemplate":"https:\/\/ponteseditores.com.br\/loja3\/?s={search_term_string}"},"query-input":{"@type":"PropertyValueSpecification","valueRequired":true,"valueName":"search_term_string"}}],"inLanguage":"pt-BR"},{"@type":"Organization","@id":"https:\/\/ponteseditores.com.br\/loja3\/#organization","name":"Pontes Editores","url":"https:\/\/ponteseditores.com.br\/loja3\/","logo":{"@type":"ImageObject","inLanguage":"pt-BR","@id":"https:\/\/ponteseditores.com.br\/loja3\/#\/schema\/logo\/image\/","url":"https:\/\/ponteseditores.com.br\/loja3\/wp-content\/uploads\/2023\/12\/logo-pontes-editores-v2.png","contentUrl":"https:\/\/ponteseditores.com.br\/loja3\/wp-content\/uploads\/2023\/12\/logo-pontes-editores-v2.png","width":258,"height":100,"caption":"Pontes Editores"},"image":{"@id":"https:\/\/ponteseditores.com.br\/loja3\/#\/schema\/logo\/image\/"}}]}},"_links":{"self":[{"href":"https:\/\/ponteseditores.com.br\/loja3\/wp-json\/wp\/v2\/product\/6459","targetHints":{"allow":["GET"]}}],"collection":[{"href":"https:\/\/ponteseditores.com.br\/loja3\/wp-json\/wp\/v2\/product"}],"about":[{"href":"https:\/\/ponteseditores.com.br\/loja3\/wp-json\/wp\/v2\/types\/product"}],"replies":[{"embeddable":true,"href":"https:\/\/ponteseditores.com.br\/loja3\/wp-json\/wp\/v2\/comments?post=6459"}],"version-history":[{"count":0,"href":"https:\/\/ponteseditores.com.br\/loja3\/wp-json\/wp\/v2\/product\/6459\/revisions"}],"wp:featuredmedia":[{"embeddable":true,"href":"https:\/\/ponteseditores.com.br\/loja3\/wp-json\/wp\/v2\/media\/6163"}],"wp:attachment":[{"href":"https:\/\/ponteseditores.com.br\/loja3\/wp-json\/wp\/v2\/media?parent=6459"}],"wp:term":[{"taxonomy":"product_brand","embeddable":true,"href":"https:\/\/ponteseditores.com.br\/loja3\/wp-json\/wp\/v2\/product_brand?post=6459"},{"taxonomy":"product_cat","embeddable":true,"href":"https:\/\/ponteseditores.com.br\/loja3\/wp-json\/wp\/v2\/product_cat?post=6459"},{"taxonomy":"product_tag","embeddable":true,"href":"https:\/\/ponteseditores.com.br\/loja3\/wp-json\/wp\/v2\/product_tag?post=6459"}],"curies":[{"name":"wp","href":"https:\/\/api.w.org\/{rel}","templated":true}]}}