{"id":6451,"date":"2023-12-11T23:25:17","date_gmt":"2023-12-12T02:25:17","guid":{"rendered":"https:\/\/ponteseditores.com.br\/loja3\/?post_type=product&#038;p=6451"},"modified":"2024-01-15T11:35:19","modified_gmt":"2024-01-15T14:35:19","slug":"analise-de-discurso-critica","status":"publish","type":"product","link":"https:\/\/ponteseditores.com.br\/loja3\/pontes-editores-home-2__trashed\/linguistica\/analise-de-discurso-critica\/","title":{"rendered":"AN\u00c1LISE DE DISCURSO CR\u00cdTICA"},"content":{"rendered":"<p class=\"p1\">O Grupo de Pesquisa em An\u00e1lise de Discurso Cr\u00edtica da Universidade Estadual do Cear\u00e1, nosso GPADC\/UECE, inst\u00e2ncia coletiva da qual emerge a proposta deste livro, congrega pesquisadores\/ as interessados\/ as nos estudos cr\u00edticos da linguagem e objetiva, de modo geral, desenvolver investiga\u00e7\u00f5es que analisem objetos de pesquisa constru\u00eddos \u00e0 luz da concep\u00e7\u00e3o de linguagem como pr\u00e1tica social, voltando-se para o desenvolvimento de pesquisas sobre representa\u00e7\u00f5es, ideologias, letramentos, discurso de\/ sobre grupos minorit\u00e1rios e\/ ou em situa\u00e7\u00e3o de vulnerabilidade social, identidades, desconstru\u00e7\u00e3o de rela\u00e7\u00f5es assim\u00e9tricas de poder e descoloniza\u00e7\u00e3o do saber.<\/p>\n<p class=\"p1\">No \u00e2mbito do GPADC, reconhecemos que \u00e9 preciso marcar politicamente o lugar epistemol\u00f3gico do qual falamos: a Lingu\u00edstica Aplicada (LA), que nos possibilita disseminar nossos ideais enquanto grupo de pesquisa, a saber: \u00b7 praticar a produ\u00e7\u00e3o democr\u00e1tica do conhecimento; \u00b7 possibilitar amplo acesso aos bens produzidos academicamente; \u00b7 combater rela\u00e7\u00f5es de poder que se instauram na universidade e fora dela.<\/p>\n<p class=\"p1\">A partir destes ideais, a presente obra d\u00e1 seguimento \u00e0s discuss\u00f5es lan\u00e7adas em An\u00e1lise de Discurso Cr\u00edtica: conceitos- chave e apresenta \u00e0 comunidade acad\u00eamica, em perspectiva transdisciplinar, 20 cap\u00edtulos em que executamos exerc\u00edcios de interpreta\u00e7\u00e3o de dados a partir das seguintes categorias anal\u00edticas caras aos estudos em ADC: interdiscursividade, representa\u00e7\u00e3o de atores sociais, transitividade, controle interacional, intertextualidade, condi\u00e7\u00f5es de produ\u00e7\u00e3o, g\u00eaneros discursivos, representa\u00e7\u00f5es discursivas, cortesia-descortesia lingu\u00edstica, polariza\u00e7\u00e3o ideol\u00f3gica, modos de opera\u00e7\u00e3o da ideologia, impl\u00edcitos, ethos, modalidade, met\u00e1fora, coes\u00e3o e coer\u00eancia, modelos mentais, avalia\u00e7\u00e3o, heterogeneidade enunciativa e lexicaliza\u00e7\u00e3o. Importa destacar que, atualmente, j\u00e1 somos quase 100 pesquisadores\/ as reunidos\/as no grupo, entre professores\/as, estudantes de gradua\u00e7\u00e3o e de p\u00f3s-gradua\u00e7\u00e3o e profissionais diversos\/ as de diversas \u00e1reas do<span class=\"Apple-converted-space\">\u00a0 <\/span>conhecimento! E isso \u00e9 algo de que nos orgulhamos muito: nosso grupo de pesquisa \u00e9 aberto a todos\/ as que nos procuram, sem qualquer tipo de restri\u00e7\u00e3o! Quer se juntar a n\u00f3s no GPADC? Vem!!<\/p>\n","protected":false},"excerpt":{"rendered":"<h4 class=\"p1\">Exerc\u00edcios anal\u00edticos<\/h4>\n<p>O Grupo de Pesquisa em An\u00e1lise de Discurso Cr\u00edtica da Universidade Estadual do Cear\u00e1, nosso GPADC\/UECE, inst\u00e2ncia coletiva da qual emerge a proposta deste livro, congrega pesquisadores\/ as interessados\/ as nos estudos cr\u00edticos da linguagem e objetiva, de modo geral, desenvolver investiga\u00e7\u00f5es que analisem objetos de pesquisa constru\u00eddos \u00e0 luz da concep\u00e7\u00e3o de linguagem como pr\u00e1tica social,<\/p>\n","protected":false},"featured_media":6166,"comment_status":"open","ping_status":"closed","template":"","meta":{"_joinchat":[]},"product_brand":[],"product_cat":[36,31],"product_tag":[],"class_list":{"0":"post-6451","1":"product","2":"type-product","3":"status-publish","4":"has-post-thumbnail","6":"product_cat-analise-do-discurso","7":"product_cat-linguistica","8":"product_shipping_class-livro-pontes-editores-fisico","10":"first","11":"outofstock","12":"shipping-taxable","13":"purchasable","14":"product-type-simple"},"yoast_head":"<!-- This site is optimized with the Yoast SEO plugin v27.4 - https:\/\/yoast.com\/product\/yoast-seo-wordpress\/ -->\n<title>AN\u00c1LISE DE DISCURSO CR\u00cdTICA - Pontes Editores<\/title>\n<meta name=\"robots\" content=\"index, follow, max-snippet:-1, max-image-preview:large, max-video-preview:-1\" \/>\n<link rel=\"canonical\" href=\"https:\/\/ponteseditores.com.br\/loja3\/pontes-editores-home-2__trashed\/linguistica\/analise-de-discurso-critica\/\" \/>\n<meta property=\"og:locale\" content=\"pt_BR\" \/>\n<meta property=\"og:type\" content=\"article\" \/>\n<meta property=\"og:title\" content=\"AN\u00c1LISE DE DISCURSO CR\u00cdTICA - Pontes Editores\" \/>\n<meta property=\"og:description\" content=\"Exerc\u00edcios anal\u00edticos O Grupo de Pesquisa em An\u00e1lise de Discurso Cr\u00edtica da Universidade Estadual do Cear\u00e1, nosso GPADC\/UECE, inst\u00e2ncia coletiva da qual emerge a proposta deste livro, congrega pesquisadores\/ as interessados\/ as nos estudos cr\u00edticos da linguagem e objetiva, de modo geral, desenvolver investiga\u00e7\u00f5es que analisem objetos de pesquisa constru\u00eddos \u00e0 luz da concep\u00e7\u00e3o de linguagem como pr\u00e1tica social,\" \/>\n<meta property=\"og:url\" content=\"https:\/\/ponteseditores.com.br\/loja3\/pontes-editores-home-2__trashed\/linguistica\/analise-de-discurso-critica\/\" \/>\n<meta property=\"og:site_name\" content=\"Pontes Editores\" \/>\n<meta property=\"article:modified_time\" content=\"2024-01-15T14:35:19+00:00\" \/>\n<meta property=\"og:image\" content=\"https:\/\/ponteseditores.com.br\/loja3\/wp-content\/uploads\/2023\/12\/analise-de-discurso-critica-.-capa-2.jpg\" \/>\n\t<meta property=\"og:image:width\" content=\"1728\" \/>\n\t<meta property=\"og:image:height\" content=\"2443\" \/>\n\t<meta property=\"og:image:type\" content=\"image\/jpeg\" \/>\n<meta name=\"twitter:card\" content=\"summary_large_image\" \/>\n<meta name=\"twitter:label1\" content=\"Est. tempo de leitura\" \/>\n\t<meta name=\"twitter:data1\" content=\"2 minutos\" \/>\n<script type=\"application\/ld+json\" class=\"yoast-schema-graph\">{\"@context\":\"https:\\\/\\\/schema.org\",\"@graph\":[{\"@type\":\"WebPage\",\"@id\":\"https:\\\/\\\/ponteseditores.com.br\\\/loja3\\\/pontes-editores-home-2__trashed\\\/linguistica\\\/analise-de-discurso-critica\\\/\",\"url\":\"https:\\\/\\\/ponteseditores.com.br\\\/loja3\\\/pontes-editores-home-2__trashed\\\/linguistica\\\/analise-de-discurso-critica\\\/\",\"name\":\"AN\u00c1LISE DE DISCURSO CR\u00cdTICA - Pontes Editores\",\"isPartOf\":{\"@id\":\"https:\\\/\\\/ponteseditores.com.br\\\/loja3\\\/#website\"},\"primaryImageOfPage\":{\"@id\":\"https:\\\/\\\/ponteseditores.com.br\\\/loja3\\\/pontes-editores-home-2__trashed\\\/linguistica\\\/analise-de-discurso-critica\\\/#primaryimage\"},\"image\":{\"@id\":\"https:\\\/\\\/ponteseditores.com.br\\\/loja3\\\/pontes-editores-home-2__trashed\\\/linguistica\\\/analise-de-discurso-critica\\\/#primaryimage\"},\"thumbnailUrl\":\"https:\\\/\\\/ponteseditores.com.br\\\/loja3\\\/wp-content\\\/uploads\\\/2023\\\/12\\\/analise-de-discurso-critica-.-capa-2.jpg\",\"datePublished\":\"2023-12-12T02:25:17+00:00\",\"dateModified\":\"2024-01-15T14:35:19+00:00\",\"breadcrumb\":{\"@id\":\"https:\\\/\\\/ponteseditores.com.br\\\/loja3\\\/pontes-editores-home-2__trashed\\\/linguistica\\\/analise-de-discurso-critica\\\/#breadcrumb\"},\"inLanguage\":\"pt-BR\",\"potentialAction\":[{\"@type\":\"ReadAction\",\"target\":[\"https:\\\/\\\/ponteseditores.com.br\\\/loja3\\\/pontes-editores-home-2__trashed\\\/linguistica\\\/analise-de-discurso-critica\\\/\"]}]},{\"@type\":\"ImageObject\",\"inLanguage\":\"pt-BR\",\"@id\":\"https:\\\/\\\/ponteseditores.com.br\\\/loja3\\\/pontes-editores-home-2__trashed\\\/linguistica\\\/analise-de-discurso-critica\\\/#primaryimage\",\"url\":\"https:\\\/\\\/ponteseditores.com.br\\\/loja3\\\/wp-content\\\/uploads\\\/2023\\\/12\\\/analise-de-discurso-critica-.-capa-2.jpg\",\"contentUrl\":\"https:\\\/\\\/ponteseditores.com.br\\\/loja3\\\/wp-content\\\/uploads\\\/2023\\\/12\\\/analise-de-discurso-critica-.-capa-2.jpg\",\"width\":1728,\"height\":2443},{\"@type\":\"BreadcrumbList\",\"@id\":\"https:\\\/\\\/ponteseditores.com.br\\\/loja3\\\/pontes-editores-home-2__trashed\\\/linguistica\\\/analise-de-discurso-critica\\\/#breadcrumb\",\"itemListElement\":[{\"@type\":\"ListItem\",\"position\":1,\"name\":\"Home\",\"item\":\"https:\\\/\\\/ponteseditores.com.br\\\/loja3\\\/\"},{\"@type\":\"ListItem\",\"position\":2,\"name\":\"loja\",\"item\":\"https:\\\/\\\/ponteseditores.com.br\\\/loja3\\\/loja\\\/\"},{\"@type\":\"ListItem\",\"position\":3,\"name\":\"AN\u00c1LISE DE DISCURSO CR\u00cdTICA\"}]},{\"@type\":\"WebSite\",\"@id\":\"https:\\\/\\\/ponteseditores.com.br\\\/loja3\\\/#website\",\"url\":\"https:\\\/\\\/ponteseditores.com.br\\\/loja3\\\/\",\"name\":\"Pontes Editores\",\"description\":\"Pontes Editores\",\"publisher\":{\"@id\":\"https:\\\/\\\/ponteseditores.com.br\\\/loja3\\\/#organization\"},\"potentialAction\":[{\"@type\":\"SearchAction\",\"target\":{\"@type\":\"EntryPoint\",\"urlTemplate\":\"https:\\\/\\\/ponteseditores.com.br\\\/loja3\\\/?s={search_term_string}\"},\"query-input\":{\"@type\":\"PropertyValueSpecification\",\"valueRequired\":true,\"valueName\":\"search_term_string\"}}],\"inLanguage\":\"pt-BR\"},{\"@type\":\"Organization\",\"@id\":\"https:\\\/\\\/ponteseditores.com.br\\\/loja3\\\/#organization\",\"name\":\"Pontes Editores\",\"url\":\"https:\\\/\\\/ponteseditores.com.br\\\/loja3\\\/\",\"logo\":{\"@type\":\"ImageObject\",\"inLanguage\":\"pt-BR\",\"@id\":\"https:\\\/\\\/ponteseditores.com.br\\\/loja3\\\/#\\\/schema\\\/logo\\\/image\\\/\",\"url\":\"https:\\\/\\\/ponteseditores.com.br\\\/loja3\\\/wp-content\\\/uploads\\\/2023\\\/12\\\/logo-pontes-editores-v2.png\",\"contentUrl\":\"https:\\\/\\\/ponteseditores.com.br\\\/loja3\\\/wp-content\\\/uploads\\\/2023\\\/12\\\/logo-pontes-editores-v2.png\",\"width\":258,\"height\":100,\"caption\":\"Pontes Editores\"},\"image\":{\"@id\":\"https:\\\/\\\/ponteseditores.com.br\\\/loja3\\\/#\\\/schema\\\/logo\\\/image\\\/\"}}]}<\/script>\n<!-- \/ Yoast SEO plugin. -->","yoast_head_json":{"title":"AN\u00c1LISE DE DISCURSO CR\u00cdTICA - Pontes Editores","robots":{"index":"index","follow":"follow","max-snippet":"max-snippet:-1","max-image-preview":"max-image-preview:large","max-video-preview":"max-video-preview:-1"},"canonical":"https:\/\/ponteseditores.com.br\/loja3\/pontes-editores-home-2__trashed\/linguistica\/analise-de-discurso-critica\/","og_locale":"pt_BR","og_type":"article","og_title":"AN\u00c1LISE DE DISCURSO CR\u00cdTICA - Pontes Editores","og_description":"Exerc\u00edcios anal\u00edticos O Grupo de Pesquisa em An\u00e1lise de Discurso Cr\u00edtica da Universidade Estadual do Cear\u00e1, nosso GPADC\/UECE, inst\u00e2ncia coletiva da qual emerge a proposta deste livro, congrega pesquisadores\/ as interessados\/ as nos estudos cr\u00edticos da linguagem e objetiva, de modo geral, desenvolver investiga\u00e7\u00f5es que analisem objetos de pesquisa constru\u00eddos \u00e0 luz da concep\u00e7\u00e3o de linguagem como pr\u00e1tica social,","og_url":"https:\/\/ponteseditores.com.br\/loja3\/pontes-editores-home-2__trashed\/linguistica\/analise-de-discurso-critica\/","og_site_name":"Pontes Editores","article_modified_time":"2024-01-15T14:35:19+00:00","og_image":[{"width":1728,"height":2443,"url":"https:\/\/ponteseditores.com.br\/loja3\/wp-content\/uploads\/2023\/12\/analise-de-discurso-critica-.-capa-2.jpg","type":"image\/jpeg"}],"twitter_card":"summary_large_image","twitter_misc":{"Est. tempo de leitura":"2 minutos"},"schema":{"@context":"https:\/\/schema.org","@graph":[{"@type":"WebPage","@id":"https:\/\/ponteseditores.com.br\/loja3\/pontes-editores-home-2__trashed\/linguistica\/analise-de-discurso-critica\/","url":"https:\/\/ponteseditores.com.br\/loja3\/pontes-editores-home-2__trashed\/linguistica\/analise-de-discurso-critica\/","name":"AN\u00c1LISE DE DISCURSO CR\u00cdTICA - Pontes Editores","isPartOf":{"@id":"https:\/\/ponteseditores.com.br\/loja3\/#website"},"primaryImageOfPage":{"@id":"https:\/\/ponteseditores.com.br\/loja3\/pontes-editores-home-2__trashed\/linguistica\/analise-de-discurso-critica\/#primaryimage"},"image":{"@id":"https:\/\/ponteseditores.com.br\/loja3\/pontes-editores-home-2__trashed\/linguistica\/analise-de-discurso-critica\/#primaryimage"},"thumbnailUrl":"https:\/\/ponteseditores.com.br\/loja3\/wp-content\/uploads\/2023\/12\/analise-de-discurso-critica-.-capa-2.jpg","datePublished":"2023-12-12T02:25:17+00:00","dateModified":"2024-01-15T14:35:19+00:00","breadcrumb":{"@id":"https:\/\/ponteseditores.com.br\/loja3\/pontes-editores-home-2__trashed\/linguistica\/analise-de-discurso-critica\/#breadcrumb"},"inLanguage":"pt-BR","potentialAction":[{"@type":"ReadAction","target":["https:\/\/ponteseditores.com.br\/loja3\/pontes-editores-home-2__trashed\/linguistica\/analise-de-discurso-critica\/"]}]},{"@type":"ImageObject","inLanguage":"pt-BR","@id":"https:\/\/ponteseditores.com.br\/loja3\/pontes-editores-home-2__trashed\/linguistica\/analise-de-discurso-critica\/#primaryimage","url":"https:\/\/ponteseditores.com.br\/loja3\/wp-content\/uploads\/2023\/12\/analise-de-discurso-critica-.-capa-2.jpg","contentUrl":"https:\/\/ponteseditores.com.br\/loja3\/wp-content\/uploads\/2023\/12\/analise-de-discurso-critica-.-capa-2.jpg","width":1728,"height":2443},{"@type":"BreadcrumbList","@id":"https:\/\/ponteseditores.com.br\/loja3\/pontes-editores-home-2__trashed\/linguistica\/analise-de-discurso-critica\/#breadcrumb","itemListElement":[{"@type":"ListItem","position":1,"name":"Home","item":"https:\/\/ponteseditores.com.br\/loja3\/"},{"@type":"ListItem","position":2,"name":"loja","item":"https:\/\/ponteseditores.com.br\/loja3\/loja\/"},{"@type":"ListItem","position":3,"name":"AN\u00c1LISE DE DISCURSO CR\u00cdTICA"}]},{"@type":"WebSite","@id":"https:\/\/ponteseditores.com.br\/loja3\/#website","url":"https:\/\/ponteseditores.com.br\/loja3\/","name":"Pontes Editores","description":"Pontes Editores","publisher":{"@id":"https:\/\/ponteseditores.com.br\/loja3\/#organization"},"potentialAction":[{"@type":"SearchAction","target":{"@type":"EntryPoint","urlTemplate":"https:\/\/ponteseditores.com.br\/loja3\/?s={search_term_string}"},"query-input":{"@type":"PropertyValueSpecification","valueRequired":true,"valueName":"search_term_string"}}],"inLanguage":"pt-BR"},{"@type":"Organization","@id":"https:\/\/ponteseditores.com.br\/loja3\/#organization","name":"Pontes Editores","url":"https:\/\/ponteseditores.com.br\/loja3\/","logo":{"@type":"ImageObject","inLanguage":"pt-BR","@id":"https:\/\/ponteseditores.com.br\/loja3\/#\/schema\/logo\/image\/","url":"https:\/\/ponteseditores.com.br\/loja3\/wp-content\/uploads\/2023\/12\/logo-pontes-editores-v2.png","contentUrl":"https:\/\/ponteseditores.com.br\/loja3\/wp-content\/uploads\/2023\/12\/logo-pontes-editores-v2.png","width":258,"height":100,"caption":"Pontes Editores"},"image":{"@id":"https:\/\/ponteseditores.com.br\/loja3\/#\/schema\/logo\/image\/"}}]}},"_links":{"self":[{"href":"https:\/\/ponteseditores.com.br\/loja3\/wp-json\/wp\/v2\/product\/6451","targetHints":{"allow":["GET"]}}],"collection":[{"href":"https:\/\/ponteseditores.com.br\/loja3\/wp-json\/wp\/v2\/product"}],"about":[{"href":"https:\/\/ponteseditores.com.br\/loja3\/wp-json\/wp\/v2\/types\/product"}],"replies":[{"embeddable":true,"href":"https:\/\/ponteseditores.com.br\/loja3\/wp-json\/wp\/v2\/comments?post=6451"}],"version-history":[{"count":0,"href":"https:\/\/ponteseditores.com.br\/loja3\/wp-json\/wp\/v2\/product\/6451\/revisions"}],"wp:featuredmedia":[{"embeddable":true,"href":"https:\/\/ponteseditores.com.br\/loja3\/wp-json\/wp\/v2\/media\/6166"}],"wp:attachment":[{"href":"https:\/\/ponteseditores.com.br\/loja3\/wp-json\/wp\/v2\/media?parent=6451"}],"wp:term":[{"taxonomy":"product_brand","embeddable":true,"href":"https:\/\/ponteseditores.com.br\/loja3\/wp-json\/wp\/v2\/product_brand?post=6451"},{"taxonomy":"product_cat","embeddable":true,"href":"https:\/\/ponteseditores.com.br\/loja3\/wp-json\/wp\/v2\/product_cat?post=6451"},{"taxonomy":"product_tag","embeddable":true,"href":"https:\/\/ponteseditores.com.br\/loja3\/wp-json\/wp\/v2\/product_tag?post=6451"}],"curies":[{"name":"wp","href":"https:\/\/api.w.org\/{rel}","templated":true}]}}