{"id":6428,"date":"2023-12-11T17:20:39","date_gmt":"2023-12-11T20:20:39","guid":{"rendered":"https:\/\/ponteseditores.com.br\/loja3\/?post_type=product&#038;p=6428"},"modified":"2024-01-10T17:19:39","modified_gmt":"2024-01-10T20:19:39","slug":"mestrado-profissional-em-saude-coletiva-politicas-e-gestao-em-saude","status":"publish","type":"product","link":"https:\/\/ponteseditores.com.br\/loja3\/pontes-editores-home-2__trashed\/saude-publica\/mestrado-profissional-em-saude-coletiva-politicas-e-gestao-em-saude\/","title":{"rendered":"MESTRADO PROFISSIONAL EM SA\u00daDE COLETIVA: POL\u00cdTICAS E GEST\u00c3O EM SA\u00daDE"},"content":{"rendered":"<p class=\"p1\">O livro Mestrado Profissional em Sa\u00fade Coletiva, Pol\u00edtica e Gest\u00e3o em Sa\u00fade: Compartilhando Experi\u00eancias e Saberes merece ser lido e consultado por pesquisadores, gestores e profissionais do Sistema \u00danico de Sa\u00fade (SUS).<\/p>\n<p class=\"p1\">Trata-se de uma colet\u00e2nea de produ\u00e7\u00f5es de mestrandas(os) e de professoras(es) sobre distintos e variados temas relativos \u00e0s pr\u00e1ticas e gest\u00e3o da rede e de servi\u00e7os do SUS.<\/p>\n<p class=\"p1\">H\u00e1 trabalhos que resultaram de investiga\u00e7\u00f5es e que foram apresentados na forma de Disserta\u00e7\u00f5es, conforme normas e tradi\u00e7\u00e3o da p\u00f3s-gradua\u00e7\u00e3o em Sa\u00fade Coletiva. Outros t\u00eam o formato de projetos de Produ\u00e7\u00f5es T\u00e9cnicas \u2013 manuais de pr\u00e1tica, material para educa\u00e7\u00e3o permanente e forma\u00e7\u00e3o em sa\u00fade para profissionais e usu\u00e1rios, entre outros.<\/p>\n<p class=\"p1\">H\u00e1 ainda Relatos de Experi\u00eancia apresentados para conclus\u00e3o de curso e recebimento do certificado de Mestres em Sa\u00fade Coletiva. Gast\u00e3o Wagner de Sousa Campos<\/p>\n","protected":false},"excerpt":{"rendered":"<h4 class=\"p1\">Compartilhando experi\u00eancias e saberes<\/h4>\n<p>O livro Mestrado Profissional em Sa\u00fade Coletiva, Pol\u00edtica e Gest\u00e3o em Sa\u00fade: Compartilhando Experi\u00eancias e Saberes merece ser lido e consultado por pesquisadores, gestores e profissionais do Sistema \u00danico de Sa\u00fade (SUS).<\/p>\n","protected":false},"featured_media":6390,"comment_status":"open","ping_status":"closed","template":"","meta":{"_joinchat":[]},"product_brand":[],"product_cat":[458],"product_tag":[],"class_list":{"0":"post-6428","1":"product","2":"type-product","3":"status-publish","4":"has-post-thumbnail","6":"product_cat-saude-publica","7":"product_shipping_class-livro-pontes-editores-fisico","9":"first","10":"instock","11":"shipping-taxable","12":"purchasable","13":"product-type-simple"},"yoast_head":"<!-- This site is optimized with the Yoast SEO plugin v27.4 - https:\/\/yoast.com\/product\/yoast-seo-wordpress\/ -->\n<title>MESTRADO PROFISSIONAL EM SA\u00daDE COLETIVA: POL\u00cdTICAS E GEST\u00c3O EM SA\u00daDE - Pontes Editores<\/title>\n<meta name=\"robots\" content=\"index, follow, max-snippet:-1, max-image-preview:large, max-video-preview:-1\" \/>\n<link rel=\"canonical\" href=\"https:\/\/ponteseditores.com.br\/loja3\/pontes-editores-home-2__trashed\/saude-publica\/mestrado-profissional-em-saude-coletiva-politicas-e-gestao-em-saude\/\" \/>\n<meta property=\"og:locale\" content=\"pt_BR\" \/>\n<meta property=\"og:type\" content=\"article\" \/>\n<meta property=\"og:title\" content=\"MESTRADO PROFISSIONAL EM SA\u00daDE COLETIVA: POL\u00cdTICAS E GEST\u00c3O EM SA\u00daDE - Pontes Editores\" \/>\n<meta property=\"og:description\" content=\"Compartilhando experi\u00eancias e saberes O livro Mestrado Profissional em Sa\u00fade Coletiva, Pol\u00edtica e Gest\u00e3o em Sa\u00fade: Compartilhando Experi\u00eancias e Saberes merece ser lido e consultado por pesquisadores, gestores e profissionais do Sistema \u00danico de Sa\u00fade (SUS).\" \/>\n<meta property=\"og:url\" content=\"https:\/\/ponteseditores.com.br\/loja3\/pontes-editores-home-2__trashed\/saude-publica\/mestrado-profissional-em-saude-coletiva-politicas-e-gestao-em-saude\/\" \/>\n<meta property=\"og:site_name\" content=\"Pontes Editores\" \/>\n<meta property=\"article:modified_time\" content=\"2024-01-10T20:19:39+00:00\" \/>\n<meta property=\"og:image\" content=\"https:\/\/ponteseditores.com.br\/loja3\/wp-content\/uploads\/2023\/12\/mestrado-profissional-em-saude-coletiva-.-capa-1-3.jpg\" \/>\n\t<meta property=\"og:image:width\" content=\"1728\" \/>\n\t<meta property=\"og:image:height\" content=\"2443\" \/>\n\t<meta property=\"og:image:type\" content=\"image\/jpeg\" \/>\n<meta name=\"twitter:card\" content=\"summary_large_image\" \/>\n<meta name=\"twitter:label1\" content=\"Est. tempo de leitura\" \/>\n\t<meta name=\"twitter:data1\" content=\"1 minuto\" \/>\n<script type=\"application\/ld+json\" class=\"yoast-schema-graph\">{\"@context\":\"https:\\\/\\\/schema.org\",\"@graph\":[{\"@type\":\"WebPage\",\"@id\":\"https:\\\/\\\/ponteseditores.com.br\\\/loja3\\\/pontes-editores-home-2__trashed\\\/saude-publica\\\/mestrado-profissional-em-saude-coletiva-politicas-e-gestao-em-saude\\\/\",\"url\":\"https:\\\/\\\/ponteseditores.com.br\\\/loja3\\\/pontes-editores-home-2__trashed\\\/saude-publica\\\/mestrado-profissional-em-saude-coletiva-politicas-e-gestao-em-saude\\\/\",\"name\":\"MESTRADO PROFISSIONAL EM SA\u00daDE COLETIVA: POL\u00cdTICAS E GEST\u00c3O EM SA\u00daDE - Pontes Editores\",\"isPartOf\":{\"@id\":\"https:\\\/\\\/ponteseditores.com.br\\\/loja3\\\/#website\"},\"primaryImageOfPage\":{\"@id\":\"https:\\\/\\\/ponteseditores.com.br\\\/loja3\\\/pontes-editores-home-2__trashed\\\/saude-publica\\\/mestrado-profissional-em-saude-coletiva-politicas-e-gestao-em-saude\\\/#primaryimage\"},\"image\":{\"@id\":\"https:\\\/\\\/ponteseditores.com.br\\\/loja3\\\/pontes-editores-home-2__trashed\\\/saude-publica\\\/mestrado-profissional-em-saude-coletiva-politicas-e-gestao-em-saude\\\/#primaryimage\"},\"thumbnailUrl\":\"https:\\\/\\\/ponteseditores.com.br\\\/loja3\\\/wp-content\\\/uploads\\\/2023\\\/12\\\/mestrado-profissional-em-saude-coletiva-.-capa-1-3.jpg\",\"datePublished\":\"2023-12-11T20:20:39+00:00\",\"dateModified\":\"2024-01-10T20:19:39+00:00\",\"breadcrumb\":{\"@id\":\"https:\\\/\\\/ponteseditores.com.br\\\/loja3\\\/pontes-editores-home-2__trashed\\\/saude-publica\\\/mestrado-profissional-em-saude-coletiva-politicas-e-gestao-em-saude\\\/#breadcrumb\"},\"inLanguage\":\"pt-BR\",\"potentialAction\":[{\"@type\":\"ReadAction\",\"target\":[\"https:\\\/\\\/ponteseditores.com.br\\\/loja3\\\/pontes-editores-home-2__trashed\\\/saude-publica\\\/mestrado-profissional-em-saude-coletiva-politicas-e-gestao-em-saude\\\/\"]}]},{\"@type\":\"ImageObject\",\"inLanguage\":\"pt-BR\",\"@id\":\"https:\\\/\\\/ponteseditores.com.br\\\/loja3\\\/pontes-editores-home-2__trashed\\\/saude-publica\\\/mestrado-profissional-em-saude-coletiva-politicas-e-gestao-em-saude\\\/#primaryimage\",\"url\":\"https:\\\/\\\/ponteseditores.com.br\\\/loja3\\\/wp-content\\\/uploads\\\/2023\\\/12\\\/mestrado-profissional-em-saude-coletiva-.-capa-1-3.jpg\",\"contentUrl\":\"https:\\\/\\\/ponteseditores.com.br\\\/loja3\\\/wp-content\\\/uploads\\\/2023\\\/12\\\/mestrado-profissional-em-saude-coletiva-.-capa-1-3.jpg\",\"width\":1728,\"height\":2443},{\"@type\":\"BreadcrumbList\",\"@id\":\"https:\\\/\\\/ponteseditores.com.br\\\/loja3\\\/pontes-editores-home-2__trashed\\\/saude-publica\\\/mestrado-profissional-em-saude-coletiva-politicas-e-gestao-em-saude\\\/#breadcrumb\",\"itemListElement\":[{\"@type\":\"ListItem\",\"position\":1,\"name\":\"Home\",\"item\":\"https:\\\/\\\/ponteseditores.com.br\\\/loja3\\\/\"},{\"@type\":\"ListItem\",\"position\":2,\"name\":\"loja\",\"item\":\"https:\\\/\\\/ponteseditores.com.br\\\/loja3\\\/loja\\\/\"},{\"@type\":\"ListItem\",\"position\":3,\"name\":\"MESTRADO PROFISSIONAL EM SA\u00daDE COLETIVA: POL\u00cdTICAS E GEST\u00c3O EM SA\u00daDE\"}]},{\"@type\":\"WebSite\",\"@id\":\"https:\\\/\\\/ponteseditores.com.br\\\/loja3\\\/#website\",\"url\":\"https:\\\/\\\/ponteseditores.com.br\\\/loja3\\\/\",\"name\":\"Pontes Editores\",\"description\":\"Pontes Editores\",\"publisher\":{\"@id\":\"https:\\\/\\\/ponteseditores.com.br\\\/loja3\\\/#organization\"},\"potentialAction\":[{\"@type\":\"SearchAction\",\"target\":{\"@type\":\"EntryPoint\",\"urlTemplate\":\"https:\\\/\\\/ponteseditores.com.br\\\/loja3\\\/?s={search_term_string}\"},\"query-input\":{\"@type\":\"PropertyValueSpecification\",\"valueRequired\":true,\"valueName\":\"search_term_string\"}}],\"inLanguage\":\"pt-BR\"},{\"@type\":\"Organization\",\"@id\":\"https:\\\/\\\/ponteseditores.com.br\\\/loja3\\\/#organization\",\"name\":\"Pontes Editores\",\"url\":\"https:\\\/\\\/ponteseditores.com.br\\\/loja3\\\/\",\"logo\":{\"@type\":\"ImageObject\",\"inLanguage\":\"pt-BR\",\"@id\":\"https:\\\/\\\/ponteseditores.com.br\\\/loja3\\\/#\\\/schema\\\/logo\\\/image\\\/\",\"url\":\"https:\\\/\\\/ponteseditores.com.br\\\/loja3\\\/wp-content\\\/uploads\\\/2023\\\/12\\\/logo-pontes-editores-v2.png\",\"contentUrl\":\"https:\\\/\\\/ponteseditores.com.br\\\/loja3\\\/wp-content\\\/uploads\\\/2023\\\/12\\\/logo-pontes-editores-v2.png\",\"width\":258,\"height\":100,\"caption\":\"Pontes Editores\"},\"image\":{\"@id\":\"https:\\\/\\\/ponteseditores.com.br\\\/loja3\\\/#\\\/schema\\\/logo\\\/image\\\/\"}}]}<\/script>\n<!-- \/ Yoast SEO plugin. -->","yoast_head_json":{"title":"MESTRADO PROFISSIONAL EM SA\u00daDE COLETIVA: POL\u00cdTICAS E GEST\u00c3O EM SA\u00daDE - Pontes Editores","robots":{"index":"index","follow":"follow","max-snippet":"max-snippet:-1","max-image-preview":"max-image-preview:large","max-video-preview":"max-video-preview:-1"},"canonical":"https:\/\/ponteseditores.com.br\/loja3\/pontes-editores-home-2__trashed\/saude-publica\/mestrado-profissional-em-saude-coletiva-politicas-e-gestao-em-saude\/","og_locale":"pt_BR","og_type":"article","og_title":"MESTRADO PROFISSIONAL EM SA\u00daDE COLETIVA: POL\u00cdTICAS E GEST\u00c3O EM SA\u00daDE - Pontes Editores","og_description":"Compartilhando experi\u00eancias e saberes O livro Mestrado Profissional em Sa\u00fade Coletiva, Pol\u00edtica e Gest\u00e3o em Sa\u00fade: Compartilhando Experi\u00eancias e Saberes merece ser lido e consultado por pesquisadores, gestores e profissionais do Sistema \u00danico de Sa\u00fade (SUS).","og_url":"https:\/\/ponteseditores.com.br\/loja3\/pontes-editores-home-2__trashed\/saude-publica\/mestrado-profissional-em-saude-coletiva-politicas-e-gestao-em-saude\/","og_site_name":"Pontes Editores","article_modified_time":"2024-01-10T20:19:39+00:00","og_image":[{"width":1728,"height":2443,"url":"https:\/\/ponteseditores.com.br\/loja3\/wp-content\/uploads\/2023\/12\/mestrado-profissional-em-saude-coletiva-.-capa-1-3.jpg","type":"image\/jpeg"}],"twitter_card":"summary_large_image","twitter_misc":{"Est. tempo de leitura":"1 minuto"},"schema":{"@context":"https:\/\/schema.org","@graph":[{"@type":"WebPage","@id":"https:\/\/ponteseditores.com.br\/loja3\/pontes-editores-home-2__trashed\/saude-publica\/mestrado-profissional-em-saude-coletiva-politicas-e-gestao-em-saude\/","url":"https:\/\/ponteseditores.com.br\/loja3\/pontes-editores-home-2__trashed\/saude-publica\/mestrado-profissional-em-saude-coletiva-politicas-e-gestao-em-saude\/","name":"MESTRADO PROFISSIONAL EM SA\u00daDE COLETIVA: POL\u00cdTICAS E GEST\u00c3O EM SA\u00daDE - Pontes Editores","isPartOf":{"@id":"https:\/\/ponteseditores.com.br\/loja3\/#website"},"primaryImageOfPage":{"@id":"https:\/\/ponteseditores.com.br\/loja3\/pontes-editores-home-2__trashed\/saude-publica\/mestrado-profissional-em-saude-coletiva-politicas-e-gestao-em-saude\/#primaryimage"},"image":{"@id":"https:\/\/ponteseditores.com.br\/loja3\/pontes-editores-home-2__trashed\/saude-publica\/mestrado-profissional-em-saude-coletiva-politicas-e-gestao-em-saude\/#primaryimage"},"thumbnailUrl":"https:\/\/ponteseditores.com.br\/loja3\/wp-content\/uploads\/2023\/12\/mestrado-profissional-em-saude-coletiva-.-capa-1-3.jpg","datePublished":"2023-12-11T20:20:39+00:00","dateModified":"2024-01-10T20:19:39+00:00","breadcrumb":{"@id":"https:\/\/ponteseditores.com.br\/loja3\/pontes-editores-home-2__trashed\/saude-publica\/mestrado-profissional-em-saude-coletiva-politicas-e-gestao-em-saude\/#breadcrumb"},"inLanguage":"pt-BR","potentialAction":[{"@type":"ReadAction","target":["https:\/\/ponteseditores.com.br\/loja3\/pontes-editores-home-2__trashed\/saude-publica\/mestrado-profissional-em-saude-coletiva-politicas-e-gestao-em-saude\/"]}]},{"@type":"ImageObject","inLanguage":"pt-BR","@id":"https:\/\/ponteseditores.com.br\/loja3\/pontes-editores-home-2__trashed\/saude-publica\/mestrado-profissional-em-saude-coletiva-politicas-e-gestao-em-saude\/#primaryimage","url":"https:\/\/ponteseditores.com.br\/loja3\/wp-content\/uploads\/2023\/12\/mestrado-profissional-em-saude-coletiva-.-capa-1-3.jpg","contentUrl":"https:\/\/ponteseditores.com.br\/loja3\/wp-content\/uploads\/2023\/12\/mestrado-profissional-em-saude-coletiva-.-capa-1-3.jpg","width":1728,"height":2443},{"@type":"BreadcrumbList","@id":"https:\/\/ponteseditores.com.br\/loja3\/pontes-editores-home-2__trashed\/saude-publica\/mestrado-profissional-em-saude-coletiva-politicas-e-gestao-em-saude\/#breadcrumb","itemListElement":[{"@type":"ListItem","position":1,"name":"Home","item":"https:\/\/ponteseditores.com.br\/loja3\/"},{"@type":"ListItem","position":2,"name":"loja","item":"https:\/\/ponteseditores.com.br\/loja3\/loja\/"},{"@type":"ListItem","position":3,"name":"MESTRADO PROFISSIONAL EM SA\u00daDE COLETIVA: POL\u00cdTICAS E GEST\u00c3O EM SA\u00daDE"}]},{"@type":"WebSite","@id":"https:\/\/ponteseditores.com.br\/loja3\/#website","url":"https:\/\/ponteseditores.com.br\/loja3\/","name":"Pontes Editores","description":"Pontes Editores","publisher":{"@id":"https:\/\/ponteseditores.com.br\/loja3\/#organization"},"potentialAction":[{"@type":"SearchAction","target":{"@type":"EntryPoint","urlTemplate":"https:\/\/ponteseditores.com.br\/loja3\/?s={search_term_string}"},"query-input":{"@type":"PropertyValueSpecification","valueRequired":true,"valueName":"search_term_string"}}],"inLanguage":"pt-BR"},{"@type":"Organization","@id":"https:\/\/ponteseditores.com.br\/loja3\/#organization","name":"Pontes Editores","url":"https:\/\/ponteseditores.com.br\/loja3\/","logo":{"@type":"ImageObject","inLanguage":"pt-BR","@id":"https:\/\/ponteseditores.com.br\/loja3\/#\/schema\/logo\/image\/","url":"https:\/\/ponteseditores.com.br\/loja3\/wp-content\/uploads\/2023\/12\/logo-pontes-editores-v2.png","contentUrl":"https:\/\/ponteseditores.com.br\/loja3\/wp-content\/uploads\/2023\/12\/logo-pontes-editores-v2.png","width":258,"height":100,"caption":"Pontes Editores"},"image":{"@id":"https:\/\/ponteseditores.com.br\/loja3\/#\/schema\/logo\/image\/"}}]}},"_links":{"self":[{"href":"https:\/\/ponteseditores.com.br\/loja3\/wp-json\/wp\/v2\/product\/6428","targetHints":{"allow":["GET"]}}],"collection":[{"href":"https:\/\/ponteseditores.com.br\/loja3\/wp-json\/wp\/v2\/product"}],"about":[{"href":"https:\/\/ponteseditores.com.br\/loja3\/wp-json\/wp\/v2\/types\/product"}],"replies":[{"embeddable":true,"href":"https:\/\/ponteseditores.com.br\/loja3\/wp-json\/wp\/v2\/comments?post=6428"}],"version-history":[{"count":0,"href":"https:\/\/ponteseditores.com.br\/loja3\/wp-json\/wp\/v2\/product\/6428\/revisions"}],"wp:featuredmedia":[{"embeddable":true,"href":"https:\/\/ponteseditores.com.br\/loja3\/wp-json\/wp\/v2\/media\/6390"}],"wp:attachment":[{"href":"https:\/\/ponteseditores.com.br\/loja3\/wp-json\/wp\/v2\/media?parent=6428"}],"wp:term":[{"taxonomy":"product_brand","embeddable":true,"href":"https:\/\/ponteseditores.com.br\/loja3\/wp-json\/wp\/v2\/product_brand?post=6428"},{"taxonomy":"product_cat","embeddable":true,"href":"https:\/\/ponteseditores.com.br\/loja3\/wp-json\/wp\/v2\/product_cat?post=6428"},{"taxonomy":"product_tag","embeddable":true,"href":"https:\/\/ponteseditores.com.br\/loja3\/wp-json\/wp\/v2\/product_tag?post=6428"}],"curies":[{"name":"wp","href":"https:\/\/api.w.org\/{rel}","templated":true}]}}