{"id":6424,"date":"2023-12-12T10:06:32","date_gmt":"2023-12-12T13:06:32","guid":{"rendered":"https:\/\/ponteseditores.com.br\/loja3\/?post_type=product&#038;p=6424"},"modified":"2025-10-07T13:07:41","modified_gmt":"2025-10-07T16:07:41","slug":"estrategia-formativa-para-reconhecimento-do-papel-dos-afetos-na-construcao-do-conhecimento-e-na-constituicao-da-pessoa-diarios-de-itinerancia-iii","status":"publish","type":"product","link":"https:\/\/ponteseditores.com.br\/loja3\/pontes-editores-home-2__trashed\/formacao-de-professores\/estrategia-formativa-para-reconhecimento-do-papel-dos-afetos-na-construcao-do-conhecimento-e-na-constituicao-da-pessoa-diarios-de-itinerancia-iii\/","title":{"rendered":"Estrat\u00e9gia formativa para reconhecimento do papel dos afetos na constru\u00e7\u00e3o do conhecimento e na constitui\u00e7\u00e3o da pessoa &#8211; Di\u00e1rios de itiner\u00e2ncia III"},"content":{"rendered":"<p>A pesquisa aqui apresentada teve como objetivo investigar Di\u00e1rios de Itiner\u00e2ncia para revelar afetos constru\u00eddos na itiner\u00e2ncia do escritor, como aluno e profissional, e reconhecidos por ele, escritor, como relevantes na constru\u00e7\u00e3o do conhecimento e na sua constitui\u00e7\u00e3o como pessoa. Para tanto, Dom Magri utilizou os Di\u00e1rios de Itiner\u00e2ncia, elaborados pelos participantes da pesquisa, em busca de lembran\u00e7as de afetos relacionados \u00e0 sua trajet\u00f3ria como alunos nos ambientes educacionais, de modo a apontar elementos para uma proposta de forma\u00e7\u00e3o.<\/p>\n<p>A an\u00e1lise dos Di\u00e1rios, transbordantes de emo\u00e7\u00f5es de tonalidades agrad\u00e1veis &#8211; e algumas nem tanto -, apontou para como os afetos narrados pelos participantes contribu\u00edram para sua aprendizagem e posterior forma\u00e7\u00e3o profissional.<\/p>\n<p>A disserta\u00e7\u00e3o de mestrado aqui transformada em livro vai ao encontro de formadores e professores que buscam um instrumento diverso, como o Di\u00e1rio de Itiner\u00e2ncia, para estreitar la\u00e7os que produzam mudan\u00e7as positivas, tanto nas pr\u00e1ticas dos professores quanto no aprendizado dos estudantes.<\/p>\n","protected":false},"excerpt":{"rendered":"<p>A pesquisa aqui apresentada teve como objetivo investigar Di\u00e1rios de Itiner\u00e2ncia para revelar afetos constru\u00eddos na itiner\u00e2ncia do escritor, como aluno e profissional, e reconhecidos por ele, escritor, como relevantes na constru\u00e7\u00e3o do conhecimento e na sua constitui\u00e7\u00e3o como pessoa. Para tanto, Dom Magri utilizou os Di\u00e1rios de Itiner\u00e2ncia, elaborados pelos participantes da pesquisa, em [&hellip;]<\/p>\n","protected":false},"featured_media":6426,"comment_status":"open","ping_status":"closed","template":"","meta":{"_joinchat":[]},"product_brand":[],"product_cat":[108,167],"product_tag":[],"class_list":{"0":"post-6424","1":"product","2":"type-product","3":"status-publish","4":"has-post-thumbnail","6":"product_cat-formacao-de-professores","7":"product_cat-lancamento","8":"product_shipping_class-livro-pontes-editores-fisico","10":"first","11":"instock","12":"shipping-taxable","13":"purchasable","14":"product-type-simple"},"yoast_head":"<!-- This site is optimized with the Yoast SEO plugin v27.4 - https:\/\/yoast.com\/product\/yoast-seo-wordpress\/ -->\n<title>Estrat\u00e9gia formativa para reconhecimento do papel dos afetos na constru\u00e7\u00e3o do conhecimento e na constitui\u00e7\u00e3o da pessoa - Di\u00e1rios de itiner\u00e2ncia III - Pontes Editores<\/title>\n<meta name=\"robots\" content=\"index, follow, max-snippet:-1, max-image-preview:large, max-video-preview:-1\" \/>\n<link rel=\"canonical\" href=\"https:\/\/ponteseditores.com.br\/loja3\/pontes-editores-home-2__trashed\/formacao-de-professores\/estrategia-formativa-para-reconhecimento-do-papel-dos-afetos-na-construcao-do-conhecimento-e-na-constituicao-da-pessoa-diarios-de-itinerancia-iii\/\" \/>\n<meta property=\"og:locale\" content=\"pt_BR\" \/>\n<meta property=\"og:type\" content=\"article\" \/>\n<meta property=\"og:title\" content=\"Estrat\u00e9gia formativa para reconhecimento do papel dos afetos na constru\u00e7\u00e3o do conhecimento e na constitui\u00e7\u00e3o da pessoa - Di\u00e1rios de itiner\u00e2ncia III - Pontes Editores\" \/>\n<meta property=\"og:description\" content=\"A pesquisa aqui apresentada teve como objetivo investigar Di\u00e1rios de Itiner\u00e2ncia para revelar afetos constru\u00eddos na itiner\u00e2ncia do escritor, como aluno e profissional, e reconhecidos por ele, escritor, como relevantes na constru\u00e7\u00e3o do conhecimento e na sua constitui\u00e7\u00e3o como pessoa. Para tanto, Dom Magri utilizou os Di\u00e1rios de Itiner\u00e2ncia, elaborados pelos participantes da pesquisa, em [&hellip;]\" \/>\n<meta property=\"og:url\" content=\"https:\/\/ponteseditores.com.br\/loja3\/pontes-editores-home-2__trashed\/formacao-de-professores\/estrategia-formativa-para-reconhecimento-do-papel-dos-afetos-na-construcao-do-conhecimento-e-na-constituicao-da-pessoa-diarios-de-itinerancia-iii\/\" \/>\n<meta property=\"og:site_name\" content=\"Pontes Editores\" \/>\n<meta property=\"article:modified_time\" content=\"2025-10-07T16:07:41+00:00\" \/>\n<meta property=\"og:image\" content=\"https:\/\/ponteseditores.com.br\/loja3\/wp-content\/uploads\/2023\/12\/Capa_Estrategia_Formativa.jpg\" \/>\n\t<meta property=\"og:image:width\" content=\"1728\" \/>\n\t<meta property=\"og:image:height\" content=\"2443\" \/>\n\t<meta property=\"og:image:type\" content=\"image\/jpeg\" \/>\n<meta name=\"twitter:card\" content=\"summary_large_image\" \/>\n<meta name=\"twitter:label1\" content=\"Est. tempo de leitura\" \/>\n\t<meta name=\"twitter:data1\" content=\"2 minutos\" \/>\n<script type=\"application\/ld+json\" class=\"yoast-schema-graph\">{\"@context\":\"https:\\\/\\\/schema.org\",\"@graph\":[{\"@type\":\"WebPage\",\"@id\":\"https:\\\/\\\/ponteseditores.com.br\\\/loja3\\\/pontes-editores-home-2__trashed\\\/formacao-de-professores\\\/estrategia-formativa-para-reconhecimento-do-papel-dos-afetos-na-construcao-do-conhecimento-e-na-constituicao-da-pessoa-diarios-de-itinerancia-iii\\\/\",\"url\":\"https:\\\/\\\/ponteseditores.com.br\\\/loja3\\\/pontes-editores-home-2__trashed\\\/formacao-de-professores\\\/estrategia-formativa-para-reconhecimento-do-papel-dos-afetos-na-construcao-do-conhecimento-e-na-constituicao-da-pessoa-diarios-de-itinerancia-iii\\\/\",\"name\":\"Estrat\u00e9gia formativa para reconhecimento do papel dos afetos na constru\u00e7\u00e3o do conhecimento e na constitui\u00e7\u00e3o da pessoa - Di\u00e1rios de itiner\u00e2ncia III - Pontes Editores\",\"isPartOf\":{\"@id\":\"https:\\\/\\\/ponteseditores.com.br\\\/loja3\\\/#website\"},\"primaryImageOfPage\":{\"@id\":\"https:\\\/\\\/ponteseditores.com.br\\\/loja3\\\/pontes-editores-home-2__trashed\\\/formacao-de-professores\\\/estrategia-formativa-para-reconhecimento-do-papel-dos-afetos-na-construcao-do-conhecimento-e-na-constituicao-da-pessoa-diarios-de-itinerancia-iii\\\/#primaryimage\"},\"image\":{\"@id\":\"https:\\\/\\\/ponteseditores.com.br\\\/loja3\\\/pontes-editores-home-2__trashed\\\/formacao-de-professores\\\/estrategia-formativa-para-reconhecimento-do-papel-dos-afetos-na-construcao-do-conhecimento-e-na-constituicao-da-pessoa-diarios-de-itinerancia-iii\\\/#primaryimage\"},\"thumbnailUrl\":\"https:\\\/\\\/ponteseditores.com.br\\\/loja3\\\/wp-content\\\/uploads\\\/2023\\\/12\\\/Capa_Estrategia_Formativa.jpg\",\"datePublished\":\"2023-12-12T13:06:32+00:00\",\"dateModified\":\"2025-10-07T16:07:41+00:00\",\"breadcrumb\":{\"@id\":\"https:\\\/\\\/ponteseditores.com.br\\\/loja3\\\/pontes-editores-home-2__trashed\\\/formacao-de-professores\\\/estrategia-formativa-para-reconhecimento-do-papel-dos-afetos-na-construcao-do-conhecimento-e-na-constituicao-da-pessoa-diarios-de-itinerancia-iii\\\/#breadcrumb\"},\"inLanguage\":\"pt-BR\",\"potentialAction\":[{\"@type\":\"ReadAction\",\"target\":[\"https:\\\/\\\/ponteseditores.com.br\\\/loja3\\\/pontes-editores-home-2__trashed\\\/formacao-de-professores\\\/estrategia-formativa-para-reconhecimento-do-papel-dos-afetos-na-construcao-do-conhecimento-e-na-constituicao-da-pessoa-diarios-de-itinerancia-iii\\\/\"]}]},{\"@type\":\"ImageObject\",\"inLanguage\":\"pt-BR\",\"@id\":\"https:\\\/\\\/ponteseditores.com.br\\\/loja3\\\/pontes-editores-home-2__trashed\\\/formacao-de-professores\\\/estrategia-formativa-para-reconhecimento-do-papel-dos-afetos-na-construcao-do-conhecimento-e-na-constituicao-da-pessoa-diarios-de-itinerancia-iii\\\/#primaryimage\",\"url\":\"https:\\\/\\\/ponteseditores.com.br\\\/loja3\\\/wp-content\\\/uploads\\\/2023\\\/12\\\/Capa_Estrategia_Formativa.jpg\",\"contentUrl\":\"https:\\\/\\\/ponteseditores.com.br\\\/loja3\\\/wp-content\\\/uploads\\\/2023\\\/12\\\/Capa_Estrategia_Formativa.jpg\",\"width\":1728,\"height\":2443},{\"@type\":\"BreadcrumbList\",\"@id\":\"https:\\\/\\\/ponteseditores.com.br\\\/loja3\\\/pontes-editores-home-2__trashed\\\/formacao-de-professores\\\/estrategia-formativa-para-reconhecimento-do-papel-dos-afetos-na-construcao-do-conhecimento-e-na-constituicao-da-pessoa-diarios-de-itinerancia-iii\\\/#breadcrumb\",\"itemListElement\":[{\"@type\":\"ListItem\",\"position\":1,\"name\":\"Home\",\"item\":\"https:\\\/\\\/ponteseditores.com.br\\\/loja3\\\/\"},{\"@type\":\"ListItem\",\"position\":2,\"name\":\"loja\",\"item\":\"https:\\\/\\\/ponteseditores.com.br\\\/loja3\\\/loja\\\/\"},{\"@type\":\"ListItem\",\"position\":3,\"name\":\"Estrat\u00e9gia formativa para reconhecimento do papel dos afetos na constru\u00e7\u00e3o do conhecimento e na constitui\u00e7\u00e3o da pessoa &#8211; Di\u00e1rios de itiner\u00e2ncia III\"}]},{\"@type\":\"WebSite\",\"@id\":\"https:\\\/\\\/ponteseditores.com.br\\\/loja3\\\/#website\",\"url\":\"https:\\\/\\\/ponteseditores.com.br\\\/loja3\\\/\",\"name\":\"Pontes Editores\",\"description\":\"Pontes Editores\",\"publisher\":{\"@id\":\"https:\\\/\\\/ponteseditores.com.br\\\/loja3\\\/#organization\"},\"potentialAction\":[{\"@type\":\"SearchAction\",\"target\":{\"@type\":\"EntryPoint\",\"urlTemplate\":\"https:\\\/\\\/ponteseditores.com.br\\\/loja3\\\/?s={search_term_string}\"},\"query-input\":{\"@type\":\"PropertyValueSpecification\",\"valueRequired\":true,\"valueName\":\"search_term_string\"}}],\"inLanguage\":\"pt-BR\"},{\"@type\":\"Organization\",\"@id\":\"https:\\\/\\\/ponteseditores.com.br\\\/loja3\\\/#organization\",\"name\":\"Pontes Editores\",\"url\":\"https:\\\/\\\/ponteseditores.com.br\\\/loja3\\\/\",\"logo\":{\"@type\":\"ImageObject\",\"inLanguage\":\"pt-BR\",\"@id\":\"https:\\\/\\\/ponteseditores.com.br\\\/loja3\\\/#\\\/schema\\\/logo\\\/image\\\/\",\"url\":\"https:\\\/\\\/ponteseditores.com.br\\\/loja3\\\/wp-content\\\/uploads\\\/2023\\\/12\\\/logo-pontes-editores-v2.png\",\"contentUrl\":\"https:\\\/\\\/ponteseditores.com.br\\\/loja3\\\/wp-content\\\/uploads\\\/2023\\\/12\\\/logo-pontes-editores-v2.png\",\"width\":258,\"height\":100,\"caption\":\"Pontes Editores\"},\"image\":{\"@id\":\"https:\\\/\\\/ponteseditores.com.br\\\/loja3\\\/#\\\/schema\\\/logo\\\/image\\\/\"}}]}<\/script>\n<!-- \/ Yoast SEO plugin. -->","yoast_head_json":{"title":"Estrat\u00e9gia formativa para reconhecimento do papel dos afetos na constru\u00e7\u00e3o do conhecimento e na constitui\u00e7\u00e3o da pessoa - Di\u00e1rios de itiner\u00e2ncia III - Pontes Editores","robots":{"index":"index","follow":"follow","max-snippet":"max-snippet:-1","max-image-preview":"max-image-preview:large","max-video-preview":"max-video-preview:-1"},"canonical":"https:\/\/ponteseditores.com.br\/loja3\/pontes-editores-home-2__trashed\/formacao-de-professores\/estrategia-formativa-para-reconhecimento-do-papel-dos-afetos-na-construcao-do-conhecimento-e-na-constituicao-da-pessoa-diarios-de-itinerancia-iii\/","og_locale":"pt_BR","og_type":"article","og_title":"Estrat\u00e9gia formativa para reconhecimento do papel dos afetos na constru\u00e7\u00e3o do conhecimento e na constitui\u00e7\u00e3o da pessoa - Di\u00e1rios de itiner\u00e2ncia III - Pontes Editores","og_description":"A pesquisa aqui apresentada teve como objetivo investigar Di\u00e1rios de Itiner\u00e2ncia para revelar afetos constru\u00eddos na itiner\u00e2ncia do escritor, como aluno e profissional, e reconhecidos por ele, escritor, como relevantes na constru\u00e7\u00e3o do conhecimento e na sua constitui\u00e7\u00e3o como pessoa. Para tanto, Dom Magri utilizou os Di\u00e1rios de Itiner\u00e2ncia, elaborados pelos participantes da pesquisa, em [&hellip;]","og_url":"https:\/\/ponteseditores.com.br\/loja3\/pontes-editores-home-2__trashed\/formacao-de-professores\/estrategia-formativa-para-reconhecimento-do-papel-dos-afetos-na-construcao-do-conhecimento-e-na-constituicao-da-pessoa-diarios-de-itinerancia-iii\/","og_site_name":"Pontes Editores","article_modified_time":"2025-10-07T16:07:41+00:00","og_image":[{"width":1728,"height":2443,"url":"https:\/\/ponteseditores.com.br\/loja3\/wp-content\/uploads\/2023\/12\/Capa_Estrategia_Formativa.jpg","type":"image\/jpeg"}],"twitter_card":"summary_large_image","twitter_misc":{"Est. tempo de leitura":"2 minutos"},"schema":{"@context":"https:\/\/schema.org","@graph":[{"@type":"WebPage","@id":"https:\/\/ponteseditores.com.br\/loja3\/pontes-editores-home-2__trashed\/formacao-de-professores\/estrategia-formativa-para-reconhecimento-do-papel-dos-afetos-na-construcao-do-conhecimento-e-na-constituicao-da-pessoa-diarios-de-itinerancia-iii\/","url":"https:\/\/ponteseditores.com.br\/loja3\/pontes-editores-home-2__trashed\/formacao-de-professores\/estrategia-formativa-para-reconhecimento-do-papel-dos-afetos-na-construcao-do-conhecimento-e-na-constituicao-da-pessoa-diarios-de-itinerancia-iii\/","name":"Estrat\u00e9gia formativa para reconhecimento do papel dos afetos na constru\u00e7\u00e3o do conhecimento e na constitui\u00e7\u00e3o da pessoa - Di\u00e1rios de itiner\u00e2ncia III - Pontes Editores","isPartOf":{"@id":"https:\/\/ponteseditores.com.br\/loja3\/#website"},"primaryImageOfPage":{"@id":"https:\/\/ponteseditores.com.br\/loja3\/pontes-editores-home-2__trashed\/formacao-de-professores\/estrategia-formativa-para-reconhecimento-do-papel-dos-afetos-na-construcao-do-conhecimento-e-na-constituicao-da-pessoa-diarios-de-itinerancia-iii\/#primaryimage"},"image":{"@id":"https:\/\/ponteseditores.com.br\/loja3\/pontes-editores-home-2__trashed\/formacao-de-professores\/estrategia-formativa-para-reconhecimento-do-papel-dos-afetos-na-construcao-do-conhecimento-e-na-constituicao-da-pessoa-diarios-de-itinerancia-iii\/#primaryimage"},"thumbnailUrl":"https:\/\/ponteseditores.com.br\/loja3\/wp-content\/uploads\/2023\/12\/Capa_Estrategia_Formativa.jpg","datePublished":"2023-12-12T13:06:32+00:00","dateModified":"2025-10-07T16:07:41+00:00","breadcrumb":{"@id":"https:\/\/ponteseditores.com.br\/loja3\/pontes-editores-home-2__trashed\/formacao-de-professores\/estrategia-formativa-para-reconhecimento-do-papel-dos-afetos-na-construcao-do-conhecimento-e-na-constituicao-da-pessoa-diarios-de-itinerancia-iii\/#breadcrumb"},"inLanguage":"pt-BR","potentialAction":[{"@type":"ReadAction","target":["https:\/\/ponteseditores.com.br\/loja3\/pontes-editores-home-2__trashed\/formacao-de-professores\/estrategia-formativa-para-reconhecimento-do-papel-dos-afetos-na-construcao-do-conhecimento-e-na-constituicao-da-pessoa-diarios-de-itinerancia-iii\/"]}]},{"@type":"ImageObject","inLanguage":"pt-BR","@id":"https:\/\/ponteseditores.com.br\/loja3\/pontes-editores-home-2__trashed\/formacao-de-professores\/estrategia-formativa-para-reconhecimento-do-papel-dos-afetos-na-construcao-do-conhecimento-e-na-constituicao-da-pessoa-diarios-de-itinerancia-iii\/#primaryimage","url":"https:\/\/ponteseditores.com.br\/loja3\/wp-content\/uploads\/2023\/12\/Capa_Estrategia_Formativa.jpg","contentUrl":"https:\/\/ponteseditores.com.br\/loja3\/wp-content\/uploads\/2023\/12\/Capa_Estrategia_Formativa.jpg","width":1728,"height":2443},{"@type":"BreadcrumbList","@id":"https:\/\/ponteseditores.com.br\/loja3\/pontes-editores-home-2__trashed\/formacao-de-professores\/estrategia-formativa-para-reconhecimento-do-papel-dos-afetos-na-construcao-do-conhecimento-e-na-constituicao-da-pessoa-diarios-de-itinerancia-iii\/#breadcrumb","itemListElement":[{"@type":"ListItem","position":1,"name":"Home","item":"https:\/\/ponteseditores.com.br\/loja3\/"},{"@type":"ListItem","position":2,"name":"loja","item":"https:\/\/ponteseditores.com.br\/loja3\/loja\/"},{"@type":"ListItem","position":3,"name":"Estrat\u00e9gia formativa para reconhecimento do papel dos afetos na constru\u00e7\u00e3o do conhecimento e na constitui\u00e7\u00e3o da pessoa &#8211; Di\u00e1rios de itiner\u00e2ncia III"}]},{"@type":"WebSite","@id":"https:\/\/ponteseditores.com.br\/loja3\/#website","url":"https:\/\/ponteseditores.com.br\/loja3\/","name":"Pontes Editores","description":"Pontes Editores","publisher":{"@id":"https:\/\/ponteseditores.com.br\/loja3\/#organization"},"potentialAction":[{"@type":"SearchAction","target":{"@type":"EntryPoint","urlTemplate":"https:\/\/ponteseditores.com.br\/loja3\/?s={search_term_string}"},"query-input":{"@type":"PropertyValueSpecification","valueRequired":true,"valueName":"search_term_string"}}],"inLanguage":"pt-BR"},{"@type":"Organization","@id":"https:\/\/ponteseditores.com.br\/loja3\/#organization","name":"Pontes Editores","url":"https:\/\/ponteseditores.com.br\/loja3\/","logo":{"@type":"ImageObject","inLanguage":"pt-BR","@id":"https:\/\/ponteseditores.com.br\/loja3\/#\/schema\/logo\/image\/","url":"https:\/\/ponteseditores.com.br\/loja3\/wp-content\/uploads\/2023\/12\/logo-pontes-editores-v2.png","contentUrl":"https:\/\/ponteseditores.com.br\/loja3\/wp-content\/uploads\/2023\/12\/logo-pontes-editores-v2.png","width":258,"height":100,"caption":"Pontes Editores"},"image":{"@id":"https:\/\/ponteseditores.com.br\/loja3\/#\/schema\/logo\/image\/"}}]}},"_links":{"self":[{"href":"https:\/\/ponteseditores.com.br\/loja3\/wp-json\/wp\/v2\/product\/6424","targetHints":{"allow":["GET"]}}],"collection":[{"href":"https:\/\/ponteseditores.com.br\/loja3\/wp-json\/wp\/v2\/product"}],"about":[{"href":"https:\/\/ponteseditores.com.br\/loja3\/wp-json\/wp\/v2\/types\/product"}],"replies":[{"embeddable":true,"href":"https:\/\/ponteseditores.com.br\/loja3\/wp-json\/wp\/v2\/comments?post=6424"}],"version-history":[{"count":2,"href":"https:\/\/ponteseditores.com.br\/loja3\/wp-json\/wp\/v2\/product\/6424\/revisions"}],"predecessor-version":[{"id":31563,"href":"https:\/\/ponteseditores.com.br\/loja3\/wp-json\/wp\/v2\/product\/6424\/revisions\/31563"}],"wp:featuredmedia":[{"embeddable":true,"href":"https:\/\/ponteseditores.com.br\/loja3\/wp-json\/wp\/v2\/media\/6426"}],"wp:attachment":[{"href":"https:\/\/ponteseditores.com.br\/loja3\/wp-json\/wp\/v2\/media?parent=6424"}],"wp:term":[{"taxonomy":"product_brand","embeddable":true,"href":"https:\/\/ponteseditores.com.br\/loja3\/wp-json\/wp\/v2\/product_brand?post=6424"},{"taxonomy":"product_cat","embeddable":true,"href":"https:\/\/ponteseditores.com.br\/loja3\/wp-json\/wp\/v2\/product_cat?post=6424"},{"taxonomy":"product_tag","embeddable":true,"href":"https:\/\/ponteseditores.com.br\/loja3\/wp-json\/wp\/v2\/product_tag?post=6424"}],"curies":[{"name":"wp","href":"https:\/\/api.w.org\/{rel}","templated":true}]}}