{"id":6298,"date":"2023-12-11T14:26:59","date_gmt":"2023-12-11T17:26:59","guid":{"rendered":"https:\/\/ponteseditores.com.br\/loja3\/?post_type=product&#038;p=6298"},"modified":"2026-04-20T21:34:08","modified_gmt":"2026-04-21T00:34:08","slug":"qual-interdisciplinaridade-esta-em-jogo-debates-sobre-processos-comunicacionais-e-educativos","status":"publish","type":"product","link":"https:\/\/ponteseditores.com.br\/loja3\/pontes-editores-home-2__trashed\/ebook\/qual-interdisciplinaridade-esta-em-jogo-debates-sobre-processos-comunicacionais-e-educativos\/","title":{"rendered":"Qual interdisciplinaridade est\u00e1 em jogo? Debates sobre processos comunicacionais e educativos"},"content":{"rendered":"<p>Os estudos CTS t\u00eam demonstrado ao longo das \u00faltimas d\u00e9cadas que o conhecimento cient\u00edfico n\u00e3o \u00e9 neutro. Tampouco a interdisciplinaridade \u00e9 neutra. \u00c9 necess\u00e1rio desenvolver um olhar cr\u00edtico tamb\u00e9m para a agenda de estudos interdisciplinares de modo a construir um panorama de pesquisa que inclua grupos sociais oprimidos e demandas coletivas relacionadas com eles.<\/p>\n<p>A proposta da presente obra consiste em sistematizar um conjunto de reflex\u00f5es que espelham algumas das principais contribui\u00e7\u00f5es do debate que vem sendo constitu\u00eddo junto \u00e0 Esocite.br. N\u00e3o se trata de esgotar a quest\u00e3o, mas sim de mostrar a complexidade do tema da interdisciplinaridade e as m\u00faltiplas perspectivas que est\u00e3o em jogo. Todos os autores do livro ajudaram a construir essa perspectiva de olhares sobre a interdisciplinaridade.<\/p>\n<p>Esperamos que o conjunto de artigos enfeixados neste livro leve o leitor a ter novas perspectivas sobre os temas\/objetos abordados, bem como fique patente o quanto o olhar interdisciplinar contribui para a amplia\u00e7\u00e3o do conhecimento no universo das Humanidades.<\/p>\n","protected":false},"excerpt":{"rendered":"<p>Os estudos CTS t\u00eam demonstrado ao longo das \u00faltimas d\u00e9cadas que o conhecimento cient\u00edfico n\u00e3o \u00e9 neutro. Tampouco a interdisciplinaridade \u00e9 neutra. \u00c9 necess\u00e1rio desenvolver um olhar cr\u00edtico tamb\u00e9m para a agenda de estudos interdisciplinares de modo a construir um panorama de pesquisa que inclua grupos sociais oprimidos e demandas coletivas relacionadas com eles. A [&hellip;]<\/p>\n","protected":false},"featured_media":6300,"comment_status":"open","ping_status":"closed","template":"","meta":{"_joinchat":[]},"product_brand":[],"product_cat":[165],"product_tag":[],"class_list":{"0":"post-6298","1":"product","2":"type-product","3":"status-publish","4":"has-post-thumbnail","6":"product_cat-ebook","7":"product_shipping_class-download","9":"first","10":"instock","11":"downloadable","12":"virtual","13":"purchasable","14":"product-type-simple"},"yoast_head":"<!-- This site is optimized with the Yoast SEO plugin v27.4 - https:\/\/yoast.com\/product\/yoast-seo-wordpress\/ -->\n<title>Qual interdisciplinaridade est\u00e1 em jogo? Debates sobre processos comunicacionais e educativos - Pontes Editores<\/title>\n<meta name=\"robots\" content=\"index, follow, max-snippet:-1, max-image-preview:large, max-video-preview:-1\" \/>\n<link rel=\"canonical\" href=\"https:\/\/ponteseditores.com.br\/loja3\/pontes-editores-home-2__trashed\/ebook\/qual-interdisciplinaridade-esta-em-jogo-debates-sobre-processos-comunicacionais-e-educativos\/\" \/>\n<meta property=\"og:locale\" content=\"pt_BR\" \/>\n<meta property=\"og:type\" content=\"article\" \/>\n<meta property=\"og:title\" content=\"Qual interdisciplinaridade est\u00e1 em jogo? Debates sobre processos comunicacionais e educativos - Pontes Editores\" \/>\n<meta property=\"og:description\" content=\"Os estudos CTS t\u00eam demonstrado ao longo das \u00faltimas d\u00e9cadas que o conhecimento cient\u00edfico n\u00e3o \u00e9 neutro. Tampouco a interdisciplinaridade \u00e9 neutra. \u00c9 necess\u00e1rio desenvolver um olhar cr\u00edtico tamb\u00e9m para a agenda de estudos interdisciplinares de modo a construir um panorama de pesquisa que inclua grupos sociais oprimidos e demandas coletivas relacionadas com eles. A [&hellip;]\" \/>\n<meta property=\"og:url\" content=\"https:\/\/ponteseditores.com.br\/loja3\/pontes-editores-home-2__trashed\/ebook\/qual-interdisciplinaridade-esta-em-jogo-debates-sobre-processos-comunicacionais-e-educativos\/\" \/>\n<meta property=\"og:site_name\" content=\"Pontes Editores\" \/>\n<meta property=\"article:modified_time\" content=\"2026-04-21T00:34:08+00:00\" \/>\n<meta property=\"og:image\" content=\"https:\/\/ponteseditores.com.br\/loja3\/wp-content\/uploads\/2023\/12\/Capa_Qual_Interdisciplinaridade.jpg\" \/>\n\t<meta property=\"og:image:width\" content=\"1728\" \/>\n\t<meta property=\"og:image:height\" content=\"2443\" \/>\n\t<meta property=\"og:image:type\" content=\"image\/jpeg\" \/>\n<meta name=\"twitter:card\" content=\"summary_large_image\" \/>\n<meta name=\"twitter:label1\" content=\"Est. tempo de leitura\" \/>\n\t<meta name=\"twitter:data1\" content=\"2 minutos\" \/>\n<script type=\"application\/ld+json\" class=\"yoast-schema-graph\">{\"@context\":\"https:\\\/\\\/schema.org\",\"@graph\":[{\"@type\":\"WebPage\",\"@id\":\"https:\\\/\\\/ponteseditores.com.br\\\/loja3\\\/pontes-editores-home-2__trashed\\\/ebook\\\/qual-interdisciplinaridade-esta-em-jogo-debates-sobre-processos-comunicacionais-e-educativos\\\/\",\"url\":\"https:\\\/\\\/ponteseditores.com.br\\\/loja3\\\/pontes-editores-home-2__trashed\\\/ebook\\\/qual-interdisciplinaridade-esta-em-jogo-debates-sobre-processos-comunicacionais-e-educativos\\\/\",\"name\":\"Qual interdisciplinaridade est\u00e1 em jogo? Debates sobre processos comunicacionais e educativos - Pontes Editores\",\"isPartOf\":{\"@id\":\"https:\\\/\\\/ponteseditores.com.br\\\/loja3\\\/#website\"},\"primaryImageOfPage\":{\"@id\":\"https:\\\/\\\/ponteseditores.com.br\\\/loja3\\\/pontes-editores-home-2__trashed\\\/ebook\\\/qual-interdisciplinaridade-esta-em-jogo-debates-sobre-processos-comunicacionais-e-educativos\\\/#primaryimage\"},\"image\":{\"@id\":\"https:\\\/\\\/ponteseditores.com.br\\\/loja3\\\/pontes-editores-home-2__trashed\\\/ebook\\\/qual-interdisciplinaridade-esta-em-jogo-debates-sobre-processos-comunicacionais-e-educativos\\\/#primaryimage\"},\"thumbnailUrl\":\"https:\\\/\\\/ponteseditores.com.br\\\/loja3\\\/wp-content\\\/uploads\\\/2023\\\/12\\\/Capa_Qual_Interdisciplinaridade.jpg\",\"datePublished\":\"2023-12-11T17:26:59+00:00\",\"dateModified\":\"2026-04-21T00:34:08+00:00\",\"breadcrumb\":{\"@id\":\"https:\\\/\\\/ponteseditores.com.br\\\/loja3\\\/pontes-editores-home-2__trashed\\\/ebook\\\/qual-interdisciplinaridade-esta-em-jogo-debates-sobre-processos-comunicacionais-e-educativos\\\/#breadcrumb\"},\"inLanguage\":\"pt-BR\",\"potentialAction\":[{\"@type\":\"ReadAction\",\"target\":[\"https:\\\/\\\/ponteseditores.com.br\\\/loja3\\\/pontes-editores-home-2__trashed\\\/ebook\\\/qual-interdisciplinaridade-esta-em-jogo-debates-sobre-processos-comunicacionais-e-educativos\\\/\"]}]},{\"@type\":\"ImageObject\",\"inLanguage\":\"pt-BR\",\"@id\":\"https:\\\/\\\/ponteseditores.com.br\\\/loja3\\\/pontes-editores-home-2__trashed\\\/ebook\\\/qual-interdisciplinaridade-esta-em-jogo-debates-sobre-processos-comunicacionais-e-educativos\\\/#primaryimage\",\"url\":\"https:\\\/\\\/ponteseditores.com.br\\\/loja3\\\/wp-content\\\/uploads\\\/2023\\\/12\\\/Capa_Qual_Interdisciplinaridade.jpg\",\"contentUrl\":\"https:\\\/\\\/ponteseditores.com.br\\\/loja3\\\/wp-content\\\/uploads\\\/2023\\\/12\\\/Capa_Qual_Interdisciplinaridade.jpg\",\"width\":1728,\"height\":2443},{\"@type\":\"BreadcrumbList\",\"@id\":\"https:\\\/\\\/ponteseditores.com.br\\\/loja3\\\/pontes-editores-home-2__trashed\\\/ebook\\\/qual-interdisciplinaridade-esta-em-jogo-debates-sobre-processos-comunicacionais-e-educativos\\\/#breadcrumb\",\"itemListElement\":[{\"@type\":\"ListItem\",\"position\":1,\"name\":\"Home\",\"item\":\"https:\\\/\\\/ponteseditores.com.br\\\/loja3\\\/\"},{\"@type\":\"ListItem\",\"position\":2,\"name\":\"loja\",\"item\":\"https:\\\/\\\/ponteseditores.com.br\\\/loja3\\\/loja\\\/\"},{\"@type\":\"ListItem\",\"position\":3,\"name\":\"Qual interdisciplinaridade est\u00e1 em jogo? Debates sobre processos comunicacionais e educativos\"}]},{\"@type\":\"WebSite\",\"@id\":\"https:\\\/\\\/ponteseditores.com.br\\\/loja3\\\/#website\",\"url\":\"https:\\\/\\\/ponteseditores.com.br\\\/loja3\\\/\",\"name\":\"Pontes Editores\",\"description\":\"Pontes Editores\",\"publisher\":{\"@id\":\"https:\\\/\\\/ponteseditores.com.br\\\/loja3\\\/#organization\"},\"potentialAction\":[{\"@type\":\"SearchAction\",\"target\":{\"@type\":\"EntryPoint\",\"urlTemplate\":\"https:\\\/\\\/ponteseditores.com.br\\\/loja3\\\/?s={search_term_string}\"},\"query-input\":{\"@type\":\"PropertyValueSpecification\",\"valueRequired\":true,\"valueName\":\"search_term_string\"}}],\"inLanguage\":\"pt-BR\"},{\"@type\":\"Organization\",\"@id\":\"https:\\\/\\\/ponteseditores.com.br\\\/loja3\\\/#organization\",\"name\":\"Pontes Editores\",\"url\":\"https:\\\/\\\/ponteseditores.com.br\\\/loja3\\\/\",\"logo\":{\"@type\":\"ImageObject\",\"inLanguage\":\"pt-BR\",\"@id\":\"https:\\\/\\\/ponteseditores.com.br\\\/loja3\\\/#\\\/schema\\\/logo\\\/image\\\/\",\"url\":\"https:\\\/\\\/ponteseditores.com.br\\\/loja3\\\/wp-content\\\/uploads\\\/2023\\\/12\\\/logo-pontes-editores-v2.png\",\"contentUrl\":\"https:\\\/\\\/ponteseditores.com.br\\\/loja3\\\/wp-content\\\/uploads\\\/2023\\\/12\\\/logo-pontes-editores-v2.png\",\"width\":258,\"height\":100,\"caption\":\"Pontes Editores\"},\"image\":{\"@id\":\"https:\\\/\\\/ponteseditores.com.br\\\/loja3\\\/#\\\/schema\\\/logo\\\/image\\\/\"}}]}<\/script>\n<!-- \/ Yoast SEO plugin. -->","yoast_head_json":{"title":"Qual interdisciplinaridade est\u00e1 em jogo? Debates sobre processos comunicacionais e educativos - Pontes Editores","robots":{"index":"index","follow":"follow","max-snippet":"max-snippet:-1","max-image-preview":"max-image-preview:large","max-video-preview":"max-video-preview:-1"},"canonical":"https:\/\/ponteseditores.com.br\/loja3\/pontes-editores-home-2__trashed\/ebook\/qual-interdisciplinaridade-esta-em-jogo-debates-sobre-processos-comunicacionais-e-educativos\/","og_locale":"pt_BR","og_type":"article","og_title":"Qual interdisciplinaridade est\u00e1 em jogo? Debates sobre processos comunicacionais e educativos - Pontes Editores","og_description":"Os estudos CTS t\u00eam demonstrado ao longo das \u00faltimas d\u00e9cadas que o conhecimento cient\u00edfico n\u00e3o \u00e9 neutro. Tampouco a interdisciplinaridade \u00e9 neutra. \u00c9 necess\u00e1rio desenvolver um olhar cr\u00edtico tamb\u00e9m para a agenda de estudos interdisciplinares de modo a construir um panorama de pesquisa que inclua grupos sociais oprimidos e demandas coletivas relacionadas com eles. A [&hellip;]","og_url":"https:\/\/ponteseditores.com.br\/loja3\/pontes-editores-home-2__trashed\/ebook\/qual-interdisciplinaridade-esta-em-jogo-debates-sobre-processos-comunicacionais-e-educativos\/","og_site_name":"Pontes Editores","article_modified_time":"2026-04-21T00:34:08+00:00","og_image":[{"width":1728,"height":2443,"url":"https:\/\/ponteseditores.com.br\/loja3\/wp-content\/uploads\/2023\/12\/Capa_Qual_Interdisciplinaridade.jpg","type":"image\/jpeg"}],"twitter_card":"summary_large_image","twitter_misc":{"Est. tempo de leitura":"2 minutos"},"schema":{"@context":"https:\/\/schema.org","@graph":[{"@type":"WebPage","@id":"https:\/\/ponteseditores.com.br\/loja3\/pontes-editores-home-2__trashed\/ebook\/qual-interdisciplinaridade-esta-em-jogo-debates-sobre-processos-comunicacionais-e-educativos\/","url":"https:\/\/ponteseditores.com.br\/loja3\/pontes-editores-home-2__trashed\/ebook\/qual-interdisciplinaridade-esta-em-jogo-debates-sobre-processos-comunicacionais-e-educativos\/","name":"Qual interdisciplinaridade est\u00e1 em jogo? Debates sobre processos comunicacionais e educativos - Pontes Editores","isPartOf":{"@id":"https:\/\/ponteseditores.com.br\/loja3\/#website"},"primaryImageOfPage":{"@id":"https:\/\/ponteseditores.com.br\/loja3\/pontes-editores-home-2__trashed\/ebook\/qual-interdisciplinaridade-esta-em-jogo-debates-sobre-processos-comunicacionais-e-educativos\/#primaryimage"},"image":{"@id":"https:\/\/ponteseditores.com.br\/loja3\/pontes-editores-home-2__trashed\/ebook\/qual-interdisciplinaridade-esta-em-jogo-debates-sobre-processos-comunicacionais-e-educativos\/#primaryimage"},"thumbnailUrl":"https:\/\/ponteseditores.com.br\/loja3\/wp-content\/uploads\/2023\/12\/Capa_Qual_Interdisciplinaridade.jpg","datePublished":"2023-12-11T17:26:59+00:00","dateModified":"2026-04-21T00:34:08+00:00","breadcrumb":{"@id":"https:\/\/ponteseditores.com.br\/loja3\/pontes-editores-home-2__trashed\/ebook\/qual-interdisciplinaridade-esta-em-jogo-debates-sobre-processos-comunicacionais-e-educativos\/#breadcrumb"},"inLanguage":"pt-BR","potentialAction":[{"@type":"ReadAction","target":["https:\/\/ponteseditores.com.br\/loja3\/pontes-editores-home-2__trashed\/ebook\/qual-interdisciplinaridade-esta-em-jogo-debates-sobre-processos-comunicacionais-e-educativos\/"]}]},{"@type":"ImageObject","inLanguage":"pt-BR","@id":"https:\/\/ponteseditores.com.br\/loja3\/pontes-editores-home-2__trashed\/ebook\/qual-interdisciplinaridade-esta-em-jogo-debates-sobre-processos-comunicacionais-e-educativos\/#primaryimage","url":"https:\/\/ponteseditores.com.br\/loja3\/wp-content\/uploads\/2023\/12\/Capa_Qual_Interdisciplinaridade.jpg","contentUrl":"https:\/\/ponteseditores.com.br\/loja3\/wp-content\/uploads\/2023\/12\/Capa_Qual_Interdisciplinaridade.jpg","width":1728,"height":2443},{"@type":"BreadcrumbList","@id":"https:\/\/ponteseditores.com.br\/loja3\/pontes-editores-home-2__trashed\/ebook\/qual-interdisciplinaridade-esta-em-jogo-debates-sobre-processos-comunicacionais-e-educativos\/#breadcrumb","itemListElement":[{"@type":"ListItem","position":1,"name":"Home","item":"https:\/\/ponteseditores.com.br\/loja3\/"},{"@type":"ListItem","position":2,"name":"loja","item":"https:\/\/ponteseditores.com.br\/loja3\/loja\/"},{"@type":"ListItem","position":3,"name":"Qual interdisciplinaridade est\u00e1 em jogo? Debates sobre processos comunicacionais e educativos"}]},{"@type":"WebSite","@id":"https:\/\/ponteseditores.com.br\/loja3\/#website","url":"https:\/\/ponteseditores.com.br\/loja3\/","name":"Pontes Editores","description":"Pontes Editores","publisher":{"@id":"https:\/\/ponteseditores.com.br\/loja3\/#organization"},"potentialAction":[{"@type":"SearchAction","target":{"@type":"EntryPoint","urlTemplate":"https:\/\/ponteseditores.com.br\/loja3\/?s={search_term_string}"},"query-input":{"@type":"PropertyValueSpecification","valueRequired":true,"valueName":"search_term_string"}}],"inLanguage":"pt-BR"},{"@type":"Organization","@id":"https:\/\/ponteseditores.com.br\/loja3\/#organization","name":"Pontes Editores","url":"https:\/\/ponteseditores.com.br\/loja3\/","logo":{"@type":"ImageObject","inLanguage":"pt-BR","@id":"https:\/\/ponteseditores.com.br\/loja3\/#\/schema\/logo\/image\/","url":"https:\/\/ponteseditores.com.br\/loja3\/wp-content\/uploads\/2023\/12\/logo-pontes-editores-v2.png","contentUrl":"https:\/\/ponteseditores.com.br\/loja3\/wp-content\/uploads\/2023\/12\/logo-pontes-editores-v2.png","width":258,"height":100,"caption":"Pontes Editores"},"image":{"@id":"https:\/\/ponteseditores.com.br\/loja3\/#\/schema\/logo\/image\/"}}]}},"_links":{"self":[{"href":"https:\/\/ponteseditores.com.br\/loja3\/wp-json\/wp\/v2\/product\/6298","targetHints":{"allow":["GET"]}}],"collection":[{"href":"https:\/\/ponteseditores.com.br\/loja3\/wp-json\/wp\/v2\/product"}],"about":[{"href":"https:\/\/ponteseditores.com.br\/loja3\/wp-json\/wp\/v2\/types\/product"}],"replies":[{"embeddable":true,"href":"https:\/\/ponteseditores.com.br\/loja3\/wp-json\/wp\/v2\/comments?post=6298"}],"version-history":[{"count":0,"href":"https:\/\/ponteseditores.com.br\/loja3\/wp-json\/wp\/v2\/product\/6298\/revisions"}],"wp:featuredmedia":[{"embeddable":true,"href":"https:\/\/ponteseditores.com.br\/loja3\/wp-json\/wp\/v2\/media\/6300"}],"wp:attachment":[{"href":"https:\/\/ponteseditores.com.br\/loja3\/wp-json\/wp\/v2\/media?parent=6298"}],"wp:term":[{"taxonomy":"product_brand","embeddable":true,"href":"https:\/\/ponteseditores.com.br\/loja3\/wp-json\/wp\/v2\/product_brand?post=6298"},{"taxonomy":"product_cat","embeddable":true,"href":"https:\/\/ponteseditores.com.br\/loja3\/wp-json\/wp\/v2\/product_cat?post=6298"},{"taxonomy":"product_tag","embeddable":true,"href":"https:\/\/ponteseditores.com.br\/loja3\/wp-json\/wp\/v2\/product_tag?post=6298"}],"curies":[{"name":"wp","href":"https:\/\/api.w.org\/{rel}","templated":true}]}}