{"id":5704,"date":"2023-12-11T00:56:42","date_gmt":"2023-12-11T03:56:42","guid":{"rendered":"https:\/\/ponteseditores.com.br\/loja3\/produto\/produto-698\/"},"modified":"2023-12-15T14:12:47","modified_gmt":"2023-12-15T17:12:47","slug":"produto-698","status":"publish","type":"product","link":"https:\/\/ponteseditores.com.br\/loja3\/pontes-editores-home-2__trashed\/biografias\/produto-698\/","title":{"rendered":"MANECO M\u00daSICO &#8211; Pai e mestre de Carlos Gomes"},"content":{"rendered":"<p>Foi Ant\u00f4nio Carlos Gomes, o grande compositor l\u00edrico campineiro do s\u00e9culo XIX que, com sua brilhante carreira na It\u00e1lia, conferiu notoriedade internacional ao sobrenome herdado de seu pai, Manuel Jos\u00e9 Gomes. Os estudos preparat\u00f3rios que realizou no Rio de Janeiro antes de galgar a fama nos palcos europeus foram, na verdade, precedidos de s\u00f3lida forma\u00e7\u00e3o musical com o pai, m\u00fasico excelente e completo e seguramente respons\u00e1vel em grande parte pelo desabrochamento da sua voca\u00e7\u00e3o. Manuel Jos\u00e9 Gomes, o Maneco M\u00fasico, a exemplo de seus contempor\u00e2neos, recebeu um estudo aprofundado e abrangente. Lenita Nogueira, pesquisadora incans\u00e1vel, exigente e caprichosa, foi \u00e0s fontes prim\u00e1rias e secund\u00e1rias, submetendo-as a impiedosas revis\u00f5es para destacar o mito do fito e encontrar respostas realistas a quest\u00f5es pacientemente formuladas em anos de viv\u00eancia e an\u00e1lise da vida e obra desse grande m\u00fasico do s\u00e9culo XIX, preceptor, inclusive, de seus pr\u00f3prios filhos, Jos\u00e9 Pedro de Sant&#8217;Anna Gomes e Ant\u00f4nio Carlos Gomes, e de uma linhagem, de m\u00fasicos que se lhe seguiram na fam\u00edlia.<\/p>\n<p>O livro, apesar de solidamente fundado em fontes de arquivo e de uma ampla assimila\u00e7\u00e3o da bibliografia pregressa, \u00e9 de leitura extremamente fluente e agrad\u00e1vel, coisa frequentemente dif\u00edcil de se obter no trabalho hist\u00f3rico. \u00c9 o perfil do m\u00fasico, do progenitor e preceptor, do mestre-de-capela e de banda que exerce a s\u00edntese do erudito e do popular, do compositor que tamb\u00e9m foi respons\u00e1vel pela execu\u00e7\u00e3o e preserva\u00e7\u00e3o de fart\u00edssimo material musical de obras de autores que o precederam, copiando-as da pr\u00f3pria m\u00e3o, m\u00e3os que as executavam e regiam na sua labuta cotidiana. Maneco M\u00fasico: pai e mestre de Carlos Gomes ir\u00e1, com certeza, deliciar os leitores como o fez comigo mesmo, com uma obra reflexiva, instrutiva, informativa, enriquecedora do nosso patrim\u00f4nio hist\u00f3rico e art\u00edstico e de nossas tradi\u00e7\u00f5es musicais.<\/p>\n<p>R\u00e9gis Duprat<\/p>\n","protected":false},"excerpt":{"rendered":"<p>Foi Ant\u00f4nio Carlos Gomes, o grande compositor l\u00edrico campineiro do s\u00e9culo XIX que, com sua brilhante carreira na It\u00e1lia, conferiu notoriedade internacional ao sobrenome herdado de seu pai, Manuel Jos\u00e9 Gomes. Os estudos preparat\u00f3rios que realizou no Rio de Janeiro antes de galgar a fama nos palcos europeus foram, na verdade, precedidos de s\u00f3lida forma\u00e7\u00e3o [&hellip;]<\/p>\n","protected":false},"featured_media":5703,"comment_status":"open","ping_status":"closed","template":"","meta":{"_joinchat":[]},"product_brand":[],"product_cat":[285,330],"product_tag":[],"class_list":{"0":"post-5704","1":"product","2":"type-product","3":"status-publish","4":"has-post-thumbnail","6":"product_cat-biografias","7":"product_cat-musica","8":"product_shipping_class-livro-pontes-editores-fisico","10":"first","11":"instock","12":"shipping-taxable","13":"purchasable","14":"product-type-simple"},"yoast_head":"<!-- This site is optimized with the Yoast SEO plugin v27.4 - https:\/\/yoast.com\/product\/yoast-seo-wordpress\/ -->\n<title>MANECO M\u00daSICO - Pai e mestre de Carlos Gomes - Pontes Editores<\/title>\n<meta name=\"robots\" content=\"index, follow, max-snippet:-1, max-image-preview:large, max-video-preview:-1\" \/>\n<link rel=\"canonical\" href=\"https:\/\/ponteseditores.com.br\/loja3\/pontes-editores-home-2__trashed\/biografias\/produto-698\/\" \/>\n<meta property=\"og:locale\" content=\"pt_BR\" \/>\n<meta property=\"og:type\" content=\"article\" \/>\n<meta property=\"og:title\" content=\"MANECO M\u00daSICO - Pai e mestre de Carlos Gomes - Pontes Editores\" \/>\n<meta property=\"og:description\" content=\"Foi Ant\u00f4nio Carlos Gomes, o grande compositor l\u00edrico campineiro do s\u00e9culo XIX que, com sua brilhante carreira na It\u00e1lia, conferiu notoriedade internacional ao sobrenome herdado de seu pai, Manuel Jos\u00e9 Gomes. Os estudos preparat\u00f3rios que realizou no Rio de Janeiro antes de galgar a fama nos palcos europeus foram, na verdade, precedidos de s\u00f3lida forma\u00e7\u00e3o [&hellip;]\" \/>\n<meta property=\"og:url\" content=\"https:\/\/ponteseditores.com.br\/loja3\/pontes-editores-home-2__trashed\/biografias\/produto-698\/\" \/>\n<meta property=\"og:site_name\" content=\"Pontes Editores\" \/>\n<meta property=\"article:modified_time\" content=\"2023-12-15T17:12:47+00:00\" \/>\n<meta property=\"og:image\" content=\"https:\/\/ponteseditores.com.br\/loja3\/wp-content\/uploads\/2023\/12\/maneco1-1.jpg\" \/>\n\t<meta property=\"og:image:width\" content=\"390\" \/>\n\t<meta property=\"og:image:height\" content=\"600\" \/>\n\t<meta property=\"og:image:type\" content=\"image\/jpeg\" \/>\n<meta name=\"twitter:card\" content=\"summary_large_image\" \/>\n<meta name=\"twitter:label1\" content=\"Est. tempo de leitura\" \/>\n\t<meta name=\"twitter:data1\" content=\"2 minutos\" \/>\n<script type=\"application\/ld+json\" class=\"yoast-schema-graph\">{\"@context\":\"https:\\\/\\\/schema.org\",\"@graph\":[{\"@type\":\"WebPage\",\"@id\":\"https:\\\/\\\/ponteseditores.com.br\\\/loja3\\\/pontes-editores-home-2__trashed\\\/biografias\\\/produto-698\\\/\",\"url\":\"https:\\\/\\\/ponteseditores.com.br\\\/loja3\\\/pontes-editores-home-2__trashed\\\/biografias\\\/produto-698\\\/\",\"name\":\"MANECO M\u00daSICO - Pai e mestre de Carlos Gomes - Pontes Editores\",\"isPartOf\":{\"@id\":\"https:\\\/\\\/ponteseditores.com.br\\\/loja3\\\/#website\"},\"primaryImageOfPage\":{\"@id\":\"https:\\\/\\\/ponteseditores.com.br\\\/loja3\\\/pontes-editores-home-2__trashed\\\/biografias\\\/produto-698\\\/#primaryimage\"},\"image\":{\"@id\":\"https:\\\/\\\/ponteseditores.com.br\\\/loja3\\\/pontes-editores-home-2__trashed\\\/biografias\\\/produto-698\\\/#primaryimage\"},\"thumbnailUrl\":\"https:\\\/\\\/ponteseditores.com.br\\\/loja3\\\/wp-content\\\/uploads\\\/2023\\\/12\\\/maneco1-1.jpg\",\"datePublished\":\"2023-12-11T03:56:42+00:00\",\"dateModified\":\"2023-12-15T17:12:47+00:00\",\"breadcrumb\":{\"@id\":\"https:\\\/\\\/ponteseditores.com.br\\\/loja3\\\/pontes-editores-home-2__trashed\\\/biografias\\\/produto-698\\\/#breadcrumb\"},\"inLanguage\":\"pt-BR\",\"potentialAction\":[{\"@type\":\"ReadAction\",\"target\":[\"https:\\\/\\\/ponteseditores.com.br\\\/loja3\\\/pontes-editores-home-2__trashed\\\/biografias\\\/produto-698\\\/\"]}]},{\"@type\":\"ImageObject\",\"inLanguage\":\"pt-BR\",\"@id\":\"https:\\\/\\\/ponteseditores.com.br\\\/loja3\\\/pontes-editores-home-2__trashed\\\/biografias\\\/produto-698\\\/#primaryimage\",\"url\":\"https:\\\/\\\/ponteseditores.com.br\\\/loja3\\\/wp-content\\\/uploads\\\/2023\\\/12\\\/maneco1-1.jpg\",\"contentUrl\":\"https:\\\/\\\/ponteseditores.com.br\\\/loja3\\\/wp-content\\\/uploads\\\/2023\\\/12\\\/maneco1-1.jpg\",\"width\":390,\"height\":600},{\"@type\":\"BreadcrumbList\",\"@id\":\"https:\\\/\\\/ponteseditores.com.br\\\/loja3\\\/pontes-editores-home-2__trashed\\\/biografias\\\/produto-698\\\/#breadcrumb\",\"itemListElement\":[{\"@type\":\"ListItem\",\"position\":1,\"name\":\"Home\",\"item\":\"https:\\\/\\\/ponteseditores.com.br\\\/loja3\\\/\"},{\"@type\":\"ListItem\",\"position\":2,\"name\":\"loja\",\"item\":\"https:\\\/\\\/ponteseditores.com.br\\\/loja3\\\/loja\\\/\"},{\"@type\":\"ListItem\",\"position\":3,\"name\":\"MANECO M\u00daSICO &#8211; Pai e mestre de Carlos Gomes\"}]},{\"@type\":\"WebSite\",\"@id\":\"https:\\\/\\\/ponteseditores.com.br\\\/loja3\\\/#website\",\"url\":\"https:\\\/\\\/ponteseditores.com.br\\\/loja3\\\/\",\"name\":\"Pontes Editores\",\"description\":\"Pontes Editores\",\"publisher\":{\"@id\":\"https:\\\/\\\/ponteseditores.com.br\\\/loja3\\\/#organization\"},\"potentialAction\":[{\"@type\":\"SearchAction\",\"target\":{\"@type\":\"EntryPoint\",\"urlTemplate\":\"https:\\\/\\\/ponteseditores.com.br\\\/loja3\\\/?s={search_term_string}\"},\"query-input\":{\"@type\":\"PropertyValueSpecification\",\"valueRequired\":true,\"valueName\":\"search_term_string\"}}],\"inLanguage\":\"pt-BR\"},{\"@type\":\"Organization\",\"@id\":\"https:\\\/\\\/ponteseditores.com.br\\\/loja3\\\/#organization\",\"name\":\"Pontes Editores\",\"url\":\"https:\\\/\\\/ponteseditores.com.br\\\/loja3\\\/\",\"logo\":{\"@type\":\"ImageObject\",\"inLanguage\":\"pt-BR\",\"@id\":\"https:\\\/\\\/ponteseditores.com.br\\\/loja3\\\/#\\\/schema\\\/logo\\\/image\\\/\",\"url\":\"https:\\\/\\\/ponteseditores.com.br\\\/loja3\\\/wp-content\\\/uploads\\\/2023\\\/12\\\/logo-pontes-editores-v2.png\",\"contentUrl\":\"https:\\\/\\\/ponteseditores.com.br\\\/loja3\\\/wp-content\\\/uploads\\\/2023\\\/12\\\/logo-pontes-editores-v2.png\",\"width\":258,\"height\":100,\"caption\":\"Pontes Editores\"},\"image\":{\"@id\":\"https:\\\/\\\/ponteseditores.com.br\\\/loja3\\\/#\\\/schema\\\/logo\\\/image\\\/\"}}]}<\/script>\n<!-- \/ Yoast SEO plugin. -->","yoast_head_json":{"title":"MANECO M\u00daSICO - Pai e mestre de Carlos Gomes - Pontes Editores","robots":{"index":"index","follow":"follow","max-snippet":"max-snippet:-1","max-image-preview":"max-image-preview:large","max-video-preview":"max-video-preview:-1"},"canonical":"https:\/\/ponteseditores.com.br\/loja3\/pontes-editores-home-2__trashed\/biografias\/produto-698\/","og_locale":"pt_BR","og_type":"article","og_title":"MANECO M\u00daSICO - Pai e mestre de Carlos Gomes - Pontes Editores","og_description":"Foi Ant\u00f4nio Carlos Gomes, o grande compositor l\u00edrico campineiro do s\u00e9culo XIX que, com sua brilhante carreira na It\u00e1lia, conferiu notoriedade internacional ao sobrenome herdado de seu pai, Manuel Jos\u00e9 Gomes. Os estudos preparat\u00f3rios que realizou no Rio de Janeiro antes de galgar a fama nos palcos europeus foram, na verdade, precedidos de s\u00f3lida forma\u00e7\u00e3o [&hellip;]","og_url":"https:\/\/ponteseditores.com.br\/loja3\/pontes-editores-home-2__trashed\/biografias\/produto-698\/","og_site_name":"Pontes Editores","article_modified_time":"2023-12-15T17:12:47+00:00","og_image":[{"width":390,"height":600,"url":"https:\/\/ponteseditores.com.br\/loja3\/wp-content\/uploads\/2023\/12\/maneco1-1.jpg","type":"image\/jpeg"}],"twitter_card":"summary_large_image","twitter_misc":{"Est. tempo de leitura":"2 minutos"},"schema":{"@context":"https:\/\/schema.org","@graph":[{"@type":"WebPage","@id":"https:\/\/ponteseditores.com.br\/loja3\/pontes-editores-home-2__trashed\/biografias\/produto-698\/","url":"https:\/\/ponteseditores.com.br\/loja3\/pontes-editores-home-2__trashed\/biografias\/produto-698\/","name":"MANECO M\u00daSICO - Pai e mestre de Carlos Gomes - Pontes Editores","isPartOf":{"@id":"https:\/\/ponteseditores.com.br\/loja3\/#website"},"primaryImageOfPage":{"@id":"https:\/\/ponteseditores.com.br\/loja3\/pontes-editores-home-2__trashed\/biografias\/produto-698\/#primaryimage"},"image":{"@id":"https:\/\/ponteseditores.com.br\/loja3\/pontes-editores-home-2__trashed\/biografias\/produto-698\/#primaryimage"},"thumbnailUrl":"https:\/\/ponteseditores.com.br\/loja3\/wp-content\/uploads\/2023\/12\/maneco1-1.jpg","datePublished":"2023-12-11T03:56:42+00:00","dateModified":"2023-12-15T17:12:47+00:00","breadcrumb":{"@id":"https:\/\/ponteseditores.com.br\/loja3\/pontes-editores-home-2__trashed\/biografias\/produto-698\/#breadcrumb"},"inLanguage":"pt-BR","potentialAction":[{"@type":"ReadAction","target":["https:\/\/ponteseditores.com.br\/loja3\/pontes-editores-home-2__trashed\/biografias\/produto-698\/"]}]},{"@type":"ImageObject","inLanguage":"pt-BR","@id":"https:\/\/ponteseditores.com.br\/loja3\/pontes-editores-home-2__trashed\/biografias\/produto-698\/#primaryimage","url":"https:\/\/ponteseditores.com.br\/loja3\/wp-content\/uploads\/2023\/12\/maneco1-1.jpg","contentUrl":"https:\/\/ponteseditores.com.br\/loja3\/wp-content\/uploads\/2023\/12\/maneco1-1.jpg","width":390,"height":600},{"@type":"BreadcrumbList","@id":"https:\/\/ponteseditores.com.br\/loja3\/pontes-editores-home-2__trashed\/biografias\/produto-698\/#breadcrumb","itemListElement":[{"@type":"ListItem","position":1,"name":"Home","item":"https:\/\/ponteseditores.com.br\/loja3\/"},{"@type":"ListItem","position":2,"name":"loja","item":"https:\/\/ponteseditores.com.br\/loja3\/loja\/"},{"@type":"ListItem","position":3,"name":"MANECO M\u00daSICO &#8211; Pai e mestre de Carlos Gomes"}]},{"@type":"WebSite","@id":"https:\/\/ponteseditores.com.br\/loja3\/#website","url":"https:\/\/ponteseditores.com.br\/loja3\/","name":"Pontes Editores","description":"Pontes Editores","publisher":{"@id":"https:\/\/ponteseditores.com.br\/loja3\/#organization"},"potentialAction":[{"@type":"SearchAction","target":{"@type":"EntryPoint","urlTemplate":"https:\/\/ponteseditores.com.br\/loja3\/?s={search_term_string}"},"query-input":{"@type":"PropertyValueSpecification","valueRequired":true,"valueName":"search_term_string"}}],"inLanguage":"pt-BR"},{"@type":"Organization","@id":"https:\/\/ponteseditores.com.br\/loja3\/#organization","name":"Pontes Editores","url":"https:\/\/ponteseditores.com.br\/loja3\/","logo":{"@type":"ImageObject","inLanguage":"pt-BR","@id":"https:\/\/ponteseditores.com.br\/loja3\/#\/schema\/logo\/image\/","url":"https:\/\/ponteseditores.com.br\/loja3\/wp-content\/uploads\/2023\/12\/logo-pontes-editores-v2.png","contentUrl":"https:\/\/ponteseditores.com.br\/loja3\/wp-content\/uploads\/2023\/12\/logo-pontes-editores-v2.png","width":258,"height":100,"caption":"Pontes Editores"},"image":{"@id":"https:\/\/ponteseditores.com.br\/loja3\/#\/schema\/logo\/image\/"}}]}},"_links":{"self":[{"href":"https:\/\/ponteseditores.com.br\/loja3\/wp-json\/wp\/v2\/product\/5704","targetHints":{"allow":["GET"]}}],"collection":[{"href":"https:\/\/ponteseditores.com.br\/loja3\/wp-json\/wp\/v2\/product"}],"about":[{"href":"https:\/\/ponteseditores.com.br\/loja3\/wp-json\/wp\/v2\/types\/product"}],"replies":[{"embeddable":true,"href":"https:\/\/ponteseditores.com.br\/loja3\/wp-json\/wp\/v2\/comments?post=5704"}],"version-history":[{"count":0,"href":"https:\/\/ponteseditores.com.br\/loja3\/wp-json\/wp\/v2\/product\/5704\/revisions"}],"wp:featuredmedia":[{"embeddable":true,"href":"https:\/\/ponteseditores.com.br\/loja3\/wp-json\/wp\/v2\/media\/5703"}],"wp:attachment":[{"href":"https:\/\/ponteseditores.com.br\/loja3\/wp-json\/wp\/v2\/media?parent=5704"}],"wp:term":[{"taxonomy":"product_brand","embeddable":true,"href":"https:\/\/ponteseditores.com.br\/loja3\/wp-json\/wp\/v2\/product_brand?post=5704"},{"taxonomy":"product_cat","embeddable":true,"href":"https:\/\/ponteseditores.com.br\/loja3\/wp-json\/wp\/v2\/product_cat?post=5704"},{"taxonomy":"product_tag","embeddable":true,"href":"https:\/\/ponteseditores.com.br\/loja3\/wp-json\/wp\/v2\/product_tag?post=5704"}],"curies":[{"name":"wp","href":"https:\/\/api.w.org\/{rel}","templated":true}]}}