{"id":5687,"date":"2023-12-11T00:56:35","date_gmt":"2023-12-11T03:56:35","guid":{"rendered":"https:\/\/ponteseditores.com.br\/loja3\/produto\/produto-689\/"},"modified":"2023-12-15T14:12:49","modified_gmt":"2023-12-15T17:12:49","slug":"produto-689","status":"publish","type":"product","link":"https:\/\/ponteseditores.com.br\/loja3\/pontes-editores-home-2__trashed\/linguistica\/produto-689\/","title":{"rendered":"DI\u00c1LOGOS SOBRE RESIST\u00caNCIA: ORGANIZA\u00c7\u00c3O COLETIVA E PRODU\u00c7\u00c3O DO CONHECIMENTO ENGAJADO"},"content":{"rendered":"<p>Neste livro, est\u00e3o autorrepresentados a Campanha pela Liberdade de Rafael Braga, o Movimento Nacional da Popula\u00e7\u00e3o em Situa\u00e7\u00e3o de Rua, o ProyectoSiete, o Coletivo Ceil\u00e2ndia e a Universidade de Bras\u00edlia. O livro re\u00fane seis cap\u00edtulos de coautorias que, juntos, permitem uma reflex\u00e3o sobre a organiza\u00e7\u00e3o coletiva na luta por mudan\u00e7a social e a constru\u00e7\u00e3o colaborativa do conhecimento engajado. Nossa preocupa\u00e7\u00e3o foi garantir um di\u00e1logo efetivo em que a universidade se p\u00f5e ao lado dos movimentos e a\u00e7\u00f5es da sociedade, ao inv\u00e9s de se ver acima e falar a respeito como se de fora do mundo. J\u00e1 chega de uma universidade arrogante que se acha em condi\u00e7\u00e3o de &#8216;falar sobre&#8217; e n\u00e3o &#8216;fala com&#8217;, que se arvora a pretender &#8216;dar voz&#8217;, m\u00e1ximo signo da soberba acad\u00eamica, sem ter nunca dado ouvidos. Eis os sentidos que nos interessou desconstruir. N\u00e3o que o di\u00e1logo seja sempre f\u00e1cil; n\u00e3o que a universidade seja um espa\u00e7o necessariamente democr\u00e1tico; n\u00e3o que a burocracia acad\u00eamica facilite as coisas. Mas insistimos nessa ideia, e pudemos realizar o prop\u00f3sito de fomentar um di\u00e1logo produtivo na escrita colaborativa desses textos. A busca de efetividade nesse di\u00e1logo e seus desafios nos fizeram pensar na discuss\u00e3o te\u00f3rica em torno da decolonialidade e especialmente da colonialidade epist\u00eamica e os caminhos que a universidade ainda precisa descobrir e trilhar.<\/p>\n","protected":false},"excerpt":{"rendered":"<p>Neste livro, est\u00e3o autorrepresentados a Campanha pela Liberdade de Rafael Braga, o Movimento Nacional da Popula\u00e7\u00e3o em Situa\u00e7\u00e3o de Rua, o ProyectoSiete, o Coletivo Ceil\u00e2ndia e a Universidade de Bras\u00edlia. O livro re\u00fane seis cap\u00edtulos de coautorias que, juntos, permitem uma reflex\u00e3o sobre a organiza\u00e7\u00e3o coletiva na luta por mudan\u00e7a social e a constru\u00e7\u00e3o colaborativa [&hellip;]<\/p>\n","protected":false},"featured_media":5686,"comment_status":"open","ping_status":"closed","template":"","meta":{"_joinchat":[]},"product_brand":[],"product_cat":[301,31],"product_tag":[],"class_list":{"0":"post-5687","1":"product","2":"type-product","3":"status-publish","4":"has-post-thumbnail","6":"product_cat-analise-de-discurso","7":"product_cat-linguistica","8":"product_shipping_class-livro-pontes-editores-fisico","10":"first","11":"instock","12":"shipping-taxable","13":"purchasable","14":"product-type-simple"},"yoast_head":"<!-- This site is optimized with the Yoast SEO plugin v27.4 - https:\/\/yoast.com\/product\/yoast-seo-wordpress\/ -->\n<title>DI\u00c1LOGOS SOBRE RESIST\u00caNCIA: ORGANIZA\u00c7\u00c3O COLETIVA E PRODU\u00c7\u00c3O DO CONHECIMENTO ENGAJADO - Pontes Editores<\/title>\n<meta name=\"robots\" content=\"index, follow, max-snippet:-1, max-image-preview:large, max-video-preview:-1\" \/>\n<link rel=\"canonical\" href=\"https:\/\/ponteseditores.com.br\/loja3\/pontes-editores-home-2__trashed\/linguistica\/produto-689\/\" \/>\n<meta property=\"og:locale\" content=\"pt_BR\" \/>\n<meta property=\"og:type\" content=\"article\" \/>\n<meta property=\"og:title\" content=\"DI\u00c1LOGOS SOBRE RESIST\u00caNCIA: ORGANIZA\u00c7\u00c3O COLETIVA E PRODU\u00c7\u00c3O DO CONHECIMENTO ENGAJADO - Pontes Editores\" \/>\n<meta property=\"og:description\" content=\"Neste livro, est\u00e3o autorrepresentados a Campanha pela Liberdade de Rafael Braga, o Movimento Nacional da Popula\u00e7\u00e3o em Situa\u00e7\u00e3o de Rua, o ProyectoSiete, o Coletivo Ceil\u00e2ndia e a Universidade de Bras\u00edlia. O livro re\u00fane seis cap\u00edtulos de coautorias que, juntos, permitem uma reflex\u00e3o sobre a organiza\u00e7\u00e3o coletiva na luta por mudan\u00e7a social e a constru\u00e7\u00e3o colaborativa [&hellip;]\" \/>\n<meta property=\"og:url\" content=\"https:\/\/ponteseditores.com.br\/loja3\/pontes-editores-home-2__trashed\/linguistica\/produto-689\/\" \/>\n<meta property=\"og:site_name\" content=\"Pontes Editores\" \/>\n<meta property=\"article:modified_time\" content=\"2023-12-15T17:12:49+00:00\" \/>\n<meta property=\"og:image\" content=\"https:\/\/ponteseditores.com.br\/loja3\/wp-content\/uploads\/2023\/12\/dia1-1.jpg\" \/>\n\t<meta property=\"og:image:width\" content=\"519\" \/>\n\t<meta property=\"og:image:height\" content=\"768\" \/>\n\t<meta property=\"og:image:type\" content=\"image\/jpeg\" \/>\n<meta name=\"twitter:card\" content=\"summary_large_image\" \/>\n<meta name=\"twitter:label1\" content=\"Est. tempo de leitura\" \/>\n\t<meta name=\"twitter:data1\" content=\"1 minuto\" \/>\n<script type=\"application\/ld+json\" class=\"yoast-schema-graph\">{\"@context\":\"https:\\\/\\\/schema.org\",\"@graph\":[{\"@type\":\"WebPage\",\"@id\":\"https:\\\/\\\/ponteseditores.com.br\\\/loja3\\\/pontes-editores-home-2__trashed\\\/linguistica\\\/produto-689\\\/\",\"url\":\"https:\\\/\\\/ponteseditores.com.br\\\/loja3\\\/pontes-editores-home-2__trashed\\\/linguistica\\\/produto-689\\\/\",\"name\":\"DI\u00c1LOGOS SOBRE RESIST\u00caNCIA: ORGANIZA\u00c7\u00c3O COLETIVA E PRODU\u00c7\u00c3O DO CONHECIMENTO ENGAJADO - Pontes Editores\",\"isPartOf\":{\"@id\":\"https:\\\/\\\/ponteseditores.com.br\\\/loja3\\\/#website\"},\"primaryImageOfPage\":{\"@id\":\"https:\\\/\\\/ponteseditores.com.br\\\/loja3\\\/pontes-editores-home-2__trashed\\\/linguistica\\\/produto-689\\\/#primaryimage\"},\"image\":{\"@id\":\"https:\\\/\\\/ponteseditores.com.br\\\/loja3\\\/pontes-editores-home-2__trashed\\\/linguistica\\\/produto-689\\\/#primaryimage\"},\"thumbnailUrl\":\"https:\\\/\\\/ponteseditores.com.br\\\/loja3\\\/wp-content\\\/uploads\\\/2023\\\/12\\\/dia1-1.jpg\",\"datePublished\":\"2023-12-11T03:56:35+00:00\",\"dateModified\":\"2023-12-15T17:12:49+00:00\",\"breadcrumb\":{\"@id\":\"https:\\\/\\\/ponteseditores.com.br\\\/loja3\\\/pontes-editores-home-2__trashed\\\/linguistica\\\/produto-689\\\/#breadcrumb\"},\"inLanguage\":\"pt-BR\",\"potentialAction\":[{\"@type\":\"ReadAction\",\"target\":[\"https:\\\/\\\/ponteseditores.com.br\\\/loja3\\\/pontes-editores-home-2__trashed\\\/linguistica\\\/produto-689\\\/\"]}]},{\"@type\":\"ImageObject\",\"inLanguage\":\"pt-BR\",\"@id\":\"https:\\\/\\\/ponteseditores.com.br\\\/loja3\\\/pontes-editores-home-2__trashed\\\/linguistica\\\/produto-689\\\/#primaryimage\",\"url\":\"https:\\\/\\\/ponteseditores.com.br\\\/loja3\\\/wp-content\\\/uploads\\\/2023\\\/12\\\/dia1-1.jpg\",\"contentUrl\":\"https:\\\/\\\/ponteseditores.com.br\\\/loja3\\\/wp-content\\\/uploads\\\/2023\\\/12\\\/dia1-1.jpg\",\"width\":519,\"height\":768},{\"@type\":\"BreadcrumbList\",\"@id\":\"https:\\\/\\\/ponteseditores.com.br\\\/loja3\\\/pontes-editores-home-2__trashed\\\/linguistica\\\/produto-689\\\/#breadcrumb\",\"itemListElement\":[{\"@type\":\"ListItem\",\"position\":1,\"name\":\"Home\",\"item\":\"https:\\\/\\\/ponteseditores.com.br\\\/loja3\\\/\"},{\"@type\":\"ListItem\",\"position\":2,\"name\":\"loja\",\"item\":\"https:\\\/\\\/ponteseditores.com.br\\\/loja3\\\/loja\\\/\"},{\"@type\":\"ListItem\",\"position\":3,\"name\":\"DI\u00c1LOGOS SOBRE RESIST\u00caNCIA: ORGANIZA\u00c7\u00c3O COLETIVA E PRODU\u00c7\u00c3O DO CONHECIMENTO ENGAJADO\"}]},{\"@type\":\"WebSite\",\"@id\":\"https:\\\/\\\/ponteseditores.com.br\\\/loja3\\\/#website\",\"url\":\"https:\\\/\\\/ponteseditores.com.br\\\/loja3\\\/\",\"name\":\"Pontes Editores\",\"description\":\"Pontes Editores\",\"publisher\":{\"@id\":\"https:\\\/\\\/ponteseditores.com.br\\\/loja3\\\/#organization\"},\"potentialAction\":[{\"@type\":\"SearchAction\",\"target\":{\"@type\":\"EntryPoint\",\"urlTemplate\":\"https:\\\/\\\/ponteseditores.com.br\\\/loja3\\\/?s={search_term_string}\"},\"query-input\":{\"@type\":\"PropertyValueSpecification\",\"valueRequired\":true,\"valueName\":\"search_term_string\"}}],\"inLanguage\":\"pt-BR\"},{\"@type\":\"Organization\",\"@id\":\"https:\\\/\\\/ponteseditores.com.br\\\/loja3\\\/#organization\",\"name\":\"Pontes Editores\",\"url\":\"https:\\\/\\\/ponteseditores.com.br\\\/loja3\\\/\",\"logo\":{\"@type\":\"ImageObject\",\"inLanguage\":\"pt-BR\",\"@id\":\"https:\\\/\\\/ponteseditores.com.br\\\/loja3\\\/#\\\/schema\\\/logo\\\/image\\\/\",\"url\":\"https:\\\/\\\/ponteseditores.com.br\\\/loja3\\\/wp-content\\\/uploads\\\/2023\\\/12\\\/logo-pontes-editores-v2.png\",\"contentUrl\":\"https:\\\/\\\/ponteseditores.com.br\\\/loja3\\\/wp-content\\\/uploads\\\/2023\\\/12\\\/logo-pontes-editores-v2.png\",\"width\":258,\"height\":100,\"caption\":\"Pontes Editores\"},\"image\":{\"@id\":\"https:\\\/\\\/ponteseditores.com.br\\\/loja3\\\/#\\\/schema\\\/logo\\\/image\\\/\"}}]}<\/script>\n<!-- \/ Yoast SEO plugin. -->","yoast_head_json":{"title":"DI\u00c1LOGOS SOBRE RESIST\u00caNCIA: ORGANIZA\u00c7\u00c3O COLETIVA E PRODU\u00c7\u00c3O DO CONHECIMENTO ENGAJADO - Pontes Editores","robots":{"index":"index","follow":"follow","max-snippet":"max-snippet:-1","max-image-preview":"max-image-preview:large","max-video-preview":"max-video-preview:-1"},"canonical":"https:\/\/ponteseditores.com.br\/loja3\/pontes-editores-home-2__trashed\/linguistica\/produto-689\/","og_locale":"pt_BR","og_type":"article","og_title":"DI\u00c1LOGOS SOBRE RESIST\u00caNCIA: ORGANIZA\u00c7\u00c3O COLETIVA E PRODU\u00c7\u00c3O DO CONHECIMENTO ENGAJADO - Pontes Editores","og_description":"Neste livro, est\u00e3o autorrepresentados a Campanha pela Liberdade de Rafael Braga, o Movimento Nacional da Popula\u00e7\u00e3o em Situa\u00e7\u00e3o de Rua, o ProyectoSiete, o Coletivo Ceil\u00e2ndia e a Universidade de Bras\u00edlia. O livro re\u00fane seis cap\u00edtulos de coautorias que, juntos, permitem uma reflex\u00e3o sobre a organiza\u00e7\u00e3o coletiva na luta por mudan\u00e7a social e a constru\u00e7\u00e3o colaborativa [&hellip;]","og_url":"https:\/\/ponteseditores.com.br\/loja3\/pontes-editores-home-2__trashed\/linguistica\/produto-689\/","og_site_name":"Pontes Editores","article_modified_time":"2023-12-15T17:12:49+00:00","og_image":[{"width":519,"height":768,"url":"https:\/\/ponteseditores.com.br\/loja3\/wp-content\/uploads\/2023\/12\/dia1-1.jpg","type":"image\/jpeg"}],"twitter_card":"summary_large_image","twitter_misc":{"Est. tempo de leitura":"1 minuto"},"schema":{"@context":"https:\/\/schema.org","@graph":[{"@type":"WebPage","@id":"https:\/\/ponteseditores.com.br\/loja3\/pontes-editores-home-2__trashed\/linguistica\/produto-689\/","url":"https:\/\/ponteseditores.com.br\/loja3\/pontes-editores-home-2__trashed\/linguistica\/produto-689\/","name":"DI\u00c1LOGOS SOBRE RESIST\u00caNCIA: ORGANIZA\u00c7\u00c3O COLETIVA E PRODU\u00c7\u00c3O DO CONHECIMENTO ENGAJADO - Pontes Editores","isPartOf":{"@id":"https:\/\/ponteseditores.com.br\/loja3\/#website"},"primaryImageOfPage":{"@id":"https:\/\/ponteseditores.com.br\/loja3\/pontes-editores-home-2__trashed\/linguistica\/produto-689\/#primaryimage"},"image":{"@id":"https:\/\/ponteseditores.com.br\/loja3\/pontes-editores-home-2__trashed\/linguistica\/produto-689\/#primaryimage"},"thumbnailUrl":"https:\/\/ponteseditores.com.br\/loja3\/wp-content\/uploads\/2023\/12\/dia1-1.jpg","datePublished":"2023-12-11T03:56:35+00:00","dateModified":"2023-12-15T17:12:49+00:00","breadcrumb":{"@id":"https:\/\/ponteseditores.com.br\/loja3\/pontes-editores-home-2__trashed\/linguistica\/produto-689\/#breadcrumb"},"inLanguage":"pt-BR","potentialAction":[{"@type":"ReadAction","target":["https:\/\/ponteseditores.com.br\/loja3\/pontes-editores-home-2__trashed\/linguistica\/produto-689\/"]}]},{"@type":"ImageObject","inLanguage":"pt-BR","@id":"https:\/\/ponteseditores.com.br\/loja3\/pontes-editores-home-2__trashed\/linguistica\/produto-689\/#primaryimage","url":"https:\/\/ponteseditores.com.br\/loja3\/wp-content\/uploads\/2023\/12\/dia1-1.jpg","contentUrl":"https:\/\/ponteseditores.com.br\/loja3\/wp-content\/uploads\/2023\/12\/dia1-1.jpg","width":519,"height":768},{"@type":"BreadcrumbList","@id":"https:\/\/ponteseditores.com.br\/loja3\/pontes-editores-home-2__trashed\/linguistica\/produto-689\/#breadcrumb","itemListElement":[{"@type":"ListItem","position":1,"name":"Home","item":"https:\/\/ponteseditores.com.br\/loja3\/"},{"@type":"ListItem","position":2,"name":"loja","item":"https:\/\/ponteseditores.com.br\/loja3\/loja\/"},{"@type":"ListItem","position":3,"name":"DI\u00c1LOGOS SOBRE RESIST\u00caNCIA: ORGANIZA\u00c7\u00c3O COLETIVA E PRODU\u00c7\u00c3O DO CONHECIMENTO ENGAJADO"}]},{"@type":"WebSite","@id":"https:\/\/ponteseditores.com.br\/loja3\/#website","url":"https:\/\/ponteseditores.com.br\/loja3\/","name":"Pontes Editores","description":"Pontes Editores","publisher":{"@id":"https:\/\/ponteseditores.com.br\/loja3\/#organization"},"potentialAction":[{"@type":"SearchAction","target":{"@type":"EntryPoint","urlTemplate":"https:\/\/ponteseditores.com.br\/loja3\/?s={search_term_string}"},"query-input":{"@type":"PropertyValueSpecification","valueRequired":true,"valueName":"search_term_string"}}],"inLanguage":"pt-BR"},{"@type":"Organization","@id":"https:\/\/ponteseditores.com.br\/loja3\/#organization","name":"Pontes Editores","url":"https:\/\/ponteseditores.com.br\/loja3\/","logo":{"@type":"ImageObject","inLanguage":"pt-BR","@id":"https:\/\/ponteseditores.com.br\/loja3\/#\/schema\/logo\/image\/","url":"https:\/\/ponteseditores.com.br\/loja3\/wp-content\/uploads\/2023\/12\/logo-pontes-editores-v2.png","contentUrl":"https:\/\/ponteseditores.com.br\/loja3\/wp-content\/uploads\/2023\/12\/logo-pontes-editores-v2.png","width":258,"height":100,"caption":"Pontes Editores"},"image":{"@id":"https:\/\/ponteseditores.com.br\/loja3\/#\/schema\/logo\/image\/"}}]}},"_links":{"self":[{"href":"https:\/\/ponteseditores.com.br\/loja3\/wp-json\/wp\/v2\/product\/5687","targetHints":{"allow":["GET"]}}],"collection":[{"href":"https:\/\/ponteseditores.com.br\/loja3\/wp-json\/wp\/v2\/product"}],"about":[{"href":"https:\/\/ponteseditores.com.br\/loja3\/wp-json\/wp\/v2\/types\/product"}],"replies":[{"embeddable":true,"href":"https:\/\/ponteseditores.com.br\/loja3\/wp-json\/wp\/v2\/comments?post=5687"}],"version-history":[{"count":0,"href":"https:\/\/ponteseditores.com.br\/loja3\/wp-json\/wp\/v2\/product\/5687\/revisions"}],"wp:featuredmedia":[{"embeddable":true,"href":"https:\/\/ponteseditores.com.br\/loja3\/wp-json\/wp\/v2\/media\/5686"}],"wp:attachment":[{"href":"https:\/\/ponteseditores.com.br\/loja3\/wp-json\/wp\/v2\/media?parent=5687"}],"wp:term":[{"taxonomy":"product_brand","embeddable":true,"href":"https:\/\/ponteseditores.com.br\/loja3\/wp-json\/wp\/v2\/product_brand?post=5687"},{"taxonomy":"product_cat","embeddable":true,"href":"https:\/\/ponteseditores.com.br\/loja3\/wp-json\/wp\/v2\/product_cat?post=5687"},{"taxonomy":"product_tag","embeddable":true,"href":"https:\/\/ponteseditores.com.br\/loja3\/wp-json\/wp\/v2\/product_tag?post=5687"}],"curies":[{"name":"wp","href":"https:\/\/api.w.org\/{rel}","templated":true}]}}