{"id":5257,"date":"2023-12-11T00:19:17","date_gmt":"2023-12-11T03:19:17","guid":{"rendered":"https:\/\/ponteseditores.com.br\/loja3\/produto\/produto-455\/"},"modified":"2024-04-03T13:52:36","modified_gmt":"2024-04-03T16:52:36","slug":"produto-455","status":"publish","type":"product","link":"https:\/\/ponteseditores.com.br\/loja3\/pontes-editores-home-2__trashed\/traducao\/produto-455\/","title":{"rendered":"Tradu\u00e7\u00e3o e Cria\u00e7\u00e3o entrela\u00e7amentos"},"content":{"rendered":"<p>\u00c9 bem conhecida a ideia de que toda tradu\u00e7\u00e3o envolve um ato criativo assim como aquela de que todo ato criador realiza algum n\u00edvel de tradu\u00e7\u00e3o, entendida em sentido lato, de outros textos e do mundo para a produ\u00e7\u00e3o de uma nova obra. Raras vezes, no entanto, tais entrela\u00e7amentos entre traduzir e criar s\u00e3o abordados a partir de uma perspectiva que procure por em evid\u00eancia a proximidade entre as duas tarefas, sem hierarquiz\u00e1-las. Esse entrela\u00e7amento \u00e9 o objetivo geral dos artigos desta colet\u00e2nea, fruto das discuss\u00f5es geradas no \u00e2mbito do N\u00facleo de Tradu\u00e7\u00e3o e Cria\u00e7\u00e3o (ntc\/UFF) a partir do I Col\u00f3quio Tradu\u00e7\u00e3o e Cria\u00e7\u00e3o, realizado em maio de 2017 na Universidade Federal Fluminense. Com organiza\u00e7\u00e3o de Carolina Paganine e Vanessa Hanes, professoras da referida universidade, o conjunto de pesquisas aqui apresentado aborda temas dos mais variados, desde um panorama das reflex\u00f5es te\u00f3ricas sobre tradu\u00e7\u00e3o, cria\u00e7\u00e3o e autoria, a temas mais espec\u00edficos como a rela\u00e7\u00e3o entre as posi\u00e7\u00f5es do autor p\u00f3s-colonial e o tradutor; o sujeito-tradutor situado historicamente e que torna vis\u00edvel seu ato criativo; teatro e epigramas latinos em que a dist\u00e2ncia temporal e cultural parece exigir solu\u00e7\u00f5es menos convencionais, talvez criativas, para as tradu\u00e7\u00f5es; as rela\u00e7\u00f5es entre po\u00e9ticas ind\u00edgenas e poesia contempor\u00e2nea; a poesia contempor\u00e2nea em di\u00e1logo com outras artes, em especial as artes visuais; o papel da edi\u00e7\u00e3o e da tradu\u00e7\u00e3o no estabelecimento da obra de um autor; as especificidades de traduzir a letra de uma can\u00e7\u00e3o procurando recriar n\u00e3o s\u00f3 os significados, mas tamb\u00e9m a acentua\u00e7\u00e3o da poesia e da melodia. Espera-se que tal variedade contribua para iluminar esses la\u00e7os de afinidade entre tradu\u00e7\u00e3o e cria\u00e7\u00e3o, tanto como atividades que possuem cada uma sua pr\u00f3pria especificidade como atividades em que os dois atos se misturam e questionam suas fronteiras.<\/p>\n","protected":false},"excerpt":{"rendered":"<p>\u00c9 bem conhecida a ideia de que toda tradu\u00e7\u00e3o envolve um ato criativo assim como aquela de que todo ato criador realiza algum n\u00edvel de tradu\u00e7\u00e3o, entendida em sentido lato, de outros textos e do mundo para a produ\u00e7\u00e3o de uma nova obra. Raras vezes, no entanto, tais entrela\u00e7amentos entre traduzir e criar s\u00e3o abordados [&hellip;]<\/p>\n","protected":false},"featured_media":3205,"comment_status":"open","ping_status":"closed","template":"","meta":{"_joinchat":[]},"product_brand":[],"product_cat":[305],"product_tag":[],"class_list":{"0":"post-5257","1":"product","2":"type-product","3":"status-publish","4":"has-post-thumbnail","6":"product_cat-traducao","7":"product_shipping_class-livro-pontes-editores-fisico","9":"first","10":"instock","11":"shipping-taxable","12":"purchasable","13":"product-type-simple"},"yoast_head":"<!-- This site is optimized with the Yoast SEO plugin v27.4 - https:\/\/yoast.com\/product\/yoast-seo-wordpress\/ -->\n<title>Tradu\u00e7\u00e3o e Cria\u00e7\u00e3o entrela\u00e7amentos - Pontes Editores<\/title>\n<meta name=\"robots\" content=\"index, follow, max-snippet:-1, max-image-preview:large, max-video-preview:-1\" \/>\n<link rel=\"canonical\" href=\"https:\/\/ponteseditores.com.br\/loja3\/pontes-editores-home-2__trashed\/traducao\/produto-455\/\" \/>\n<meta property=\"og:locale\" content=\"pt_BR\" \/>\n<meta property=\"og:type\" content=\"article\" \/>\n<meta property=\"og:title\" content=\"Tradu\u00e7\u00e3o e Cria\u00e7\u00e3o entrela\u00e7amentos - Pontes Editores\" \/>\n<meta property=\"og:description\" content=\"\u00c9 bem conhecida a ideia de que toda tradu\u00e7\u00e3o envolve um ato criativo assim como aquela de que todo ato criador realiza algum n\u00edvel de tradu\u00e7\u00e3o, entendida em sentido lato, de outros textos e do mundo para a produ\u00e7\u00e3o de uma nova obra. Raras vezes, no entanto, tais entrela\u00e7amentos entre traduzir e criar s\u00e3o abordados [&hellip;]\" \/>\n<meta property=\"og:url\" content=\"https:\/\/ponteseditores.com.br\/loja3\/pontes-editores-home-2__trashed\/traducao\/produto-455\/\" \/>\n<meta property=\"og:site_name\" content=\"Pontes Editores\" \/>\n<meta property=\"article:modified_time\" content=\"2024-04-03T16:52:36+00:00\" \/>\n<meta property=\"og:image\" content=\"https:\/\/ponteseditores.com.br\/loja3\/wp-content\/uploads\/2023\/12\/trad.jpg\" \/>\n\t<meta property=\"og:image:width\" content=\"516\" \/>\n\t<meta property=\"og:image:height\" content=\"768\" \/>\n\t<meta property=\"og:image:type\" content=\"image\/jpeg\" \/>\n<meta name=\"twitter:card\" content=\"summary_large_image\" \/>\n<meta name=\"twitter:label1\" content=\"Est. tempo de leitura\" \/>\n\t<meta name=\"twitter:data1\" content=\"2 minutos\" \/>\n<script type=\"application\/ld+json\" class=\"yoast-schema-graph\">{\"@context\":\"https:\\\/\\\/schema.org\",\"@graph\":[{\"@type\":\"WebPage\",\"@id\":\"https:\\\/\\\/ponteseditores.com.br\\\/loja3\\\/pontes-editores-home-2__trashed\\\/traducao\\\/produto-455\\\/\",\"url\":\"https:\\\/\\\/ponteseditores.com.br\\\/loja3\\\/pontes-editores-home-2__trashed\\\/traducao\\\/produto-455\\\/\",\"name\":\"Tradu\u00e7\u00e3o e Cria\u00e7\u00e3o entrela\u00e7amentos - Pontes Editores\",\"isPartOf\":{\"@id\":\"https:\\\/\\\/ponteseditores.com.br\\\/loja3\\\/#website\"},\"primaryImageOfPage\":{\"@id\":\"https:\\\/\\\/ponteseditores.com.br\\\/loja3\\\/pontes-editores-home-2__trashed\\\/traducao\\\/produto-455\\\/#primaryimage\"},\"image\":{\"@id\":\"https:\\\/\\\/ponteseditores.com.br\\\/loja3\\\/pontes-editores-home-2__trashed\\\/traducao\\\/produto-455\\\/#primaryimage\"},\"thumbnailUrl\":\"https:\\\/\\\/ponteseditores.com.br\\\/loja3\\\/wp-content\\\/uploads\\\/2023\\\/12\\\/trad.jpg\",\"datePublished\":\"2023-12-11T03:19:17+00:00\",\"dateModified\":\"2024-04-03T16:52:36+00:00\",\"breadcrumb\":{\"@id\":\"https:\\\/\\\/ponteseditores.com.br\\\/loja3\\\/pontes-editores-home-2__trashed\\\/traducao\\\/produto-455\\\/#breadcrumb\"},\"inLanguage\":\"pt-BR\",\"potentialAction\":[{\"@type\":\"ReadAction\",\"target\":[\"https:\\\/\\\/ponteseditores.com.br\\\/loja3\\\/pontes-editores-home-2__trashed\\\/traducao\\\/produto-455\\\/\"]}]},{\"@type\":\"ImageObject\",\"inLanguage\":\"pt-BR\",\"@id\":\"https:\\\/\\\/ponteseditores.com.br\\\/loja3\\\/pontes-editores-home-2__trashed\\\/traducao\\\/produto-455\\\/#primaryimage\",\"url\":\"https:\\\/\\\/ponteseditores.com.br\\\/loja3\\\/wp-content\\\/uploads\\\/2023\\\/12\\\/trad.jpg\",\"contentUrl\":\"https:\\\/\\\/ponteseditores.com.br\\\/loja3\\\/wp-content\\\/uploads\\\/2023\\\/12\\\/trad.jpg\",\"width\":516,\"height\":768},{\"@type\":\"BreadcrumbList\",\"@id\":\"https:\\\/\\\/ponteseditores.com.br\\\/loja3\\\/pontes-editores-home-2__trashed\\\/traducao\\\/produto-455\\\/#breadcrumb\",\"itemListElement\":[{\"@type\":\"ListItem\",\"position\":1,\"name\":\"Home\",\"item\":\"https:\\\/\\\/ponteseditores.com.br\\\/loja3\\\/\"},{\"@type\":\"ListItem\",\"position\":2,\"name\":\"loja\",\"item\":\"https:\\\/\\\/ponteseditores.com.br\\\/loja3\\\/loja\\\/\"},{\"@type\":\"ListItem\",\"position\":3,\"name\":\"Tradu\u00e7\u00e3o e Cria\u00e7\u00e3o entrela\u00e7amentos\"}]},{\"@type\":\"WebSite\",\"@id\":\"https:\\\/\\\/ponteseditores.com.br\\\/loja3\\\/#website\",\"url\":\"https:\\\/\\\/ponteseditores.com.br\\\/loja3\\\/\",\"name\":\"Pontes Editores\",\"description\":\"Pontes Editores\",\"publisher\":{\"@id\":\"https:\\\/\\\/ponteseditores.com.br\\\/loja3\\\/#organization\"},\"potentialAction\":[{\"@type\":\"SearchAction\",\"target\":{\"@type\":\"EntryPoint\",\"urlTemplate\":\"https:\\\/\\\/ponteseditores.com.br\\\/loja3\\\/?s={search_term_string}\"},\"query-input\":{\"@type\":\"PropertyValueSpecification\",\"valueRequired\":true,\"valueName\":\"search_term_string\"}}],\"inLanguage\":\"pt-BR\"},{\"@type\":\"Organization\",\"@id\":\"https:\\\/\\\/ponteseditores.com.br\\\/loja3\\\/#organization\",\"name\":\"Pontes Editores\",\"url\":\"https:\\\/\\\/ponteseditores.com.br\\\/loja3\\\/\",\"logo\":{\"@type\":\"ImageObject\",\"inLanguage\":\"pt-BR\",\"@id\":\"https:\\\/\\\/ponteseditores.com.br\\\/loja3\\\/#\\\/schema\\\/logo\\\/image\\\/\",\"url\":\"https:\\\/\\\/ponteseditores.com.br\\\/loja3\\\/wp-content\\\/uploads\\\/2023\\\/12\\\/logo-pontes-editores-v2.png\",\"contentUrl\":\"https:\\\/\\\/ponteseditores.com.br\\\/loja3\\\/wp-content\\\/uploads\\\/2023\\\/12\\\/logo-pontes-editores-v2.png\",\"width\":258,\"height\":100,\"caption\":\"Pontes Editores\"},\"image\":{\"@id\":\"https:\\\/\\\/ponteseditores.com.br\\\/loja3\\\/#\\\/schema\\\/logo\\\/image\\\/\"}}]}<\/script>\n<!-- \/ Yoast SEO plugin. -->","yoast_head_json":{"title":"Tradu\u00e7\u00e3o e Cria\u00e7\u00e3o entrela\u00e7amentos - Pontes Editores","robots":{"index":"index","follow":"follow","max-snippet":"max-snippet:-1","max-image-preview":"max-image-preview:large","max-video-preview":"max-video-preview:-1"},"canonical":"https:\/\/ponteseditores.com.br\/loja3\/pontes-editores-home-2__trashed\/traducao\/produto-455\/","og_locale":"pt_BR","og_type":"article","og_title":"Tradu\u00e7\u00e3o e Cria\u00e7\u00e3o entrela\u00e7amentos - Pontes Editores","og_description":"\u00c9 bem conhecida a ideia de que toda tradu\u00e7\u00e3o envolve um ato criativo assim como aquela de que todo ato criador realiza algum n\u00edvel de tradu\u00e7\u00e3o, entendida em sentido lato, de outros textos e do mundo para a produ\u00e7\u00e3o de uma nova obra. Raras vezes, no entanto, tais entrela\u00e7amentos entre traduzir e criar s\u00e3o abordados [&hellip;]","og_url":"https:\/\/ponteseditores.com.br\/loja3\/pontes-editores-home-2__trashed\/traducao\/produto-455\/","og_site_name":"Pontes Editores","article_modified_time":"2024-04-03T16:52:36+00:00","og_image":[{"width":516,"height":768,"url":"https:\/\/ponteseditores.com.br\/loja3\/wp-content\/uploads\/2023\/12\/trad.jpg","type":"image\/jpeg"}],"twitter_card":"summary_large_image","twitter_misc":{"Est. tempo de leitura":"2 minutos"},"schema":{"@context":"https:\/\/schema.org","@graph":[{"@type":"WebPage","@id":"https:\/\/ponteseditores.com.br\/loja3\/pontes-editores-home-2__trashed\/traducao\/produto-455\/","url":"https:\/\/ponteseditores.com.br\/loja3\/pontes-editores-home-2__trashed\/traducao\/produto-455\/","name":"Tradu\u00e7\u00e3o e Cria\u00e7\u00e3o entrela\u00e7amentos - Pontes Editores","isPartOf":{"@id":"https:\/\/ponteseditores.com.br\/loja3\/#website"},"primaryImageOfPage":{"@id":"https:\/\/ponteseditores.com.br\/loja3\/pontes-editores-home-2__trashed\/traducao\/produto-455\/#primaryimage"},"image":{"@id":"https:\/\/ponteseditores.com.br\/loja3\/pontes-editores-home-2__trashed\/traducao\/produto-455\/#primaryimage"},"thumbnailUrl":"https:\/\/ponteseditores.com.br\/loja3\/wp-content\/uploads\/2023\/12\/trad.jpg","datePublished":"2023-12-11T03:19:17+00:00","dateModified":"2024-04-03T16:52:36+00:00","breadcrumb":{"@id":"https:\/\/ponteseditores.com.br\/loja3\/pontes-editores-home-2__trashed\/traducao\/produto-455\/#breadcrumb"},"inLanguage":"pt-BR","potentialAction":[{"@type":"ReadAction","target":["https:\/\/ponteseditores.com.br\/loja3\/pontes-editores-home-2__trashed\/traducao\/produto-455\/"]}]},{"@type":"ImageObject","inLanguage":"pt-BR","@id":"https:\/\/ponteseditores.com.br\/loja3\/pontes-editores-home-2__trashed\/traducao\/produto-455\/#primaryimage","url":"https:\/\/ponteseditores.com.br\/loja3\/wp-content\/uploads\/2023\/12\/trad.jpg","contentUrl":"https:\/\/ponteseditores.com.br\/loja3\/wp-content\/uploads\/2023\/12\/trad.jpg","width":516,"height":768},{"@type":"BreadcrumbList","@id":"https:\/\/ponteseditores.com.br\/loja3\/pontes-editores-home-2__trashed\/traducao\/produto-455\/#breadcrumb","itemListElement":[{"@type":"ListItem","position":1,"name":"Home","item":"https:\/\/ponteseditores.com.br\/loja3\/"},{"@type":"ListItem","position":2,"name":"loja","item":"https:\/\/ponteseditores.com.br\/loja3\/loja\/"},{"@type":"ListItem","position":3,"name":"Tradu\u00e7\u00e3o e Cria\u00e7\u00e3o entrela\u00e7amentos"}]},{"@type":"WebSite","@id":"https:\/\/ponteseditores.com.br\/loja3\/#website","url":"https:\/\/ponteseditores.com.br\/loja3\/","name":"Pontes Editores","description":"Pontes Editores","publisher":{"@id":"https:\/\/ponteseditores.com.br\/loja3\/#organization"},"potentialAction":[{"@type":"SearchAction","target":{"@type":"EntryPoint","urlTemplate":"https:\/\/ponteseditores.com.br\/loja3\/?s={search_term_string}"},"query-input":{"@type":"PropertyValueSpecification","valueRequired":true,"valueName":"search_term_string"}}],"inLanguage":"pt-BR"},{"@type":"Organization","@id":"https:\/\/ponteseditores.com.br\/loja3\/#organization","name":"Pontes Editores","url":"https:\/\/ponteseditores.com.br\/loja3\/","logo":{"@type":"ImageObject","inLanguage":"pt-BR","@id":"https:\/\/ponteseditores.com.br\/loja3\/#\/schema\/logo\/image\/","url":"https:\/\/ponteseditores.com.br\/loja3\/wp-content\/uploads\/2023\/12\/logo-pontes-editores-v2.png","contentUrl":"https:\/\/ponteseditores.com.br\/loja3\/wp-content\/uploads\/2023\/12\/logo-pontes-editores-v2.png","width":258,"height":100,"caption":"Pontes Editores"},"image":{"@id":"https:\/\/ponteseditores.com.br\/loja3\/#\/schema\/logo\/image\/"}}]}},"_links":{"self":[{"href":"https:\/\/ponteseditores.com.br\/loja3\/wp-json\/wp\/v2\/product\/5257","targetHints":{"allow":["GET"]}}],"collection":[{"href":"https:\/\/ponteseditores.com.br\/loja3\/wp-json\/wp\/v2\/product"}],"about":[{"href":"https:\/\/ponteseditores.com.br\/loja3\/wp-json\/wp\/v2\/types\/product"}],"replies":[{"embeddable":true,"href":"https:\/\/ponteseditores.com.br\/loja3\/wp-json\/wp\/v2\/comments?post=5257"}],"version-history":[{"count":0,"href":"https:\/\/ponteseditores.com.br\/loja3\/wp-json\/wp\/v2\/product\/5257\/revisions"}],"wp:featuredmedia":[{"embeddable":true,"href":"https:\/\/ponteseditores.com.br\/loja3\/wp-json\/wp\/v2\/media\/3205"}],"wp:attachment":[{"href":"https:\/\/ponteseditores.com.br\/loja3\/wp-json\/wp\/v2\/media?parent=5257"}],"wp:term":[{"taxonomy":"product_brand","embeddable":true,"href":"https:\/\/ponteseditores.com.br\/loja3\/wp-json\/wp\/v2\/product_brand?post=5257"},{"taxonomy":"product_cat","embeddable":true,"href":"https:\/\/ponteseditores.com.br\/loja3\/wp-json\/wp\/v2\/product_cat?post=5257"},{"taxonomy":"product_tag","embeddable":true,"href":"https:\/\/ponteseditores.com.br\/loja3\/wp-json\/wp\/v2\/product_tag?post=5257"}],"curies":[{"name":"wp","href":"https:\/\/api.w.org\/{rel}","templated":true}]}}