{"id":36049,"date":"2026-01-27T10:20:17","date_gmt":"2026-01-27T13:20:17","guid":{"rendered":"https:\/\/ponteseditores.com.br\/loja3\/?post_type=product&#038;p=36049"},"modified":"2026-01-27T10:20:18","modified_gmt":"2026-01-27T13:20:18","slug":"autoridade-e-desempenho-na-escola-publica-o-discurso-da-eficiencia-e-a-pratica-gerencial-da-desumanizacao-2","status":"publish","type":"product","link":"https:\/\/ponteseditores.com.br\/loja3\/pontes-editores-home-2__trashed\/ebook\/lancamento-e-book\/autoridade-e-desempenho-na-escola-publica-o-discurso-da-eficiencia-e-a-pratica-gerencial-da-desumanizacao-2\/","title":{"rendered":"Autoridade e desempenho na escola p\u00fablica: o discurso da efici\u00eancia e a pr\u00e1tica gerencial da desumaniza\u00e7\u00e3o"},"content":{"rendered":"<p>A presente obra, centrada em quest\u00f5es de autoridade e desempenho na escola p\u00fablica, apresenta contribui\u00e7\u00f5es que permitem pensar, al\u00e9m de todos os elementos tratados, sobre v\u00e1rias outras quest\u00f5es que se produzem no campo educacional contempor\u00e2neo, por meio de discursos elaborados como forma simb\u00f3lica de reprodu\u00e7\u00e3o e manuten\u00e7\u00e3o das rela\u00e7\u00f5es de poder que t\u00eam a escola como elemento central em disputas por projetos que atendem a distintas \u201cpedagogias sociais\u201d.<\/p>\n<p>Os cap\u00edtulos revelam um fio condutor em que o discurso dominante funciona como dispositivo que incide diretamente sobre o desempenho, que redefine as finalidades da escola, atendendo \u00e0 l\u00f3gica empresarial da chamada Nova Gest\u00e3o P\u00fablica (NGP). Nesse sentido, a autoridade torna-se performativa, como um alicerce de determinadas pr\u00e1ticas sociais, dentro e fora da escola, especialmente voltadas ao cumprimento de metas que servem \u00e0 submiss\u00e3o \u00e0 perspectiva competitiva dos rankings e coloca a gest\u00e3o num outro lugar, que difere da diretriz democr\u00e1tica das pol\u00edticas de Estado.<\/p>\n<p>No cotidiano escolar, quase sempre, essas pr\u00e1ticas desvalorizam e interditam a reflex\u00e3o cr\u00edtica sobre a a\u00e7\u00e3o educativa, fortalecendo um vi\u00e9s de autoridade que se apresenta como substancialmente t\u00e9cnica\/ tecnol\u00f3gica\/ plataformizada, visando consolidar formas sofisticadas de adapta\u00e7\u00e3o a m\u00e9tricas para toda e qualquer atividade.<\/p>\n","protected":false},"excerpt":{"rendered":"<p>A presente obra, centrada em quest\u00f5es de autoridade e desempenho na escola p\u00fablica, apresenta contribui\u00e7\u00f5es que permitem pensar, al\u00e9m de todos os elementos tratados, sobre v\u00e1rias outras quest\u00f5es que se produzem no campo educacional contempor\u00e2neo, por meio de discursos elaborados como forma simb\u00f3lica de reprodu\u00e7\u00e3o e manuten\u00e7\u00e3o das rela\u00e7\u00f5es de poder que t\u00eam a escola [&hellip;]<\/p>\n","protected":false},"featured_media":36021,"comment_status":"open","ping_status":"closed","template":"","meta":{"_joinchat":[]},"product_brand":[],"product_cat":[165,386],"product_tag":[],"class_list":{"0":"post-36049","1":"product","2":"type-product","3":"status-publish","4":"has-post-thumbnail","6":"product_cat-ebook","7":"product_cat-lancamento-e-book","9":"first","10":"instock","11":"downloadable","12":"virtual","13":"purchasable","14":"product-type-simple"},"yoast_head":"<!-- This site is optimized with the Yoast SEO plugin v27.4 - https:\/\/yoast.com\/product\/yoast-seo-wordpress\/ -->\n<title>Autoridade e desempenho na escola p\u00fablica: o discurso da efici\u00eancia e a pr\u00e1tica gerencial da desumaniza\u00e7\u00e3o - Pontes Editores<\/title>\n<meta name=\"robots\" content=\"index, follow, max-snippet:-1, max-image-preview:large, max-video-preview:-1\" \/>\n<link rel=\"canonical\" href=\"https:\/\/ponteseditores.com.br\/loja3\/pontes-editores-home-2__trashed\/ebook\/lancamento-e-book\/autoridade-e-desempenho-na-escola-publica-o-discurso-da-eficiencia-e-a-pratica-gerencial-da-desumanizacao-2\/\" \/>\n<meta property=\"og:locale\" content=\"pt_BR\" \/>\n<meta property=\"og:type\" content=\"article\" \/>\n<meta property=\"og:title\" content=\"Autoridade e desempenho na escola p\u00fablica: o discurso da efici\u00eancia e a pr\u00e1tica gerencial da desumaniza\u00e7\u00e3o - Pontes Editores\" \/>\n<meta property=\"og:description\" content=\"A presente obra, centrada em quest\u00f5es de autoridade e desempenho na escola p\u00fablica, apresenta contribui\u00e7\u00f5es que permitem pensar, al\u00e9m de todos os elementos tratados, sobre v\u00e1rias outras quest\u00f5es que se produzem no campo educacional contempor\u00e2neo, por meio de discursos elaborados como forma simb\u00f3lica de reprodu\u00e7\u00e3o e manuten\u00e7\u00e3o das rela\u00e7\u00f5es de poder que t\u00eam a escola [&hellip;]\" \/>\n<meta property=\"og:url\" content=\"https:\/\/ponteseditores.com.br\/loja3\/pontes-editores-home-2__trashed\/ebook\/lancamento-e-book\/autoridade-e-desempenho-na-escola-publica-o-discurso-da-eficiencia-e-a-pratica-gerencial-da-desumanizacao-2\/\" \/>\n<meta property=\"og:site_name\" content=\"Pontes Editores\" \/>\n<meta property=\"article:modified_time\" content=\"2026-01-27T13:20:18+00:00\" \/>\n<meta property=\"og:image\" content=\"https:\/\/ponteseditores.com.br\/loja3\/wp-content\/uploads\/2026\/01\/Capa_Autoridade.jpg\" \/>\n\t<meta property=\"og:image:width\" content=\"800\" \/>\n\t<meta property=\"og:image:height\" content=\"1159\" \/>\n\t<meta property=\"og:image:type\" content=\"image\/jpeg\" \/>\n<meta name=\"twitter:card\" content=\"summary_large_image\" \/>\n<meta name=\"twitter:label1\" content=\"Est. tempo de leitura\" \/>\n\t<meta name=\"twitter:data1\" content=\"2 minutos\" \/>\n<script type=\"application\/ld+json\" class=\"yoast-schema-graph\">{\"@context\":\"https:\\\/\\\/schema.org\",\"@graph\":[{\"@type\":\"WebPage\",\"@id\":\"https:\\\/\\\/ponteseditores.com.br\\\/loja3\\\/pontes-editores-home-2__trashed\\\/ebook\\\/lancamento-e-book\\\/autoridade-e-desempenho-na-escola-publica-o-discurso-da-eficiencia-e-a-pratica-gerencial-da-desumanizacao-2\\\/\",\"url\":\"https:\\\/\\\/ponteseditores.com.br\\\/loja3\\\/pontes-editores-home-2__trashed\\\/ebook\\\/lancamento-e-book\\\/autoridade-e-desempenho-na-escola-publica-o-discurso-da-eficiencia-e-a-pratica-gerencial-da-desumanizacao-2\\\/\",\"name\":\"Autoridade e desempenho na escola p\u00fablica: o discurso da efici\u00eancia e a pr\u00e1tica gerencial da desumaniza\u00e7\u00e3o - Pontes Editores\",\"isPartOf\":{\"@id\":\"https:\\\/\\\/ponteseditores.com.br\\\/loja3\\\/#website\"},\"primaryImageOfPage\":{\"@id\":\"https:\\\/\\\/ponteseditores.com.br\\\/loja3\\\/pontes-editores-home-2__trashed\\\/ebook\\\/lancamento-e-book\\\/autoridade-e-desempenho-na-escola-publica-o-discurso-da-eficiencia-e-a-pratica-gerencial-da-desumanizacao-2\\\/#primaryimage\"},\"image\":{\"@id\":\"https:\\\/\\\/ponteseditores.com.br\\\/loja3\\\/pontes-editores-home-2__trashed\\\/ebook\\\/lancamento-e-book\\\/autoridade-e-desempenho-na-escola-publica-o-discurso-da-eficiencia-e-a-pratica-gerencial-da-desumanizacao-2\\\/#primaryimage\"},\"thumbnailUrl\":\"https:\\\/\\\/ponteseditores.com.br\\\/loja3\\\/wp-content\\\/uploads\\\/2026\\\/01\\\/Capa_Autoridade.jpg\",\"datePublished\":\"2026-01-27T13:20:17+00:00\",\"dateModified\":\"2026-01-27T13:20:18+00:00\",\"breadcrumb\":{\"@id\":\"https:\\\/\\\/ponteseditores.com.br\\\/loja3\\\/pontes-editores-home-2__trashed\\\/ebook\\\/lancamento-e-book\\\/autoridade-e-desempenho-na-escola-publica-o-discurso-da-eficiencia-e-a-pratica-gerencial-da-desumanizacao-2\\\/#breadcrumb\"},\"inLanguage\":\"pt-BR\",\"potentialAction\":[{\"@type\":\"ReadAction\",\"target\":[\"https:\\\/\\\/ponteseditores.com.br\\\/loja3\\\/pontes-editores-home-2__trashed\\\/ebook\\\/lancamento-e-book\\\/autoridade-e-desempenho-na-escola-publica-o-discurso-da-eficiencia-e-a-pratica-gerencial-da-desumanizacao-2\\\/\"]}]},{\"@type\":\"ImageObject\",\"inLanguage\":\"pt-BR\",\"@id\":\"https:\\\/\\\/ponteseditores.com.br\\\/loja3\\\/pontes-editores-home-2__trashed\\\/ebook\\\/lancamento-e-book\\\/autoridade-e-desempenho-na-escola-publica-o-discurso-da-eficiencia-e-a-pratica-gerencial-da-desumanizacao-2\\\/#primaryimage\",\"url\":\"https:\\\/\\\/ponteseditores.com.br\\\/loja3\\\/wp-content\\\/uploads\\\/2026\\\/01\\\/Capa_Autoridade.jpg\",\"contentUrl\":\"https:\\\/\\\/ponteseditores.com.br\\\/loja3\\\/wp-content\\\/uploads\\\/2026\\\/01\\\/Capa_Autoridade.jpg\",\"width\":800,\"height\":1159},{\"@type\":\"BreadcrumbList\",\"@id\":\"https:\\\/\\\/ponteseditores.com.br\\\/loja3\\\/pontes-editores-home-2__trashed\\\/ebook\\\/lancamento-e-book\\\/autoridade-e-desempenho-na-escola-publica-o-discurso-da-eficiencia-e-a-pratica-gerencial-da-desumanizacao-2\\\/#breadcrumb\",\"itemListElement\":[{\"@type\":\"ListItem\",\"position\":1,\"name\":\"Home\",\"item\":\"https:\\\/\\\/ponteseditores.com.br\\\/loja3\\\/\"},{\"@type\":\"ListItem\",\"position\":2,\"name\":\"loja\",\"item\":\"https:\\\/\\\/ponteseditores.com.br\\\/loja3\\\/loja\\\/\"},{\"@type\":\"ListItem\",\"position\":3,\"name\":\"Autoridade e desempenho na escola p\u00fablica: o discurso da efici\u00eancia e a pr\u00e1tica gerencial da desumaniza\u00e7\u00e3o\"}]},{\"@type\":\"WebSite\",\"@id\":\"https:\\\/\\\/ponteseditores.com.br\\\/loja3\\\/#website\",\"url\":\"https:\\\/\\\/ponteseditores.com.br\\\/loja3\\\/\",\"name\":\"Pontes Editores\",\"description\":\"Pontes Editores\",\"publisher\":{\"@id\":\"https:\\\/\\\/ponteseditores.com.br\\\/loja3\\\/#organization\"},\"potentialAction\":[{\"@type\":\"SearchAction\",\"target\":{\"@type\":\"EntryPoint\",\"urlTemplate\":\"https:\\\/\\\/ponteseditores.com.br\\\/loja3\\\/?s={search_term_string}\"},\"query-input\":{\"@type\":\"PropertyValueSpecification\",\"valueRequired\":true,\"valueName\":\"search_term_string\"}}],\"inLanguage\":\"pt-BR\"},{\"@type\":\"Organization\",\"@id\":\"https:\\\/\\\/ponteseditores.com.br\\\/loja3\\\/#organization\",\"name\":\"Pontes Editores\",\"url\":\"https:\\\/\\\/ponteseditores.com.br\\\/loja3\\\/\",\"logo\":{\"@type\":\"ImageObject\",\"inLanguage\":\"pt-BR\",\"@id\":\"https:\\\/\\\/ponteseditores.com.br\\\/loja3\\\/#\\\/schema\\\/logo\\\/image\\\/\",\"url\":\"https:\\\/\\\/ponteseditores.com.br\\\/loja3\\\/wp-content\\\/uploads\\\/2023\\\/12\\\/logo-pontes-editores-v2.png\",\"contentUrl\":\"https:\\\/\\\/ponteseditores.com.br\\\/loja3\\\/wp-content\\\/uploads\\\/2023\\\/12\\\/logo-pontes-editores-v2.png\",\"width\":258,\"height\":100,\"caption\":\"Pontes Editores\"},\"image\":{\"@id\":\"https:\\\/\\\/ponteseditores.com.br\\\/loja3\\\/#\\\/schema\\\/logo\\\/image\\\/\"}}]}<\/script>\n<!-- \/ Yoast SEO plugin. -->","yoast_head_json":{"title":"Autoridade e desempenho na escola p\u00fablica: o discurso da efici\u00eancia e a pr\u00e1tica gerencial da desumaniza\u00e7\u00e3o - Pontes Editores","robots":{"index":"index","follow":"follow","max-snippet":"max-snippet:-1","max-image-preview":"max-image-preview:large","max-video-preview":"max-video-preview:-1"},"canonical":"https:\/\/ponteseditores.com.br\/loja3\/pontes-editores-home-2__trashed\/ebook\/lancamento-e-book\/autoridade-e-desempenho-na-escola-publica-o-discurso-da-eficiencia-e-a-pratica-gerencial-da-desumanizacao-2\/","og_locale":"pt_BR","og_type":"article","og_title":"Autoridade e desempenho na escola p\u00fablica: o discurso da efici\u00eancia e a pr\u00e1tica gerencial da desumaniza\u00e7\u00e3o - Pontes Editores","og_description":"A presente obra, centrada em quest\u00f5es de autoridade e desempenho na escola p\u00fablica, apresenta contribui\u00e7\u00f5es que permitem pensar, al\u00e9m de todos os elementos tratados, sobre v\u00e1rias outras quest\u00f5es que se produzem no campo educacional contempor\u00e2neo, por meio de discursos elaborados como forma simb\u00f3lica de reprodu\u00e7\u00e3o e manuten\u00e7\u00e3o das rela\u00e7\u00f5es de poder que t\u00eam a escola [&hellip;]","og_url":"https:\/\/ponteseditores.com.br\/loja3\/pontes-editores-home-2__trashed\/ebook\/lancamento-e-book\/autoridade-e-desempenho-na-escola-publica-o-discurso-da-eficiencia-e-a-pratica-gerencial-da-desumanizacao-2\/","og_site_name":"Pontes Editores","article_modified_time":"2026-01-27T13:20:18+00:00","og_image":[{"width":800,"height":1159,"url":"https:\/\/ponteseditores.com.br\/loja3\/wp-content\/uploads\/2026\/01\/Capa_Autoridade.jpg","type":"image\/jpeg"}],"twitter_card":"summary_large_image","twitter_misc":{"Est. tempo de leitura":"2 minutos"},"schema":{"@context":"https:\/\/schema.org","@graph":[{"@type":"WebPage","@id":"https:\/\/ponteseditores.com.br\/loja3\/pontes-editores-home-2__trashed\/ebook\/lancamento-e-book\/autoridade-e-desempenho-na-escola-publica-o-discurso-da-eficiencia-e-a-pratica-gerencial-da-desumanizacao-2\/","url":"https:\/\/ponteseditores.com.br\/loja3\/pontes-editores-home-2__trashed\/ebook\/lancamento-e-book\/autoridade-e-desempenho-na-escola-publica-o-discurso-da-eficiencia-e-a-pratica-gerencial-da-desumanizacao-2\/","name":"Autoridade e desempenho na escola p\u00fablica: o discurso da efici\u00eancia e a pr\u00e1tica gerencial da desumaniza\u00e7\u00e3o - Pontes Editores","isPartOf":{"@id":"https:\/\/ponteseditores.com.br\/loja3\/#website"},"primaryImageOfPage":{"@id":"https:\/\/ponteseditores.com.br\/loja3\/pontes-editores-home-2__trashed\/ebook\/lancamento-e-book\/autoridade-e-desempenho-na-escola-publica-o-discurso-da-eficiencia-e-a-pratica-gerencial-da-desumanizacao-2\/#primaryimage"},"image":{"@id":"https:\/\/ponteseditores.com.br\/loja3\/pontes-editores-home-2__trashed\/ebook\/lancamento-e-book\/autoridade-e-desempenho-na-escola-publica-o-discurso-da-eficiencia-e-a-pratica-gerencial-da-desumanizacao-2\/#primaryimage"},"thumbnailUrl":"https:\/\/ponteseditores.com.br\/loja3\/wp-content\/uploads\/2026\/01\/Capa_Autoridade.jpg","datePublished":"2026-01-27T13:20:17+00:00","dateModified":"2026-01-27T13:20:18+00:00","breadcrumb":{"@id":"https:\/\/ponteseditores.com.br\/loja3\/pontes-editores-home-2__trashed\/ebook\/lancamento-e-book\/autoridade-e-desempenho-na-escola-publica-o-discurso-da-eficiencia-e-a-pratica-gerencial-da-desumanizacao-2\/#breadcrumb"},"inLanguage":"pt-BR","potentialAction":[{"@type":"ReadAction","target":["https:\/\/ponteseditores.com.br\/loja3\/pontes-editores-home-2__trashed\/ebook\/lancamento-e-book\/autoridade-e-desempenho-na-escola-publica-o-discurso-da-eficiencia-e-a-pratica-gerencial-da-desumanizacao-2\/"]}]},{"@type":"ImageObject","inLanguage":"pt-BR","@id":"https:\/\/ponteseditores.com.br\/loja3\/pontes-editores-home-2__trashed\/ebook\/lancamento-e-book\/autoridade-e-desempenho-na-escola-publica-o-discurso-da-eficiencia-e-a-pratica-gerencial-da-desumanizacao-2\/#primaryimage","url":"https:\/\/ponteseditores.com.br\/loja3\/wp-content\/uploads\/2026\/01\/Capa_Autoridade.jpg","contentUrl":"https:\/\/ponteseditores.com.br\/loja3\/wp-content\/uploads\/2026\/01\/Capa_Autoridade.jpg","width":800,"height":1159},{"@type":"BreadcrumbList","@id":"https:\/\/ponteseditores.com.br\/loja3\/pontes-editores-home-2__trashed\/ebook\/lancamento-e-book\/autoridade-e-desempenho-na-escola-publica-o-discurso-da-eficiencia-e-a-pratica-gerencial-da-desumanizacao-2\/#breadcrumb","itemListElement":[{"@type":"ListItem","position":1,"name":"Home","item":"https:\/\/ponteseditores.com.br\/loja3\/"},{"@type":"ListItem","position":2,"name":"loja","item":"https:\/\/ponteseditores.com.br\/loja3\/loja\/"},{"@type":"ListItem","position":3,"name":"Autoridade e desempenho na escola p\u00fablica: o discurso da efici\u00eancia e a pr\u00e1tica gerencial da desumaniza\u00e7\u00e3o"}]},{"@type":"WebSite","@id":"https:\/\/ponteseditores.com.br\/loja3\/#website","url":"https:\/\/ponteseditores.com.br\/loja3\/","name":"Pontes Editores","description":"Pontes Editores","publisher":{"@id":"https:\/\/ponteseditores.com.br\/loja3\/#organization"},"potentialAction":[{"@type":"SearchAction","target":{"@type":"EntryPoint","urlTemplate":"https:\/\/ponteseditores.com.br\/loja3\/?s={search_term_string}"},"query-input":{"@type":"PropertyValueSpecification","valueRequired":true,"valueName":"search_term_string"}}],"inLanguage":"pt-BR"},{"@type":"Organization","@id":"https:\/\/ponteseditores.com.br\/loja3\/#organization","name":"Pontes Editores","url":"https:\/\/ponteseditores.com.br\/loja3\/","logo":{"@type":"ImageObject","inLanguage":"pt-BR","@id":"https:\/\/ponteseditores.com.br\/loja3\/#\/schema\/logo\/image\/","url":"https:\/\/ponteseditores.com.br\/loja3\/wp-content\/uploads\/2023\/12\/logo-pontes-editores-v2.png","contentUrl":"https:\/\/ponteseditores.com.br\/loja3\/wp-content\/uploads\/2023\/12\/logo-pontes-editores-v2.png","width":258,"height":100,"caption":"Pontes Editores"},"image":{"@id":"https:\/\/ponteseditores.com.br\/loja3\/#\/schema\/logo\/image\/"}}]}},"_links":{"self":[{"href":"https:\/\/ponteseditores.com.br\/loja3\/wp-json\/wp\/v2\/product\/36049","targetHints":{"allow":["GET"]}}],"collection":[{"href":"https:\/\/ponteseditores.com.br\/loja3\/wp-json\/wp\/v2\/product"}],"about":[{"href":"https:\/\/ponteseditores.com.br\/loja3\/wp-json\/wp\/v2\/types\/product"}],"replies":[{"embeddable":true,"href":"https:\/\/ponteseditores.com.br\/loja3\/wp-json\/wp\/v2\/comments?post=36049"}],"version-history":[{"count":1,"href":"https:\/\/ponteseditores.com.br\/loja3\/wp-json\/wp\/v2\/product\/36049\/revisions"}],"predecessor-version":[{"id":36052,"href":"https:\/\/ponteseditores.com.br\/loja3\/wp-json\/wp\/v2\/product\/36049\/revisions\/36052"}],"wp:featuredmedia":[{"embeddable":true,"href":"https:\/\/ponteseditores.com.br\/loja3\/wp-json\/wp\/v2\/media\/36021"}],"wp:attachment":[{"href":"https:\/\/ponteseditores.com.br\/loja3\/wp-json\/wp\/v2\/media?parent=36049"}],"wp:term":[{"taxonomy":"product_brand","embeddable":true,"href":"https:\/\/ponteseditores.com.br\/loja3\/wp-json\/wp\/v2\/product_brand?post=36049"},{"taxonomy":"product_cat","embeddable":true,"href":"https:\/\/ponteseditores.com.br\/loja3\/wp-json\/wp\/v2\/product_cat?post=36049"},{"taxonomy":"product_tag","embeddable":true,"href":"https:\/\/ponteseditores.com.br\/loja3\/wp-json\/wp\/v2\/product_tag?post=36049"}],"curies":[{"name":"wp","href":"https:\/\/api.w.org\/{rel}","templated":true}]}}