{"id":35188,"date":"2025-12-18T16:11:41","date_gmt":"2025-12-18T19:11:41","guid":{"rendered":"https:\/\/ponteseditores.com.br\/loja3\/?post_type=product&#038;p=35188"},"modified":"2025-12-18T16:11:41","modified_gmt":"2025-12-18T19:11:41","slug":"ensino-remoto-emergencial-e-pandemia-da-covid-19-na-midia-jornalistica-uma-abordagem-discursiva-critica","status":"publish","type":"product","link":"https:\/\/ponteseditores.com.br\/loja3\/pontes-editores-home-2__trashed\/ebook\/lancamento-e-book\/ensino-remoto-emergencial-e-pandemia-da-covid-19-na-midia-jornalistica-uma-abordagem-discursiva-critica\/","title":{"rendered":"Ensino remoto emergencial e pandemia da COVID-19 na m\u00eddia jornal\u00edstica: uma abordagem discursiva cr\u00edtica"},"content":{"rendered":"<p>&nbsp;<\/p>\n<p>Este livro \u00e9 mais uma produ\u00e7\u00e3o de mulheres pesquisadoras do Grupo de Pesquisa e Estudo em An\u00e1lise de Discurso Cr\u00edtica e Lingu\u00edstica Sist\u00eamico-Funcional (GPE ADC&amp;LSF). Ele traz o detalhamento te\u00f3rico e metodol\u00f3gico e os resultados de uma pesquisa, que teve como objetivo geral mapear e analisar representa\u00e7\u00f5es e avalia\u00e7\u00f5es discursivas do ensino remoto emergencial (ERE), em contexto de enfrentamento \u00e0 pandemia da covid-19, constru\u00eddas em textos publicados no jornal Folha de S\u00e3o Paulo e na revista CartaCapital.<\/p>\n<p>A partir da an\u00e1lise criteriosa das realiza\u00e7\u00f5es lingu\u00edstico-discursivas das representa\u00e7\u00f5es e avalia\u00e7\u00f5es do ERE e dos atores sociais nele envolvidos, a obra contribui para a descri\u00e7\u00e3o e para a interpreta\u00e7\u00e3o da problem\u00e1tica social em foco e serve de inspira\u00e7\u00e3o e guia para o desenvolvimento de pesquisas discursivas cr\u00edtico-explanat\u00f3rias com o aux\u00edlio de software, no campo da Lingu\u00edstica Aplicada.<\/p>\n","protected":false},"excerpt":{"rendered":"<p>&nbsp; Este livro \u00e9 mais uma produ\u00e7\u00e3o de mulheres pesquisadoras do Grupo de Pesquisa e Estudo em An\u00e1lise de Discurso Cr\u00edtica e Lingu\u00edstica Sist\u00eamico-Funcional (GPE ADC&amp;LSF). Ele traz o detalhamento te\u00f3rico e metodol\u00f3gico e os resultados de uma pesquisa, que teve como objetivo geral mapear e analisar representa\u00e7\u00f5es e avalia\u00e7\u00f5es discursivas do ensino remoto emergencial [&hellip;]<\/p>\n","protected":false},"featured_media":35190,"comment_status":"open","ping_status":"closed","template":"","meta":{"_joinchat":[]},"product_brand":[],"product_cat":[165,386],"product_tag":[],"class_list":{"0":"post-35188","1":"product","2":"type-product","3":"status-publish","4":"has-post-thumbnail","6":"product_cat-ebook","7":"product_cat-lancamento-e-book","9":"first","10":"instock","11":"downloadable","12":"virtual","13":"purchasable","14":"product-type-simple"},"yoast_head":"<!-- This site is optimized with the Yoast SEO plugin v27.4 - https:\/\/yoast.com\/product\/yoast-seo-wordpress\/ -->\n<title>Ensino remoto emergencial e pandemia da COVID-19 na m\u00eddia jornal\u00edstica: uma abordagem discursiva cr\u00edtica - Pontes Editores<\/title>\n<meta name=\"robots\" content=\"index, follow, max-snippet:-1, max-image-preview:large, max-video-preview:-1\" \/>\n<link rel=\"canonical\" href=\"https:\/\/ponteseditores.com.br\/loja3\/pontes-editores-home-2__trashed\/ebook\/lancamento-e-book\/ensino-remoto-emergencial-e-pandemia-da-covid-19-na-midia-jornalistica-uma-abordagem-discursiva-critica\/\" \/>\n<meta property=\"og:locale\" content=\"pt_BR\" \/>\n<meta property=\"og:type\" content=\"article\" \/>\n<meta property=\"og:title\" content=\"Ensino remoto emergencial e pandemia da COVID-19 na m\u00eddia jornal\u00edstica: uma abordagem discursiva cr\u00edtica - Pontes Editores\" \/>\n<meta property=\"og:description\" content=\"&nbsp; Este livro \u00e9 mais uma produ\u00e7\u00e3o de mulheres pesquisadoras do Grupo de Pesquisa e Estudo em An\u00e1lise de Discurso Cr\u00edtica e Lingu\u00edstica Sist\u00eamico-Funcional (GPE ADC&amp;LSF). Ele traz o detalhamento te\u00f3rico e metodol\u00f3gico e os resultados de uma pesquisa, que teve como objetivo geral mapear e analisar representa\u00e7\u00f5es e avalia\u00e7\u00f5es discursivas do ensino remoto emergencial [&hellip;]\" \/>\n<meta property=\"og:url\" content=\"https:\/\/ponteseditores.com.br\/loja3\/pontes-editores-home-2__trashed\/ebook\/lancamento-e-book\/ensino-remoto-emergencial-e-pandemia-da-covid-19-na-midia-jornalistica-uma-abordagem-discursiva-critica\/\" \/>\n<meta property=\"og:site_name\" content=\"Pontes Editores\" \/>\n<meta property=\"og:image\" content=\"https:\/\/ponteseditores.com.br\/loja3\/wp-content\/uploads\/2025\/12\/Capa_Ensino-Remoto.jpg\" \/>\n\t<meta property=\"og:image:width\" content=\"800\" \/>\n\t<meta property=\"og:image:height\" content=\"1159\" \/>\n\t<meta property=\"og:image:type\" content=\"image\/jpeg\" \/>\n<meta name=\"twitter:card\" content=\"summary_large_image\" \/>\n<meta name=\"twitter:label1\" content=\"Est. tempo de leitura\" \/>\n\t<meta name=\"twitter:data1\" content=\"1 minuto\" \/>\n<script type=\"application\/ld+json\" class=\"yoast-schema-graph\">{\"@context\":\"https:\\\/\\\/schema.org\",\"@graph\":[{\"@type\":\"WebPage\",\"@id\":\"https:\\\/\\\/ponteseditores.com.br\\\/loja3\\\/pontes-editores-home-2__trashed\\\/ebook\\\/lancamento-e-book\\\/ensino-remoto-emergencial-e-pandemia-da-covid-19-na-midia-jornalistica-uma-abordagem-discursiva-critica\\\/\",\"url\":\"https:\\\/\\\/ponteseditores.com.br\\\/loja3\\\/pontes-editores-home-2__trashed\\\/ebook\\\/lancamento-e-book\\\/ensino-remoto-emergencial-e-pandemia-da-covid-19-na-midia-jornalistica-uma-abordagem-discursiva-critica\\\/\",\"name\":\"Ensino remoto emergencial e pandemia da COVID-19 na m\u00eddia jornal\u00edstica: uma abordagem discursiva cr\u00edtica - Pontes Editores\",\"isPartOf\":{\"@id\":\"https:\\\/\\\/ponteseditores.com.br\\\/loja3\\\/#website\"},\"primaryImageOfPage\":{\"@id\":\"https:\\\/\\\/ponteseditores.com.br\\\/loja3\\\/pontes-editores-home-2__trashed\\\/ebook\\\/lancamento-e-book\\\/ensino-remoto-emergencial-e-pandemia-da-covid-19-na-midia-jornalistica-uma-abordagem-discursiva-critica\\\/#primaryimage\"},\"image\":{\"@id\":\"https:\\\/\\\/ponteseditores.com.br\\\/loja3\\\/pontes-editores-home-2__trashed\\\/ebook\\\/lancamento-e-book\\\/ensino-remoto-emergencial-e-pandemia-da-covid-19-na-midia-jornalistica-uma-abordagem-discursiva-critica\\\/#primaryimage\"},\"thumbnailUrl\":\"https:\\\/\\\/ponteseditores.com.br\\\/loja3\\\/wp-content\\\/uploads\\\/2025\\\/12\\\/Capa_Ensino-Remoto.jpg\",\"datePublished\":\"2025-12-18T19:11:41+00:00\",\"breadcrumb\":{\"@id\":\"https:\\\/\\\/ponteseditores.com.br\\\/loja3\\\/pontes-editores-home-2__trashed\\\/ebook\\\/lancamento-e-book\\\/ensino-remoto-emergencial-e-pandemia-da-covid-19-na-midia-jornalistica-uma-abordagem-discursiva-critica\\\/#breadcrumb\"},\"inLanguage\":\"pt-BR\",\"potentialAction\":[{\"@type\":\"ReadAction\",\"target\":[\"https:\\\/\\\/ponteseditores.com.br\\\/loja3\\\/pontes-editores-home-2__trashed\\\/ebook\\\/lancamento-e-book\\\/ensino-remoto-emergencial-e-pandemia-da-covid-19-na-midia-jornalistica-uma-abordagem-discursiva-critica\\\/\"]}]},{\"@type\":\"ImageObject\",\"inLanguage\":\"pt-BR\",\"@id\":\"https:\\\/\\\/ponteseditores.com.br\\\/loja3\\\/pontes-editores-home-2__trashed\\\/ebook\\\/lancamento-e-book\\\/ensino-remoto-emergencial-e-pandemia-da-covid-19-na-midia-jornalistica-uma-abordagem-discursiva-critica\\\/#primaryimage\",\"url\":\"https:\\\/\\\/ponteseditores.com.br\\\/loja3\\\/wp-content\\\/uploads\\\/2025\\\/12\\\/Capa_Ensino-Remoto.jpg\",\"contentUrl\":\"https:\\\/\\\/ponteseditores.com.br\\\/loja3\\\/wp-content\\\/uploads\\\/2025\\\/12\\\/Capa_Ensino-Remoto.jpg\",\"width\":800,\"height\":1159},{\"@type\":\"BreadcrumbList\",\"@id\":\"https:\\\/\\\/ponteseditores.com.br\\\/loja3\\\/pontes-editores-home-2__trashed\\\/ebook\\\/lancamento-e-book\\\/ensino-remoto-emergencial-e-pandemia-da-covid-19-na-midia-jornalistica-uma-abordagem-discursiva-critica\\\/#breadcrumb\",\"itemListElement\":[{\"@type\":\"ListItem\",\"position\":1,\"name\":\"Home\",\"item\":\"https:\\\/\\\/ponteseditores.com.br\\\/loja3\\\/\"},{\"@type\":\"ListItem\",\"position\":2,\"name\":\"loja\",\"item\":\"https:\\\/\\\/ponteseditores.com.br\\\/loja3\\\/loja\\\/\"},{\"@type\":\"ListItem\",\"position\":3,\"name\":\"Ensino remoto emergencial e pandemia da COVID-19 na m\u00eddia jornal\u00edstica: uma abordagem discursiva cr\u00edtica\"}]},{\"@type\":\"WebSite\",\"@id\":\"https:\\\/\\\/ponteseditores.com.br\\\/loja3\\\/#website\",\"url\":\"https:\\\/\\\/ponteseditores.com.br\\\/loja3\\\/\",\"name\":\"Pontes Editores\",\"description\":\"Pontes Editores\",\"publisher\":{\"@id\":\"https:\\\/\\\/ponteseditores.com.br\\\/loja3\\\/#organization\"},\"potentialAction\":[{\"@type\":\"SearchAction\",\"target\":{\"@type\":\"EntryPoint\",\"urlTemplate\":\"https:\\\/\\\/ponteseditores.com.br\\\/loja3\\\/?s={search_term_string}\"},\"query-input\":{\"@type\":\"PropertyValueSpecification\",\"valueRequired\":true,\"valueName\":\"search_term_string\"}}],\"inLanguage\":\"pt-BR\"},{\"@type\":\"Organization\",\"@id\":\"https:\\\/\\\/ponteseditores.com.br\\\/loja3\\\/#organization\",\"name\":\"Pontes Editores\",\"url\":\"https:\\\/\\\/ponteseditores.com.br\\\/loja3\\\/\",\"logo\":{\"@type\":\"ImageObject\",\"inLanguage\":\"pt-BR\",\"@id\":\"https:\\\/\\\/ponteseditores.com.br\\\/loja3\\\/#\\\/schema\\\/logo\\\/image\\\/\",\"url\":\"https:\\\/\\\/ponteseditores.com.br\\\/loja3\\\/wp-content\\\/uploads\\\/2023\\\/12\\\/logo-pontes-editores-v2.png\",\"contentUrl\":\"https:\\\/\\\/ponteseditores.com.br\\\/loja3\\\/wp-content\\\/uploads\\\/2023\\\/12\\\/logo-pontes-editores-v2.png\",\"width\":258,\"height\":100,\"caption\":\"Pontes Editores\"},\"image\":{\"@id\":\"https:\\\/\\\/ponteseditores.com.br\\\/loja3\\\/#\\\/schema\\\/logo\\\/image\\\/\"}}]}<\/script>\n<!-- \/ Yoast SEO plugin. -->","yoast_head_json":{"title":"Ensino remoto emergencial e pandemia da COVID-19 na m\u00eddia jornal\u00edstica: uma abordagem discursiva cr\u00edtica - Pontes Editores","robots":{"index":"index","follow":"follow","max-snippet":"max-snippet:-1","max-image-preview":"max-image-preview:large","max-video-preview":"max-video-preview:-1"},"canonical":"https:\/\/ponteseditores.com.br\/loja3\/pontes-editores-home-2__trashed\/ebook\/lancamento-e-book\/ensino-remoto-emergencial-e-pandemia-da-covid-19-na-midia-jornalistica-uma-abordagem-discursiva-critica\/","og_locale":"pt_BR","og_type":"article","og_title":"Ensino remoto emergencial e pandemia da COVID-19 na m\u00eddia jornal\u00edstica: uma abordagem discursiva cr\u00edtica - Pontes Editores","og_description":"&nbsp; Este livro \u00e9 mais uma produ\u00e7\u00e3o de mulheres pesquisadoras do Grupo de Pesquisa e Estudo em An\u00e1lise de Discurso Cr\u00edtica e Lingu\u00edstica Sist\u00eamico-Funcional (GPE ADC&amp;LSF). Ele traz o detalhamento te\u00f3rico e metodol\u00f3gico e os resultados de uma pesquisa, que teve como objetivo geral mapear e analisar representa\u00e7\u00f5es e avalia\u00e7\u00f5es discursivas do ensino remoto emergencial [&hellip;]","og_url":"https:\/\/ponteseditores.com.br\/loja3\/pontes-editores-home-2__trashed\/ebook\/lancamento-e-book\/ensino-remoto-emergencial-e-pandemia-da-covid-19-na-midia-jornalistica-uma-abordagem-discursiva-critica\/","og_site_name":"Pontes Editores","og_image":[{"width":800,"height":1159,"url":"https:\/\/ponteseditores.com.br\/loja3\/wp-content\/uploads\/2025\/12\/Capa_Ensino-Remoto.jpg","type":"image\/jpeg"}],"twitter_card":"summary_large_image","twitter_misc":{"Est. tempo de leitura":"1 minuto"},"schema":{"@context":"https:\/\/schema.org","@graph":[{"@type":"WebPage","@id":"https:\/\/ponteseditores.com.br\/loja3\/pontes-editores-home-2__trashed\/ebook\/lancamento-e-book\/ensino-remoto-emergencial-e-pandemia-da-covid-19-na-midia-jornalistica-uma-abordagem-discursiva-critica\/","url":"https:\/\/ponteseditores.com.br\/loja3\/pontes-editores-home-2__trashed\/ebook\/lancamento-e-book\/ensino-remoto-emergencial-e-pandemia-da-covid-19-na-midia-jornalistica-uma-abordagem-discursiva-critica\/","name":"Ensino remoto emergencial e pandemia da COVID-19 na m\u00eddia jornal\u00edstica: uma abordagem discursiva cr\u00edtica - Pontes Editores","isPartOf":{"@id":"https:\/\/ponteseditores.com.br\/loja3\/#website"},"primaryImageOfPage":{"@id":"https:\/\/ponteseditores.com.br\/loja3\/pontes-editores-home-2__trashed\/ebook\/lancamento-e-book\/ensino-remoto-emergencial-e-pandemia-da-covid-19-na-midia-jornalistica-uma-abordagem-discursiva-critica\/#primaryimage"},"image":{"@id":"https:\/\/ponteseditores.com.br\/loja3\/pontes-editores-home-2__trashed\/ebook\/lancamento-e-book\/ensino-remoto-emergencial-e-pandemia-da-covid-19-na-midia-jornalistica-uma-abordagem-discursiva-critica\/#primaryimage"},"thumbnailUrl":"https:\/\/ponteseditores.com.br\/loja3\/wp-content\/uploads\/2025\/12\/Capa_Ensino-Remoto.jpg","datePublished":"2025-12-18T19:11:41+00:00","breadcrumb":{"@id":"https:\/\/ponteseditores.com.br\/loja3\/pontes-editores-home-2__trashed\/ebook\/lancamento-e-book\/ensino-remoto-emergencial-e-pandemia-da-covid-19-na-midia-jornalistica-uma-abordagem-discursiva-critica\/#breadcrumb"},"inLanguage":"pt-BR","potentialAction":[{"@type":"ReadAction","target":["https:\/\/ponteseditores.com.br\/loja3\/pontes-editores-home-2__trashed\/ebook\/lancamento-e-book\/ensino-remoto-emergencial-e-pandemia-da-covid-19-na-midia-jornalistica-uma-abordagem-discursiva-critica\/"]}]},{"@type":"ImageObject","inLanguage":"pt-BR","@id":"https:\/\/ponteseditores.com.br\/loja3\/pontes-editores-home-2__trashed\/ebook\/lancamento-e-book\/ensino-remoto-emergencial-e-pandemia-da-covid-19-na-midia-jornalistica-uma-abordagem-discursiva-critica\/#primaryimage","url":"https:\/\/ponteseditores.com.br\/loja3\/wp-content\/uploads\/2025\/12\/Capa_Ensino-Remoto.jpg","contentUrl":"https:\/\/ponteseditores.com.br\/loja3\/wp-content\/uploads\/2025\/12\/Capa_Ensino-Remoto.jpg","width":800,"height":1159},{"@type":"BreadcrumbList","@id":"https:\/\/ponteseditores.com.br\/loja3\/pontes-editores-home-2__trashed\/ebook\/lancamento-e-book\/ensino-remoto-emergencial-e-pandemia-da-covid-19-na-midia-jornalistica-uma-abordagem-discursiva-critica\/#breadcrumb","itemListElement":[{"@type":"ListItem","position":1,"name":"Home","item":"https:\/\/ponteseditores.com.br\/loja3\/"},{"@type":"ListItem","position":2,"name":"loja","item":"https:\/\/ponteseditores.com.br\/loja3\/loja\/"},{"@type":"ListItem","position":3,"name":"Ensino remoto emergencial e pandemia da COVID-19 na m\u00eddia jornal\u00edstica: uma abordagem discursiva cr\u00edtica"}]},{"@type":"WebSite","@id":"https:\/\/ponteseditores.com.br\/loja3\/#website","url":"https:\/\/ponteseditores.com.br\/loja3\/","name":"Pontes Editores","description":"Pontes Editores","publisher":{"@id":"https:\/\/ponteseditores.com.br\/loja3\/#organization"},"potentialAction":[{"@type":"SearchAction","target":{"@type":"EntryPoint","urlTemplate":"https:\/\/ponteseditores.com.br\/loja3\/?s={search_term_string}"},"query-input":{"@type":"PropertyValueSpecification","valueRequired":true,"valueName":"search_term_string"}}],"inLanguage":"pt-BR"},{"@type":"Organization","@id":"https:\/\/ponteseditores.com.br\/loja3\/#organization","name":"Pontes Editores","url":"https:\/\/ponteseditores.com.br\/loja3\/","logo":{"@type":"ImageObject","inLanguage":"pt-BR","@id":"https:\/\/ponteseditores.com.br\/loja3\/#\/schema\/logo\/image\/","url":"https:\/\/ponteseditores.com.br\/loja3\/wp-content\/uploads\/2023\/12\/logo-pontes-editores-v2.png","contentUrl":"https:\/\/ponteseditores.com.br\/loja3\/wp-content\/uploads\/2023\/12\/logo-pontes-editores-v2.png","width":258,"height":100,"caption":"Pontes Editores"},"image":{"@id":"https:\/\/ponteseditores.com.br\/loja3\/#\/schema\/logo\/image\/"}}]}},"_links":{"self":[{"href":"https:\/\/ponteseditores.com.br\/loja3\/wp-json\/wp\/v2\/product\/35188","targetHints":{"allow":["GET"]}}],"collection":[{"href":"https:\/\/ponteseditores.com.br\/loja3\/wp-json\/wp\/v2\/product"}],"about":[{"href":"https:\/\/ponteseditores.com.br\/loja3\/wp-json\/wp\/v2\/types\/product"}],"replies":[{"embeddable":true,"href":"https:\/\/ponteseditores.com.br\/loja3\/wp-json\/wp\/v2\/comments?post=35188"}],"version-history":[{"count":1,"href":"https:\/\/ponteseditores.com.br\/loja3\/wp-json\/wp\/v2\/product\/35188\/revisions"}],"predecessor-version":[{"id":35191,"href":"https:\/\/ponteseditores.com.br\/loja3\/wp-json\/wp\/v2\/product\/35188\/revisions\/35191"}],"wp:featuredmedia":[{"embeddable":true,"href":"https:\/\/ponteseditores.com.br\/loja3\/wp-json\/wp\/v2\/media\/35190"}],"wp:attachment":[{"href":"https:\/\/ponteseditores.com.br\/loja3\/wp-json\/wp\/v2\/media?parent=35188"}],"wp:term":[{"taxonomy":"product_brand","embeddable":true,"href":"https:\/\/ponteseditores.com.br\/loja3\/wp-json\/wp\/v2\/product_brand?post=35188"},{"taxonomy":"product_cat","embeddable":true,"href":"https:\/\/ponteseditores.com.br\/loja3\/wp-json\/wp\/v2\/product_cat?post=35188"},{"taxonomy":"product_tag","embeddable":true,"href":"https:\/\/ponteseditores.com.br\/loja3\/wp-json\/wp\/v2\/product_tag?post=35188"}],"curies":[{"name":"wp","href":"https:\/\/api.w.org\/{rel}","templated":true}]}}