{"id":33107,"date":"2025-11-03T16:30:21","date_gmt":"2025-11-03T19:30:21","guid":{"rendered":"https:\/\/ponteseditores.com.br\/loja3\/?post_type=product&#038;p=33107"},"modified":"2025-11-04T16:19:48","modified_gmt":"2025-11-04T19:19:48","slug":"topicos-de-escrita-criativa-afetos-e-imaginacoes-vol-1","status":"publish","type":"product","link":"https:\/\/ponteseditores.com.br\/loja3\/pontes-editores-home-2__trashed\/ebook\/lancamento-e-book\/topicos-de-escrita-criativa-afetos-e-imaginacoes-vol-1\/","title":{"rendered":"T\u00f3picos de escrita criativa: afetos e imagina\u00e7\u00f5es &#8211; Vol. 1"},"content":{"rendered":"<p>O exerc\u00edcio da criatividade \u00e9 labor, da\u00ed mesmo o nome vir do verbo exercitar, mas tamb\u00e9m do desempenho emocional, que toma o corpo desse autor, dessa autora e transborda para fora de si, ganhando o mundo. <strong>T\u00f3picos em Escrita Criativa: afetos e imagina\u00e7\u00f5es <\/strong>\u00e9 o resultado dessa nossa cren\u00e7a: surge no ide\u00e1rio da cria\u00e7\u00e3o de um programa de mestrado no Campus V da Universidade do Estado da Bahia (UNEB) no interior da Bahia, em Santo Ant\u00f4nio de Jesus, e consubstancia-se na disciplina de mesmo nome.<\/p>\n<p>Essa primeira experi\u00eancia com a escrita criativa no Mestrado em Tecnologias das Linguagens (PPGTEL) foi, sobretudo, uma viv\u00eancia de afetos. E, atrav\u00e9s deles, imaginamos sons, que se transformaram em palavras, que nos levaram uma brisa de felicidade e aqueceram nossos cora\u00e7\u00f5es. Esse experimento refor\u00e7ou a certeza de que n\u00f3s n\u00e3o nos bastamos, precisamos de arte para nos compor e recompor cotidianamente.<\/p>\n<p>Trazemos, ent\u00e3o, t\u00f3picos, e sabemos que t\u00f3picos s\u00e3o argumentos, objetos, tem\u00e1ticas, assuntos, conte\u00fados&#8230; e embora eles n\u00e3o digam tudo, eles apontam possibilidades, e o que \u00e9 o mundo da literatura se n\u00e3o o espa\u00e7o do poss\u00edvel?<\/p>\n","protected":false},"excerpt":{"rendered":"<p>O exerc\u00edcio da criatividade \u00e9 labor, da\u00ed mesmo o nome vir do verbo exercitar, mas tamb\u00e9m do desempenho emocional, que toma o corpo desse autor, dessa autora e transborda para fora de si, ganhando o mundo. T\u00f3picos em Escrita Criativa: afetos e imagina\u00e7\u00f5es \u00e9 o resultado dessa nossa cren\u00e7a: surge no ide\u00e1rio da cria\u00e7\u00e3o de [&hellip;]<\/p>\n","protected":false},"featured_media":33109,"comment_status":"open","ping_status":"closed","template":"","meta":{"_joinchat":[]},"product_brand":[],"product_cat":[165,386],"product_tag":[],"class_list":{"0":"post-33107","1":"product","2":"type-product","3":"status-publish","4":"has-post-thumbnail","6":"product_cat-ebook","7":"product_cat-lancamento-e-book","9":"first","10":"instock","11":"downloadable","12":"virtual","13":"purchasable","14":"product-type-simple"},"yoast_head":"<!-- This site is optimized with the Yoast SEO plugin v27.4 - https:\/\/yoast.com\/product\/yoast-seo-wordpress\/ -->\n<title>T\u00f3picos de escrita criativa: afetos e imagina\u00e7\u00f5es - Vol. 1 - Pontes Editores<\/title>\n<meta name=\"robots\" content=\"index, follow, max-snippet:-1, max-image-preview:large, max-video-preview:-1\" \/>\n<link rel=\"canonical\" href=\"https:\/\/ponteseditores.com.br\/loja3\/pontes-editores-home-2__trashed\/ebook\/lancamento-e-book\/topicos-de-escrita-criativa-afetos-e-imaginacoes-vol-1\/\" \/>\n<meta property=\"og:locale\" content=\"pt_BR\" \/>\n<meta property=\"og:type\" content=\"article\" \/>\n<meta property=\"og:title\" content=\"T\u00f3picos de escrita criativa: afetos e imagina\u00e7\u00f5es - Vol. 1 - Pontes Editores\" \/>\n<meta property=\"og:description\" content=\"O exerc\u00edcio da criatividade \u00e9 labor, da\u00ed mesmo o nome vir do verbo exercitar, mas tamb\u00e9m do desempenho emocional, que toma o corpo desse autor, dessa autora e transborda para fora de si, ganhando o mundo. T\u00f3picos em Escrita Criativa: afetos e imagina\u00e7\u00f5es \u00e9 o resultado dessa nossa cren\u00e7a: surge no ide\u00e1rio da cria\u00e7\u00e3o de [&hellip;]\" \/>\n<meta property=\"og:url\" content=\"https:\/\/ponteseditores.com.br\/loja3\/pontes-editores-home-2__trashed\/ebook\/lancamento-e-book\/topicos-de-escrita-criativa-afetos-e-imaginacoes-vol-1\/\" \/>\n<meta property=\"og:site_name\" content=\"Pontes Editores\" \/>\n<meta property=\"article:modified_time\" content=\"2025-11-04T19:19:48+00:00\" \/>\n<meta property=\"og:image\" content=\"https:\/\/ponteseditores.com.br\/loja3\/wp-content\/uploads\/2025\/11\/Capa_Topicos-de-Escrita.jpg\" \/>\n\t<meta property=\"og:image:width\" content=\"800\" \/>\n\t<meta property=\"og:image:height\" content=\"1159\" \/>\n\t<meta property=\"og:image:type\" content=\"image\/jpeg\" \/>\n<meta name=\"twitter:card\" content=\"summary_large_image\" \/>\n<meta name=\"twitter:label1\" content=\"Est. tempo de leitura\" \/>\n\t<meta name=\"twitter:data1\" content=\"2 minutos\" \/>\n<script type=\"application\/ld+json\" class=\"yoast-schema-graph\">{\"@context\":\"https:\\\/\\\/schema.org\",\"@graph\":[{\"@type\":\"WebPage\",\"@id\":\"https:\\\/\\\/ponteseditores.com.br\\\/loja3\\\/pontes-editores-home-2__trashed\\\/ebook\\\/lancamento-e-book\\\/topicos-de-escrita-criativa-afetos-e-imaginacoes-vol-1\\\/\",\"url\":\"https:\\\/\\\/ponteseditores.com.br\\\/loja3\\\/pontes-editores-home-2__trashed\\\/ebook\\\/lancamento-e-book\\\/topicos-de-escrita-criativa-afetos-e-imaginacoes-vol-1\\\/\",\"name\":\"T\u00f3picos de escrita criativa: afetos e imagina\u00e7\u00f5es - Vol. 1 - Pontes Editores\",\"isPartOf\":{\"@id\":\"https:\\\/\\\/ponteseditores.com.br\\\/loja3\\\/#website\"},\"primaryImageOfPage\":{\"@id\":\"https:\\\/\\\/ponteseditores.com.br\\\/loja3\\\/pontes-editores-home-2__trashed\\\/ebook\\\/lancamento-e-book\\\/topicos-de-escrita-criativa-afetos-e-imaginacoes-vol-1\\\/#primaryimage\"},\"image\":{\"@id\":\"https:\\\/\\\/ponteseditores.com.br\\\/loja3\\\/pontes-editores-home-2__trashed\\\/ebook\\\/lancamento-e-book\\\/topicos-de-escrita-criativa-afetos-e-imaginacoes-vol-1\\\/#primaryimage\"},\"thumbnailUrl\":\"https:\\\/\\\/ponteseditores.com.br\\\/loja3\\\/wp-content\\\/uploads\\\/2025\\\/11\\\/Capa_Topicos-de-Escrita.jpg\",\"datePublished\":\"2025-11-03T19:30:21+00:00\",\"dateModified\":\"2025-11-04T19:19:48+00:00\",\"breadcrumb\":{\"@id\":\"https:\\\/\\\/ponteseditores.com.br\\\/loja3\\\/pontes-editores-home-2__trashed\\\/ebook\\\/lancamento-e-book\\\/topicos-de-escrita-criativa-afetos-e-imaginacoes-vol-1\\\/#breadcrumb\"},\"inLanguage\":\"pt-BR\",\"potentialAction\":[{\"@type\":\"ReadAction\",\"target\":[\"https:\\\/\\\/ponteseditores.com.br\\\/loja3\\\/pontes-editores-home-2__trashed\\\/ebook\\\/lancamento-e-book\\\/topicos-de-escrita-criativa-afetos-e-imaginacoes-vol-1\\\/\"]}]},{\"@type\":\"ImageObject\",\"inLanguage\":\"pt-BR\",\"@id\":\"https:\\\/\\\/ponteseditores.com.br\\\/loja3\\\/pontes-editores-home-2__trashed\\\/ebook\\\/lancamento-e-book\\\/topicos-de-escrita-criativa-afetos-e-imaginacoes-vol-1\\\/#primaryimage\",\"url\":\"https:\\\/\\\/ponteseditores.com.br\\\/loja3\\\/wp-content\\\/uploads\\\/2025\\\/11\\\/Capa_Topicos-de-Escrita.jpg\",\"contentUrl\":\"https:\\\/\\\/ponteseditores.com.br\\\/loja3\\\/wp-content\\\/uploads\\\/2025\\\/11\\\/Capa_Topicos-de-Escrita.jpg\",\"width\":800,\"height\":1159},{\"@type\":\"BreadcrumbList\",\"@id\":\"https:\\\/\\\/ponteseditores.com.br\\\/loja3\\\/pontes-editores-home-2__trashed\\\/ebook\\\/lancamento-e-book\\\/topicos-de-escrita-criativa-afetos-e-imaginacoes-vol-1\\\/#breadcrumb\",\"itemListElement\":[{\"@type\":\"ListItem\",\"position\":1,\"name\":\"Home\",\"item\":\"https:\\\/\\\/ponteseditores.com.br\\\/loja3\\\/\"},{\"@type\":\"ListItem\",\"position\":2,\"name\":\"loja\",\"item\":\"https:\\\/\\\/ponteseditores.com.br\\\/loja3\\\/loja\\\/\"},{\"@type\":\"ListItem\",\"position\":3,\"name\":\"T\u00f3picos de escrita criativa: afetos e imagina\u00e7\u00f5es &#8211; Vol. 1\"}]},{\"@type\":\"WebSite\",\"@id\":\"https:\\\/\\\/ponteseditores.com.br\\\/loja3\\\/#website\",\"url\":\"https:\\\/\\\/ponteseditores.com.br\\\/loja3\\\/\",\"name\":\"Pontes Editores\",\"description\":\"Pontes Editores\",\"publisher\":{\"@id\":\"https:\\\/\\\/ponteseditores.com.br\\\/loja3\\\/#organization\"},\"potentialAction\":[{\"@type\":\"SearchAction\",\"target\":{\"@type\":\"EntryPoint\",\"urlTemplate\":\"https:\\\/\\\/ponteseditores.com.br\\\/loja3\\\/?s={search_term_string}\"},\"query-input\":{\"@type\":\"PropertyValueSpecification\",\"valueRequired\":true,\"valueName\":\"search_term_string\"}}],\"inLanguage\":\"pt-BR\"},{\"@type\":\"Organization\",\"@id\":\"https:\\\/\\\/ponteseditores.com.br\\\/loja3\\\/#organization\",\"name\":\"Pontes Editores\",\"url\":\"https:\\\/\\\/ponteseditores.com.br\\\/loja3\\\/\",\"logo\":{\"@type\":\"ImageObject\",\"inLanguage\":\"pt-BR\",\"@id\":\"https:\\\/\\\/ponteseditores.com.br\\\/loja3\\\/#\\\/schema\\\/logo\\\/image\\\/\",\"url\":\"https:\\\/\\\/ponteseditores.com.br\\\/loja3\\\/wp-content\\\/uploads\\\/2023\\\/12\\\/logo-pontes-editores-v2.png\",\"contentUrl\":\"https:\\\/\\\/ponteseditores.com.br\\\/loja3\\\/wp-content\\\/uploads\\\/2023\\\/12\\\/logo-pontes-editores-v2.png\",\"width\":258,\"height\":100,\"caption\":\"Pontes Editores\"},\"image\":{\"@id\":\"https:\\\/\\\/ponteseditores.com.br\\\/loja3\\\/#\\\/schema\\\/logo\\\/image\\\/\"}}]}<\/script>\n<!-- \/ Yoast SEO plugin. -->","yoast_head_json":{"title":"T\u00f3picos de escrita criativa: afetos e imagina\u00e7\u00f5es - Vol. 1 - Pontes Editores","robots":{"index":"index","follow":"follow","max-snippet":"max-snippet:-1","max-image-preview":"max-image-preview:large","max-video-preview":"max-video-preview:-1"},"canonical":"https:\/\/ponteseditores.com.br\/loja3\/pontes-editores-home-2__trashed\/ebook\/lancamento-e-book\/topicos-de-escrita-criativa-afetos-e-imaginacoes-vol-1\/","og_locale":"pt_BR","og_type":"article","og_title":"T\u00f3picos de escrita criativa: afetos e imagina\u00e7\u00f5es - Vol. 1 - Pontes Editores","og_description":"O exerc\u00edcio da criatividade \u00e9 labor, da\u00ed mesmo o nome vir do verbo exercitar, mas tamb\u00e9m do desempenho emocional, que toma o corpo desse autor, dessa autora e transborda para fora de si, ganhando o mundo. T\u00f3picos em Escrita Criativa: afetos e imagina\u00e7\u00f5es \u00e9 o resultado dessa nossa cren\u00e7a: surge no ide\u00e1rio da cria\u00e7\u00e3o de [&hellip;]","og_url":"https:\/\/ponteseditores.com.br\/loja3\/pontes-editores-home-2__trashed\/ebook\/lancamento-e-book\/topicos-de-escrita-criativa-afetos-e-imaginacoes-vol-1\/","og_site_name":"Pontes Editores","article_modified_time":"2025-11-04T19:19:48+00:00","og_image":[{"width":800,"height":1159,"url":"https:\/\/ponteseditores.com.br\/loja3\/wp-content\/uploads\/2025\/11\/Capa_Topicos-de-Escrita.jpg","type":"image\/jpeg"}],"twitter_card":"summary_large_image","twitter_misc":{"Est. tempo de leitura":"2 minutos"},"schema":{"@context":"https:\/\/schema.org","@graph":[{"@type":"WebPage","@id":"https:\/\/ponteseditores.com.br\/loja3\/pontes-editores-home-2__trashed\/ebook\/lancamento-e-book\/topicos-de-escrita-criativa-afetos-e-imaginacoes-vol-1\/","url":"https:\/\/ponteseditores.com.br\/loja3\/pontes-editores-home-2__trashed\/ebook\/lancamento-e-book\/topicos-de-escrita-criativa-afetos-e-imaginacoes-vol-1\/","name":"T\u00f3picos de escrita criativa: afetos e imagina\u00e7\u00f5es - Vol. 1 - Pontes Editores","isPartOf":{"@id":"https:\/\/ponteseditores.com.br\/loja3\/#website"},"primaryImageOfPage":{"@id":"https:\/\/ponteseditores.com.br\/loja3\/pontes-editores-home-2__trashed\/ebook\/lancamento-e-book\/topicos-de-escrita-criativa-afetos-e-imaginacoes-vol-1\/#primaryimage"},"image":{"@id":"https:\/\/ponteseditores.com.br\/loja3\/pontes-editores-home-2__trashed\/ebook\/lancamento-e-book\/topicos-de-escrita-criativa-afetos-e-imaginacoes-vol-1\/#primaryimage"},"thumbnailUrl":"https:\/\/ponteseditores.com.br\/loja3\/wp-content\/uploads\/2025\/11\/Capa_Topicos-de-Escrita.jpg","datePublished":"2025-11-03T19:30:21+00:00","dateModified":"2025-11-04T19:19:48+00:00","breadcrumb":{"@id":"https:\/\/ponteseditores.com.br\/loja3\/pontes-editores-home-2__trashed\/ebook\/lancamento-e-book\/topicos-de-escrita-criativa-afetos-e-imaginacoes-vol-1\/#breadcrumb"},"inLanguage":"pt-BR","potentialAction":[{"@type":"ReadAction","target":["https:\/\/ponteseditores.com.br\/loja3\/pontes-editores-home-2__trashed\/ebook\/lancamento-e-book\/topicos-de-escrita-criativa-afetos-e-imaginacoes-vol-1\/"]}]},{"@type":"ImageObject","inLanguage":"pt-BR","@id":"https:\/\/ponteseditores.com.br\/loja3\/pontes-editores-home-2__trashed\/ebook\/lancamento-e-book\/topicos-de-escrita-criativa-afetos-e-imaginacoes-vol-1\/#primaryimage","url":"https:\/\/ponteseditores.com.br\/loja3\/wp-content\/uploads\/2025\/11\/Capa_Topicos-de-Escrita.jpg","contentUrl":"https:\/\/ponteseditores.com.br\/loja3\/wp-content\/uploads\/2025\/11\/Capa_Topicos-de-Escrita.jpg","width":800,"height":1159},{"@type":"BreadcrumbList","@id":"https:\/\/ponteseditores.com.br\/loja3\/pontes-editores-home-2__trashed\/ebook\/lancamento-e-book\/topicos-de-escrita-criativa-afetos-e-imaginacoes-vol-1\/#breadcrumb","itemListElement":[{"@type":"ListItem","position":1,"name":"Home","item":"https:\/\/ponteseditores.com.br\/loja3\/"},{"@type":"ListItem","position":2,"name":"loja","item":"https:\/\/ponteseditores.com.br\/loja3\/loja\/"},{"@type":"ListItem","position":3,"name":"T\u00f3picos de escrita criativa: afetos e imagina\u00e7\u00f5es &#8211; Vol. 1"}]},{"@type":"WebSite","@id":"https:\/\/ponteseditores.com.br\/loja3\/#website","url":"https:\/\/ponteseditores.com.br\/loja3\/","name":"Pontes Editores","description":"Pontes Editores","publisher":{"@id":"https:\/\/ponteseditores.com.br\/loja3\/#organization"},"potentialAction":[{"@type":"SearchAction","target":{"@type":"EntryPoint","urlTemplate":"https:\/\/ponteseditores.com.br\/loja3\/?s={search_term_string}"},"query-input":{"@type":"PropertyValueSpecification","valueRequired":true,"valueName":"search_term_string"}}],"inLanguage":"pt-BR"},{"@type":"Organization","@id":"https:\/\/ponteseditores.com.br\/loja3\/#organization","name":"Pontes Editores","url":"https:\/\/ponteseditores.com.br\/loja3\/","logo":{"@type":"ImageObject","inLanguage":"pt-BR","@id":"https:\/\/ponteseditores.com.br\/loja3\/#\/schema\/logo\/image\/","url":"https:\/\/ponteseditores.com.br\/loja3\/wp-content\/uploads\/2023\/12\/logo-pontes-editores-v2.png","contentUrl":"https:\/\/ponteseditores.com.br\/loja3\/wp-content\/uploads\/2023\/12\/logo-pontes-editores-v2.png","width":258,"height":100,"caption":"Pontes Editores"},"image":{"@id":"https:\/\/ponteseditores.com.br\/loja3\/#\/schema\/logo\/image\/"}}]}},"_links":{"self":[{"href":"https:\/\/ponteseditores.com.br\/loja3\/wp-json\/wp\/v2\/product\/33107","targetHints":{"allow":["GET"]}}],"collection":[{"href":"https:\/\/ponteseditores.com.br\/loja3\/wp-json\/wp\/v2\/product"}],"about":[{"href":"https:\/\/ponteseditores.com.br\/loja3\/wp-json\/wp\/v2\/types\/product"}],"replies":[{"embeddable":true,"href":"https:\/\/ponteseditores.com.br\/loja3\/wp-json\/wp\/v2\/comments?post=33107"}],"version-history":[{"count":1,"href":"https:\/\/ponteseditores.com.br\/loja3\/wp-json\/wp\/v2\/product\/33107\/revisions"}],"predecessor-version":[{"id":33110,"href":"https:\/\/ponteseditores.com.br\/loja3\/wp-json\/wp\/v2\/product\/33107\/revisions\/33110"}],"wp:featuredmedia":[{"embeddable":true,"href":"https:\/\/ponteseditores.com.br\/loja3\/wp-json\/wp\/v2\/media\/33109"}],"wp:attachment":[{"href":"https:\/\/ponteseditores.com.br\/loja3\/wp-json\/wp\/v2\/media?parent=33107"}],"wp:term":[{"taxonomy":"product_brand","embeddable":true,"href":"https:\/\/ponteseditores.com.br\/loja3\/wp-json\/wp\/v2\/product_brand?post=33107"},{"taxonomy":"product_cat","embeddable":true,"href":"https:\/\/ponteseditores.com.br\/loja3\/wp-json\/wp\/v2\/product_cat?post=33107"},{"taxonomy":"product_tag","embeddable":true,"href":"https:\/\/ponteseditores.com.br\/loja3\/wp-json\/wp\/v2\/product_tag?post=33107"}],"curies":[{"name":"wp","href":"https:\/\/api.w.org\/{rel}","templated":true}]}}