{"id":32830,"date":"2025-10-28T16:00:33","date_gmt":"2025-10-28T19:00:33","guid":{"rendered":"https:\/\/ponteseditores.com.br\/loja3\/?post_type=product&#038;p=32830"},"modified":"2025-10-28T16:00:33","modified_gmt":"2025-10-28T19:00:33","slug":"indagando-a-velha-senhora-180-dias-de-olhar-decolonial-sobre-bolonha","status":"publish","type":"product","link":"https:\/\/ponteseditores.com.br\/loja3\/pontes-editores-home-2__trashed\/linguistica\/indagando-a-velha-senhora-180-dias-de-olhar-decolonial-sobre-bolonha\/","title":{"rendered":"Indagando a velha senhora \u2013 180 dias de olhar decolonial sobre Bolonha"},"content":{"rendered":"<p>Di\u00e1rio de campo, relat\u00f3rio interpretativo ou cr\u00f4nicas de jornalismo liter\u00e1rio, este livro \u00e9 resultado do material bruto coletado pela autora durante seu per\u00edodo como pesquisadora decolonial em Bolonha (novembro de 2024 a abril de 2025) e doutoranda na \u00e1rea de Italian\u00edstica e Lingu\u00edstica Aplicada (FFLCH\/Universidade de S\u00e3o Paulo).<\/p>\n<p>As tend\u00eancias e padr\u00f5es racistas, bem como as subjetividades sobre Bolonha \u2013 celebrada como uma velha senhora tolerante \u2013 surgem de fatos reais protagonizados por sujeitos anonimizados, dadas suas vulnerabilidades diversas e risco iminente de pris\u00e3o ou deporta\u00e7\u00e3o.<\/p>\n<p>&nbsp;<\/p>\n<p>Este trabalho foi financiado pelo Programa CAPES-PrInt (Programa Institucional de Internacionaliza\u00e7\u00e3o).<\/p>\n","protected":false},"excerpt":{"rendered":"<p>Di\u00e1rio de campo, relat\u00f3rio interpretativo ou cr\u00f4nicas de jornalismo liter\u00e1rio, este livro \u00e9 resultado do material bruto coletado pela autora durante seu per\u00edodo como pesquisadora decolonial em Bolonha (novembro de 2024 a abril de 2025) e doutoranda na \u00e1rea de Italian\u00edstica e Lingu\u00edstica Aplicada (FFLCH\/Universidade de S\u00e3o Paulo). As tend\u00eancias e padr\u00f5es racistas, bem como [&hellip;]<\/p>\n","protected":false},"featured_media":32831,"comment_status":"open","ping_status":"closed","template":"","meta":{"_joinchat":[]},"product_brand":[],"product_cat":[167,31,79],"product_tag":[],"class_list":{"0":"post-32830","1":"product","2":"type-product","3":"status-publish","4":"has-post-thumbnail","6":"product_cat-lancamento","7":"product_cat-linguistica","8":"product_cat-linguistica-aplicada","10":"first","11":"instock","12":"shipping-taxable","13":"purchasable","14":"product-type-simple"},"yoast_head":"<!-- This site is optimized with the Yoast SEO plugin v27.4 - https:\/\/yoast.com\/product\/yoast-seo-wordpress\/ -->\n<title>Indagando a velha senhora \u2013 180 dias de olhar decolonial sobre Bolonha - Pontes Editores<\/title>\n<meta name=\"robots\" content=\"index, follow, max-snippet:-1, max-image-preview:large, max-video-preview:-1\" \/>\n<link rel=\"canonical\" href=\"https:\/\/ponteseditores.com.br\/loja3\/pontes-editores-home-2__trashed\/linguistica\/indagando-a-velha-senhora-180-dias-de-olhar-decolonial-sobre-bolonha\/\" \/>\n<meta property=\"og:locale\" content=\"pt_BR\" \/>\n<meta property=\"og:type\" content=\"article\" \/>\n<meta property=\"og:title\" content=\"Indagando a velha senhora \u2013 180 dias de olhar decolonial sobre Bolonha - Pontes Editores\" \/>\n<meta property=\"og:description\" content=\"Di\u00e1rio de campo, relat\u00f3rio interpretativo ou cr\u00f4nicas de jornalismo liter\u00e1rio, este livro \u00e9 resultado do material bruto coletado pela autora durante seu per\u00edodo como pesquisadora decolonial em Bolonha (novembro de 2024 a abril de 2025) e doutoranda na \u00e1rea de Italian\u00edstica e Lingu\u00edstica Aplicada (FFLCH\/Universidade de S\u00e3o Paulo). As tend\u00eancias e padr\u00f5es racistas, bem como [&hellip;]\" \/>\n<meta property=\"og:url\" content=\"https:\/\/ponteseditores.com.br\/loja3\/pontes-editores-home-2__trashed\/linguistica\/indagando-a-velha-senhora-180-dias-de-olhar-decolonial-sobre-bolonha\/\" \/>\n<meta property=\"og:site_name\" content=\"Pontes Editores\" \/>\n<meta property=\"og:image\" content=\"https:\/\/ponteseditores.com.br\/loja3\/wp-content\/uploads\/2025\/10\/Capa_Indagando-a-velha-senhora.jpg\" \/>\n\t<meta property=\"og:image:width\" content=\"800\" \/>\n\t<meta property=\"og:image:height\" content=\"1159\" \/>\n\t<meta property=\"og:image:type\" content=\"image\/jpeg\" \/>\n<meta name=\"twitter:card\" content=\"summary_large_image\" \/>\n<meta name=\"twitter:label1\" content=\"Est. tempo de leitura\" \/>\n\t<meta name=\"twitter:data1\" content=\"1 minuto\" \/>\n<script type=\"application\/ld+json\" class=\"yoast-schema-graph\">{\"@context\":\"https:\\\/\\\/schema.org\",\"@graph\":[{\"@type\":\"WebPage\",\"@id\":\"https:\\\/\\\/ponteseditores.com.br\\\/loja3\\\/pontes-editores-home-2__trashed\\\/linguistica\\\/indagando-a-velha-senhora-180-dias-de-olhar-decolonial-sobre-bolonha\\\/\",\"url\":\"https:\\\/\\\/ponteseditores.com.br\\\/loja3\\\/pontes-editores-home-2__trashed\\\/linguistica\\\/indagando-a-velha-senhora-180-dias-de-olhar-decolonial-sobre-bolonha\\\/\",\"name\":\"Indagando a velha senhora \u2013 180 dias de olhar decolonial sobre Bolonha - Pontes Editores\",\"isPartOf\":{\"@id\":\"https:\\\/\\\/ponteseditores.com.br\\\/loja3\\\/#website\"},\"primaryImageOfPage\":{\"@id\":\"https:\\\/\\\/ponteseditores.com.br\\\/loja3\\\/pontes-editores-home-2__trashed\\\/linguistica\\\/indagando-a-velha-senhora-180-dias-de-olhar-decolonial-sobre-bolonha\\\/#primaryimage\"},\"image\":{\"@id\":\"https:\\\/\\\/ponteseditores.com.br\\\/loja3\\\/pontes-editores-home-2__trashed\\\/linguistica\\\/indagando-a-velha-senhora-180-dias-de-olhar-decolonial-sobre-bolonha\\\/#primaryimage\"},\"thumbnailUrl\":\"https:\\\/\\\/ponteseditores.com.br\\\/loja3\\\/wp-content\\\/uploads\\\/2025\\\/10\\\/Capa_Indagando-a-velha-senhora.jpg\",\"datePublished\":\"2025-10-28T19:00:33+00:00\",\"breadcrumb\":{\"@id\":\"https:\\\/\\\/ponteseditores.com.br\\\/loja3\\\/pontes-editores-home-2__trashed\\\/linguistica\\\/indagando-a-velha-senhora-180-dias-de-olhar-decolonial-sobre-bolonha\\\/#breadcrumb\"},\"inLanguage\":\"pt-BR\",\"potentialAction\":[{\"@type\":\"ReadAction\",\"target\":[\"https:\\\/\\\/ponteseditores.com.br\\\/loja3\\\/pontes-editores-home-2__trashed\\\/linguistica\\\/indagando-a-velha-senhora-180-dias-de-olhar-decolonial-sobre-bolonha\\\/\"]}]},{\"@type\":\"ImageObject\",\"inLanguage\":\"pt-BR\",\"@id\":\"https:\\\/\\\/ponteseditores.com.br\\\/loja3\\\/pontes-editores-home-2__trashed\\\/linguistica\\\/indagando-a-velha-senhora-180-dias-de-olhar-decolonial-sobre-bolonha\\\/#primaryimage\",\"url\":\"https:\\\/\\\/ponteseditores.com.br\\\/loja3\\\/wp-content\\\/uploads\\\/2025\\\/10\\\/Capa_Indagando-a-velha-senhora.jpg\",\"contentUrl\":\"https:\\\/\\\/ponteseditores.com.br\\\/loja3\\\/wp-content\\\/uploads\\\/2025\\\/10\\\/Capa_Indagando-a-velha-senhora.jpg\",\"width\":800,\"height\":1159},{\"@type\":\"BreadcrumbList\",\"@id\":\"https:\\\/\\\/ponteseditores.com.br\\\/loja3\\\/pontes-editores-home-2__trashed\\\/linguistica\\\/indagando-a-velha-senhora-180-dias-de-olhar-decolonial-sobre-bolonha\\\/#breadcrumb\",\"itemListElement\":[{\"@type\":\"ListItem\",\"position\":1,\"name\":\"Home\",\"item\":\"https:\\\/\\\/ponteseditores.com.br\\\/loja3\\\/\"},{\"@type\":\"ListItem\",\"position\":2,\"name\":\"loja\",\"item\":\"https:\\\/\\\/ponteseditores.com.br\\\/loja3\\\/loja\\\/\"},{\"@type\":\"ListItem\",\"position\":3,\"name\":\"Indagando a velha senhora \u2013 180 dias de olhar decolonial sobre Bolonha\"}]},{\"@type\":\"WebSite\",\"@id\":\"https:\\\/\\\/ponteseditores.com.br\\\/loja3\\\/#website\",\"url\":\"https:\\\/\\\/ponteseditores.com.br\\\/loja3\\\/\",\"name\":\"Pontes Editores\",\"description\":\"Pontes Editores\",\"publisher\":{\"@id\":\"https:\\\/\\\/ponteseditores.com.br\\\/loja3\\\/#organization\"},\"potentialAction\":[{\"@type\":\"SearchAction\",\"target\":{\"@type\":\"EntryPoint\",\"urlTemplate\":\"https:\\\/\\\/ponteseditores.com.br\\\/loja3\\\/?s={search_term_string}\"},\"query-input\":{\"@type\":\"PropertyValueSpecification\",\"valueRequired\":true,\"valueName\":\"search_term_string\"}}],\"inLanguage\":\"pt-BR\"},{\"@type\":\"Organization\",\"@id\":\"https:\\\/\\\/ponteseditores.com.br\\\/loja3\\\/#organization\",\"name\":\"Pontes Editores\",\"url\":\"https:\\\/\\\/ponteseditores.com.br\\\/loja3\\\/\",\"logo\":{\"@type\":\"ImageObject\",\"inLanguage\":\"pt-BR\",\"@id\":\"https:\\\/\\\/ponteseditores.com.br\\\/loja3\\\/#\\\/schema\\\/logo\\\/image\\\/\",\"url\":\"https:\\\/\\\/ponteseditores.com.br\\\/loja3\\\/wp-content\\\/uploads\\\/2023\\\/12\\\/logo-pontes-editores-v2.png\",\"contentUrl\":\"https:\\\/\\\/ponteseditores.com.br\\\/loja3\\\/wp-content\\\/uploads\\\/2023\\\/12\\\/logo-pontes-editores-v2.png\",\"width\":258,\"height\":100,\"caption\":\"Pontes Editores\"},\"image\":{\"@id\":\"https:\\\/\\\/ponteseditores.com.br\\\/loja3\\\/#\\\/schema\\\/logo\\\/image\\\/\"}}]}<\/script>\n<!-- \/ Yoast SEO plugin. -->","yoast_head_json":{"title":"Indagando a velha senhora \u2013 180 dias de olhar decolonial sobre Bolonha - Pontes Editores","robots":{"index":"index","follow":"follow","max-snippet":"max-snippet:-1","max-image-preview":"max-image-preview:large","max-video-preview":"max-video-preview:-1"},"canonical":"https:\/\/ponteseditores.com.br\/loja3\/pontes-editores-home-2__trashed\/linguistica\/indagando-a-velha-senhora-180-dias-de-olhar-decolonial-sobre-bolonha\/","og_locale":"pt_BR","og_type":"article","og_title":"Indagando a velha senhora \u2013 180 dias de olhar decolonial sobre Bolonha - Pontes Editores","og_description":"Di\u00e1rio de campo, relat\u00f3rio interpretativo ou cr\u00f4nicas de jornalismo liter\u00e1rio, este livro \u00e9 resultado do material bruto coletado pela autora durante seu per\u00edodo como pesquisadora decolonial em Bolonha (novembro de 2024 a abril de 2025) e doutoranda na \u00e1rea de Italian\u00edstica e Lingu\u00edstica Aplicada (FFLCH\/Universidade de S\u00e3o Paulo). As tend\u00eancias e padr\u00f5es racistas, bem como [&hellip;]","og_url":"https:\/\/ponteseditores.com.br\/loja3\/pontes-editores-home-2__trashed\/linguistica\/indagando-a-velha-senhora-180-dias-de-olhar-decolonial-sobre-bolonha\/","og_site_name":"Pontes Editores","og_image":[{"width":800,"height":1159,"url":"https:\/\/ponteseditores.com.br\/loja3\/wp-content\/uploads\/2025\/10\/Capa_Indagando-a-velha-senhora.jpg","type":"image\/jpeg"}],"twitter_card":"summary_large_image","twitter_misc":{"Est. tempo de leitura":"1 minuto"},"schema":{"@context":"https:\/\/schema.org","@graph":[{"@type":"WebPage","@id":"https:\/\/ponteseditores.com.br\/loja3\/pontes-editores-home-2__trashed\/linguistica\/indagando-a-velha-senhora-180-dias-de-olhar-decolonial-sobre-bolonha\/","url":"https:\/\/ponteseditores.com.br\/loja3\/pontes-editores-home-2__trashed\/linguistica\/indagando-a-velha-senhora-180-dias-de-olhar-decolonial-sobre-bolonha\/","name":"Indagando a velha senhora \u2013 180 dias de olhar decolonial sobre Bolonha - Pontes Editores","isPartOf":{"@id":"https:\/\/ponteseditores.com.br\/loja3\/#website"},"primaryImageOfPage":{"@id":"https:\/\/ponteseditores.com.br\/loja3\/pontes-editores-home-2__trashed\/linguistica\/indagando-a-velha-senhora-180-dias-de-olhar-decolonial-sobre-bolonha\/#primaryimage"},"image":{"@id":"https:\/\/ponteseditores.com.br\/loja3\/pontes-editores-home-2__trashed\/linguistica\/indagando-a-velha-senhora-180-dias-de-olhar-decolonial-sobre-bolonha\/#primaryimage"},"thumbnailUrl":"https:\/\/ponteseditores.com.br\/loja3\/wp-content\/uploads\/2025\/10\/Capa_Indagando-a-velha-senhora.jpg","datePublished":"2025-10-28T19:00:33+00:00","breadcrumb":{"@id":"https:\/\/ponteseditores.com.br\/loja3\/pontes-editores-home-2__trashed\/linguistica\/indagando-a-velha-senhora-180-dias-de-olhar-decolonial-sobre-bolonha\/#breadcrumb"},"inLanguage":"pt-BR","potentialAction":[{"@type":"ReadAction","target":["https:\/\/ponteseditores.com.br\/loja3\/pontes-editores-home-2__trashed\/linguistica\/indagando-a-velha-senhora-180-dias-de-olhar-decolonial-sobre-bolonha\/"]}]},{"@type":"ImageObject","inLanguage":"pt-BR","@id":"https:\/\/ponteseditores.com.br\/loja3\/pontes-editores-home-2__trashed\/linguistica\/indagando-a-velha-senhora-180-dias-de-olhar-decolonial-sobre-bolonha\/#primaryimage","url":"https:\/\/ponteseditores.com.br\/loja3\/wp-content\/uploads\/2025\/10\/Capa_Indagando-a-velha-senhora.jpg","contentUrl":"https:\/\/ponteseditores.com.br\/loja3\/wp-content\/uploads\/2025\/10\/Capa_Indagando-a-velha-senhora.jpg","width":800,"height":1159},{"@type":"BreadcrumbList","@id":"https:\/\/ponteseditores.com.br\/loja3\/pontes-editores-home-2__trashed\/linguistica\/indagando-a-velha-senhora-180-dias-de-olhar-decolonial-sobre-bolonha\/#breadcrumb","itemListElement":[{"@type":"ListItem","position":1,"name":"Home","item":"https:\/\/ponteseditores.com.br\/loja3\/"},{"@type":"ListItem","position":2,"name":"loja","item":"https:\/\/ponteseditores.com.br\/loja3\/loja\/"},{"@type":"ListItem","position":3,"name":"Indagando a velha senhora \u2013 180 dias de olhar decolonial sobre Bolonha"}]},{"@type":"WebSite","@id":"https:\/\/ponteseditores.com.br\/loja3\/#website","url":"https:\/\/ponteseditores.com.br\/loja3\/","name":"Pontes Editores","description":"Pontes Editores","publisher":{"@id":"https:\/\/ponteseditores.com.br\/loja3\/#organization"},"potentialAction":[{"@type":"SearchAction","target":{"@type":"EntryPoint","urlTemplate":"https:\/\/ponteseditores.com.br\/loja3\/?s={search_term_string}"},"query-input":{"@type":"PropertyValueSpecification","valueRequired":true,"valueName":"search_term_string"}}],"inLanguage":"pt-BR"},{"@type":"Organization","@id":"https:\/\/ponteseditores.com.br\/loja3\/#organization","name":"Pontes Editores","url":"https:\/\/ponteseditores.com.br\/loja3\/","logo":{"@type":"ImageObject","inLanguage":"pt-BR","@id":"https:\/\/ponteseditores.com.br\/loja3\/#\/schema\/logo\/image\/","url":"https:\/\/ponteseditores.com.br\/loja3\/wp-content\/uploads\/2023\/12\/logo-pontes-editores-v2.png","contentUrl":"https:\/\/ponteseditores.com.br\/loja3\/wp-content\/uploads\/2023\/12\/logo-pontes-editores-v2.png","width":258,"height":100,"caption":"Pontes Editores"},"image":{"@id":"https:\/\/ponteseditores.com.br\/loja3\/#\/schema\/logo\/image\/"}}]}},"_links":{"self":[{"href":"https:\/\/ponteseditores.com.br\/loja3\/wp-json\/wp\/v2\/product\/32830","targetHints":{"allow":["GET"]}}],"collection":[{"href":"https:\/\/ponteseditores.com.br\/loja3\/wp-json\/wp\/v2\/product"}],"about":[{"href":"https:\/\/ponteseditores.com.br\/loja3\/wp-json\/wp\/v2\/types\/product"}],"replies":[{"embeddable":true,"href":"https:\/\/ponteseditores.com.br\/loja3\/wp-json\/wp\/v2\/comments?post=32830"}],"version-history":[{"count":1,"href":"https:\/\/ponteseditores.com.br\/loja3\/wp-json\/wp\/v2\/product\/32830\/revisions"}],"predecessor-version":[{"id":32832,"href":"https:\/\/ponteseditores.com.br\/loja3\/wp-json\/wp\/v2\/product\/32830\/revisions\/32832"}],"wp:featuredmedia":[{"embeddable":true,"href":"https:\/\/ponteseditores.com.br\/loja3\/wp-json\/wp\/v2\/media\/32831"}],"wp:attachment":[{"href":"https:\/\/ponteseditores.com.br\/loja3\/wp-json\/wp\/v2\/media?parent=32830"}],"wp:term":[{"taxonomy":"product_brand","embeddable":true,"href":"https:\/\/ponteseditores.com.br\/loja3\/wp-json\/wp\/v2\/product_brand?post=32830"},{"taxonomy":"product_cat","embeddable":true,"href":"https:\/\/ponteseditores.com.br\/loja3\/wp-json\/wp\/v2\/product_cat?post=32830"},{"taxonomy":"product_tag","embeddable":true,"href":"https:\/\/ponteseditores.com.br\/loja3\/wp-json\/wp\/v2\/product_tag?post=32830"}],"curies":[{"name":"wp","href":"https:\/\/api.w.org\/{rel}","templated":true}]}}