{"id":31813,"date":"2025-10-13T16:29:33","date_gmt":"2025-10-13T19:29:33","guid":{"rendered":"https:\/\/ponteseditores.com.br\/loja3\/?post_type=product&#038;p=31813"},"modified":"2025-10-13T16:29:34","modified_gmt":"2025-10-13T19:29:34","slug":"aprender-em-tempos-de-inteligencia-artificial","status":"publish","type":"product","link":"https:\/\/ponteseditores.com.br\/loja3\/pontes-editores-home-2__trashed\/educacao\/aprender-em-tempos-de-inteligencia-artificial\/","title":{"rendered":"Aprender em tempos de intelig\u00eancia artificial"},"content":{"rendered":"<p>Esta obra n\u00e3o busca adotar uma vis\u00e3o salvacionista ou instrumentalista do uso da Intelig\u00eancia Artificial (IA) na educa\u00e7\u00e3o. N\u00e3o se trata de defender ou condenar o uso. O prop\u00f3sito \u00e9 oferecer conhecimentos que levem o leitor a ter uma melhor compreens\u00e3o das implica\u00e7\u00f5es da IA no aprendizado de estudantes e tamb\u00e9m dos professores.<\/p>\n<p>O livro contempla os riscos, benef\u00edcios, limita\u00e7\u00f5es \u00e9ticas e transforma\u00e7\u00f5es no que concerne aos sites e aplicativos de IA ou que tenham recursos de IA incorporados. S\u00e3o abordadas orienta\u00e7\u00f5es sobre a elabora\u00e7\u00e3o de prompts, educa\u00e7\u00e3o midi\u00e1tica e possibilidades de atividades pedag\u00f3gicas a partir do ChatGPT, Gemini, Gamma, Suno, NotebookLM entre outros.<\/p>\n<p>A valoriza\u00e7\u00e3o do senso cr\u00edtico, da criatividade e da autonomia est\u00e1 entre as principais causas das pesquisas realizadas para o conjunto dessa obra. Para fundamentar a an\u00e1lise, os estudos da \u00e1rea de Filosofia da Educa\u00e7\u00e3o foram relevantes. Espera-se que os conte\u00fados apresentados fomentem discuss\u00f5es, reflex\u00f5es e oportunidades de forma\u00e7\u00e3o continuada para profissionais da educa\u00e7\u00e3o e todos os interessados pela tem\u00e1tica.<\/p>\n<p>Esta obra n\u00e3o busca adotar uma vis\u00e3o salvacionista ou instrumentalista do uso da Intelig\u00eancia Artificial (IA) na educa\u00e7\u00e3o. N\u00e3o se trata de defender ou condenar o uso. O prop\u00f3sito \u00e9 oferecer conhecimentos que levem o leitor a ter uma melhor compreens\u00e3o das implica\u00e7\u00f5es da IA no aprendizado de estudantes e tamb\u00e9m dos professores.<\/p>\n<p>O livro contempla os riscos, benef\u00edcios, limita\u00e7\u00f5es \u00e9ticas e transforma\u00e7\u00f5es no que concerne aos sites e aplicativos de IA ou que tenham recursos de IA incorporados. S\u00e3o abordadas orienta\u00e7\u00f5es sobre a elabora\u00e7\u00e3o de prompts, educa\u00e7\u00e3o midi\u00e1tica e possibilidades de atividades pedag\u00f3gicas a partir do ChatGPT, Gemini, Gamma, Suno, NotebookLM entre outros.<\/p>\n<p>A valoriza\u00e7\u00e3o do senso cr\u00edtico, da criatividade e da autonomia est\u00e1 entre as principais causas das pesquisas realizadas para o conjunto dessa obra. Para fundamentar a an\u00e1lise, os estudos da \u00e1rea de Filosofia da Educa\u00e7\u00e3o foram relevantes.<\/p>\n<p>Espera-se que os conte\u00fados apresentados fomentem discuss\u00f5es, reflex\u00f5es e oportunidades de forma\u00e7\u00e3o continuada para profissionais da educa\u00e7\u00e3o e todos os interessados pela tem\u00e1tica.<\/p>\n","protected":false},"excerpt":{"rendered":"<p>Esta obra n\u00e3o busca adotar uma vis\u00e3o salvacionista ou instrumentalista do uso da Intelig\u00eancia Artificial (IA) na educa\u00e7\u00e3o. N\u00e3o se trata de defender ou condenar o uso. O prop\u00f3sito \u00e9 oferecer conhecimentos que levem o leitor a ter uma melhor compreens\u00e3o das implica\u00e7\u00f5es da IA no aprendizado de estudantes e tamb\u00e9m dos professores. O livro [&hellip;]<\/p>\n","protected":false},"featured_media":31814,"comment_status":"open","ping_status":"closed","template":"","meta":{"_joinchat":[]},"product_brand":[],"product_cat":[97,167],"product_tag":[],"class_list":{"0":"post-31813","1":"product","2":"type-product","3":"status-publish","4":"has-post-thumbnail","6":"product_cat-educacao","7":"product_cat-lancamento","9":"first","10":"instock","11":"shipping-taxable","12":"purchasable","13":"product-type-simple"},"yoast_head":"<!-- This site is optimized with the Yoast SEO plugin v27.4 - https:\/\/yoast.com\/product\/yoast-seo-wordpress\/ -->\n<title>Aprender em tempos de intelig\u00eancia artificial - Pontes Editores<\/title>\n<meta name=\"robots\" content=\"index, follow, max-snippet:-1, max-image-preview:large, max-video-preview:-1\" \/>\n<link rel=\"canonical\" href=\"https:\/\/ponteseditores.com.br\/loja3\/pontes-editores-home-2__trashed\/educacao\/aprender-em-tempos-de-inteligencia-artificial\/\" \/>\n<meta property=\"og:locale\" content=\"pt_BR\" \/>\n<meta property=\"og:type\" content=\"article\" \/>\n<meta property=\"og:title\" content=\"Aprender em tempos de intelig\u00eancia artificial - Pontes Editores\" \/>\n<meta property=\"og:description\" content=\"Esta obra n\u00e3o busca adotar uma vis\u00e3o salvacionista ou instrumentalista do uso da Intelig\u00eancia Artificial (IA) na educa\u00e7\u00e3o. N\u00e3o se trata de defender ou condenar o uso. O prop\u00f3sito \u00e9 oferecer conhecimentos que levem o leitor a ter uma melhor compreens\u00e3o das implica\u00e7\u00f5es da IA no aprendizado de estudantes e tamb\u00e9m dos professores. O livro [&hellip;]\" \/>\n<meta property=\"og:url\" content=\"https:\/\/ponteseditores.com.br\/loja3\/pontes-editores-home-2__trashed\/educacao\/aprender-em-tempos-de-inteligencia-artificial\/\" \/>\n<meta property=\"og:site_name\" content=\"Pontes Editores\" \/>\n<meta property=\"article:modified_time\" content=\"2025-10-13T19:29:34+00:00\" \/>\n<meta property=\"og:image\" content=\"https:\/\/ponteseditores.com.br\/loja3\/wp-content\/uploads\/2025\/10\/Capa_Aprender-em-tempos.jpg\" \/>\n\t<meta property=\"og:image:width\" content=\"800\" \/>\n\t<meta property=\"og:image:height\" content=\"1159\" \/>\n\t<meta property=\"og:image:type\" content=\"image\/jpeg\" \/>\n<meta name=\"twitter:card\" content=\"summary_large_image\" \/>\n<meta name=\"twitter:label1\" content=\"Est. tempo de leitura\" \/>\n\t<meta name=\"twitter:data1\" content=\"3 minutos\" \/>\n<script type=\"application\/ld+json\" class=\"yoast-schema-graph\">{\"@context\":\"https:\\\/\\\/schema.org\",\"@graph\":[{\"@type\":\"WebPage\",\"@id\":\"https:\\\/\\\/ponteseditores.com.br\\\/loja3\\\/pontes-editores-home-2__trashed\\\/educacao\\\/aprender-em-tempos-de-inteligencia-artificial\\\/\",\"url\":\"https:\\\/\\\/ponteseditores.com.br\\\/loja3\\\/pontes-editores-home-2__trashed\\\/educacao\\\/aprender-em-tempos-de-inteligencia-artificial\\\/\",\"name\":\"Aprender em tempos de intelig\u00eancia artificial - Pontes Editores\",\"isPartOf\":{\"@id\":\"https:\\\/\\\/ponteseditores.com.br\\\/loja3\\\/#website\"},\"primaryImageOfPage\":{\"@id\":\"https:\\\/\\\/ponteseditores.com.br\\\/loja3\\\/pontes-editores-home-2__trashed\\\/educacao\\\/aprender-em-tempos-de-inteligencia-artificial\\\/#primaryimage\"},\"image\":{\"@id\":\"https:\\\/\\\/ponteseditores.com.br\\\/loja3\\\/pontes-editores-home-2__trashed\\\/educacao\\\/aprender-em-tempos-de-inteligencia-artificial\\\/#primaryimage\"},\"thumbnailUrl\":\"https:\\\/\\\/ponteseditores.com.br\\\/loja3\\\/wp-content\\\/uploads\\\/2025\\\/10\\\/Capa_Aprender-em-tempos.jpg\",\"datePublished\":\"2025-10-13T19:29:33+00:00\",\"dateModified\":\"2025-10-13T19:29:34+00:00\",\"breadcrumb\":{\"@id\":\"https:\\\/\\\/ponteseditores.com.br\\\/loja3\\\/pontes-editores-home-2__trashed\\\/educacao\\\/aprender-em-tempos-de-inteligencia-artificial\\\/#breadcrumb\"},\"inLanguage\":\"pt-BR\",\"potentialAction\":[{\"@type\":\"ReadAction\",\"target\":[\"https:\\\/\\\/ponteseditores.com.br\\\/loja3\\\/pontes-editores-home-2__trashed\\\/educacao\\\/aprender-em-tempos-de-inteligencia-artificial\\\/\"]}]},{\"@type\":\"ImageObject\",\"inLanguage\":\"pt-BR\",\"@id\":\"https:\\\/\\\/ponteseditores.com.br\\\/loja3\\\/pontes-editores-home-2__trashed\\\/educacao\\\/aprender-em-tempos-de-inteligencia-artificial\\\/#primaryimage\",\"url\":\"https:\\\/\\\/ponteseditores.com.br\\\/loja3\\\/wp-content\\\/uploads\\\/2025\\\/10\\\/Capa_Aprender-em-tempos.jpg\",\"contentUrl\":\"https:\\\/\\\/ponteseditores.com.br\\\/loja3\\\/wp-content\\\/uploads\\\/2025\\\/10\\\/Capa_Aprender-em-tempos.jpg\",\"width\":800,\"height\":1159},{\"@type\":\"BreadcrumbList\",\"@id\":\"https:\\\/\\\/ponteseditores.com.br\\\/loja3\\\/pontes-editores-home-2__trashed\\\/educacao\\\/aprender-em-tempos-de-inteligencia-artificial\\\/#breadcrumb\",\"itemListElement\":[{\"@type\":\"ListItem\",\"position\":1,\"name\":\"Home\",\"item\":\"https:\\\/\\\/ponteseditores.com.br\\\/loja3\\\/\"},{\"@type\":\"ListItem\",\"position\":2,\"name\":\"loja\",\"item\":\"https:\\\/\\\/ponteseditores.com.br\\\/loja3\\\/loja\\\/\"},{\"@type\":\"ListItem\",\"position\":3,\"name\":\"Aprender em tempos de intelig\u00eancia artificial\"}]},{\"@type\":\"WebSite\",\"@id\":\"https:\\\/\\\/ponteseditores.com.br\\\/loja3\\\/#website\",\"url\":\"https:\\\/\\\/ponteseditores.com.br\\\/loja3\\\/\",\"name\":\"Pontes Editores\",\"description\":\"Pontes Editores\",\"publisher\":{\"@id\":\"https:\\\/\\\/ponteseditores.com.br\\\/loja3\\\/#organization\"},\"potentialAction\":[{\"@type\":\"SearchAction\",\"target\":{\"@type\":\"EntryPoint\",\"urlTemplate\":\"https:\\\/\\\/ponteseditores.com.br\\\/loja3\\\/?s={search_term_string}\"},\"query-input\":{\"@type\":\"PropertyValueSpecification\",\"valueRequired\":true,\"valueName\":\"search_term_string\"}}],\"inLanguage\":\"pt-BR\"},{\"@type\":\"Organization\",\"@id\":\"https:\\\/\\\/ponteseditores.com.br\\\/loja3\\\/#organization\",\"name\":\"Pontes Editores\",\"url\":\"https:\\\/\\\/ponteseditores.com.br\\\/loja3\\\/\",\"logo\":{\"@type\":\"ImageObject\",\"inLanguage\":\"pt-BR\",\"@id\":\"https:\\\/\\\/ponteseditores.com.br\\\/loja3\\\/#\\\/schema\\\/logo\\\/image\\\/\",\"url\":\"https:\\\/\\\/ponteseditores.com.br\\\/loja3\\\/wp-content\\\/uploads\\\/2023\\\/12\\\/logo-pontes-editores-v2.png\",\"contentUrl\":\"https:\\\/\\\/ponteseditores.com.br\\\/loja3\\\/wp-content\\\/uploads\\\/2023\\\/12\\\/logo-pontes-editores-v2.png\",\"width\":258,\"height\":100,\"caption\":\"Pontes Editores\"},\"image\":{\"@id\":\"https:\\\/\\\/ponteseditores.com.br\\\/loja3\\\/#\\\/schema\\\/logo\\\/image\\\/\"}}]}<\/script>\n<!-- \/ Yoast SEO plugin. -->","yoast_head_json":{"title":"Aprender em tempos de intelig\u00eancia artificial - Pontes Editores","robots":{"index":"index","follow":"follow","max-snippet":"max-snippet:-1","max-image-preview":"max-image-preview:large","max-video-preview":"max-video-preview:-1"},"canonical":"https:\/\/ponteseditores.com.br\/loja3\/pontes-editores-home-2__trashed\/educacao\/aprender-em-tempos-de-inteligencia-artificial\/","og_locale":"pt_BR","og_type":"article","og_title":"Aprender em tempos de intelig\u00eancia artificial - Pontes Editores","og_description":"Esta obra n\u00e3o busca adotar uma vis\u00e3o salvacionista ou instrumentalista do uso da Intelig\u00eancia Artificial (IA) na educa\u00e7\u00e3o. N\u00e3o se trata de defender ou condenar o uso. O prop\u00f3sito \u00e9 oferecer conhecimentos que levem o leitor a ter uma melhor compreens\u00e3o das implica\u00e7\u00f5es da IA no aprendizado de estudantes e tamb\u00e9m dos professores. O livro [&hellip;]","og_url":"https:\/\/ponteseditores.com.br\/loja3\/pontes-editores-home-2__trashed\/educacao\/aprender-em-tempos-de-inteligencia-artificial\/","og_site_name":"Pontes Editores","article_modified_time":"2025-10-13T19:29:34+00:00","og_image":[{"width":800,"height":1159,"url":"https:\/\/ponteseditores.com.br\/loja3\/wp-content\/uploads\/2025\/10\/Capa_Aprender-em-tempos.jpg","type":"image\/jpeg"}],"twitter_card":"summary_large_image","twitter_misc":{"Est. tempo de leitura":"3 minutos"},"schema":{"@context":"https:\/\/schema.org","@graph":[{"@type":"WebPage","@id":"https:\/\/ponteseditores.com.br\/loja3\/pontes-editores-home-2__trashed\/educacao\/aprender-em-tempos-de-inteligencia-artificial\/","url":"https:\/\/ponteseditores.com.br\/loja3\/pontes-editores-home-2__trashed\/educacao\/aprender-em-tempos-de-inteligencia-artificial\/","name":"Aprender em tempos de intelig\u00eancia artificial - Pontes Editores","isPartOf":{"@id":"https:\/\/ponteseditores.com.br\/loja3\/#website"},"primaryImageOfPage":{"@id":"https:\/\/ponteseditores.com.br\/loja3\/pontes-editores-home-2__trashed\/educacao\/aprender-em-tempos-de-inteligencia-artificial\/#primaryimage"},"image":{"@id":"https:\/\/ponteseditores.com.br\/loja3\/pontes-editores-home-2__trashed\/educacao\/aprender-em-tempos-de-inteligencia-artificial\/#primaryimage"},"thumbnailUrl":"https:\/\/ponteseditores.com.br\/loja3\/wp-content\/uploads\/2025\/10\/Capa_Aprender-em-tempos.jpg","datePublished":"2025-10-13T19:29:33+00:00","dateModified":"2025-10-13T19:29:34+00:00","breadcrumb":{"@id":"https:\/\/ponteseditores.com.br\/loja3\/pontes-editores-home-2__trashed\/educacao\/aprender-em-tempos-de-inteligencia-artificial\/#breadcrumb"},"inLanguage":"pt-BR","potentialAction":[{"@type":"ReadAction","target":["https:\/\/ponteseditores.com.br\/loja3\/pontes-editores-home-2__trashed\/educacao\/aprender-em-tempos-de-inteligencia-artificial\/"]}]},{"@type":"ImageObject","inLanguage":"pt-BR","@id":"https:\/\/ponteseditores.com.br\/loja3\/pontes-editores-home-2__trashed\/educacao\/aprender-em-tempos-de-inteligencia-artificial\/#primaryimage","url":"https:\/\/ponteseditores.com.br\/loja3\/wp-content\/uploads\/2025\/10\/Capa_Aprender-em-tempos.jpg","contentUrl":"https:\/\/ponteseditores.com.br\/loja3\/wp-content\/uploads\/2025\/10\/Capa_Aprender-em-tempos.jpg","width":800,"height":1159},{"@type":"BreadcrumbList","@id":"https:\/\/ponteseditores.com.br\/loja3\/pontes-editores-home-2__trashed\/educacao\/aprender-em-tempos-de-inteligencia-artificial\/#breadcrumb","itemListElement":[{"@type":"ListItem","position":1,"name":"Home","item":"https:\/\/ponteseditores.com.br\/loja3\/"},{"@type":"ListItem","position":2,"name":"loja","item":"https:\/\/ponteseditores.com.br\/loja3\/loja\/"},{"@type":"ListItem","position":3,"name":"Aprender em tempos de intelig\u00eancia artificial"}]},{"@type":"WebSite","@id":"https:\/\/ponteseditores.com.br\/loja3\/#website","url":"https:\/\/ponteseditores.com.br\/loja3\/","name":"Pontes Editores","description":"Pontes Editores","publisher":{"@id":"https:\/\/ponteseditores.com.br\/loja3\/#organization"},"potentialAction":[{"@type":"SearchAction","target":{"@type":"EntryPoint","urlTemplate":"https:\/\/ponteseditores.com.br\/loja3\/?s={search_term_string}"},"query-input":{"@type":"PropertyValueSpecification","valueRequired":true,"valueName":"search_term_string"}}],"inLanguage":"pt-BR"},{"@type":"Organization","@id":"https:\/\/ponteseditores.com.br\/loja3\/#organization","name":"Pontes Editores","url":"https:\/\/ponteseditores.com.br\/loja3\/","logo":{"@type":"ImageObject","inLanguage":"pt-BR","@id":"https:\/\/ponteseditores.com.br\/loja3\/#\/schema\/logo\/image\/","url":"https:\/\/ponteseditores.com.br\/loja3\/wp-content\/uploads\/2023\/12\/logo-pontes-editores-v2.png","contentUrl":"https:\/\/ponteseditores.com.br\/loja3\/wp-content\/uploads\/2023\/12\/logo-pontes-editores-v2.png","width":258,"height":100,"caption":"Pontes Editores"},"image":{"@id":"https:\/\/ponteseditores.com.br\/loja3\/#\/schema\/logo\/image\/"}}]}},"_links":{"self":[{"href":"https:\/\/ponteseditores.com.br\/loja3\/wp-json\/wp\/v2\/product\/31813","targetHints":{"allow":["GET"]}}],"collection":[{"href":"https:\/\/ponteseditores.com.br\/loja3\/wp-json\/wp\/v2\/product"}],"about":[{"href":"https:\/\/ponteseditores.com.br\/loja3\/wp-json\/wp\/v2\/types\/product"}],"replies":[{"embeddable":true,"href":"https:\/\/ponteseditores.com.br\/loja3\/wp-json\/wp\/v2\/comments?post=31813"}],"version-history":[{"count":1,"href":"https:\/\/ponteseditores.com.br\/loja3\/wp-json\/wp\/v2\/product\/31813\/revisions"}],"predecessor-version":[{"id":31815,"href":"https:\/\/ponteseditores.com.br\/loja3\/wp-json\/wp\/v2\/product\/31813\/revisions\/31815"}],"wp:featuredmedia":[{"embeddable":true,"href":"https:\/\/ponteseditores.com.br\/loja3\/wp-json\/wp\/v2\/media\/31814"}],"wp:attachment":[{"href":"https:\/\/ponteseditores.com.br\/loja3\/wp-json\/wp\/v2\/media?parent=31813"}],"wp:term":[{"taxonomy":"product_brand","embeddable":true,"href":"https:\/\/ponteseditores.com.br\/loja3\/wp-json\/wp\/v2\/product_brand?post=31813"},{"taxonomy":"product_cat","embeddable":true,"href":"https:\/\/ponteseditores.com.br\/loja3\/wp-json\/wp\/v2\/product_cat?post=31813"},{"taxonomy":"product_tag","embeddable":true,"href":"https:\/\/ponteseditores.com.br\/loja3\/wp-json\/wp\/v2\/product_tag?post=31813"}],"curies":[{"name":"wp","href":"https:\/\/api.w.org\/{rel}","templated":true}]}}