{"id":29748,"date":"2025-08-29T17:15:38","date_gmt":"2025-08-29T20:15:38","guid":{"rendered":"https:\/\/ponteseditores.com.br\/loja3\/?post_type=product&#038;p=29748"},"modified":"2025-08-29T17:15:38","modified_gmt":"2025-08-29T20:15:38","slug":"manual-de-recuperacao-judicial-para-administradores-e-advogados","status":"publish","type":"product","link":"https:\/\/ponteseditores.com.br\/loja3\/pontes-editores-home-2__trashed\/direito\/manual-de-recuperacao-judicial-para-administradores-e-advogados\/","title":{"rendered":"Manual de recupera\u00e7\u00e3o judicial Para administradores e advogados"},"content":{"rendered":"<table style=\"width: 968px;\" width=\"594\">\n<tbody>\n<tr>\n<td style=\"width: 958px;\">O esfor\u00e7o de medita\u00e7\u00e3o a que, em sua rica obra, viu-se lan\u00e7ado Felipe Verza tanto deve ser mais valorizado, quanto mais n\u00e3o se deixou ele se arregimentar por uma hermen\u00eautica rasa e f\u00e1cil, qual a de ceder ao v\u00f3rtice factual das leis postas sobre t\u00e3o delicado assunto, a envolver Direito e Economia em regime de interdisciplinaridade. O presente livro levanta novas e necess\u00e1rias articula\u00e7\u00f5es no tema de recupera\u00e7\u00e3o judicial, ao mesmo tempo em que aponta as tens\u00f5es e as converg\u00eancias, na pr\u00e1xis judicial, da epistemologia que sustenta a lei comentada, sem se perder no academicismo est\u00e9ril e oco.\u00a0 Recomendo esse op\u00fasculo a todos os profissionais do Direito que nutrem admira\u00e7\u00e3o por uma pesquisa rigorosa e pela riqueza did\u00e1tica.<\/p>\n<p>N\u00e3o h\u00e1 como dissociar essas duas dimens\u00f5es: quem n\u00e3o desenvolve uma boa did\u00e1tica, acaba por sacrificar o conte\u00fado pedag\u00f3gico. O livro de Felipe Verza nos recorda peremptoriamente do profundo liame que une tais dimens\u00f5es no mundo pedag\u00f3gico. Para um aprendiz no assunto enfocado, como me sinto, \u00e9 uma esplendorosa oportunidade de ver mais longe no estado da arte da recupera\u00e7\u00e3o judicial, agora, adensada com o aporte intelectual das fecundas linhas do presente livro.<\/p>\n<p>Como li certa vez de um santo homem, \u201csonhais e ficareis aqu\u00e9m!\u201d. Andr\u00e9 Gon\u00e7alves Fernandes, Post-Ph.D., Juiz de direito, professor do CEU Law School e pesquisador da UNICAMP.<\/td>\n<\/tr>\n<\/tbody>\n<\/table>\n","protected":false},"excerpt":{"rendered":"<p>O esfor\u00e7o de medita\u00e7\u00e3o a que, em sua rica obra, viu-se lan\u00e7ado Felipe Verza tanto deve ser mais valorizado, quanto mais n\u00e3o se deixou ele se arregimentar por uma hermen\u00eautica rasa e f\u00e1cil, qual a de ceder ao v\u00f3rtice factual das leis postas sobre t\u00e3o delicado assunto, a envolver Direito e Economia em regime de [&hellip;]<\/p>\n","protected":false},"featured_media":29749,"comment_status":"open","ping_status":"closed","template":"","meta":{"_joinchat":[]},"product_brand":[],"product_cat":[306],"product_tag":[],"class_list":{"0":"post-29748","1":"product","2":"type-product","3":"status-publish","4":"has-post-thumbnail","6":"product_cat-direito","8":"first","9":"instock","10":"shipping-taxable","11":"purchasable","12":"product-type-simple"},"yoast_head":"<!-- This site is optimized with the Yoast SEO plugin v27.4 - https:\/\/yoast.com\/product\/yoast-seo-wordpress\/ -->\n<title>Manual de recupera\u00e7\u00e3o judicial Para administradores e advogados - Pontes Editores<\/title>\n<meta name=\"robots\" content=\"index, follow, max-snippet:-1, max-image-preview:large, max-video-preview:-1\" \/>\n<link rel=\"canonical\" href=\"https:\/\/ponteseditores.com.br\/loja3\/pontes-editores-home-2__trashed\/direito\/manual-de-recuperacao-judicial-para-administradores-e-advogados\/\" \/>\n<meta property=\"og:locale\" content=\"pt_BR\" \/>\n<meta property=\"og:type\" content=\"article\" \/>\n<meta property=\"og:title\" content=\"Manual de recupera\u00e7\u00e3o judicial Para administradores e advogados - Pontes Editores\" \/>\n<meta property=\"og:description\" content=\"O esfor\u00e7o de medita\u00e7\u00e3o a que, em sua rica obra, viu-se lan\u00e7ado Felipe Verza tanto deve ser mais valorizado, quanto mais n\u00e3o se deixou ele se arregimentar por uma hermen\u00eautica rasa e f\u00e1cil, qual a de ceder ao v\u00f3rtice factual das leis postas sobre t\u00e3o delicado assunto, a envolver Direito e Economia em regime de [&hellip;]\" \/>\n<meta property=\"og:url\" content=\"https:\/\/ponteseditores.com.br\/loja3\/pontes-editores-home-2__trashed\/direito\/manual-de-recuperacao-judicial-para-administradores-e-advogados\/\" \/>\n<meta property=\"og:site_name\" content=\"Pontes Editores\" \/>\n<meta property=\"og:image\" content=\"https:\/\/ponteseditores.com.br\/loja3\/wp-content\/uploads\/2025\/08\/manual-de-recuperacao-judicial-capa.jpg\" \/>\n\t<meta property=\"og:image:width\" content=\"800\" \/>\n\t<meta property=\"og:image:height\" content=\"1200\" \/>\n\t<meta property=\"og:image:type\" content=\"image\/jpeg\" \/>\n<meta name=\"twitter:card\" content=\"summary_large_image\" \/>\n<meta name=\"twitter:label1\" content=\"Est. tempo de leitura\" \/>\n\t<meta name=\"twitter:data1\" content=\"2 minutos\" \/>\n<script type=\"application\/ld+json\" class=\"yoast-schema-graph\">{\"@context\":\"https:\\\/\\\/schema.org\",\"@graph\":[{\"@type\":\"WebPage\",\"@id\":\"https:\\\/\\\/ponteseditores.com.br\\\/loja3\\\/pontes-editores-home-2__trashed\\\/direito\\\/manual-de-recuperacao-judicial-para-administradores-e-advogados\\\/\",\"url\":\"https:\\\/\\\/ponteseditores.com.br\\\/loja3\\\/pontes-editores-home-2__trashed\\\/direito\\\/manual-de-recuperacao-judicial-para-administradores-e-advogados\\\/\",\"name\":\"Manual de recupera\u00e7\u00e3o judicial Para administradores e advogados - Pontes Editores\",\"isPartOf\":{\"@id\":\"https:\\\/\\\/ponteseditores.com.br\\\/loja3\\\/#website\"},\"primaryImageOfPage\":{\"@id\":\"https:\\\/\\\/ponteseditores.com.br\\\/loja3\\\/pontes-editores-home-2__trashed\\\/direito\\\/manual-de-recuperacao-judicial-para-administradores-e-advogados\\\/#primaryimage\"},\"image\":{\"@id\":\"https:\\\/\\\/ponteseditores.com.br\\\/loja3\\\/pontes-editores-home-2__trashed\\\/direito\\\/manual-de-recuperacao-judicial-para-administradores-e-advogados\\\/#primaryimage\"},\"thumbnailUrl\":\"https:\\\/\\\/ponteseditores.com.br\\\/loja3\\\/wp-content\\\/uploads\\\/2025\\\/08\\\/manual-de-recuperacao-judicial-capa.jpg\",\"datePublished\":\"2025-08-29T20:15:38+00:00\",\"breadcrumb\":{\"@id\":\"https:\\\/\\\/ponteseditores.com.br\\\/loja3\\\/pontes-editores-home-2__trashed\\\/direito\\\/manual-de-recuperacao-judicial-para-administradores-e-advogados\\\/#breadcrumb\"},\"inLanguage\":\"pt-BR\",\"potentialAction\":[{\"@type\":\"ReadAction\",\"target\":[\"https:\\\/\\\/ponteseditores.com.br\\\/loja3\\\/pontes-editores-home-2__trashed\\\/direito\\\/manual-de-recuperacao-judicial-para-administradores-e-advogados\\\/\"]}]},{\"@type\":\"ImageObject\",\"inLanguage\":\"pt-BR\",\"@id\":\"https:\\\/\\\/ponteseditores.com.br\\\/loja3\\\/pontes-editores-home-2__trashed\\\/direito\\\/manual-de-recuperacao-judicial-para-administradores-e-advogados\\\/#primaryimage\",\"url\":\"https:\\\/\\\/ponteseditores.com.br\\\/loja3\\\/wp-content\\\/uploads\\\/2025\\\/08\\\/manual-de-recuperacao-judicial-capa.jpg\",\"contentUrl\":\"https:\\\/\\\/ponteseditores.com.br\\\/loja3\\\/wp-content\\\/uploads\\\/2025\\\/08\\\/manual-de-recuperacao-judicial-capa.jpg\",\"width\":800,\"height\":1200},{\"@type\":\"BreadcrumbList\",\"@id\":\"https:\\\/\\\/ponteseditores.com.br\\\/loja3\\\/pontes-editores-home-2__trashed\\\/direito\\\/manual-de-recuperacao-judicial-para-administradores-e-advogados\\\/#breadcrumb\",\"itemListElement\":[{\"@type\":\"ListItem\",\"position\":1,\"name\":\"Home\",\"item\":\"https:\\\/\\\/ponteseditores.com.br\\\/loja3\\\/\"},{\"@type\":\"ListItem\",\"position\":2,\"name\":\"loja\",\"item\":\"https:\\\/\\\/ponteseditores.com.br\\\/loja3\\\/loja\\\/\"},{\"@type\":\"ListItem\",\"position\":3,\"name\":\"Manual de recupera\u00e7\u00e3o judicial Para administradores e advogados\"}]},{\"@type\":\"WebSite\",\"@id\":\"https:\\\/\\\/ponteseditores.com.br\\\/loja3\\\/#website\",\"url\":\"https:\\\/\\\/ponteseditores.com.br\\\/loja3\\\/\",\"name\":\"Pontes Editores\",\"description\":\"Pontes Editores\",\"publisher\":{\"@id\":\"https:\\\/\\\/ponteseditores.com.br\\\/loja3\\\/#organization\"},\"potentialAction\":[{\"@type\":\"SearchAction\",\"target\":{\"@type\":\"EntryPoint\",\"urlTemplate\":\"https:\\\/\\\/ponteseditores.com.br\\\/loja3\\\/?s={search_term_string}\"},\"query-input\":{\"@type\":\"PropertyValueSpecification\",\"valueRequired\":true,\"valueName\":\"search_term_string\"}}],\"inLanguage\":\"pt-BR\"},{\"@type\":\"Organization\",\"@id\":\"https:\\\/\\\/ponteseditores.com.br\\\/loja3\\\/#organization\",\"name\":\"Pontes Editores\",\"url\":\"https:\\\/\\\/ponteseditores.com.br\\\/loja3\\\/\",\"logo\":{\"@type\":\"ImageObject\",\"inLanguage\":\"pt-BR\",\"@id\":\"https:\\\/\\\/ponteseditores.com.br\\\/loja3\\\/#\\\/schema\\\/logo\\\/image\\\/\",\"url\":\"https:\\\/\\\/ponteseditores.com.br\\\/loja3\\\/wp-content\\\/uploads\\\/2023\\\/12\\\/logo-pontes-editores-v2.png\",\"contentUrl\":\"https:\\\/\\\/ponteseditores.com.br\\\/loja3\\\/wp-content\\\/uploads\\\/2023\\\/12\\\/logo-pontes-editores-v2.png\",\"width\":258,\"height\":100,\"caption\":\"Pontes Editores\"},\"image\":{\"@id\":\"https:\\\/\\\/ponteseditores.com.br\\\/loja3\\\/#\\\/schema\\\/logo\\\/image\\\/\"}}]}<\/script>\n<!-- \/ Yoast SEO plugin. -->","yoast_head_json":{"title":"Manual de recupera\u00e7\u00e3o judicial Para administradores e advogados - Pontes Editores","robots":{"index":"index","follow":"follow","max-snippet":"max-snippet:-1","max-image-preview":"max-image-preview:large","max-video-preview":"max-video-preview:-1"},"canonical":"https:\/\/ponteseditores.com.br\/loja3\/pontes-editores-home-2__trashed\/direito\/manual-de-recuperacao-judicial-para-administradores-e-advogados\/","og_locale":"pt_BR","og_type":"article","og_title":"Manual de recupera\u00e7\u00e3o judicial Para administradores e advogados - Pontes Editores","og_description":"O esfor\u00e7o de medita\u00e7\u00e3o a que, em sua rica obra, viu-se lan\u00e7ado Felipe Verza tanto deve ser mais valorizado, quanto mais n\u00e3o se deixou ele se arregimentar por uma hermen\u00eautica rasa e f\u00e1cil, qual a de ceder ao v\u00f3rtice factual das leis postas sobre t\u00e3o delicado assunto, a envolver Direito e Economia em regime de [&hellip;]","og_url":"https:\/\/ponteseditores.com.br\/loja3\/pontes-editores-home-2__trashed\/direito\/manual-de-recuperacao-judicial-para-administradores-e-advogados\/","og_site_name":"Pontes Editores","og_image":[{"width":800,"height":1200,"url":"https:\/\/ponteseditores.com.br\/loja3\/wp-content\/uploads\/2025\/08\/manual-de-recuperacao-judicial-capa.jpg","type":"image\/jpeg"}],"twitter_card":"summary_large_image","twitter_misc":{"Est. tempo de leitura":"2 minutos"},"schema":{"@context":"https:\/\/schema.org","@graph":[{"@type":"WebPage","@id":"https:\/\/ponteseditores.com.br\/loja3\/pontes-editores-home-2__trashed\/direito\/manual-de-recuperacao-judicial-para-administradores-e-advogados\/","url":"https:\/\/ponteseditores.com.br\/loja3\/pontes-editores-home-2__trashed\/direito\/manual-de-recuperacao-judicial-para-administradores-e-advogados\/","name":"Manual de recupera\u00e7\u00e3o judicial Para administradores e advogados - Pontes Editores","isPartOf":{"@id":"https:\/\/ponteseditores.com.br\/loja3\/#website"},"primaryImageOfPage":{"@id":"https:\/\/ponteseditores.com.br\/loja3\/pontes-editores-home-2__trashed\/direito\/manual-de-recuperacao-judicial-para-administradores-e-advogados\/#primaryimage"},"image":{"@id":"https:\/\/ponteseditores.com.br\/loja3\/pontes-editores-home-2__trashed\/direito\/manual-de-recuperacao-judicial-para-administradores-e-advogados\/#primaryimage"},"thumbnailUrl":"https:\/\/ponteseditores.com.br\/loja3\/wp-content\/uploads\/2025\/08\/manual-de-recuperacao-judicial-capa.jpg","datePublished":"2025-08-29T20:15:38+00:00","breadcrumb":{"@id":"https:\/\/ponteseditores.com.br\/loja3\/pontes-editores-home-2__trashed\/direito\/manual-de-recuperacao-judicial-para-administradores-e-advogados\/#breadcrumb"},"inLanguage":"pt-BR","potentialAction":[{"@type":"ReadAction","target":["https:\/\/ponteseditores.com.br\/loja3\/pontes-editores-home-2__trashed\/direito\/manual-de-recuperacao-judicial-para-administradores-e-advogados\/"]}]},{"@type":"ImageObject","inLanguage":"pt-BR","@id":"https:\/\/ponteseditores.com.br\/loja3\/pontes-editores-home-2__trashed\/direito\/manual-de-recuperacao-judicial-para-administradores-e-advogados\/#primaryimage","url":"https:\/\/ponteseditores.com.br\/loja3\/wp-content\/uploads\/2025\/08\/manual-de-recuperacao-judicial-capa.jpg","contentUrl":"https:\/\/ponteseditores.com.br\/loja3\/wp-content\/uploads\/2025\/08\/manual-de-recuperacao-judicial-capa.jpg","width":800,"height":1200},{"@type":"BreadcrumbList","@id":"https:\/\/ponteseditores.com.br\/loja3\/pontes-editores-home-2__trashed\/direito\/manual-de-recuperacao-judicial-para-administradores-e-advogados\/#breadcrumb","itemListElement":[{"@type":"ListItem","position":1,"name":"Home","item":"https:\/\/ponteseditores.com.br\/loja3\/"},{"@type":"ListItem","position":2,"name":"loja","item":"https:\/\/ponteseditores.com.br\/loja3\/loja\/"},{"@type":"ListItem","position":3,"name":"Manual de recupera\u00e7\u00e3o judicial Para administradores e advogados"}]},{"@type":"WebSite","@id":"https:\/\/ponteseditores.com.br\/loja3\/#website","url":"https:\/\/ponteseditores.com.br\/loja3\/","name":"Pontes Editores","description":"Pontes Editores","publisher":{"@id":"https:\/\/ponteseditores.com.br\/loja3\/#organization"},"potentialAction":[{"@type":"SearchAction","target":{"@type":"EntryPoint","urlTemplate":"https:\/\/ponteseditores.com.br\/loja3\/?s={search_term_string}"},"query-input":{"@type":"PropertyValueSpecification","valueRequired":true,"valueName":"search_term_string"}}],"inLanguage":"pt-BR"},{"@type":"Organization","@id":"https:\/\/ponteseditores.com.br\/loja3\/#organization","name":"Pontes Editores","url":"https:\/\/ponteseditores.com.br\/loja3\/","logo":{"@type":"ImageObject","inLanguage":"pt-BR","@id":"https:\/\/ponteseditores.com.br\/loja3\/#\/schema\/logo\/image\/","url":"https:\/\/ponteseditores.com.br\/loja3\/wp-content\/uploads\/2023\/12\/logo-pontes-editores-v2.png","contentUrl":"https:\/\/ponteseditores.com.br\/loja3\/wp-content\/uploads\/2023\/12\/logo-pontes-editores-v2.png","width":258,"height":100,"caption":"Pontes Editores"},"image":{"@id":"https:\/\/ponteseditores.com.br\/loja3\/#\/schema\/logo\/image\/"}}]}},"_links":{"self":[{"href":"https:\/\/ponteseditores.com.br\/loja3\/wp-json\/wp\/v2\/product\/29748","targetHints":{"allow":["GET"]}}],"collection":[{"href":"https:\/\/ponteseditores.com.br\/loja3\/wp-json\/wp\/v2\/product"}],"about":[{"href":"https:\/\/ponteseditores.com.br\/loja3\/wp-json\/wp\/v2\/types\/product"}],"replies":[{"embeddable":true,"href":"https:\/\/ponteseditores.com.br\/loja3\/wp-json\/wp\/v2\/comments?post=29748"}],"version-history":[{"count":1,"href":"https:\/\/ponteseditores.com.br\/loja3\/wp-json\/wp\/v2\/product\/29748\/revisions"}],"predecessor-version":[{"id":29750,"href":"https:\/\/ponteseditores.com.br\/loja3\/wp-json\/wp\/v2\/product\/29748\/revisions\/29750"}],"wp:featuredmedia":[{"embeddable":true,"href":"https:\/\/ponteseditores.com.br\/loja3\/wp-json\/wp\/v2\/media\/29749"}],"wp:attachment":[{"href":"https:\/\/ponteseditores.com.br\/loja3\/wp-json\/wp\/v2\/media?parent=29748"}],"wp:term":[{"taxonomy":"product_brand","embeddable":true,"href":"https:\/\/ponteseditores.com.br\/loja3\/wp-json\/wp\/v2\/product_brand?post=29748"},{"taxonomy":"product_cat","embeddable":true,"href":"https:\/\/ponteseditores.com.br\/loja3\/wp-json\/wp\/v2\/product_cat?post=29748"},{"taxonomy":"product_tag","embeddable":true,"href":"https:\/\/ponteseditores.com.br\/loja3\/wp-json\/wp\/v2\/product_tag?post=29748"}],"curies":[{"name":"wp","href":"https:\/\/api.w.org\/{rel}","templated":true}]}}