{"id":29250,"date":"2025-08-19T12:04:42","date_gmt":"2025-08-19T15:04:42","guid":{"rendered":"https:\/\/ponteseditores.com.br\/loja3\/?post_type=product&#038;p=29250"},"modified":"2025-08-28T10:43:20","modified_gmt":"2025-08-28T13:43:20","slug":"o-lado-a-da-america-latina-desobediencia-resistencia-empoderamento-dissidencia-antirracismo-e-visibilidade","status":"publish","type":"product","link":"https:\/\/ponteseditores.com.br\/loja3\/pontes-editores-home-2__trashed\/linguagem\/o-lado-a-da-america-latina-desobediencia-resistencia-empoderamento-dissidencia-antirracismo-e-visibilidade\/","title":{"rendered":"O lado A da Am\u00e9rica Latina: desobedi\u00eancia, resist\u00eancia, empoderamento, dissid\u00eancia, antirracismo e visibilidade"},"content":{"rendered":"<p>Este livro pretende provocar reflex\u00f5es sobre <em>O lado A da Am\u00e9rica Latina<\/em>, ou seja, uma Am\u00e9rica onde h\u00e1 vozes que expressam sua desobedi\u00eancia ao colonialismo, sua resist\u00eancia \u00e0s ditaduras, que s\u00e3o empoderadas diante do machismo, dissidentes ao binarismo sexual, antirracistas frente ao racismo e vis\u00edveis diante do apagamento sofrido pelos povos ind\u00edgenas. Essas vozes s\u00e3o oriundas de diferentes territorialidades e temporalidades de nosso continente, comprovando as diferen\u00e7as e similitudes que nos constituem.<\/p>\n<p>Para materializar as reflex\u00f5es, foram selecionadas diferentes linguagens, como a poesia, o romance, o teatro, a pintura, o ensaio, as charges, as historietas, entre outras, privilegiando as produzidas em l\u00edngua espanhola.<\/p>\n<p>&nbsp;<\/p>\n","protected":false},"excerpt":{"rendered":"<p>Este livro pretende provocar reflex\u00f5es sobre O lado A da Am\u00e9rica Latina, ou seja, uma Am\u00e9rica onde h\u00e1 vozes que expressam sua desobedi\u00eancia ao colonialismo, sua resist\u00eancia \u00e0s ditaduras, que s\u00e3o empoderadas diante do machismo, dissidentes ao binarismo sexual, antirracistas frente ao racismo e vis\u00edveis diante do apagamento sofrido pelos povos ind\u00edgenas. Essas vozes s\u00e3o [&hellip;]<\/p>\n","protected":false},"featured_media":29251,"comment_status":"open","ping_status":"closed","template":"","meta":{"_joinchat":[]},"product_brand":[],"product_cat":[167,53,290],"product_tag":[],"class_list":{"0":"post-29250","1":"product","2":"type-product","3":"status-publish","4":"has-post-thumbnail","6":"product_cat-lancamento","7":"product_cat-linguagem","8":"product_cat-linguagem-e-linguas","10":"first","11":"instock","12":"shipping-taxable","13":"purchasable","14":"product-type-simple"},"yoast_head":"<!-- This site is optimized with the Yoast SEO plugin v27.4 - https:\/\/yoast.com\/product\/yoast-seo-wordpress\/ -->\n<title>O lado A da Am\u00e9rica Latina: desobedi\u00eancia, resist\u00eancia, empoderamento, dissid\u00eancia, antirracismo e visibilidade - Pontes Editores<\/title>\n<meta name=\"robots\" content=\"index, follow, max-snippet:-1, max-image-preview:large, max-video-preview:-1\" \/>\n<link rel=\"canonical\" href=\"https:\/\/ponteseditores.com.br\/loja3\/pontes-editores-home-2__trashed\/linguagem\/o-lado-a-da-america-latina-desobediencia-resistencia-empoderamento-dissidencia-antirracismo-e-visibilidade\/\" \/>\n<meta property=\"og:locale\" content=\"pt_BR\" \/>\n<meta property=\"og:type\" content=\"article\" \/>\n<meta property=\"og:title\" content=\"O lado A da Am\u00e9rica Latina: desobedi\u00eancia, resist\u00eancia, empoderamento, dissid\u00eancia, antirracismo e visibilidade - Pontes Editores\" \/>\n<meta property=\"og:description\" content=\"Este livro pretende provocar reflex\u00f5es sobre O lado A da Am\u00e9rica Latina, ou seja, uma Am\u00e9rica onde h\u00e1 vozes que expressam sua desobedi\u00eancia ao colonialismo, sua resist\u00eancia \u00e0s ditaduras, que s\u00e3o empoderadas diante do machismo, dissidentes ao binarismo sexual, antirracistas frente ao racismo e vis\u00edveis diante do apagamento sofrido pelos povos ind\u00edgenas. Essas vozes s\u00e3o [&hellip;]\" \/>\n<meta property=\"og:url\" content=\"https:\/\/ponteseditores.com.br\/loja3\/pontes-editores-home-2__trashed\/linguagem\/o-lado-a-da-america-latina-desobediencia-resistencia-empoderamento-dissidencia-antirracismo-e-visibilidade\/\" \/>\n<meta property=\"og:site_name\" content=\"Pontes Editores\" \/>\n<meta property=\"article:modified_time\" content=\"2025-08-28T13:43:20+00:00\" \/>\n<meta property=\"og:image\" content=\"https:\/\/ponteseditores.com.br\/loja3\/wp-content\/uploads\/2025\/08\/Capa_O-Lado-A.jpg\" \/>\n\t<meta property=\"og:image:width\" content=\"800\" \/>\n\t<meta property=\"og:image:height\" content=\"1159\" \/>\n\t<meta property=\"og:image:type\" content=\"image\/jpeg\" \/>\n<meta name=\"twitter:card\" content=\"summary_large_image\" \/>\n<meta name=\"twitter:label1\" content=\"Est. tempo de leitura\" \/>\n\t<meta name=\"twitter:data1\" content=\"1 minuto\" \/>\n<script type=\"application\/ld+json\" class=\"yoast-schema-graph\">{\"@context\":\"https:\\\/\\\/schema.org\",\"@graph\":[{\"@type\":\"WebPage\",\"@id\":\"https:\\\/\\\/ponteseditores.com.br\\\/loja3\\\/pontes-editores-home-2__trashed\\\/linguagem\\\/o-lado-a-da-america-latina-desobediencia-resistencia-empoderamento-dissidencia-antirracismo-e-visibilidade\\\/\",\"url\":\"https:\\\/\\\/ponteseditores.com.br\\\/loja3\\\/pontes-editores-home-2__trashed\\\/linguagem\\\/o-lado-a-da-america-latina-desobediencia-resistencia-empoderamento-dissidencia-antirracismo-e-visibilidade\\\/\",\"name\":\"O lado A da Am\u00e9rica Latina: desobedi\u00eancia, resist\u00eancia, empoderamento, dissid\u00eancia, antirracismo e visibilidade - Pontes Editores\",\"isPartOf\":{\"@id\":\"https:\\\/\\\/ponteseditores.com.br\\\/loja3\\\/#website\"},\"primaryImageOfPage\":{\"@id\":\"https:\\\/\\\/ponteseditores.com.br\\\/loja3\\\/pontes-editores-home-2__trashed\\\/linguagem\\\/o-lado-a-da-america-latina-desobediencia-resistencia-empoderamento-dissidencia-antirracismo-e-visibilidade\\\/#primaryimage\"},\"image\":{\"@id\":\"https:\\\/\\\/ponteseditores.com.br\\\/loja3\\\/pontes-editores-home-2__trashed\\\/linguagem\\\/o-lado-a-da-america-latina-desobediencia-resistencia-empoderamento-dissidencia-antirracismo-e-visibilidade\\\/#primaryimage\"},\"thumbnailUrl\":\"https:\\\/\\\/ponteseditores.com.br\\\/loja3\\\/wp-content\\\/uploads\\\/2025\\\/08\\\/Capa_O-Lado-A.jpg\",\"datePublished\":\"2025-08-19T15:04:42+00:00\",\"dateModified\":\"2025-08-28T13:43:20+00:00\",\"breadcrumb\":{\"@id\":\"https:\\\/\\\/ponteseditores.com.br\\\/loja3\\\/pontes-editores-home-2__trashed\\\/linguagem\\\/o-lado-a-da-america-latina-desobediencia-resistencia-empoderamento-dissidencia-antirracismo-e-visibilidade\\\/#breadcrumb\"},\"inLanguage\":\"pt-BR\",\"potentialAction\":[{\"@type\":\"ReadAction\",\"target\":[\"https:\\\/\\\/ponteseditores.com.br\\\/loja3\\\/pontes-editores-home-2__trashed\\\/linguagem\\\/o-lado-a-da-america-latina-desobediencia-resistencia-empoderamento-dissidencia-antirracismo-e-visibilidade\\\/\"]}]},{\"@type\":\"ImageObject\",\"inLanguage\":\"pt-BR\",\"@id\":\"https:\\\/\\\/ponteseditores.com.br\\\/loja3\\\/pontes-editores-home-2__trashed\\\/linguagem\\\/o-lado-a-da-america-latina-desobediencia-resistencia-empoderamento-dissidencia-antirracismo-e-visibilidade\\\/#primaryimage\",\"url\":\"https:\\\/\\\/ponteseditores.com.br\\\/loja3\\\/wp-content\\\/uploads\\\/2025\\\/08\\\/Capa_O-Lado-A.jpg\",\"contentUrl\":\"https:\\\/\\\/ponteseditores.com.br\\\/loja3\\\/wp-content\\\/uploads\\\/2025\\\/08\\\/Capa_O-Lado-A.jpg\",\"width\":800,\"height\":1159},{\"@type\":\"BreadcrumbList\",\"@id\":\"https:\\\/\\\/ponteseditores.com.br\\\/loja3\\\/pontes-editores-home-2__trashed\\\/linguagem\\\/o-lado-a-da-america-latina-desobediencia-resistencia-empoderamento-dissidencia-antirracismo-e-visibilidade\\\/#breadcrumb\",\"itemListElement\":[{\"@type\":\"ListItem\",\"position\":1,\"name\":\"Home\",\"item\":\"https:\\\/\\\/ponteseditores.com.br\\\/loja3\\\/\"},{\"@type\":\"ListItem\",\"position\":2,\"name\":\"loja\",\"item\":\"https:\\\/\\\/ponteseditores.com.br\\\/loja3\\\/loja\\\/\"},{\"@type\":\"ListItem\",\"position\":3,\"name\":\"O lado A da Am\u00e9rica Latina: desobedi\u00eancia, resist\u00eancia, empoderamento, dissid\u00eancia, antirracismo e visibilidade\"}]},{\"@type\":\"WebSite\",\"@id\":\"https:\\\/\\\/ponteseditores.com.br\\\/loja3\\\/#website\",\"url\":\"https:\\\/\\\/ponteseditores.com.br\\\/loja3\\\/\",\"name\":\"Pontes Editores\",\"description\":\"Pontes Editores\",\"publisher\":{\"@id\":\"https:\\\/\\\/ponteseditores.com.br\\\/loja3\\\/#organization\"},\"potentialAction\":[{\"@type\":\"SearchAction\",\"target\":{\"@type\":\"EntryPoint\",\"urlTemplate\":\"https:\\\/\\\/ponteseditores.com.br\\\/loja3\\\/?s={search_term_string}\"},\"query-input\":{\"@type\":\"PropertyValueSpecification\",\"valueRequired\":true,\"valueName\":\"search_term_string\"}}],\"inLanguage\":\"pt-BR\"},{\"@type\":\"Organization\",\"@id\":\"https:\\\/\\\/ponteseditores.com.br\\\/loja3\\\/#organization\",\"name\":\"Pontes Editores\",\"url\":\"https:\\\/\\\/ponteseditores.com.br\\\/loja3\\\/\",\"logo\":{\"@type\":\"ImageObject\",\"inLanguage\":\"pt-BR\",\"@id\":\"https:\\\/\\\/ponteseditores.com.br\\\/loja3\\\/#\\\/schema\\\/logo\\\/image\\\/\",\"url\":\"https:\\\/\\\/ponteseditores.com.br\\\/loja3\\\/wp-content\\\/uploads\\\/2023\\\/12\\\/logo-pontes-editores-v2.png\",\"contentUrl\":\"https:\\\/\\\/ponteseditores.com.br\\\/loja3\\\/wp-content\\\/uploads\\\/2023\\\/12\\\/logo-pontes-editores-v2.png\",\"width\":258,\"height\":100,\"caption\":\"Pontes Editores\"},\"image\":{\"@id\":\"https:\\\/\\\/ponteseditores.com.br\\\/loja3\\\/#\\\/schema\\\/logo\\\/image\\\/\"}}]}<\/script>\n<!-- \/ Yoast SEO plugin. -->","yoast_head_json":{"title":"O lado A da Am\u00e9rica Latina: desobedi\u00eancia, resist\u00eancia, empoderamento, dissid\u00eancia, antirracismo e visibilidade - Pontes Editores","robots":{"index":"index","follow":"follow","max-snippet":"max-snippet:-1","max-image-preview":"max-image-preview:large","max-video-preview":"max-video-preview:-1"},"canonical":"https:\/\/ponteseditores.com.br\/loja3\/pontes-editores-home-2__trashed\/linguagem\/o-lado-a-da-america-latina-desobediencia-resistencia-empoderamento-dissidencia-antirracismo-e-visibilidade\/","og_locale":"pt_BR","og_type":"article","og_title":"O lado A da Am\u00e9rica Latina: desobedi\u00eancia, resist\u00eancia, empoderamento, dissid\u00eancia, antirracismo e visibilidade - Pontes Editores","og_description":"Este livro pretende provocar reflex\u00f5es sobre O lado A da Am\u00e9rica Latina, ou seja, uma Am\u00e9rica onde h\u00e1 vozes que expressam sua desobedi\u00eancia ao colonialismo, sua resist\u00eancia \u00e0s ditaduras, que s\u00e3o empoderadas diante do machismo, dissidentes ao binarismo sexual, antirracistas frente ao racismo e vis\u00edveis diante do apagamento sofrido pelos povos ind\u00edgenas. Essas vozes s\u00e3o [&hellip;]","og_url":"https:\/\/ponteseditores.com.br\/loja3\/pontes-editores-home-2__trashed\/linguagem\/o-lado-a-da-america-latina-desobediencia-resistencia-empoderamento-dissidencia-antirracismo-e-visibilidade\/","og_site_name":"Pontes Editores","article_modified_time":"2025-08-28T13:43:20+00:00","og_image":[{"width":800,"height":1159,"url":"https:\/\/ponteseditores.com.br\/loja3\/wp-content\/uploads\/2025\/08\/Capa_O-Lado-A.jpg","type":"image\/jpeg"}],"twitter_card":"summary_large_image","twitter_misc":{"Est. tempo de leitura":"1 minuto"},"schema":{"@context":"https:\/\/schema.org","@graph":[{"@type":"WebPage","@id":"https:\/\/ponteseditores.com.br\/loja3\/pontes-editores-home-2__trashed\/linguagem\/o-lado-a-da-america-latina-desobediencia-resistencia-empoderamento-dissidencia-antirracismo-e-visibilidade\/","url":"https:\/\/ponteseditores.com.br\/loja3\/pontes-editores-home-2__trashed\/linguagem\/o-lado-a-da-america-latina-desobediencia-resistencia-empoderamento-dissidencia-antirracismo-e-visibilidade\/","name":"O lado A da Am\u00e9rica Latina: desobedi\u00eancia, resist\u00eancia, empoderamento, dissid\u00eancia, antirracismo e visibilidade - Pontes Editores","isPartOf":{"@id":"https:\/\/ponteseditores.com.br\/loja3\/#website"},"primaryImageOfPage":{"@id":"https:\/\/ponteseditores.com.br\/loja3\/pontes-editores-home-2__trashed\/linguagem\/o-lado-a-da-america-latina-desobediencia-resistencia-empoderamento-dissidencia-antirracismo-e-visibilidade\/#primaryimage"},"image":{"@id":"https:\/\/ponteseditores.com.br\/loja3\/pontes-editores-home-2__trashed\/linguagem\/o-lado-a-da-america-latina-desobediencia-resistencia-empoderamento-dissidencia-antirracismo-e-visibilidade\/#primaryimage"},"thumbnailUrl":"https:\/\/ponteseditores.com.br\/loja3\/wp-content\/uploads\/2025\/08\/Capa_O-Lado-A.jpg","datePublished":"2025-08-19T15:04:42+00:00","dateModified":"2025-08-28T13:43:20+00:00","breadcrumb":{"@id":"https:\/\/ponteseditores.com.br\/loja3\/pontes-editores-home-2__trashed\/linguagem\/o-lado-a-da-america-latina-desobediencia-resistencia-empoderamento-dissidencia-antirracismo-e-visibilidade\/#breadcrumb"},"inLanguage":"pt-BR","potentialAction":[{"@type":"ReadAction","target":["https:\/\/ponteseditores.com.br\/loja3\/pontes-editores-home-2__trashed\/linguagem\/o-lado-a-da-america-latina-desobediencia-resistencia-empoderamento-dissidencia-antirracismo-e-visibilidade\/"]}]},{"@type":"ImageObject","inLanguage":"pt-BR","@id":"https:\/\/ponteseditores.com.br\/loja3\/pontes-editores-home-2__trashed\/linguagem\/o-lado-a-da-america-latina-desobediencia-resistencia-empoderamento-dissidencia-antirracismo-e-visibilidade\/#primaryimage","url":"https:\/\/ponteseditores.com.br\/loja3\/wp-content\/uploads\/2025\/08\/Capa_O-Lado-A.jpg","contentUrl":"https:\/\/ponteseditores.com.br\/loja3\/wp-content\/uploads\/2025\/08\/Capa_O-Lado-A.jpg","width":800,"height":1159},{"@type":"BreadcrumbList","@id":"https:\/\/ponteseditores.com.br\/loja3\/pontes-editores-home-2__trashed\/linguagem\/o-lado-a-da-america-latina-desobediencia-resistencia-empoderamento-dissidencia-antirracismo-e-visibilidade\/#breadcrumb","itemListElement":[{"@type":"ListItem","position":1,"name":"Home","item":"https:\/\/ponteseditores.com.br\/loja3\/"},{"@type":"ListItem","position":2,"name":"loja","item":"https:\/\/ponteseditores.com.br\/loja3\/loja\/"},{"@type":"ListItem","position":3,"name":"O lado A da Am\u00e9rica Latina: desobedi\u00eancia, resist\u00eancia, empoderamento, dissid\u00eancia, antirracismo e visibilidade"}]},{"@type":"WebSite","@id":"https:\/\/ponteseditores.com.br\/loja3\/#website","url":"https:\/\/ponteseditores.com.br\/loja3\/","name":"Pontes Editores","description":"Pontes Editores","publisher":{"@id":"https:\/\/ponteseditores.com.br\/loja3\/#organization"},"potentialAction":[{"@type":"SearchAction","target":{"@type":"EntryPoint","urlTemplate":"https:\/\/ponteseditores.com.br\/loja3\/?s={search_term_string}"},"query-input":{"@type":"PropertyValueSpecification","valueRequired":true,"valueName":"search_term_string"}}],"inLanguage":"pt-BR"},{"@type":"Organization","@id":"https:\/\/ponteseditores.com.br\/loja3\/#organization","name":"Pontes Editores","url":"https:\/\/ponteseditores.com.br\/loja3\/","logo":{"@type":"ImageObject","inLanguage":"pt-BR","@id":"https:\/\/ponteseditores.com.br\/loja3\/#\/schema\/logo\/image\/","url":"https:\/\/ponteseditores.com.br\/loja3\/wp-content\/uploads\/2023\/12\/logo-pontes-editores-v2.png","contentUrl":"https:\/\/ponteseditores.com.br\/loja3\/wp-content\/uploads\/2023\/12\/logo-pontes-editores-v2.png","width":258,"height":100,"caption":"Pontes Editores"},"image":{"@id":"https:\/\/ponteseditores.com.br\/loja3\/#\/schema\/logo\/image\/"}}]}},"_links":{"self":[{"href":"https:\/\/ponteseditores.com.br\/loja3\/wp-json\/wp\/v2\/product\/29250","targetHints":{"allow":["GET"]}}],"collection":[{"href":"https:\/\/ponteseditores.com.br\/loja3\/wp-json\/wp\/v2\/product"}],"about":[{"href":"https:\/\/ponteseditores.com.br\/loja3\/wp-json\/wp\/v2\/types\/product"}],"replies":[{"embeddable":true,"href":"https:\/\/ponteseditores.com.br\/loja3\/wp-json\/wp\/v2\/comments?post=29250"}],"version-history":[{"count":2,"href":"https:\/\/ponteseditores.com.br\/loja3\/wp-json\/wp\/v2\/product\/29250\/revisions"}],"predecessor-version":[{"id":29682,"href":"https:\/\/ponteseditores.com.br\/loja3\/wp-json\/wp\/v2\/product\/29250\/revisions\/29682"}],"wp:featuredmedia":[{"embeddable":true,"href":"https:\/\/ponteseditores.com.br\/loja3\/wp-json\/wp\/v2\/media\/29251"}],"wp:attachment":[{"href":"https:\/\/ponteseditores.com.br\/loja3\/wp-json\/wp\/v2\/media?parent=29250"}],"wp:term":[{"taxonomy":"product_brand","embeddable":true,"href":"https:\/\/ponteseditores.com.br\/loja3\/wp-json\/wp\/v2\/product_brand?post=29250"},{"taxonomy":"product_cat","embeddable":true,"href":"https:\/\/ponteseditores.com.br\/loja3\/wp-json\/wp\/v2\/product_cat?post=29250"},{"taxonomy":"product_tag","embeddable":true,"href":"https:\/\/ponteseditores.com.br\/loja3\/wp-json\/wp\/v2\/product_tag?post=29250"}],"curies":[{"name":"wp","href":"https:\/\/api.w.org\/{rel}","templated":true}]}}