{"id":26041,"date":"2025-05-23T10:01:14","date_gmt":"2025-05-23T13:01:14","guid":{"rendered":"https:\/\/ponteseditores.com.br\/loja3\/?post_type=product&#038;p=26041"},"modified":"2025-05-23T10:01:15","modified_gmt":"2025-05-23T13:01:15","slug":"a-gestao-e-a-cultura-escolar-incidentes-criticos-e-narrativas-no-contexto-da-escola-publica-municipal-de-sao-paulo-2","status":"publish","type":"product","link":"https:\/\/ponteseditores.com.br\/loja3\/pontes-editores-home-2__trashed\/ebook\/lancamento-e-book\/a-gestao-e-a-cultura-escolar-incidentes-criticos-e-narrativas-no-contexto-da-escola-publica-municipal-de-sao-paulo-2\/","title":{"rendered":"A Gest\u00e3o e a Cultura Escolar: incidentes cr\u00edticos e narrativas, no contexto da escola p\u00fablica municipal de S\u00e3o Paulo"},"content":{"rendered":"<p>A gest\u00e3o escolar \u00e9 um campo complexo, repleto de desafios e contradi\u00e7\u00f5es, em que a alta rotatividade de diretores, as disputas de poder e a semiforma\u00e7\u00e3o dos gestores s\u00e3o alguns dos desafios enfrentados pela escola p\u00fablica na contemporaneidade e que impactam diretamente na qualidade da educa\u00e7\u00e3o. Neste livro, as autoras apresentam uma an\u00e1lise cr\u00edtica da gest\u00e3o escolar na rede municipal de S\u00e3o Paulo, analisando como a fragilidade na forma\u00e7\u00e3o dos diretores influencia a implementa\u00e7\u00e3o das pol\u00edticas p\u00fablicas educacionais e perpetua uma l\u00f3gica instrumental e alienante no ambiente escolar que limita as possibilidades da gest\u00e3o escolar, a partir da quest\u00e3o: o que torna um diretor escolar uma lideran\u00e7a educativa sustent\u00e1vel?<\/p>\n<p>Com um olhar fundamentado na Teoria Cr\u00edtica e na Dial\u00e9tica Negativa de Theodor Adorno, a obra revela como a aus\u00eancia de uma lideran\u00e7a educativa sustent\u00e1vel compromete o desenvolvimento do curr\u00edculo como direito dos educandos no universo escolar. A pesquisa, constru\u00edda a partir de an\u00e1lise documental, entrevistas e um embasamento te\u00f3rico s\u00f3lido, exp\u00f5e os desafios estruturais da educa\u00e7\u00e3o p\u00fablica, sobretudo no que se refere ao desenvolvimento de diretoras e diretores de escola, propondo perspectivas sobre o exerc\u00edcio desse papel na emancipa\u00e7\u00e3o dos educandos.<\/p>\n<p>As autoras convidam o leitor a refletir sobre as pr\u00e1ticas e os modelos de lideran\u00e7a escolar, apontando para a urg\u00eancia de um sistema educativo que forme efetivamente cidad\u00e3os cr\u00edticos, capazes de emancipar-se.<\/p>\n","protected":false},"excerpt":{"rendered":"<p>A gest\u00e3o escolar \u00e9 um campo complexo, repleto de desafios e contradi\u00e7\u00f5es, em que a alta rotatividade de diretores, as disputas de poder e a semiforma\u00e7\u00e3o dos gestores s\u00e3o alguns dos desafios enfrentados pela escola p\u00fablica na contemporaneidade e que impactam diretamente na qualidade da educa\u00e7\u00e3o. Neste livro, as autoras apresentam uma an\u00e1lise cr\u00edtica da [&hellip;]<\/p>\n","protected":false},"featured_media":23860,"comment_status":"open","ping_status":"closed","template":"","meta":{"_joinchat":[]},"product_brand":[],"product_cat":[165,386],"product_tag":[],"class_list":{"0":"post-26041","1":"product","2":"type-product","3":"status-publish","4":"has-post-thumbnail","6":"product_cat-ebook","7":"product_cat-lancamento-e-book","9":"first","10":"instock","11":"downloadable","12":"virtual","13":"purchasable","14":"product-type-simple"},"yoast_head":"<!-- This site is optimized with the Yoast SEO plugin v27.4 - https:\/\/yoast.com\/product\/yoast-seo-wordpress\/ -->\n<title>A Gest\u00e3o e a Cultura Escolar: incidentes cr\u00edticos e narrativas, no contexto da escola p\u00fablica municipal de S\u00e3o Paulo - Pontes Editores<\/title>\n<meta name=\"robots\" content=\"index, follow, max-snippet:-1, max-image-preview:large, max-video-preview:-1\" \/>\n<link rel=\"canonical\" href=\"https:\/\/ponteseditores.com.br\/loja3\/pontes-editores-home-2__trashed\/ebook\/lancamento-e-book\/a-gestao-e-a-cultura-escolar-incidentes-criticos-e-narrativas-no-contexto-da-escola-publica-municipal-de-sao-paulo-2\/\" \/>\n<meta property=\"og:locale\" content=\"pt_BR\" \/>\n<meta property=\"og:type\" content=\"article\" \/>\n<meta property=\"og:title\" content=\"A Gest\u00e3o e a Cultura Escolar: incidentes cr\u00edticos e narrativas, no contexto da escola p\u00fablica municipal de S\u00e3o Paulo - Pontes Editores\" \/>\n<meta property=\"og:description\" content=\"A gest\u00e3o escolar \u00e9 um campo complexo, repleto de desafios e contradi\u00e7\u00f5es, em que a alta rotatividade de diretores, as disputas de poder e a semiforma\u00e7\u00e3o dos gestores s\u00e3o alguns dos desafios enfrentados pela escola p\u00fablica na contemporaneidade e que impactam diretamente na qualidade da educa\u00e7\u00e3o. Neste livro, as autoras apresentam uma an\u00e1lise cr\u00edtica da [&hellip;]\" \/>\n<meta property=\"og:url\" content=\"https:\/\/ponteseditores.com.br\/loja3\/pontes-editores-home-2__trashed\/ebook\/lancamento-e-book\/a-gestao-e-a-cultura-escolar-incidentes-criticos-e-narrativas-no-contexto-da-escola-publica-municipal-de-sao-paulo-2\/\" \/>\n<meta property=\"og:site_name\" content=\"Pontes Editores\" \/>\n<meta property=\"article:modified_time\" content=\"2025-05-23T13:01:15+00:00\" \/>\n<meta property=\"og:image\" content=\"https:\/\/ponteseditores.com.br\/loja3\/wp-content\/uploads\/2025\/04\/Capa_A-Gestao-e-a-Cultura-Escolar-scaled.jpg\" \/>\n\t<meta property=\"og:image:width\" content=\"1767\" \/>\n\t<meta property=\"og:image:height\" content=\"2560\" \/>\n\t<meta property=\"og:image:type\" content=\"image\/jpeg\" \/>\n<meta name=\"twitter:card\" content=\"summary_large_image\" \/>\n<meta name=\"twitter:label1\" content=\"Est. tempo de leitura\" \/>\n\t<meta name=\"twitter:data1\" content=\"2 minutos\" \/>\n<script type=\"application\/ld+json\" class=\"yoast-schema-graph\">{\"@context\":\"https:\\\/\\\/schema.org\",\"@graph\":[{\"@type\":\"WebPage\",\"@id\":\"https:\\\/\\\/ponteseditores.com.br\\\/loja3\\\/pontes-editores-home-2__trashed\\\/ebook\\\/lancamento-e-book\\\/a-gestao-e-a-cultura-escolar-incidentes-criticos-e-narrativas-no-contexto-da-escola-publica-municipal-de-sao-paulo-2\\\/\",\"url\":\"https:\\\/\\\/ponteseditores.com.br\\\/loja3\\\/pontes-editores-home-2__trashed\\\/ebook\\\/lancamento-e-book\\\/a-gestao-e-a-cultura-escolar-incidentes-criticos-e-narrativas-no-contexto-da-escola-publica-municipal-de-sao-paulo-2\\\/\",\"name\":\"A Gest\u00e3o e a Cultura Escolar: incidentes cr\u00edticos e narrativas, no contexto da escola p\u00fablica municipal de S\u00e3o Paulo - Pontes Editores\",\"isPartOf\":{\"@id\":\"https:\\\/\\\/ponteseditores.com.br\\\/loja3\\\/#website\"},\"primaryImageOfPage\":{\"@id\":\"https:\\\/\\\/ponteseditores.com.br\\\/loja3\\\/pontes-editores-home-2__trashed\\\/ebook\\\/lancamento-e-book\\\/a-gestao-e-a-cultura-escolar-incidentes-criticos-e-narrativas-no-contexto-da-escola-publica-municipal-de-sao-paulo-2\\\/#primaryimage\"},\"image\":{\"@id\":\"https:\\\/\\\/ponteseditores.com.br\\\/loja3\\\/pontes-editores-home-2__trashed\\\/ebook\\\/lancamento-e-book\\\/a-gestao-e-a-cultura-escolar-incidentes-criticos-e-narrativas-no-contexto-da-escola-publica-municipal-de-sao-paulo-2\\\/#primaryimage\"},\"thumbnailUrl\":\"https:\\\/\\\/ponteseditores.com.br\\\/loja3\\\/wp-content\\\/uploads\\\/2025\\\/04\\\/Capa_A-Gestao-e-a-Cultura-Escolar-scaled.jpg\",\"datePublished\":\"2025-05-23T13:01:14+00:00\",\"dateModified\":\"2025-05-23T13:01:15+00:00\",\"breadcrumb\":{\"@id\":\"https:\\\/\\\/ponteseditores.com.br\\\/loja3\\\/pontes-editores-home-2__trashed\\\/ebook\\\/lancamento-e-book\\\/a-gestao-e-a-cultura-escolar-incidentes-criticos-e-narrativas-no-contexto-da-escola-publica-municipal-de-sao-paulo-2\\\/#breadcrumb\"},\"inLanguage\":\"pt-BR\",\"potentialAction\":[{\"@type\":\"ReadAction\",\"target\":[\"https:\\\/\\\/ponteseditores.com.br\\\/loja3\\\/pontes-editores-home-2__trashed\\\/ebook\\\/lancamento-e-book\\\/a-gestao-e-a-cultura-escolar-incidentes-criticos-e-narrativas-no-contexto-da-escola-publica-municipal-de-sao-paulo-2\\\/\"]}]},{\"@type\":\"ImageObject\",\"inLanguage\":\"pt-BR\",\"@id\":\"https:\\\/\\\/ponteseditores.com.br\\\/loja3\\\/pontes-editores-home-2__trashed\\\/ebook\\\/lancamento-e-book\\\/a-gestao-e-a-cultura-escolar-incidentes-criticos-e-narrativas-no-contexto-da-escola-publica-municipal-de-sao-paulo-2\\\/#primaryimage\",\"url\":\"https:\\\/\\\/ponteseditores.com.br\\\/loja3\\\/wp-content\\\/uploads\\\/2025\\\/04\\\/Capa_A-Gestao-e-a-Cultura-Escolar-scaled.jpg\",\"contentUrl\":\"https:\\\/\\\/ponteseditores.com.br\\\/loja3\\\/wp-content\\\/uploads\\\/2025\\\/04\\\/Capa_A-Gestao-e-a-Cultura-Escolar-scaled.jpg\",\"width\":1767,\"height\":2560},{\"@type\":\"BreadcrumbList\",\"@id\":\"https:\\\/\\\/ponteseditores.com.br\\\/loja3\\\/pontes-editores-home-2__trashed\\\/ebook\\\/lancamento-e-book\\\/a-gestao-e-a-cultura-escolar-incidentes-criticos-e-narrativas-no-contexto-da-escola-publica-municipal-de-sao-paulo-2\\\/#breadcrumb\",\"itemListElement\":[{\"@type\":\"ListItem\",\"position\":1,\"name\":\"Home\",\"item\":\"https:\\\/\\\/ponteseditores.com.br\\\/loja3\\\/\"},{\"@type\":\"ListItem\",\"position\":2,\"name\":\"loja\",\"item\":\"https:\\\/\\\/ponteseditores.com.br\\\/loja3\\\/loja\\\/\"},{\"@type\":\"ListItem\",\"position\":3,\"name\":\"A Gest\u00e3o e a Cultura Escolar: incidentes cr\u00edticos e narrativas, no contexto da escola p\u00fablica municipal de S\u00e3o Paulo\"}]},{\"@type\":\"WebSite\",\"@id\":\"https:\\\/\\\/ponteseditores.com.br\\\/loja3\\\/#website\",\"url\":\"https:\\\/\\\/ponteseditores.com.br\\\/loja3\\\/\",\"name\":\"Pontes Editores\",\"description\":\"Pontes Editores\",\"publisher\":{\"@id\":\"https:\\\/\\\/ponteseditores.com.br\\\/loja3\\\/#organization\"},\"potentialAction\":[{\"@type\":\"SearchAction\",\"target\":{\"@type\":\"EntryPoint\",\"urlTemplate\":\"https:\\\/\\\/ponteseditores.com.br\\\/loja3\\\/?s={search_term_string}\"},\"query-input\":{\"@type\":\"PropertyValueSpecification\",\"valueRequired\":true,\"valueName\":\"search_term_string\"}}],\"inLanguage\":\"pt-BR\"},{\"@type\":\"Organization\",\"@id\":\"https:\\\/\\\/ponteseditores.com.br\\\/loja3\\\/#organization\",\"name\":\"Pontes Editores\",\"url\":\"https:\\\/\\\/ponteseditores.com.br\\\/loja3\\\/\",\"logo\":{\"@type\":\"ImageObject\",\"inLanguage\":\"pt-BR\",\"@id\":\"https:\\\/\\\/ponteseditores.com.br\\\/loja3\\\/#\\\/schema\\\/logo\\\/image\\\/\",\"url\":\"https:\\\/\\\/ponteseditores.com.br\\\/loja3\\\/wp-content\\\/uploads\\\/2023\\\/12\\\/logo-pontes-editores-v2.png\",\"contentUrl\":\"https:\\\/\\\/ponteseditores.com.br\\\/loja3\\\/wp-content\\\/uploads\\\/2023\\\/12\\\/logo-pontes-editores-v2.png\",\"width\":258,\"height\":100,\"caption\":\"Pontes Editores\"},\"image\":{\"@id\":\"https:\\\/\\\/ponteseditores.com.br\\\/loja3\\\/#\\\/schema\\\/logo\\\/image\\\/\"}}]}<\/script>\n<!-- \/ Yoast SEO plugin. -->","yoast_head_json":{"title":"A Gest\u00e3o e a Cultura Escolar: incidentes cr\u00edticos e narrativas, no contexto da escola p\u00fablica municipal de S\u00e3o Paulo - Pontes Editores","robots":{"index":"index","follow":"follow","max-snippet":"max-snippet:-1","max-image-preview":"max-image-preview:large","max-video-preview":"max-video-preview:-1"},"canonical":"https:\/\/ponteseditores.com.br\/loja3\/pontes-editores-home-2__trashed\/ebook\/lancamento-e-book\/a-gestao-e-a-cultura-escolar-incidentes-criticos-e-narrativas-no-contexto-da-escola-publica-municipal-de-sao-paulo-2\/","og_locale":"pt_BR","og_type":"article","og_title":"A Gest\u00e3o e a Cultura Escolar: incidentes cr\u00edticos e narrativas, no contexto da escola p\u00fablica municipal de S\u00e3o Paulo - Pontes Editores","og_description":"A gest\u00e3o escolar \u00e9 um campo complexo, repleto de desafios e contradi\u00e7\u00f5es, em que a alta rotatividade de diretores, as disputas de poder e a semiforma\u00e7\u00e3o dos gestores s\u00e3o alguns dos desafios enfrentados pela escola p\u00fablica na contemporaneidade e que impactam diretamente na qualidade da educa\u00e7\u00e3o. Neste livro, as autoras apresentam uma an\u00e1lise cr\u00edtica da [&hellip;]","og_url":"https:\/\/ponteseditores.com.br\/loja3\/pontes-editores-home-2__trashed\/ebook\/lancamento-e-book\/a-gestao-e-a-cultura-escolar-incidentes-criticos-e-narrativas-no-contexto-da-escola-publica-municipal-de-sao-paulo-2\/","og_site_name":"Pontes Editores","article_modified_time":"2025-05-23T13:01:15+00:00","og_image":[{"width":1767,"height":2560,"url":"https:\/\/ponteseditores.com.br\/loja3\/wp-content\/uploads\/2025\/04\/Capa_A-Gestao-e-a-Cultura-Escolar-scaled.jpg","type":"image\/jpeg"}],"twitter_card":"summary_large_image","twitter_misc":{"Est. tempo de leitura":"2 minutos"},"schema":{"@context":"https:\/\/schema.org","@graph":[{"@type":"WebPage","@id":"https:\/\/ponteseditores.com.br\/loja3\/pontes-editores-home-2__trashed\/ebook\/lancamento-e-book\/a-gestao-e-a-cultura-escolar-incidentes-criticos-e-narrativas-no-contexto-da-escola-publica-municipal-de-sao-paulo-2\/","url":"https:\/\/ponteseditores.com.br\/loja3\/pontes-editores-home-2__trashed\/ebook\/lancamento-e-book\/a-gestao-e-a-cultura-escolar-incidentes-criticos-e-narrativas-no-contexto-da-escola-publica-municipal-de-sao-paulo-2\/","name":"A Gest\u00e3o e a Cultura Escolar: incidentes cr\u00edticos e narrativas, no contexto da escola p\u00fablica municipal de S\u00e3o Paulo - Pontes Editores","isPartOf":{"@id":"https:\/\/ponteseditores.com.br\/loja3\/#website"},"primaryImageOfPage":{"@id":"https:\/\/ponteseditores.com.br\/loja3\/pontes-editores-home-2__trashed\/ebook\/lancamento-e-book\/a-gestao-e-a-cultura-escolar-incidentes-criticos-e-narrativas-no-contexto-da-escola-publica-municipal-de-sao-paulo-2\/#primaryimage"},"image":{"@id":"https:\/\/ponteseditores.com.br\/loja3\/pontes-editores-home-2__trashed\/ebook\/lancamento-e-book\/a-gestao-e-a-cultura-escolar-incidentes-criticos-e-narrativas-no-contexto-da-escola-publica-municipal-de-sao-paulo-2\/#primaryimage"},"thumbnailUrl":"https:\/\/ponteseditores.com.br\/loja3\/wp-content\/uploads\/2025\/04\/Capa_A-Gestao-e-a-Cultura-Escolar-scaled.jpg","datePublished":"2025-05-23T13:01:14+00:00","dateModified":"2025-05-23T13:01:15+00:00","breadcrumb":{"@id":"https:\/\/ponteseditores.com.br\/loja3\/pontes-editores-home-2__trashed\/ebook\/lancamento-e-book\/a-gestao-e-a-cultura-escolar-incidentes-criticos-e-narrativas-no-contexto-da-escola-publica-municipal-de-sao-paulo-2\/#breadcrumb"},"inLanguage":"pt-BR","potentialAction":[{"@type":"ReadAction","target":["https:\/\/ponteseditores.com.br\/loja3\/pontes-editores-home-2__trashed\/ebook\/lancamento-e-book\/a-gestao-e-a-cultura-escolar-incidentes-criticos-e-narrativas-no-contexto-da-escola-publica-municipal-de-sao-paulo-2\/"]}]},{"@type":"ImageObject","inLanguage":"pt-BR","@id":"https:\/\/ponteseditores.com.br\/loja3\/pontes-editores-home-2__trashed\/ebook\/lancamento-e-book\/a-gestao-e-a-cultura-escolar-incidentes-criticos-e-narrativas-no-contexto-da-escola-publica-municipal-de-sao-paulo-2\/#primaryimage","url":"https:\/\/ponteseditores.com.br\/loja3\/wp-content\/uploads\/2025\/04\/Capa_A-Gestao-e-a-Cultura-Escolar-scaled.jpg","contentUrl":"https:\/\/ponteseditores.com.br\/loja3\/wp-content\/uploads\/2025\/04\/Capa_A-Gestao-e-a-Cultura-Escolar-scaled.jpg","width":1767,"height":2560},{"@type":"BreadcrumbList","@id":"https:\/\/ponteseditores.com.br\/loja3\/pontes-editores-home-2__trashed\/ebook\/lancamento-e-book\/a-gestao-e-a-cultura-escolar-incidentes-criticos-e-narrativas-no-contexto-da-escola-publica-municipal-de-sao-paulo-2\/#breadcrumb","itemListElement":[{"@type":"ListItem","position":1,"name":"Home","item":"https:\/\/ponteseditores.com.br\/loja3\/"},{"@type":"ListItem","position":2,"name":"loja","item":"https:\/\/ponteseditores.com.br\/loja3\/loja\/"},{"@type":"ListItem","position":3,"name":"A Gest\u00e3o e a Cultura Escolar: incidentes cr\u00edticos e narrativas, no contexto da escola p\u00fablica municipal de S\u00e3o Paulo"}]},{"@type":"WebSite","@id":"https:\/\/ponteseditores.com.br\/loja3\/#website","url":"https:\/\/ponteseditores.com.br\/loja3\/","name":"Pontes Editores","description":"Pontes Editores","publisher":{"@id":"https:\/\/ponteseditores.com.br\/loja3\/#organization"},"potentialAction":[{"@type":"SearchAction","target":{"@type":"EntryPoint","urlTemplate":"https:\/\/ponteseditores.com.br\/loja3\/?s={search_term_string}"},"query-input":{"@type":"PropertyValueSpecification","valueRequired":true,"valueName":"search_term_string"}}],"inLanguage":"pt-BR"},{"@type":"Organization","@id":"https:\/\/ponteseditores.com.br\/loja3\/#organization","name":"Pontes Editores","url":"https:\/\/ponteseditores.com.br\/loja3\/","logo":{"@type":"ImageObject","inLanguage":"pt-BR","@id":"https:\/\/ponteseditores.com.br\/loja3\/#\/schema\/logo\/image\/","url":"https:\/\/ponteseditores.com.br\/loja3\/wp-content\/uploads\/2023\/12\/logo-pontes-editores-v2.png","contentUrl":"https:\/\/ponteseditores.com.br\/loja3\/wp-content\/uploads\/2023\/12\/logo-pontes-editores-v2.png","width":258,"height":100,"caption":"Pontes Editores"},"image":{"@id":"https:\/\/ponteseditores.com.br\/loja3\/#\/schema\/logo\/image\/"}}]}},"_links":{"self":[{"href":"https:\/\/ponteseditores.com.br\/loja3\/wp-json\/wp\/v2\/product\/26041","targetHints":{"allow":["GET"]}}],"collection":[{"href":"https:\/\/ponteseditores.com.br\/loja3\/wp-json\/wp\/v2\/product"}],"about":[{"href":"https:\/\/ponteseditores.com.br\/loja3\/wp-json\/wp\/v2\/types\/product"}],"replies":[{"embeddable":true,"href":"https:\/\/ponteseditores.com.br\/loja3\/wp-json\/wp\/v2\/comments?post=26041"}],"version-history":[{"count":1,"href":"https:\/\/ponteseditores.com.br\/loja3\/wp-json\/wp\/v2\/product\/26041\/revisions"}],"predecessor-version":[{"id":26043,"href":"https:\/\/ponteseditores.com.br\/loja3\/wp-json\/wp\/v2\/product\/26041\/revisions\/26043"}],"wp:featuredmedia":[{"embeddable":true,"href":"https:\/\/ponteseditores.com.br\/loja3\/wp-json\/wp\/v2\/media\/23860"}],"wp:attachment":[{"href":"https:\/\/ponteseditores.com.br\/loja3\/wp-json\/wp\/v2\/media?parent=26041"}],"wp:term":[{"taxonomy":"product_brand","embeddable":true,"href":"https:\/\/ponteseditores.com.br\/loja3\/wp-json\/wp\/v2\/product_brand?post=26041"},{"taxonomy":"product_cat","embeddable":true,"href":"https:\/\/ponteseditores.com.br\/loja3\/wp-json\/wp\/v2\/product_cat?post=26041"},{"taxonomy":"product_tag","embeddable":true,"href":"https:\/\/ponteseditores.com.br\/loja3\/wp-json\/wp\/v2\/product_tag?post=26041"}],"curies":[{"name":"wp","href":"https:\/\/api.w.org\/{rel}","templated":true}]}}