{"id":25655,"date":"2025-05-13T11:00:19","date_gmt":"2025-05-13T14:00:19","guid":{"rendered":"https:\/\/ponteseditores.com.br\/loja3\/?post_type=product&#038;p=25655"},"modified":"2025-05-13T14:45:35","modified_gmt":"2025-05-13T17:45:35","slug":"docencia-praticas-que-queremos-compartilhar-relatos-de-praticas-na-rede-municipal-de-educacao-publica-de-resende","status":"publish","type":"product","link":"https:\/\/ponteseditores.com.br\/loja3\/pontes-editores-home-2__trashed\/ebook\/lancamento-e-book\/docencia-praticas-que-queremos-compartilhar-relatos-de-praticas-na-rede-municipal-de-educacao-publica-de-resende\/","title":{"rendered":"Doc\u00eancia &#8211; Pr\u00e1ticas que queremos partilhar: relatos de pr\u00e1ticas na Rede Municipal de Educa\u00e7\u00e3o P\u00fablica de Resende"},"content":{"rendered":"<p>Esta publica\u00e7\u00e3o apresenta textos que relatam pr\u00e1ticas pedag\u00f3gicas desenvolvidas no munic\u00edpio, no ch\u00e3o das salas de aulas de nossas escolas. S\u00e3o relatos de educadoras e educadores comprometidos com a educa\u00e7\u00e3o p\u00fablica, com a qualidade de seus trabalhos, com o seu fazer pedag\u00f3gico e, sobretudo, com o desenvolvimento de cada um dos estudantes com quem se encontram no cotidiano escolar, mostrando que \u00e9 poss\u00edvel construirmos juntos um caminho com os p\u00e9s no presente e direcionado para o futuro e, consequentemente, para o avan\u00e7o da educa\u00e7\u00e3o p\u00fablica de Resende.<\/p>\n","protected":false},"excerpt":{"rendered":"<p>Esta publica\u00e7\u00e3o apresenta textos que relatam pr\u00e1ticas pedag\u00f3gicas desenvolvidas no munic\u00edpio, no ch\u00e3o das salas de aulas de nossas escolas. S\u00e3o relatos de educadoras e educadores comprometidos com a educa\u00e7\u00e3o p\u00fablica, com a qualidade de seus trabalhos, com o seu fazer pedag\u00f3gico e, sobretudo, com o desenvolvimento de cada um dos estudantes com quem se [&hellip;]<\/p>\n","protected":false},"featured_media":25657,"comment_status":"open","ping_status":"closed","template":"","meta":{"_joinchat":[]},"product_brand":[],"product_cat":[165,386],"product_tag":[],"class_list":{"0":"post-25655","1":"product","2":"type-product","3":"status-publish","4":"has-post-thumbnail","6":"product_cat-ebook","7":"product_cat-lancamento-e-book","9":"first","10":"instock","11":"downloadable","12":"virtual","13":"purchasable","14":"product-type-simple"},"yoast_head":"<!-- This site is optimized with the Yoast SEO plugin v27.4 - https:\/\/yoast.com\/product\/yoast-seo-wordpress\/ -->\n<title>Doc\u00eancia - Pr\u00e1ticas que queremos partilhar: relatos de pr\u00e1ticas na Rede Municipal de Educa\u00e7\u00e3o P\u00fablica de Resende - Pontes Editores<\/title>\n<meta name=\"robots\" content=\"index, follow, max-snippet:-1, max-image-preview:large, max-video-preview:-1\" \/>\n<link rel=\"canonical\" href=\"https:\/\/ponteseditores.com.br\/loja3\/pontes-editores-home-2__trashed\/ebook\/lancamento-e-book\/docencia-praticas-que-queremos-compartilhar-relatos-de-praticas-na-rede-municipal-de-educacao-publica-de-resende\/\" \/>\n<meta property=\"og:locale\" content=\"pt_BR\" \/>\n<meta property=\"og:type\" content=\"article\" \/>\n<meta property=\"og:title\" content=\"Doc\u00eancia - Pr\u00e1ticas que queremos partilhar: relatos de pr\u00e1ticas na Rede Municipal de Educa\u00e7\u00e3o P\u00fablica de Resende - Pontes Editores\" \/>\n<meta property=\"og:description\" content=\"Esta publica\u00e7\u00e3o apresenta textos que relatam pr\u00e1ticas pedag\u00f3gicas desenvolvidas no munic\u00edpio, no ch\u00e3o das salas de aulas de nossas escolas. S\u00e3o relatos de educadoras e educadores comprometidos com a educa\u00e7\u00e3o p\u00fablica, com a qualidade de seus trabalhos, com o seu fazer pedag\u00f3gico e, sobretudo, com o desenvolvimento de cada um dos estudantes com quem se [&hellip;]\" \/>\n<meta property=\"og:url\" content=\"https:\/\/ponteseditores.com.br\/loja3\/pontes-editores-home-2__trashed\/ebook\/lancamento-e-book\/docencia-praticas-que-queremos-compartilhar-relatos-de-praticas-na-rede-municipal-de-educacao-publica-de-resende\/\" \/>\n<meta property=\"og:site_name\" content=\"Pontes Editores\" \/>\n<meta property=\"article:modified_time\" content=\"2025-05-13T17:45:35+00:00\" \/>\n<meta property=\"og:image\" content=\"https:\/\/ponteseditores.com.br\/loja3\/wp-content\/uploads\/2025\/05\/Capa_Docencia-scaled.jpg\" \/>\n\t<meta property=\"og:image:width\" content=\"1767\" \/>\n\t<meta property=\"og:image:height\" content=\"2560\" \/>\n\t<meta property=\"og:image:type\" content=\"image\/jpeg\" \/>\n<meta name=\"twitter:card\" content=\"summary_large_image\" \/>\n<meta name=\"twitter:label1\" content=\"Est. tempo de leitura\" \/>\n\t<meta name=\"twitter:data1\" content=\"1 minuto\" \/>\n<script type=\"application\/ld+json\" class=\"yoast-schema-graph\">{\"@context\":\"https:\\\/\\\/schema.org\",\"@graph\":[{\"@type\":\"WebPage\",\"@id\":\"https:\\\/\\\/ponteseditores.com.br\\\/loja3\\\/pontes-editores-home-2__trashed\\\/ebook\\\/lancamento-e-book\\\/docencia-praticas-que-queremos-compartilhar-relatos-de-praticas-na-rede-municipal-de-educacao-publica-de-resende\\\/\",\"url\":\"https:\\\/\\\/ponteseditores.com.br\\\/loja3\\\/pontes-editores-home-2__trashed\\\/ebook\\\/lancamento-e-book\\\/docencia-praticas-que-queremos-compartilhar-relatos-de-praticas-na-rede-municipal-de-educacao-publica-de-resende\\\/\",\"name\":\"Doc\u00eancia - Pr\u00e1ticas que queremos partilhar: relatos de pr\u00e1ticas na Rede Municipal de Educa\u00e7\u00e3o P\u00fablica de Resende - Pontes Editores\",\"isPartOf\":{\"@id\":\"https:\\\/\\\/ponteseditores.com.br\\\/loja3\\\/#website\"},\"primaryImageOfPage\":{\"@id\":\"https:\\\/\\\/ponteseditores.com.br\\\/loja3\\\/pontes-editores-home-2__trashed\\\/ebook\\\/lancamento-e-book\\\/docencia-praticas-que-queremos-compartilhar-relatos-de-praticas-na-rede-municipal-de-educacao-publica-de-resende\\\/#primaryimage\"},\"image\":{\"@id\":\"https:\\\/\\\/ponteseditores.com.br\\\/loja3\\\/pontes-editores-home-2__trashed\\\/ebook\\\/lancamento-e-book\\\/docencia-praticas-que-queremos-compartilhar-relatos-de-praticas-na-rede-municipal-de-educacao-publica-de-resende\\\/#primaryimage\"},\"thumbnailUrl\":\"https:\\\/\\\/ponteseditores.com.br\\\/loja3\\\/wp-content\\\/uploads\\\/2025\\\/05\\\/Capa_Docencia-scaled.jpg\",\"datePublished\":\"2025-05-13T14:00:19+00:00\",\"dateModified\":\"2025-05-13T17:45:35+00:00\",\"breadcrumb\":{\"@id\":\"https:\\\/\\\/ponteseditores.com.br\\\/loja3\\\/pontes-editores-home-2__trashed\\\/ebook\\\/lancamento-e-book\\\/docencia-praticas-que-queremos-compartilhar-relatos-de-praticas-na-rede-municipal-de-educacao-publica-de-resende\\\/#breadcrumb\"},\"inLanguage\":\"pt-BR\",\"potentialAction\":[{\"@type\":\"ReadAction\",\"target\":[\"https:\\\/\\\/ponteseditores.com.br\\\/loja3\\\/pontes-editores-home-2__trashed\\\/ebook\\\/lancamento-e-book\\\/docencia-praticas-que-queremos-compartilhar-relatos-de-praticas-na-rede-municipal-de-educacao-publica-de-resende\\\/\"]}]},{\"@type\":\"ImageObject\",\"inLanguage\":\"pt-BR\",\"@id\":\"https:\\\/\\\/ponteseditores.com.br\\\/loja3\\\/pontes-editores-home-2__trashed\\\/ebook\\\/lancamento-e-book\\\/docencia-praticas-que-queremos-compartilhar-relatos-de-praticas-na-rede-municipal-de-educacao-publica-de-resende\\\/#primaryimage\",\"url\":\"https:\\\/\\\/ponteseditores.com.br\\\/loja3\\\/wp-content\\\/uploads\\\/2025\\\/05\\\/Capa_Docencia-scaled.jpg\",\"contentUrl\":\"https:\\\/\\\/ponteseditores.com.br\\\/loja3\\\/wp-content\\\/uploads\\\/2025\\\/05\\\/Capa_Docencia-scaled.jpg\",\"width\":1767,\"height\":2560},{\"@type\":\"BreadcrumbList\",\"@id\":\"https:\\\/\\\/ponteseditores.com.br\\\/loja3\\\/pontes-editores-home-2__trashed\\\/ebook\\\/lancamento-e-book\\\/docencia-praticas-que-queremos-compartilhar-relatos-de-praticas-na-rede-municipal-de-educacao-publica-de-resende\\\/#breadcrumb\",\"itemListElement\":[{\"@type\":\"ListItem\",\"position\":1,\"name\":\"Home\",\"item\":\"https:\\\/\\\/ponteseditores.com.br\\\/loja3\\\/\"},{\"@type\":\"ListItem\",\"position\":2,\"name\":\"loja\",\"item\":\"https:\\\/\\\/ponteseditores.com.br\\\/loja3\\\/loja\\\/\"},{\"@type\":\"ListItem\",\"position\":3,\"name\":\"Doc\u00eancia &#8211; Pr\u00e1ticas que queremos partilhar: relatos de pr\u00e1ticas na Rede Municipal de Educa\u00e7\u00e3o P\u00fablica de Resende\"}]},{\"@type\":\"WebSite\",\"@id\":\"https:\\\/\\\/ponteseditores.com.br\\\/loja3\\\/#website\",\"url\":\"https:\\\/\\\/ponteseditores.com.br\\\/loja3\\\/\",\"name\":\"Pontes Editores\",\"description\":\"Pontes Editores\",\"publisher\":{\"@id\":\"https:\\\/\\\/ponteseditores.com.br\\\/loja3\\\/#organization\"},\"potentialAction\":[{\"@type\":\"SearchAction\",\"target\":{\"@type\":\"EntryPoint\",\"urlTemplate\":\"https:\\\/\\\/ponteseditores.com.br\\\/loja3\\\/?s={search_term_string}\"},\"query-input\":{\"@type\":\"PropertyValueSpecification\",\"valueRequired\":true,\"valueName\":\"search_term_string\"}}],\"inLanguage\":\"pt-BR\"},{\"@type\":\"Organization\",\"@id\":\"https:\\\/\\\/ponteseditores.com.br\\\/loja3\\\/#organization\",\"name\":\"Pontes Editores\",\"url\":\"https:\\\/\\\/ponteseditores.com.br\\\/loja3\\\/\",\"logo\":{\"@type\":\"ImageObject\",\"inLanguage\":\"pt-BR\",\"@id\":\"https:\\\/\\\/ponteseditores.com.br\\\/loja3\\\/#\\\/schema\\\/logo\\\/image\\\/\",\"url\":\"https:\\\/\\\/ponteseditores.com.br\\\/loja3\\\/wp-content\\\/uploads\\\/2023\\\/12\\\/logo-pontes-editores-v2.png\",\"contentUrl\":\"https:\\\/\\\/ponteseditores.com.br\\\/loja3\\\/wp-content\\\/uploads\\\/2023\\\/12\\\/logo-pontes-editores-v2.png\",\"width\":258,\"height\":100,\"caption\":\"Pontes Editores\"},\"image\":{\"@id\":\"https:\\\/\\\/ponteseditores.com.br\\\/loja3\\\/#\\\/schema\\\/logo\\\/image\\\/\"}}]}<\/script>\n<!-- \/ Yoast SEO plugin. -->","yoast_head_json":{"title":"Doc\u00eancia - Pr\u00e1ticas que queremos partilhar: relatos de pr\u00e1ticas na Rede Municipal de Educa\u00e7\u00e3o P\u00fablica de Resende - Pontes Editores","robots":{"index":"index","follow":"follow","max-snippet":"max-snippet:-1","max-image-preview":"max-image-preview:large","max-video-preview":"max-video-preview:-1"},"canonical":"https:\/\/ponteseditores.com.br\/loja3\/pontes-editores-home-2__trashed\/ebook\/lancamento-e-book\/docencia-praticas-que-queremos-compartilhar-relatos-de-praticas-na-rede-municipal-de-educacao-publica-de-resende\/","og_locale":"pt_BR","og_type":"article","og_title":"Doc\u00eancia - Pr\u00e1ticas que queremos partilhar: relatos de pr\u00e1ticas na Rede Municipal de Educa\u00e7\u00e3o P\u00fablica de Resende - Pontes Editores","og_description":"Esta publica\u00e7\u00e3o apresenta textos que relatam pr\u00e1ticas pedag\u00f3gicas desenvolvidas no munic\u00edpio, no ch\u00e3o das salas de aulas de nossas escolas. S\u00e3o relatos de educadoras e educadores comprometidos com a educa\u00e7\u00e3o p\u00fablica, com a qualidade de seus trabalhos, com o seu fazer pedag\u00f3gico e, sobretudo, com o desenvolvimento de cada um dos estudantes com quem se [&hellip;]","og_url":"https:\/\/ponteseditores.com.br\/loja3\/pontes-editores-home-2__trashed\/ebook\/lancamento-e-book\/docencia-praticas-que-queremos-compartilhar-relatos-de-praticas-na-rede-municipal-de-educacao-publica-de-resende\/","og_site_name":"Pontes Editores","article_modified_time":"2025-05-13T17:45:35+00:00","og_image":[{"width":1767,"height":2560,"url":"https:\/\/ponteseditores.com.br\/loja3\/wp-content\/uploads\/2025\/05\/Capa_Docencia-scaled.jpg","type":"image\/jpeg"}],"twitter_card":"summary_large_image","twitter_misc":{"Est. tempo de leitura":"1 minuto"},"schema":{"@context":"https:\/\/schema.org","@graph":[{"@type":"WebPage","@id":"https:\/\/ponteseditores.com.br\/loja3\/pontes-editores-home-2__trashed\/ebook\/lancamento-e-book\/docencia-praticas-que-queremos-compartilhar-relatos-de-praticas-na-rede-municipal-de-educacao-publica-de-resende\/","url":"https:\/\/ponteseditores.com.br\/loja3\/pontes-editores-home-2__trashed\/ebook\/lancamento-e-book\/docencia-praticas-que-queremos-compartilhar-relatos-de-praticas-na-rede-municipal-de-educacao-publica-de-resende\/","name":"Doc\u00eancia - Pr\u00e1ticas que queremos partilhar: relatos de pr\u00e1ticas na Rede Municipal de Educa\u00e7\u00e3o P\u00fablica de Resende - Pontes Editores","isPartOf":{"@id":"https:\/\/ponteseditores.com.br\/loja3\/#website"},"primaryImageOfPage":{"@id":"https:\/\/ponteseditores.com.br\/loja3\/pontes-editores-home-2__trashed\/ebook\/lancamento-e-book\/docencia-praticas-que-queremos-compartilhar-relatos-de-praticas-na-rede-municipal-de-educacao-publica-de-resende\/#primaryimage"},"image":{"@id":"https:\/\/ponteseditores.com.br\/loja3\/pontes-editores-home-2__trashed\/ebook\/lancamento-e-book\/docencia-praticas-que-queremos-compartilhar-relatos-de-praticas-na-rede-municipal-de-educacao-publica-de-resende\/#primaryimage"},"thumbnailUrl":"https:\/\/ponteseditores.com.br\/loja3\/wp-content\/uploads\/2025\/05\/Capa_Docencia-scaled.jpg","datePublished":"2025-05-13T14:00:19+00:00","dateModified":"2025-05-13T17:45:35+00:00","breadcrumb":{"@id":"https:\/\/ponteseditores.com.br\/loja3\/pontes-editores-home-2__trashed\/ebook\/lancamento-e-book\/docencia-praticas-que-queremos-compartilhar-relatos-de-praticas-na-rede-municipal-de-educacao-publica-de-resende\/#breadcrumb"},"inLanguage":"pt-BR","potentialAction":[{"@type":"ReadAction","target":["https:\/\/ponteseditores.com.br\/loja3\/pontes-editores-home-2__trashed\/ebook\/lancamento-e-book\/docencia-praticas-que-queremos-compartilhar-relatos-de-praticas-na-rede-municipal-de-educacao-publica-de-resende\/"]}]},{"@type":"ImageObject","inLanguage":"pt-BR","@id":"https:\/\/ponteseditores.com.br\/loja3\/pontes-editores-home-2__trashed\/ebook\/lancamento-e-book\/docencia-praticas-que-queremos-compartilhar-relatos-de-praticas-na-rede-municipal-de-educacao-publica-de-resende\/#primaryimage","url":"https:\/\/ponteseditores.com.br\/loja3\/wp-content\/uploads\/2025\/05\/Capa_Docencia-scaled.jpg","contentUrl":"https:\/\/ponteseditores.com.br\/loja3\/wp-content\/uploads\/2025\/05\/Capa_Docencia-scaled.jpg","width":1767,"height":2560},{"@type":"BreadcrumbList","@id":"https:\/\/ponteseditores.com.br\/loja3\/pontes-editores-home-2__trashed\/ebook\/lancamento-e-book\/docencia-praticas-que-queremos-compartilhar-relatos-de-praticas-na-rede-municipal-de-educacao-publica-de-resende\/#breadcrumb","itemListElement":[{"@type":"ListItem","position":1,"name":"Home","item":"https:\/\/ponteseditores.com.br\/loja3\/"},{"@type":"ListItem","position":2,"name":"loja","item":"https:\/\/ponteseditores.com.br\/loja3\/loja\/"},{"@type":"ListItem","position":3,"name":"Doc\u00eancia &#8211; Pr\u00e1ticas que queremos partilhar: relatos de pr\u00e1ticas na Rede Municipal de Educa\u00e7\u00e3o P\u00fablica de Resende"}]},{"@type":"WebSite","@id":"https:\/\/ponteseditores.com.br\/loja3\/#website","url":"https:\/\/ponteseditores.com.br\/loja3\/","name":"Pontes Editores","description":"Pontes Editores","publisher":{"@id":"https:\/\/ponteseditores.com.br\/loja3\/#organization"},"potentialAction":[{"@type":"SearchAction","target":{"@type":"EntryPoint","urlTemplate":"https:\/\/ponteseditores.com.br\/loja3\/?s={search_term_string}"},"query-input":{"@type":"PropertyValueSpecification","valueRequired":true,"valueName":"search_term_string"}}],"inLanguage":"pt-BR"},{"@type":"Organization","@id":"https:\/\/ponteseditores.com.br\/loja3\/#organization","name":"Pontes Editores","url":"https:\/\/ponteseditores.com.br\/loja3\/","logo":{"@type":"ImageObject","inLanguage":"pt-BR","@id":"https:\/\/ponteseditores.com.br\/loja3\/#\/schema\/logo\/image\/","url":"https:\/\/ponteseditores.com.br\/loja3\/wp-content\/uploads\/2023\/12\/logo-pontes-editores-v2.png","contentUrl":"https:\/\/ponteseditores.com.br\/loja3\/wp-content\/uploads\/2023\/12\/logo-pontes-editores-v2.png","width":258,"height":100,"caption":"Pontes Editores"},"image":{"@id":"https:\/\/ponteseditores.com.br\/loja3\/#\/schema\/logo\/image\/"}}]}},"_links":{"self":[{"href":"https:\/\/ponteseditores.com.br\/loja3\/wp-json\/wp\/v2\/product\/25655","targetHints":{"allow":["GET"]}}],"collection":[{"href":"https:\/\/ponteseditores.com.br\/loja3\/wp-json\/wp\/v2\/product"}],"about":[{"href":"https:\/\/ponteseditores.com.br\/loja3\/wp-json\/wp\/v2\/types\/product"}],"replies":[{"embeddable":true,"href":"https:\/\/ponteseditores.com.br\/loja3\/wp-json\/wp\/v2\/comments?post=25655"}],"version-history":[{"count":2,"href":"https:\/\/ponteseditores.com.br\/loja3\/wp-json\/wp\/v2\/product\/25655\/revisions"}],"predecessor-version":[{"id":25674,"href":"https:\/\/ponteseditores.com.br\/loja3\/wp-json\/wp\/v2\/product\/25655\/revisions\/25674"}],"wp:featuredmedia":[{"embeddable":true,"href":"https:\/\/ponteseditores.com.br\/loja3\/wp-json\/wp\/v2\/media\/25657"}],"wp:attachment":[{"href":"https:\/\/ponteseditores.com.br\/loja3\/wp-json\/wp\/v2\/media?parent=25655"}],"wp:term":[{"taxonomy":"product_brand","embeddable":true,"href":"https:\/\/ponteseditores.com.br\/loja3\/wp-json\/wp\/v2\/product_brand?post=25655"},{"taxonomy":"product_cat","embeddable":true,"href":"https:\/\/ponteseditores.com.br\/loja3\/wp-json\/wp\/v2\/product_cat?post=25655"},{"taxonomy":"product_tag","embeddable":true,"href":"https:\/\/ponteseditores.com.br\/loja3\/wp-json\/wp\/v2\/product_tag?post=25655"}],"curies":[{"name":"wp","href":"https:\/\/api.w.org\/{rel}","templated":true}]}}