{"id":25108,"date":"2025-05-02T12:19:43","date_gmt":"2025-05-02T15:19:43","guid":{"rendered":"https:\/\/ponteseditores.com.br\/loja3\/?post_type=product&#038;p=25108"},"modified":"2025-05-02T12:19:43","modified_gmt":"2025-05-02T15:19:43","slug":"energia-em-transformacao-a-contribuicao-das-mulheres-para-a-transicao-energetica","status":"publish","type":"product","link":"https:\/\/ponteseditores.com.br\/loja3\/pontes-editores-home-2__trashed\/lancamento\/energia-em-transformacao-a-contribuicao-das-mulheres-para-a-transicao-energetica\/","title":{"rendered":"Energia em transforma\u00e7\u00e3o: a contribui\u00e7\u00e3o das mulheres para a transi\u00e7\u00e3o energ\u00e9tica"},"content":{"rendered":"<p>A energia \u00e9 o motor do desenvolvimento e sua transforma\u00e7\u00e3o \u00e9 essencial para um futuro mais sustent\u00e1vel. Em <strong>Energia em Transforma\u00e7\u00e3o &#8211; A Contribui\u00e7\u00e3o das Mulheres para a Transi\u00e7\u00e3o Energ\u00e9tica<\/strong>, destacamos o papel essencial das mulheres na evolu\u00e7\u00e3o do setor el\u00e9trico. Este livro re\u00fane experi\u00eancias e reflex\u00f5es de profissionais que atuam em toda a cadeia produtiva \u2013 gera\u00e7\u00e3o, transmiss\u00e3o, distribui\u00e7\u00e3o, comercializa\u00e7\u00e3o e inova\u00e7\u00e3o \u2013, mostrando como a diversidade fortalece o setor e impulsiona a transi\u00e7\u00e3o energ\u00e9tica.<\/p>\n<p>A eletricidade limpa e de qualidade \u00e9 um compromisso coletivo, essencial para o crescimento econ\u00f4mico e social. Ao trazer a vis\u00e3o feminina para os desafios e oportunidades do setor, esta obra inspira futuras gera\u00e7\u00f5es a enxergarem na energia um campo de possibilidades. Mais do que uma leitura t\u00e9cnica, este \u00e9 um convite para ampliar horizontes e construir, juntos, um setor el\u00e9trico mais eficiente, inclusivo e focado nos clientes.<\/p>\n<p>Boa leitura!<\/p>\n","protected":false},"excerpt":{"rendered":"<p>A energia \u00e9 o motor do desenvolvimento e sua transforma\u00e7\u00e3o \u00e9 essencial para um futuro mais sustent\u00e1vel. Em Energia em Transforma\u00e7\u00e3o &#8211; A Contribui\u00e7\u00e3o das Mulheres para a Transi\u00e7\u00e3o Energ\u00e9tica, destacamos o papel essencial das mulheres na evolu\u00e7\u00e3o do setor el\u00e9trico. Este livro re\u00fane experi\u00eancias e reflex\u00f5es de profissionais que atuam em toda a cadeia [&hellip;]<\/p>\n","protected":false},"featured_media":25109,"comment_status":"open","ping_status":"closed","template":"","meta":{"_joinchat":[]},"product_brand":[],"product_cat":[167],"product_tag":[],"class_list":{"0":"post-25108","1":"product","2":"type-product","3":"status-publish","4":"has-post-thumbnail","6":"product_cat-lancamento","8":"first","9":"instock","10":"shipping-taxable","11":"purchasable","12":"product-type-simple"},"yoast_head":"<!-- This site is optimized with the Yoast SEO plugin v27.4 - https:\/\/yoast.com\/product\/yoast-seo-wordpress\/ -->\n<title>Energia em transforma\u00e7\u00e3o: a contribui\u00e7\u00e3o das mulheres para a transi\u00e7\u00e3o energ\u00e9tica - Pontes Editores<\/title>\n<meta name=\"robots\" content=\"index, follow, max-snippet:-1, max-image-preview:large, max-video-preview:-1\" \/>\n<link rel=\"canonical\" href=\"https:\/\/ponteseditores.com.br\/loja3\/pontes-editores-home-2__trashed\/lancamento\/energia-em-transformacao-a-contribuicao-das-mulheres-para-a-transicao-energetica\/\" \/>\n<meta property=\"og:locale\" content=\"pt_BR\" \/>\n<meta property=\"og:type\" content=\"article\" \/>\n<meta property=\"og:title\" content=\"Energia em transforma\u00e7\u00e3o: a contribui\u00e7\u00e3o das mulheres para a transi\u00e7\u00e3o energ\u00e9tica - Pontes Editores\" \/>\n<meta property=\"og:description\" content=\"A energia \u00e9 o motor do desenvolvimento e sua transforma\u00e7\u00e3o \u00e9 essencial para um futuro mais sustent\u00e1vel. Em Energia em Transforma\u00e7\u00e3o &#8211; A Contribui\u00e7\u00e3o das Mulheres para a Transi\u00e7\u00e3o Energ\u00e9tica, destacamos o papel essencial das mulheres na evolu\u00e7\u00e3o do setor el\u00e9trico. Este livro re\u00fane experi\u00eancias e reflex\u00f5es de profissionais que atuam em toda a cadeia [&hellip;]\" \/>\n<meta property=\"og:url\" content=\"https:\/\/ponteseditores.com.br\/loja3\/pontes-editores-home-2__trashed\/lancamento\/energia-em-transformacao-a-contribuicao-das-mulheres-para-a-transicao-energetica\/\" \/>\n<meta property=\"og:site_name\" content=\"Pontes Editores\" \/>\n<meta property=\"og:image\" content=\"https:\/\/ponteseditores.com.br\/loja3\/wp-content\/uploads\/2025\/05\/Capa_Energia-em-Transformacao-scaled.jpg\" \/>\n\t<meta property=\"og:image:width\" content=\"1767\" \/>\n\t<meta property=\"og:image:height\" content=\"2560\" \/>\n\t<meta property=\"og:image:type\" content=\"image\/jpeg\" \/>\n<meta name=\"twitter:card\" content=\"summary_large_image\" \/>\n<meta name=\"twitter:label1\" content=\"Est. tempo de leitura\" \/>\n\t<meta name=\"twitter:data1\" content=\"1 minuto\" \/>\n<script type=\"application\/ld+json\" class=\"yoast-schema-graph\">{\"@context\":\"https:\\\/\\\/schema.org\",\"@graph\":[{\"@type\":\"WebPage\",\"@id\":\"https:\\\/\\\/ponteseditores.com.br\\\/loja3\\\/pontes-editores-home-2__trashed\\\/lancamento\\\/energia-em-transformacao-a-contribuicao-das-mulheres-para-a-transicao-energetica\\\/\",\"url\":\"https:\\\/\\\/ponteseditores.com.br\\\/loja3\\\/pontes-editores-home-2__trashed\\\/lancamento\\\/energia-em-transformacao-a-contribuicao-das-mulheres-para-a-transicao-energetica\\\/\",\"name\":\"Energia em transforma\u00e7\u00e3o: a contribui\u00e7\u00e3o das mulheres para a transi\u00e7\u00e3o energ\u00e9tica - Pontes Editores\",\"isPartOf\":{\"@id\":\"https:\\\/\\\/ponteseditores.com.br\\\/loja3\\\/#website\"},\"primaryImageOfPage\":{\"@id\":\"https:\\\/\\\/ponteseditores.com.br\\\/loja3\\\/pontes-editores-home-2__trashed\\\/lancamento\\\/energia-em-transformacao-a-contribuicao-das-mulheres-para-a-transicao-energetica\\\/#primaryimage\"},\"image\":{\"@id\":\"https:\\\/\\\/ponteseditores.com.br\\\/loja3\\\/pontes-editores-home-2__trashed\\\/lancamento\\\/energia-em-transformacao-a-contribuicao-das-mulheres-para-a-transicao-energetica\\\/#primaryimage\"},\"thumbnailUrl\":\"https:\\\/\\\/ponteseditores.com.br\\\/loja3\\\/wp-content\\\/uploads\\\/2025\\\/05\\\/Capa_Energia-em-Transformacao-scaled.jpg\",\"datePublished\":\"2025-05-02T15:19:43+00:00\",\"breadcrumb\":{\"@id\":\"https:\\\/\\\/ponteseditores.com.br\\\/loja3\\\/pontes-editores-home-2__trashed\\\/lancamento\\\/energia-em-transformacao-a-contribuicao-das-mulheres-para-a-transicao-energetica\\\/#breadcrumb\"},\"inLanguage\":\"pt-BR\",\"potentialAction\":[{\"@type\":\"ReadAction\",\"target\":[\"https:\\\/\\\/ponteseditores.com.br\\\/loja3\\\/pontes-editores-home-2__trashed\\\/lancamento\\\/energia-em-transformacao-a-contribuicao-das-mulheres-para-a-transicao-energetica\\\/\"]}]},{\"@type\":\"ImageObject\",\"inLanguage\":\"pt-BR\",\"@id\":\"https:\\\/\\\/ponteseditores.com.br\\\/loja3\\\/pontes-editores-home-2__trashed\\\/lancamento\\\/energia-em-transformacao-a-contribuicao-das-mulheres-para-a-transicao-energetica\\\/#primaryimage\",\"url\":\"https:\\\/\\\/ponteseditores.com.br\\\/loja3\\\/wp-content\\\/uploads\\\/2025\\\/05\\\/Capa_Energia-em-Transformacao-scaled.jpg\",\"contentUrl\":\"https:\\\/\\\/ponteseditores.com.br\\\/loja3\\\/wp-content\\\/uploads\\\/2025\\\/05\\\/Capa_Energia-em-Transformacao-scaled.jpg\",\"width\":1767,\"height\":2560},{\"@type\":\"BreadcrumbList\",\"@id\":\"https:\\\/\\\/ponteseditores.com.br\\\/loja3\\\/pontes-editores-home-2__trashed\\\/lancamento\\\/energia-em-transformacao-a-contribuicao-das-mulheres-para-a-transicao-energetica\\\/#breadcrumb\",\"itemListElement\":[{\"@type\":\"ListItem\",\"position\":1,\"name\":\"Home\",\"item\":\"https:\\\/\\\/ponteseditores.com.br\\\/loja3\\\/\"},{\"@type\":\"ListItem\",\"position\":2,\"name\":\"loja\",\"item\":\"https:\\\/\\\/ponteseditores.com.br\\\/loja3\\\/loja\\\/\"},{\"@type\":\"ListItem\",\"position\":3,\"name\":\"Energia em transforma\u00e7\u00e3o: a contribui\u00e7\u00e3o das mulheres para a transi\u00e7\u00e3o energ\u00e9tica\"}]},{\"@type\":\"WebSite\",\"@id\":\"https:\\\/\\\/ponteseditores.com.br\\\/loja3\\\/#website\",\"url\":\"https:\\\/\\\/ponteseditores.com.br\\\/loja3\\\/\",\"name\":\"Pontes Editores\",\"description\":\"Pontes Editores\",\"publisher\":{\"@id\":\"https:\\\/\\\/ponteseditores.com.br\\\/loja3\\\/#organization\"},\"potentialAction\":[{\"@type\":\"SearchAction\",\"target\":{\"@type\":\"EntryPoint\",\"urlTemplate\":\"https:\\\/\\\/ponteseditores.com.br\\\/loja3\\\/?s={search_term_string}\"},\"query-input\":{\"@type\":\"PropertyValueSpecification\",\"valueRequired\":true,\"valueName\":\"search_term_string\"}}],\"inLanguage\":\"pt-BR\"},{\"@type\":\"Organization\",\"@id\":\"https:\\\/\\\/ponteseditores.com.br\\\/loja3\\\/#organization\",\"name\":\"Pontes Editores\",\"url\":\"https:\\\/\\\/ponteseditores.com.br\\\/loja3\\\/\",\"logo\":{\"@type\":\"ImageObject\",\"inLanguage\":\"pt-BR\",\"@id\":\"https:\\\/\\\/ponteseditores.com.br\\\/loja3\\\/#\\\/schema\\\/logo\\\/image\\\/\",\"url\":\"https:\\\/\\\/ponteseditores.com.br\\\/loja3\\\/wp-content\\\/uploads\\\/2023\\\/12\\\/logo-pontes-editores-v2.png\",\"contentUrl\":\"https:\\\/\\\/ponteseditores.com.br\\\/loja3\\\/wp-content\\\/uploads\\\/2023\\\/12\\\/logo-pontes-editores-v2.png\",\"width\":258,\"height\":100,\"caption\":\"Pontes Editores\"},\"image\":{\"@id\":\"https:\\\/\\\/ponteseditores.com.br\\\/loja3\\\/#\\\/schema\\\/logo\\\/image\\\/\"}}]}<\/script>\n<!-- \/ Yoast SEO plugin. -->","yoast_head_json":{"title":"Energia em transforma\u00e7\u00e3o: a contribui\u00e7\u00e3o das mulheres para a transi\u00e7\u00e3o energ\u00e9tica - Pontes Editores","robots":{"index":"index","follow":"follow","max-snippet":"max-snippet:-1","max-image-preview":"max-image-preview:large","max-video-preview":"max-video-preview:-1"},"canonical":"https:\/\/ponteseditores.com.br\/loja3\/pontes-editores-home-2__trashed\/lancamento\/energia-em-transformacao-a-contribuicao-das-mulheres-para-a-transicao-energetica\/","og_locale":"pt_BR","og_type":"article","og_title":"Energia em transforma\u00e7\u00e3o: a contribui\u00e7\u00e3o das mulheres para a transi\u00e7\u00e3o energ\u00e9tica - Pontes Editores","og_description":"A energia \u00e9 o motor do desenvolvimento e sua transforma\u00e7\u00e3o \u00e9 essencial para um futuro mais sustent\u00e1vel. Em Energia em Transforma\u00e7\u00e3o &#8211; A Contribui\u00e7\u00e3o das Mulheres para a Transi\u00e7\u00e3o Energ\u00e9tica, destacamos o papel essencial das mulheres na evolu\u00e7\u00e3o do setor el\u00e9trico. Este livro re\u00fane experi\u00eancias e reflex\u00f5es de profissionais que atuam em toda a cadeia [&hellip;]","og_url":"https:\/\/ponteseditores.com.br\/loja3\/pontes-editores-home-2__trashed\/lancamento\/energia-em-transformacao-a-contribuicao-das-mulheres-para-a-transicao-energetica\/","og_site_name":"Pontes Editores","og_image":[{"width":1767,"height":2560,"url":"https:\/\/ponteseditores.com.br\/loja3\/wp-content\/uploads\/2025\/05\/Capa_Energia-em-Transformacao-scaled.jpg","type":"image\/jpeg"}],"twitter_card":"summary_large_image","twitter_misc":{"Est. tempo de leitura":"1 minuto"},"schema":{"@context":"https:\/\/schema.org","@graph":[{"@type":"WebPage","@id":"https:\/\/ponteseditores.com.br\/loja3\/pontes-editores-home-2__trashed\/lancamento\/energia-em-transformacao-a-contribuicao-das-mulheres-para-a-transicao-energetica\/","url":"https:\/\/ponteseditores.com.br\/loja3\/pontes-editores-home-2__trashed\/lancamento\/energia-em-transformacao-a-contribuicao-das-mulheres-para-a-transicao-energetica\/","name":"Energia em transforma\u00e7\u00e3o: a contribui\u00e7\u00e3o das mulheres para a transi\u00e7\u00e3o energ\u00e9tica - Pontes Editores","isPartOf":{"@id":"https:\/\/ponteseditores.com.br\/loja3\/#website"},"primaryImageOfPage":{"@id":"https:\/\/ponteseditores.com.br\/loja3\/pontes-editores-home-2__trashed\/lancamento\/energia-em-transformacao-a-contribuicao-das-mulheres-para-a-transicao-energetica\/#primaryimage"},"image":{"@id":"https:\/\/ponteseditores.com.br\/loja3\/pontes-editores-home-2__trashed\/lancamento\/energia-em-transformacao-a-contribuicao-das-mulheres-para-a-transicao-energetica\/#primaryimage"},"thumbnailUrl":"https:\/\/ponteseditores.com.br\/loja3\/wp-content\/uploads\/2025\/05\/Capa_Energia-em-Transformacao-scaled.jpg","datePublished":"2025-05-02T15:19:43+00:00","breadcrumb":{"@id":"https:\/\/ponteseditores.com.br\/loja3\/pontes-editores-home-2__trashed\/lancamento\/energia-em-transformacao-a-contribuicao-das-mulheres-para-a-transicao-energetica\/#breadcrumb"},"inLanguage":"pt-BR","potentialAction":[{"@type":"ReadAction","target":["https:\/\/ponteseditores.com.br\/loja3\/pontes-editores-home-2__trashed\/lancamento\/energia-em-transformacao-a-contribuicao-das-mulheres-para-a-transicao-energetica\/"]}]},{"@type":"ImageObject","inLanguage":"pt-BR","@id":"https:\/\/ponteseditores.com.br\/loja3\/pontes-editores-home-2__trashed\/lancamento\/energia-em-transformacao-a-contribuicao-das-mulheres-para-a-transicao-energetica\/#primaryimage","url":"https:\/\/ponteseditores.com.br\/loja3\/wp-content\/uploads\/2025\/05\/Capa_Energia-em-Transformacao-scaled.jpg","contentUrl":"https:\/\/ponteseditores.com.br\/loja3\/wp-content\/uploads\/2025\/05\/Capa_Energia-em-Transformacao-scaled.jpg","width":1767,"height":2560},{"@type":"BreadcrumbList","@id":"https:\/\/ponteseditores.com.br\/loja3\/pontes-editores-home-2__trashed\/lancamento\/energia-em-transformacao-a-contribuicao-das-mulheres-para-a-transicao-energetica\/#breadcrumb","itemListElement":[{"@type":"ListItem","position":1,"name":"Home","item":"https:\/\/ponteseditores.com.br\/loja3\/"},{"@type":"ListItem","position":2,"name":"loja","item":"https:\/\/ponteseditores.com.br\/loja3\/loja\/"},{"@type":"ListItem","position":3,"name":"Energia em transforma\u00e7\u00e3o: a contribui\u00e7\u00e3o das mulheres para a transi\u00e7\u00e3o energ\u00e9tica"}]},{"@type":"WebSite","@id":"https:\/\/ponteseditores.com.br\/loja3\/#website","url":"https:\/\/ponteseditores.com.br\/loja3\/","name":"Pontes Editores","description":"Pontes Editores","publisher":{"@id":"https:\/\/ponteseditores.com.br\/loja3\/#organization"},"potentialAction":[{"@type":"SearchAction","target":{"@type":"EntryPoint","urlTemplate":"https:\/\/ponteseditores.com.br\/loja3\/?s={search_term_string}"},"query-input":{"@type":"PropertyValueSpecification","valueRequired":true,"valueName":"search_term_string"}}],"inLanguage":"pt-BR"},{"@type":"Organization","@id":"https:\/\/ponteseditores.com.br\/loja3\/#organization","name":"Pontes Editores","url":"https:\/\/ponteseditores.com.br\/loja3\/","logo":{"@type":"ImageObject","inLanguage":"pt-BR","@id":"https:\/\/ponteseditores.com.br\/loja3\/#\/schema\/logo\/image\/","url":"https:\/\/ponteseditores.com.br\/loja3\/wp-content\/uploads\/2023\/12\/logo-pontes-editores-v2.png","contentUrl":"https:\/\/ponteseditores.com.br\/loja3\/wp-content\/uploads\/2023\/12\/logo-pontes-editores-v2.png","width":258,"height":100,"caption":"Pontes Editores"},"image":{"@id":"https:\/\/ponteseditores.com.br\/loja3\/#\/schema\/logo\/image\/"}}]}},"_links":{"self":[{"href":"https:\/\/ponteseditores.com.br\/loja3\/wp-json\/wp\/v2\/product\/25108","targetHints":{"allow":["GET"]}}],"collection":[{"href":"https:\/\/ponteseditores.com.br\/loja3\/wp-json\/wp\/v2\/product"}],"about":[{"href":"https:\/\/ponteseditores.com.br\/loja3\/wp-json\/wp\/v2\/types\/product"}],"replies":[{"embeddable":true,"href":"https:\/\/ponteseditores.com.br\/loja3\/wp-json\/wp\/v2\/comments?post=25108"}],"version-history":[{"count":1,"href":"https:\/\/ponteseditores.com.br\/loja3\/wp-json\/wp\/v2\/product\/25108\/revisions"}],"predecessor-version":[{"id":25110,"href":"https:\/\/ponteseditores.com.br\/loja3\/wp-json\/wp\/v2\/product\/25108\/revisions\/25110"}],"wp:featuredmedia":[{"embeddable":true,"href":"https:\/\/ponteseditores.com.br\/loja3\/wp-json\/wp\/v2\/media\/25109"}],"wp:attachment":[{"href":"https:\/\/ponteseditores.com.br\/loja3\/wp-json\/wp\/v2\/media?parent=25108"}],"wp:term":[{"taxonomy":"product_brand","embeddable":true,"href":"https:\/\/ponteseditores.com.br\/loja3\/wp-json\/wp\/v2\/product_brand?post=25108"},{"taxonomy":"product_cat","embeddable":true,"href":"https:\/\/ponteseditores.com.br\/loja3\/wp-json\/wp\/v2\/product_cat?post=25108"},{"taxonomy":"product_tag","embeddable":true,"href":"https:\/\/ponteseditores.com.br\/loja3\/wp-json\/wp\/v2\/product_tag?post=25108"}],"curies":[{"name":"wp","href":"https:\/\/api.w.org\/{rel}","templated":true}]}}