{"id":24953,"date":"2025-04-29T10:23:52","date_gmt":"2025-04-29T13:23:52","guid":{"rendered":"https:\/\/ponteseditores.com.br\/loja3\/?post_type=product&#038;p=24953"},"modified":"2025-09-26T13:57:54","modified_gmt":"2025-09-26T16:57:54","slug":"art-cantigas-de-lindo-da-comunidade-de-cocalinho-uma-pisada-boa","status":"publish","type":"product","link":"https:\/\/ponteseditores.com.br\/loja3\/pontes-editores-home-2__trashed\/ebook\/lancamento-e-book\/art-cantigas-de-lindo-da-comunidade-de-cocalinho-uma-pisada-boa\/","title":{"rendered":"Cantigas de lind\u00f4 da comunidade de Cocalinho: uma \u201cpisada boa\u201d"},"content":{"rendered":"<p>O presente livro <em>Cantigas de Lind\u00f4 da comunidade de Cocalinho: uma \u201cpisada boa\u201d <\/em>nasce da colabora\u00e7\u00e3o entre Jane Guimar\u00e3es Sousa, Francisca Maria Jos\u00e9 da Concei\u00e7\u00e3o, Maria Aparecida da Silva Lima e Karylleila Andrade. Estas quatro professoras se reuniram para juntar for\u00e7as em v\u00e1rias empreitadas que dessem conta de mostrar a realidade cultural quilombola tocantinense atual por meio do Lind\u00f4, um estilo de m\u00fasica (cantiga) e dan\u00e7a (bailar) \u00fanico de algumas comunidades do Norte e Nordeste brasileiros.<\/p>\n<p>Notemos que a comunidade faz uma clara diferencia\u00e7\u00e3o entre a cantiga de Lind\u00f4 e a dan\u00e7a de Lind\u00f4. A palavra \u201ccantiga\u201d nos remete a canto, \u00e0 oralidade, a um saber repassado por gera\u00e7\u00f5es de sujeitos que escolheram perpetuar determinado saber por meio das cantigas. E quando utilizo a palavra \u201csujeitos\u201d, coloco-a pensando na situa\u00e7\u00e3o de pessoas que agem e s\u00e3o conscientes de que suas a\u00e7\u00f5es t\u00eam rea\u00e7\u00f5es nas suas realidades, no ambiente onde vivem. E o Lind\u00f4 \u00e9 uma dessas a\u00e7\u00f5es que perpetuam um fazer cultural no mundo, enriquecendo-o.<\/p>\n<p>Vale lembrar que este livro n\u00e3o somente tem um aporte decolonial, mas serve como uma forma de registro cultural fundamental para o povo do Estado do Tocantins e todos aqueles envolvidos com as quest\u00f5es das artes, das letras, das ci\u00eancias humanas, entre tantas outras \u00e1reas do saber que t\u00eam como material de trabalho a riqueza de fazeres e saberes do povo tocantinense.<\/p>\n","protected":false},"excerpt":{"rendered":"<p>O presente livro Cantigas de Lind\u00f4 da comunidade de Cocalinho: uma \u201cpisada boa\u201d nasce da colabora\u00e7\u00e3o entre Jane Guimar\u00e3es Sousa, Francisca Maria Jos\u00e9 da Concei\u00e7\u00e3o, Maria Aparecida da Silva Lima e Karylleila Andrade. Estas quatro professoras se reuniram para juntar for\u00e7as em v\u00e1rias empreitadas que dessem conta de mostrar a realidade cultural quilombola tocantinense atual [&hellip;]<\/p>\n","protected":false},"featured_media":24955,"comment_status":"open","ping_status":"closed","template":"","meta":{"_joinchat":[]},"product_brand":[],"product_cat":[165,386],"product_tag":[],"class_list":{"0":"post-24953","1":"product","2":"type-product","3":"status-publish","4":"has-post-thumbnail","6":"product_cat-ebook","7":"product_cat-lancamento-e-book","9":"first","10":"instock","11":"downloadable","12":"virtual","13":"purchasable","14":"product-type-simple"},"yoast_head":"<!-- This site is optimized with the Yoast SEO plugin v27.4 - https:\/\/yoast.com\/product\/yoast-seo-wordpress\/ -->\n<title>Cantigas de lind\u00f4 da comunidade de Cocalinho: uma \u201cpisada boa\u201d - Pontes Editores<\/title>\n<meta name=\"robots\" content=\"index, follow, max-snippet:-1, max-image-preview:large, max-video-preview:-1\" \/>\n<link rel=\"canonical\" href=\"https:\/\/ponteseditores.com.br\/loja3\/pontes-editores-home-2__trashed\/ebook\/lancamento-e-book\/art-cantigas-de-lindo-da-comunidade-de-cocalinho-uma-pisada-boa\/\" \/>\n<meta property=\"og:locale\" content=\"pt_BR\" \/>\n<meta property=\"og:type\" content=\"article\" \/>\n<meta property=\"og:title\" content=\"Cantigas de lind\u00f4 da comunidade de Cocalinho: uma \u201cpisada boa\u201d - Pontes Editores\" \/>\n<meta property=\"og:description\" content=\"O presente livro Cantigas de Lind\u00f4 da comunidade de Cocalinho: uma \u201cpisada boa\u201d nasce da colabora\u00e7\u00e3o entre Jane Guimar\u00e3es Sousa, Francisca Maria Jos\u00e9 da Concei\u00e7\u00e3o, Maria Aparecida da Silva Lima e Karylleila Andrade. Estas quatro professoras se reuniram para juntar for\u00e7as em v\u00e1rias empreitadas que dessem conta de mostrar a realidade cultural quilombola tocantinense atual [&hellip;]\" \/>\n<meta property=\"og:url\" content=\"https:\/\/ponteseditores.com.br\/loja3\/pontes-editores-home-2__trashed\/ebook\/lancamento-e-book\/art-cantigas-de-lindo-da-comunidade-de-cocalinho-uma-pisada-boa\/\" \/>\n<meta property=\"og:site_name\" content=\"Pontes Editores\" \/>\n<meta property=\"article:modified_time\" content=\"2025-09-26T16:57:54+00:00\" \/>\n<meta property=\"og:image\" content=\"https:\/\/ponteseditores.com.br\/loja3\/wp-content\/uploads\/2025\/04\/Capa_Cantigas.jpg\" \/>\n\t<meta property=\"og:image:width\" content=\"1812\" \/>\n\t<meta property=\"og:image:height\" content=\"1842\" \/>\n\t<meta property=\"og:image:type\" content=\"image\/jpeg\" \/>\n<meta name=\"twitter:card\" content=\"summary_large_image\" \/>\n<meta name=\"twitter:label1\" content=\"Est. tempo de leitura\" \/>\n\t<meta name=\"twitter:data1\" content=\"2 minutos\" \/>\n<script type=\"application\/ld+json\" class=\"yoast-schema-graph\">{\"@context\":\"https:\\\/\\\/schema.org\",\"@graph\":[{\"@type\":\"WebPage\",\"@id\":\"https:\\\/\\\/ponteseditores.com.br\\\/loja3\\\/pontes-editores-home-2__trashed\\\/ebook\\\/lancamento-e-book\\\/art-cantigas-de-lindo-da-comunidade-de-cocalinho-uma-pisada-boa\\\/\",\"url\":\"https:\\\/\\\/ponteseditores.com.br\\\/loja3\\\/pontes-editores-home-2__trashed\\\/ebook\\\/lancamento-e-book\\\/art-cantigas-de-lindo-da-comunidade-de-cocalinho-uma-pisada-boa\\\/\",\"name\":\"Cantigas de lind\u00f4 da comunidade de Cocalinho: uma \u201cpisada boa\u201d - Pontes Editores\",\"isPartOf\":{\"@id\":\"https:\\\/\\\/ponteseditores.com.br\\\/loja3\\\/#website\"},\"primaryImageOfPage\":{\"@id\":\"https:\\\/\\\/ponteseditores.com.br\\\/loja3\\\/pontes-editores-home-2__trashed\\\/ebook\\\/lancamento-e-book\\\/art-cantigas-de-lindo-da-comunidade-de-cocalinho-uma-pisada-boa\\\/#primaryimage\"},\"image\":{\"@id\":\"https:\\\/\\\/ponteseditores.com.br\\\/loja3\\\/pontes-editores-home-2__trashed\\\/ebook\\\/lancamento-e-book\\\/art-cantigas-de-lindo-da-comunidade-de-cocalinho-uma-pisada-boa\\\/#primaryimage\"},\"thumbnailUrl\":\"https:\\\/\\\/ponteseditores.com.br\\\/loja3\\\/wp-content\\\/uploads\\\/2025\\\/04\\\/Capa_Cantigas.jpg\",\"datePublished\":\"2025-04-29T13:23:52+00:00\",\"dateModified\":\"2025-09-26T16:57:54+00:00\",\"breadcrumb\":{\"@id\":\"https:\\\/\\\/ponteseditores.com.br\\\/loja3\\\/pontes-editores-home-2__trashed\\\/ebook\\\/lancamento-e-book\\\/art-cantigas-de-lindo-da-comunidade-de-cocalinho-uma-pisada-boa\\\/#breadcrumb\"},\"inLanguage\":\"pt-BR\",\"potentialAction\":[{\"@type\":\"ReadAction\",\"target\":[\"https:\\\/\\\/ponteseditores.com.br\\\/loja3\\\/pontes-editores-home-2__trashed\\\/ebook\\\/lancamento-e-book\\\/art-cantigas-de-lindo-da-comunidade-de-cocalinho-uma-pisada-boa\\\/\"]}]},{\"@type\":\"ImageObject\",\"inLanguage\":\"pt-BR\",\"@id\":\"https:\\\/\\\/ponteseditores.com.br\\\/loja3\\\/pontes-editores-home-2__trashed\\\/ebook\\\/lancamento-e-book\\\/art-cantigas-de-lindo-da-comunidade-de-cocalinho-uma-pisada-boa\\\/#primaryimage\",\"url\":\"https:\\\/\\\/ponteseditores.com.br\\\/loja3\\\/wp-content\\\/uploads\\\/2025\\\/04\\\/Capa_Cantigas.jpg\",\"contentUrl\":\"https:\\\/\\\/ponteseditores.com.br\\\/loja3\\\/wp-content\\\/uploads\\\/2025\\\/04\\\/Capa_Cantigas.jpg\",\"width\":1812,\"height\":1842},{\"@type\":\"BreadcrumbList\",\"@id\":\"https:\\\/\\\/ponteseditores.com.br\\\/loja3\\\/pontes-editores-home-2__trashed\\\/ebook\\\/lancamento-e-book\\\/art-cantigas-de-lindo-da-comunidade-de-cocalinho-uma-pisada-boa\\\/#breadcrumb\",\"itemListElement\":[{\"@type\":\"ListItem\",\"position\":1,\"name\":\"Home\",\"item\":\"https:\\\/\\\/ponteseditores.com.br\\\/loja3\\\/\"},{\"@type\":\"ListItem\",\"position\":2,\"name\":\"loja\",\"item\":\"https:\\\/\\\/ponteseditores.com.br\\\/loja3\\\/loja\\\/\"},{\"@type\":\"ListItem\",\"position\":3,\"name\":\"Cantigas de lind\u00f4 da comunidade de Cocalinho: uma \u201cpisada boa\u201d\"}]},{\"@type\":\"WebSite\",\"@id\":\"https:\\\/\\\/ponteseditores.com.br\\\/loja3\\\/#website\",\"url\":\"https:\\\/\\\/ponteseditores.com.br\\\/loja3\\\/\",\"name\":\"Pontes Editores\",\"description\":\"Pontes Editores\",\"publisher\":{\"@id\":\"https:\\\/\\\/ponteseditores.com.br\\\/loja3\\\/#organization\"},\"potentialAction\":[{\"@type\":\"SearchAction\",\"target\":{\"@type\":\"EntryPoint\",\"urlTemplate\":\"https:\\\/\\\/ponteseditores.com.br\\\/loja3\\\/?s={search_term_string}\"},\"query-input\":{\"@type\":\"PropertyValueSpecification\",\"valueRequired\":true,\"valueName\":\"search_term_string\"}}],\"inLanguage\":\"pt-BR\"},{\"@type\":\"Organization\",\"@id\":\"https:\\\/\\\/ponteseditores.com.br\\\/loja3\\\/#organization\",\"name\":\"Pontes Editores\",\"url\":\"https:\\\/\\\/ponteseditores.com.br\\\/loja3\\\/\",\"logo\":{\"@type\":\"ImageObject\",\"inLanguage\":\"pt-BR\",\"@id\":\"https:\\\/\\\/ponteseditores.com.br\\\/loja3\\\/#\\\/schema\\\/logo\\\/image\\\/\",\"url\":\"https:\\\/\\\/ponteseditores.com.br\\\/loja3\\\/wp-content\\\/uploads\\\/2023\\\/12\\\/logo-pontes-editores-v2.png\",\"contentUrl\":\"https:\\\/\\\/ponteseditores.com.br\\\/loja3\\\/wp-content\\\/uploads\\\/2023\\\/12\\\/logo-pontes-editores-v2.png\",\"width\":258,\"height\":100,\"caption\":\"Pontes Editores\"},\"image\":{\"@id\":\"https:\\\/\\\/ponteseditores.com.br\\\/loja3\\\/#\\\/schema\\\/logo\\\/image\\\/\"}}]}<\/script>\n<!-- \/ Yoast SEO plugin. -->","yoast_head_json":{"title":"Cantigas de lind\u00f4 da comunidade de Cocalinho: uma \u201cpisada boa\u201d - Pontes Editores","robots":{"index":"index","follow":"follow","max-snippet":"max-snippet:-1","max-image-preview":"max-image-preview:large","max-video-preview":"max-video-preview:-1"},"canonical":"https:\/\/ponteseditores.com.br\/loja3\/pontes-editores-home-2__trashed\/ebook\/lancamento-e-book\/art-cantigas-de-lindo-da-comunidade-de-cocalinho-uma-pisada-boa\/","og_locale":"pt_BR","og_type":"article","og_title":"Cantigas de lind\u00f4 da comunidade de Cocalinho: uma \u201cpisada boa\u201d - Pontes Editores","og_description":"O presente livro Cantigas de Lind\u00f4 da comunidade de Cocalinho: uma \u201cpisada boa\u201d nasce da colabora\u00e7\u00e3o entre Jane Guimar\u00e3es Sousa, Francisca Maria Jos\u00e9 da Concei\u00e7\u00e3o, Maria Aparecida da Silva Lima e Karylleila Andrade. Estas quatro professoras se reuniram para juntar for\u00e7as em v\u00e1rias empreitadas que dessem conta de mostrar a realidade cultural quilombola tocantinense atual [&hellip;]","og_url":"https:\/\/ponteseditores.com.br\/loja3\/pontes-editores-home-2__trashed\/ebook\/lancamento-e-book\/art-cantigas-de-lindo-da-comunidade-de-cocalinho-uma-pisada-boa\/","og_site_name":"Pontes Editores","article_modified_time":"2025-09-26T16:57:54+00:00","og_image":[{"width":1812,"height":1842,"url":"https:\/\/ponteseditores.com.br\/loja3\/wp-content\/uploads\/2025\/04\/Capa_Cantigas.jpg","type":"image\/jpeg"}],"twitter_card":"summary_large_image","twitter_misc":{"Est. tempo de leitura":"2 minutos"},"schema":{"@context":"https:\/\/schema.org","@graph":[{"@type":"WebPage","@id":"https:\/\/ponteseditores.com.br\/loja3\/pontes-editores-home-2__trashed\/ebook\/lancamento-e-book\/art-cantigas-de-lindo-da-comunidade-de-cocalinho-uma-pisada-boa\/","url":"https:\/\/ponteseditores.com.br\/loja3\/pontes-editores-home-2__trashed\/ebook\/lancamento-e-book\/art-cantigas-de-lindo-da-comunidade-de-cocalinho-uma-pisada-boa\/","name":"Cantigas de lind\u00f4 da comunidade de Cocalinho: uma \u201cpisada boa\u201d - Pontes Editores","isPartOf":{"@id":"https:\/\/ponteseditores.com.br\/loja3\/#website"},"primaryImageOfPage":{"@id":"https:\/\/ponteseditores.com.br\/loja3\/pontes-editores-home-2__trashed\/ebook\/lancamento-e-book\/art-cantigas-de-lindo-da-comunidade-de-cocalinho-uma-pisada-boa\/#primaryimage"},"image":{"@id":"https:\/\/ponteseditores.com.br\/loja3\/pontes-editores-home-2__trashed\/ebook\/lancamento-e-book\/art-cantigas-de-lindo-da-comunidade-de-cocalinho-uma-pisada-boa\/#primaryimage"},"thumbnailUrl":"https:\/\/ponteseditores.com.br\/loja3\/wp-content\/uploads\/2025\/04\/Capa_Cantigas.jpg","datePublished":"2025-04-29T13:23:52+00:00","dateModified":"2025-09-26T16:57:54+00:00","breadcrumb":{"@id":"https:\/\/ponteseditores.com.br\/loja3\/pontes-editores-home-2__trashed\/ebook\/lancamento-e-book\/art-cantigas-de-lindo-da-comunidade-de-cocalinho-uma-pisada-boa\/#breadcrumb"},"inLanguage":"pt-BR","potentialAction":[{"@type":"ReadAction","target":["https:\/\/ponteseditores.com.br\/loja3\/pontes-editores-home-2__trashed\/ebook\/lancamento-e-book\/art-cantigas-de-lindo-da-comunidade-de-cocalinho-uma-pisada-boa\/"]}]},{"@type":"ImageObject","inLanguage":"pt-BR","@id":"https:\/\/ponteseditores.com.br\/loja3\/pontes-editores-home-2__trashed\/ebook\/lancamento-e-book\/art-cantigas-de-lindo-da-comunidade-de-cocalinho-uma-pisada-boa\/#primaryimage","url":"https:\/\/ponteseditores.com.br\/loja3\/wp-content\/uploads\/2025\/04\/Capa_Cantigas.jpg","contentUrl":"https:\/\/ponteseditores.com.br\/loja3\/wp-content\/uploads\/2025\/04\/Capa_Cantigas.jpg","width":1812,"height":1842},{"@type":"BreadcrumbList","@id":"https:\/\/ponteseditores.com.br\/loja3\/pontes-editores-home-2__trashed\/ebook\/lancamento-e-book\/art-cantigas-de-lindo-da-comunidade-de-cocalinho-uma-pisada-boa\/#breadcrumb","itemListElement":[{"@type":"ListItem","position":1,"name":"Home","item":"https:\/\/ponteseditores.com.br\/loja3\/"},{"@type":"ListItem","position":2,"name":"loja","item":"https:\/\/ponteseditores.com.br\/loja3\/loja\/"},{"@type":"ListItem","position":3,"name":"Cantigas de lind\u00f4 da comunidade de Cocalinho: uma \u201cpisada boa\u201d"}]},{"@type":"WebSite","@id":"https:\/\/ponteseditores.com.br\/loja3\/#website","url":"https:\/\/ponteseditores.com.br\/loja3\/","name":"Pontes Editores","description":"Pontes Editores","publisher":{"@id":"https:\/\/ponteseditores.com.br\/loja3\/#organization"},"potentialAction":[{"@type":"SearchAction","target":{"@type":"EntryPoint","urlTemplate":"https:\/\/ponteseditores.com.br\/loja3\/?s={search_term_string}"},"query-input":{"@type":"PropertyValueSpecification","valueRequired":true,"valueName":"search_term_string"}}],"inLanguage":"pt-BR"},{"@type":"Organization","@id":"https:\/\/ponteseditores.com.br\/loja3\/#organization","name":"Pontes Editores","url":"https:\/\/ponteseditores.com.br\/loja3\/","logo":{"@type":"ImageObject","inLanguage":"pt-BR","@id":"https:\/\/ponteseditores.com.br\/loja3\/#\/schema\/logo\/image\/","url":"https:\/\/ponteseditores.com.br\/loja3\/wp-content\/uploads\/2023\/12\/logo-pontes-editores-v2.png","contentUrl":"https:\/\/ponteseditores.com.br\/loja3\/wp-content\/uploads\/2023\/12\/logo-pontes-editores-v2.png","width":258,"height":100,"caption":"Pontes Editores"},"image":{"@id":"https:\/\/ponteseditores.com.br\/loja3\/#\/schema\/logo\/image\/"}}]}},"_links":{"self":[{"href":"https:\/\/ponteseditores.com.br\/loja3\/wp-json\/wp\/v2\/product\/24953","targetHints":{"allow":["GET"]}}],"collection":[{"href":"https:\/\/ponteseditores.com.br\/loja3\/wp-json\/wp\/v2\/product"}],"about":[{"href":"https:\/\/ponteseditores.com.br\/loja3\/wp-json\/wp\/v2\/types\/product"}],"replies":[{"embeddable":true,"href":"https:\/\/ponteseditores.com.br\/loja3\/wp-json\/wp\/v2\/comments?post=24953"}],"version-history":[{"count":2,"href":"https:\/\/ponteseditores.com.br\/loja3\/wp-json\/wp\/v2\/product\/24953\/revisions"}],"predecessor-version":[{"id":31119,"href":"https:\/\/ponteseditores.com.br\/loja3\/wp-json\/wp\/v2\/product\/24953\/revisions\/31119"}],"wp:featuredmedia":[{"embeddable":true,"href":"https:\/\/ponteseditores.com.br\/loja3\/wp-json\/wp\/v2\/media\/24955"}],"wp:attachment":[{"href":"https:\/\/ponteseditores.com.br\/loja3\/wp-json\/wp\/v2\/media?parent=24953"}],"wp:term":[{"taxonomy":"product_brand","embeddable":true,"href":"https:\/\/ponteseditores.com.br\/loja3\/wp-json\/wp\/v2\/product_brand?post=24953"},{"taxonomy":"product_cat","embeddable":true,"href":"https:\/\/ponteseditores.com.br\/loja3\/wp-json\/wp\/v2\/product_cat?post=24953"},{"taxonomy":"product_tag","embeddable":true,"href":"https:\/\/ponteseditores.com.br\/loja3\/wp-json\/wp\/v2\/product_tag?post=24953"}],"curies":[{"name":"wp","href":"https:\/\/api.w.org\/{rel}","templated":true}]}}